This is the mail archive of the gcc-testresults@gcc.gnu.org mailing list for the GCC project.


Index Nav: [Date Index] [Subject Index] [Author Index] [Thread Index]
Message Nav: [Date Prev] [Date Next] [Thread Prev] [Thread Next]
Other format: [Raw text]

Results for 4.0.2 20050714 (prerelease) testsuite on i686-pc-linux-gnu


LAST_UPDATED: Obtained from CVS: -rgcc-ss-4_0-20050714 

Native configuration is i686-pc-linux-gnu

		=== gcc tests ===


Running target unix
FAIL: gcc.dg/compat/vector-2 c_compat_x_tst.o-c_compat_y_tst.o execute 
XPASS: gcc.dg/vect/vect-22.c scan-tree-dump-times vectorized 3 loops 1

		=== gcc Summary ===

# of expected passes		34928
# of unexpected failures	1
# of unexpected successes	1
# of expected failures		93
# of untested testcases		28
# of unsupported tests		328
/var/tmp/gcc/gcc/xgcc  version 4.0.2 20050714 (prerelease)

		=== gfortran tests ===


Running target unix
FAIL: gfortran.dg/ishft.f90  -O0  execution test
FAIL: gfortran.dg/ishft.f90  -O1  execution test
FAIL: gfortran.dg/ishft.f90  -O2  execution test
FAIL: gfortran.dg/ishft.f90  -O3 -fomit-frame-pointer  execution test
FAIL: gfortran.dg/ishft.f90  -O3 -fomit-frame-pointer -funroll-loops  execution test
FAIL: gfortran.dg/ishft.f90  -O3 -fomit-frame-pointer -funroll-all-loops -finline-functions  execution test
FAIL: gfortran.dg/ishft.f90  -O3 -g  execution test
FAIL: gfortran.dg/ishft.f90  -Os  execution test

		=== gfortran Summary ===

# of expected passes		7653
# of unexpected failures	8
# of expected failures		2
/var/tmp/gcc/gcc/testsuite/../gfortran  version 4.0.2 20050714 (prerelease)

		=== g++ tests ===


Running target unix

		=== g++ Summary ===

# of expected passes		11020
# of expected failures		70
# of unsupported tests		56
/var/tmp/gcc/gcc/testsuite/../g++  version 4.0.2 20050714 (prerelease)

		=== objc tests ===


Running target unix

		=== objc Summary ===

# of expected passes		1534
# of unsupported tests		10
/var/tmp/gcc/gcc/xgcc  version 4.0.2 20050714 (prerelease)

		=== libmudflap tests ===


Running target unix
FAIL: libmudflap.cth/pass40-frag.c execution test
FAIL: libmudflap.cth/pass40-frag.c output pattern test
FAIL: libmudflap.cth/pass40-frag.c (-O2) execution test
FAIL: libmudflap.cth/pass40-frag.c (-O2) output pattern test
FAIL: libmudflap.cth/pass40-frag.c (-O3) execution test
FAIL: libmudflap.cth/pass40-frag.c (-O3) output pattern test

		=== libmudflap Summary ===

# of expected passes		1282
# of unexpected failures	6
		=== libstdc++ tests ===


Running target unix
XPASS: 22_locale/locale/cons/12658_thread-1.cc execution test
XPASS: 26_numerics/cmath/c99_classification_macros_c.cc (test for excess errors)

		=== libstdc++ Summary ===

# of expected passes		3643
# of unexpected successes	2
# of expected failures		12

Compiler version: 4.0.2 20050714 (prerelease) 
Platform: i686-pc-linux-gnu
configure flags: --prefix=/import/share/tools --with-local-prefix=/import/share/tools --with-arch=athlon64 --enable-version-specific-runtime-libs --program-suffix=-4.0-cvs --disable-werror --enable-languages=c,c++,f95,objc,treelang


Index Nav: [Date Index] [Subject Index] [Author Index] [Thread Index]
Message Nav: [Date Prev] [Date Next] [Thread Prev] [Thread Next]