This is the mail archive of the gcc-testresults@gcc.gnu.org mailing list for the GCC project.


Index Nav: [Date Index] [Subject Index] [Author Index] [Thread Index]
Message Nav: [Date Prev] [Date Next] [Thread Prev] [Thread Next]
Other format: [Raw text]

Results for 4.1.0 20050707 (experimental) testsuite on hppa2.0w-hp-hpux11.23


LAST_UPDATED: Fri Jul 15 07:55:50 UTC 2005

Native configuration is hppa2.0w-hp-hpux11.23

		=== g++ tests ===


Running target unix
FAIL: g++.dg/tree-ssa/pr14814.C scan-tree-dump-times &this 0

		=== g++ Summary ===

# of expected passes		10768
# of unexpected failures	1
# of expected failures		66
# of unsupported tests		136
/scratch/gcclocal/scratch/nightly-2005-07-15-mainline/hppa2.0w-hp-hpux11.23/build_gcc/install/bin/c++  version 4.1.0 20050707 (experimental)

		=== gcc tests ===


Running target unix
FAIL: gcc.c-torture/execute/20000822-1.c execution,  -O0 
FAIL: gcc.c-torture/execute/20000822-1.c execution,  -O1 
FAIL: gcc.c-torture/execute/20000822-1.c execution,  -O2 
FAIL: gcc.c-torture/execute/20000822-1.c execution,  -O3 -fomit-frame-pointer 
FAIL: gcc.c-torture/execute/20000822-1.c execution,  -O3 -g 
FAIL: gcc.c-torture/execute/20000822-1.c execution,  -Os 
FAIL: gcc.c-torture/execute/nestfunc-3.c execution,  -O0 
FAIL: gcc.c-torture/execute/nestfunc-3.c execution,  -O1 
FAIL: gcc.c-torture/execute/nestfunc-3.c execution,  -O2 
FAIL: gcc.c-torture/execute/nestfunc-3.c execution,  -O3 -fomit-frame-pointer 
FAIL: gcc.c-torture/execute/nestfunc-3.c execution,  -O3 -fomit-frame-pointer -funroll-loops 
FAIL: gcc.c-torture/execute/nestfunc-3.c execution,  -O3 -fomit-frame-pointer -funroll-all-loops -finline-functions 
FAIL: gcc.c-torture/execute/nestfunc-3.c execution,  -O3 -g 
FAIL: gcc.c-torture/execute/nestfunc-3.c execution,  -Os 
FAIL: gcc.c-torture/execute/nestfunc-5.c execution,  -O0 
FAIL: gcc.c-torture/execute/nestfunc-5.c execution,  -O1 
FAIL: gcc.c-torture/execute/nestfunc-5.c execution,  -O2 
FAIL: gcc.c-torture/execute/nestfunc-5.c execution,  -O3 -fomit-frame-pointer 
FAIL: gcc.c-torture/execute/nestfunc-5.c execution,  -O3 -g 
FAIL: gcc.c-torture/execute/nestfunc-5.c execution,  -Os 
FAIL: gcc.c-torture/execute/nestfunc-6.c execution,  -O0 
FAIL: gcc.c-torture/execute/nestfunc-6.c execution,  -O1 
FAIL: gcc.c-torture/execute/nestfunc-6.c execution,  -O2 
FAIL: gcc.c-torture/execute/nestfunc-6.c execution,  -O3 -fomit-frame-pointer 
FAIL: gcc.c-torture/execute/nestfunc-6.c execution,  -O3 -g 
FAIL: gcc.c-torture/execute/nestfunc-6.c execution,  -Os 
FAIL: gcc.c-torture/execute/simd-2.c compilation,  -O2 
UNRESOLVED: gcc.c-torture/execute/simd-2.c execution,  -O2 
FAIL: gcc.c-torture/execute/simd-2.c compilation,  -O3 -fomit-frame-pointer 
UNRESOLVED: gcc.c-torture/execute/simd-2.c execution,  -O3 -fomit-frame-pointer 
FAIL: gcc.c-torture/execute/simd-2.c compilation,  -O3 -g 
UNRESOLVED: gcc.c-torture/execute/simd-2.c execution,  -O3 -g 
FAIL: gcc.c-torture/execute/simd-2.c compilation,  -Os 
UNRESOLVED: gcc.c-torture/execute/simd-2.c execution,  -Os 
FAIL: gcc.dg/trampoline-1.c execution test
FAIL: gcc.dg/special/weak-1.c execution test
FAIL: gcc.dg/tree-ssa/vrp17.c scan-tree-dump-times == 3 1

		=== gcc Summary ===

# of expected passes		34888
# of unexpected failures	33
# of expected failures		71
# of unresolved testcases	4
# of untested testcases		28
# of unsupported tests		582
/scratch/gcclocal/scratch/nightly-2005-07-15-mainline/hppa2.0w-hp-hpux11.23/build_gcc/install/bin/gcc  version 4.1.0 20050707 (experimental)

		=== libstdc++ tests ===


Running target unix
FAIL: 23_containers/vector/bool/6886.cc (test for excess errors)
WARNING: 23_containers/vector/bool/6886.cc compilation failed to produce executable

		=== libstdc++ Summary ===

# of expected passes		2467
# of unexpected failures	1
# of expected failures		12
# of unsupported tests		153

Compiler version: 4.1.0 20050707 (experimental) 
Platform: hppa2.0w-hp-hpux11.23
configure flags: --disable-nls --build=hppa2.0w-hp-hpux11.23 --host=hppa2.0w-hp-hpux11.23 --target=hppa2.0w-hp-hpux11.23 --enable-threads=posix --disable-libmudflap --with-gnu-as --with-as=/scratch/gcclocal/scratch/nightly-2005-07-15-mainline/hppa2.0w-hp-hpux11.23/build_gcc/install/bin/as --without-gnu-ld --with-ld=/usr/ccs/bin/ld --prefix=/scratch/gcclocal/scratch/nightly-2005-07-15-mainline/hppa2.0w-hp-hpux11.23/build_gcc/install --enable-languages=c,c++


Index Nav: [Date Index] [Subject Index] [Author Index] [Thread Index]
Message Nav: [Date Prev] [Date Next] [Thread Prev] [Thread Next]