This is the mail archive of the gcc-testresults@gcc.gnu.org mailing list for the GCC project.


Index Nav: [Date Index] [Subject Index] [Author Index] [Thread Index]
Message Nav: [Date Prev] [Date Next] [Thread Prev] [Thread Next]
Other format: [Raw text]

Results for 4.0.2 20050714 (prerelease) testsuite on s390-ibm-linux-gnu


LAST_UPDATED: Thu Jul 14 19:11:10 UTC 2005

		=== acats tests ===

		=== acats Summary ===
# of expected passes		2320
# of unexpected failures	0
Native configuration is s390-ibm-linux-gnu

		=== g++ tests ===


Running target unix
XPASS: g++.old-deja/g++.other/init5.C execution test

		=== g++ Summary ===

# of expected passes		10951
# of unexpected successes	1
# of expected failures		69
# of unsupported tests		91
/build/BUILD/gcc-4.0.2/obj-s390-redhat-linux/gcc/testsuite/../g++  version 4.0.2 20050714 (prerelease)

		=== gcc tests ===


Running target unix
XPASS: gcc.dg/tree-ssa/20040204-1.c scan-tree-dump-times link_error 0

		=== gcc Summary ===

# of expected passes		34116
# of unexpected successes	1
# of expected failures		67
# of untested testcases		28
# of unsupported tests		485
/build/BUILD/gcc-4.0.2/obj-s390-redhat-linux/gcc/xgcc  version 4.0.2 20050714 (prerelease)

		=== gfortran tests ===


Running target unix
FAIL: gfortran.dg/eoshift.f90 execution test

		=== gfortran Summary ===

# of expected passes		7622
# of unexpected failures	1
# of expected failures		2
# of unsupported tests		17
/build/BUILD/gcc-4.0.2/obj-s390-redhat-linux/gcc/testsuite/../gfortran  version 4.0.2 20050714 (prerelease)

		=== objc tests ===


Running target unix

		=== objc Summary ===

# of expected passes		1534
# of unsupported tests		10
/build/BUILD/gcc-4.0.2/obj-s390-redhat-linux/gcc/xgcc  version 4.0.2 20050714 (prerelease)

		=== libffi tests ===


Running target unix

		=== libffi Summary ===

# of expected passes		219
# of unsupported tests		2
		=== libjava tests ===


Running target unix

		=== libjava Summary ===

# of expected passes		3796
# of expected failures		14
# of untested testcases		16
		=== libmudflap tests ===


Running target unix

		=== libmudflap Summary ===

# of expected passes		1288
		=== libstdc++ tests ===


Running target unix
XPASS: 22_locale/locale/cons/12658_thread-1.cc execution test
XPASS: 26_numerics/cmath/c99_classification_macros_c.cc (test for excess errors)

		=== libstdc++ Summary ===

# of expected passes		3643
# of unexpected successes	2
# of expected failures		12

Compiler version: 4.0.2 20050714 (prerelease) 
Platform: s390-ibm-linux-gnu
configure flags: --prefix=/usr --mandir=/usr/share/man --infodir=/usr/share/info --enable-shared --enable-threads=posix --enable-checking=release --with-system-zlib --enable-__cxa_atexit --disable-libunwind-exceptions --host=s390-redhat-linux --enable-languages=c,ada,c++,f95,java,objc


Index Nav: [Date Index] [Subject Index] [Author Index] [Thread Index]
Message Nav: [Date Prev] [Date Next] [Thread Prev] [Thread Next]