Results for 2.96 20000315 (experimental) testsuite on i686-unknown-freebsdelf3.4
Loren James Rittle
rittle@latour.rsch.comm.mot.com
Wed Mar 15 14:24:00 GMT 2000
Native configuration is i686-unknown-freebsdelf3.4
=== libio tests ===
Running target unix
FAIL: tfformat.c execution
=== libio Summary for unix ===
# of expected passes 39
# of unexpected failures 1
# of expected failures 1
Running target unix/-pthread -fpic
FAIL: tfformat.c execution
=== libio Summary for unix/-pthread -fpic ===
# of expected passes 39
# of unexpected failures 1
# of expected failures 1
=== libio Summary ===
# of expected passes 78
# of unexpected failures 2
# of expected failures 2
=== libstdc++ tests ===
Running target unix
FAIL: tcomplex.cc execution
FAIL: tcomplex.cc -O execution
=== libstdc++ Summary for unix ===
# of expected passes 26
# of unexpected failures 2
# of expected failures 2
Running target unix/-pthread -fpic
FAIL: tcomplex.cc execution
FAIL: tcomplex.cc -O execution
=== libstdc++ Summary for unix/-pthread -fpic ===
# of expected passes 26
# of unexpected failures 2
# of expected failures 2
=== libstdc++ Summary ===
# of expected passes 52
# of unexpected failures 4
# of expected failures 4
=== gcc tests ===
Running target unix
FAIL: gcc.c-torture/compile/20000314-1.c, -O0
FAIL: gcc.c-torture/compile/20000314-1.c, -O1
FAIL: gcc.c-torture/compile/20000314-1.c, -O2
FAIL: gcc.c-torture/compile/20000314-1.c, -O3 -fomit-frame-pointer
FAIL: gcc.c-torture/compile/20000314-1.c, -O3 -g
FAIL: gcc.c-torture/compile/20000314-1.c, -Os
FAIL: gcc.c-torture/compile/20000314-2.c, -O0
FAIL: gcc.c-torture/compile/20000314-2.c, -O1
FAIL: gcc.c-torture/compile/20000314-2.c, -O2
FAIL: gcc.c-torture/compile/20000314-2.c, -O3 -fomit-frame-pointer
FAIL: gcc.c-torture/compile/20000314-2.c, -O3 -g
FAIL: gcc.c-torture/compile/20000314-2.c, -Os
FAIL: gcc.c-torture/compile/labels-2.c, -O2
FAIL: gcc.c-torture/compile/labels-2.c, -O3 -fomit-frame-pointer
FAIL: gcc.c-torture/compile/labels-2.c, -O3 -g
FAIL: gcc.c-torture/compile/20000105-1.c, -O0
FAIL: gcc.c-torture/compile/20000105-1.c, -O1
FAIL: gcc.c-torture/compile/980408-1.c, -O1
FAIL: gcc.c-torture/compile/980408-1.c, -O2
FAIL: gcc.c-torture/compile/980408-1.c, -O3 -g
FAIL: gcc.c-torture/compile/980408-1.c, -Os
FAIL: gcc.c-torture/execute/20000225-1.c execution, -O2
FAIL: gcc.c-torture/execute/20000225-1.c execution, -O3 -fomit-frame-pointer
FAIL: gcc.c-torture/execute/20000225-1.c execution, -O3 -fomit-frame-pointer -funroll-loops
FAIL: gcc.c-torture/execute/20000225-1.c execution, -O3 -fomit-frame-pointer -funroll-all-loops -finline-functions
FAIL: gcc.c-torture/execute/20000225-1.c execution, -O3 -g
FAIL: gcc.c-torture/execute/20000225-1.c execution, -Os
FAIL: gcc.c-torture/execute/20000313-1.c execution, -O1
FAIL: gcc.c-torture/execute/20000313-1.c execution, -O2
FAIL: gcc.c-torture/execute/20000313-1.c execution, -Os
FAIL: gcc.c-torture/execute/920428-2.c execution, -O0
FAIL: gcc.c-torture/execute/920428-2.c execution, -O1
FAIL: gcc.c-torture/execute/920428-2.c execution, -O2
FAIL: gcc.c-torture/execute/920428-2.c execution, -O3 -fomit-frame-pointer
FAIL: gcc.c-torture/execute/920428-2.c execution, -O3 -g
FAIL: gcc.c-torture/execute/920428-2.c execution, -Os
FAIL: gcc.c-torture/execute/920501-7.c execution, -O0
FAIL: gcc.c-torture/execute/920501-7.c execution, -O1
FAIL: gcc.c-torture/execute/920501-7.c execution, -O2
FAIL: gcc.c-torture/execute/920501-7.c execution, -O3 -fomit-frame-pointer
FAIL: gcc.c-torture/execute/920501-7.c execution, -O3 -g
FAIL: gcc.c-torture/execute/920501-7.c execution, -Os
FAIL: gcc.c-torture/execute/990525-2.c execution, -O3 -fomit-frame-pointer
FAIL: gcc.c-torture/execute/991202-3.c execution, -O0
FAIL: gcc.c-torture/execute/991202-3.c execution, -O1
FAIL: gcc.c-torture/execute/991202-3.c execution, -O2
FAIL: gcc.c-torture/execute/991202-3.c execution, -O3 -fomit-frame-pointer
FAIL: gcc.c-torture/execute/991202-3.c execution, -O3 -g
FAIL: gcc.c-torture/execute/991202-3.c execution, -Os
FAIL: gcc.c-torture/execute/991221-1.c execution, -O1
FAIL: gcc.c-torture/execute/991221-1.c execution, -O2
FAIL: gcc.c-torture/execute/991221-1.c execution, -O3 -fomit-frame-pointer
FAIL: gcc.c-torture/execute/991221-1.c execution, -O3 -g
FAIL: gcc.c-torture/execute/991221-1.c execution, -Os
FAIL: gcc.c-torture/execute/complex-2.c execution, -O0
FAIL: gcc.c-torture/execute/complex-2.c execution, -O1
FAIL: gcc.c-torture/execute/complex-2.c execution, -O2
FAIL: gcc.c-torture/execute/complex-2.c execution, -O3 -fomit-frame-pointer
FAIL: gcc.c-torture/execute/complex-2.c execution, -O3 -g
FAIL: gcc.c-torture/execute/complex-2.c execution, -Os
FAIL: gcc.c-torture/execute/complex-4.c execution, -O0
FAIL: gcc.c-torture/execute/complex-4.c execution, -O1
FAIL: gcc.c-torture/execute/complex-4.c execution, -O2
FAIL: gcc.c-torture/execute/complex-4.c execution, -O3 -fomit-frame-pointer
FAIL: gcc.c-torture/execute/complex-4.c execution, -O3 -g
FAIL: gcc.c-torture/execute/complex-4.c execution, -Os
FAIL: gcc.c-torture/execute/conversion.c execution, -O0
FAIL: gcc.c-torture/execute/conversion.c execution, -O1
FAIL: gcc.c-torture/execute/conversion.c execution, -O2
FAIL: gcc.c-torture/execute/conversion.c execution, -O3 -fomit-frame-pointer
FAIL: gcc.c-torture/execute/conversion.c execution, -O3 -g
FAIL: gcc.c-torture/execute/conversion.c execution, -Os
FAIL: gcc.c-torture/execute/ieee/fp-cmp-4.c compilation, -O0
FAIL: gcc.c-torture/execute/ieee/fp-cmp-4.c compilation, -O1
FAIL: gcc.c-torture/execute/ieee/fp-cmp-4.c compilation, -O2
FAIL: gcc.c-torture/execute/ieee/fp-cmp-4.c compilation, -O3 -fomit-frame-pointer
FAIL: gcc.c-torture/execute/ieee/fp-cmp-4.c compilation, -O3 -fomit-frame-pointer -funroll-loops
FAIL: gcc.c-torture/execute/ieee/fp-cmp-4.c compilation, -O3 -fomit-frame-pointer -funroll-all-loops -finline-functions
FAIL: gcc.c-torture/execute/ieee/fp-cmp-4.c compilation, -O3 -g
FAIL: gcc.c-torture/execute/ieee/fp-cmp-4.c compilation, -Os
XPASS: gcc.c-torture/execute/ieee/rbug.c execution, -O3 -fomit-frame-pointer
XPASS: gcc.c-torture/execute/ieee/rbug.c execution, -O3 -g
FAIL: gcc.dg/991214-1.c (test for excess errors)
FAIL: cpp-mi.c: redundant include check
FAIL: gcc.dg/cpp-redef-2.c anon varargs (test for warnings, line 15)
FAIL: gcc.dg/cpp-wi1.c (test for excess errors)
FAIL: gcc.dg/pr-impl.c stdio.h (test for warnings, line 7)
=== gcc Summary for unix ===
# of expected passes 9296
# of unexpected failures 85
# of unexpected successes 2
# of expected failures 41
# of unresolved testcases 8
# of unsupported tests 15
Running target unix/-pthread -fpic
FAIL: gcc.c-torture/compile/20000314-1.c, -O0
FAIL: gcc.c-torture/compile/20000314-1.c, -O1
FAIL: gcc.c-torture/compile/20000314-1.c, -O2
FAIL: gcc.c-torture/compile/20000314-1.c, -O3 -fomit-frame-pointer
FAIL: gcc.c-torture/compile/20000314-1.c, -O3 -g
FAIL: gcc.c-torture/compile/20000314-1.c, -Os
FAIL: gcc.c-torture/compile/20000314-2.c, -O0
FAIL: gcc.c-torture/compile/20000314-2.c, -O1
FAIL: gcc.c-torture/compile/20000314-2.c, -O2
FAIL: gcc.c-torture/compile/20000314-2.c, -O3 -fomit-frame-pointer
FAIL: gcc.c-torture/compile/20000314-2.c, -O3 -g
FAIL: gcc.c-torture/compile/20000314-2.c, -Os
FAIL: gcc.c-torture/compile/20000105-1.c, -O0
FAIL: gcc.c-torture/compile/20000105-1.c, -O1
FAIL: gcc.c-torture/compile/980408-1.c, -O1
FAIL: gcc.c-torture/compile/980408-1.c, -O2
FAIL: gcc.c-torture/compile/980408-1.c, -O3 -fomit-frame-pointer
FAIL: gcc.c-torture/compile/980408-1.c, -O3 -fomit-frame-pointer -funroll-loops
FAIL: gcc.c-torture/compile/980408-1.c, -O3 -fomit-frame-pointer -funroll-all-loops -finline-functions
FAIL: gcc.c-torture/compile/980408-1.c, -O3 -g
FAIL: gcc.c-torture/compile/980408-1.c, -Os
FAIL: gcc.c-torture/execute/20000225-1.c execution, -O2
FAIL: gcc.c-torture/execute/20000225-1.c execution, -O3 -fomit-frame-pointer
FAIL: gcc.c-torture/execute/20000225-1.c execution, -O3 -fomit-frame-pointer -funroll-loops
FAIL: gcc.c-torture/execute/20000225-1.c execution, -O3 -fomit-frame-pointer -funroll-all-loops -finline-functions
FAIL: gcc.c-torture/execute/20000225-1.c execution, -O3 -g
FAIL: gcc.c-torture/execute/20000225-1.c execution, -Os
FAIL: gcc.c-torture/execute/20000313-1.c execution, -O1
FAIL: gcc.c-torture/execute/20000313-1.c execution, -O2
FAIL: gcc.c-torture/execute/20000313-1.c execution, -Os
FAIL: gcc.c-torture/execute/920428-2.c execution, -O0
FAIL: gcc.c-torture/execute/920428-2.c execution, -O1
FAIL: gcc.c-torture/execute/920428-2.c execution, -O2
FAIL: gcc.c-torture/execute/920428-2.c execution, -O3 -fomit-frame-pointer
FAIL: gcc.c-torture/execute/920428-2.c execution, -O3 -g
FAIL: gcc.c-torture/execute/920428-2.c execution, -Os
FAIL: gcc.c-torture/execute/920501-7.c execution, -O0
FAIL: gcc.c-torture/execute/920501-7.c execution, -O1
FAIL: gcc.c-torture/execute/920501-7.c execution, -O2
FAIL: gcc.c-torture/execute/920501-7.c execution, -O3 -fomit-frame-pointer
FAIL: gcc.c-torture/execute/920501-7.c execution, -O3 -g
FAIL: gcc.c-torture/execute/920501-7.c execution, -Os
FAIL: gcc.c-torture/execute/990525-2.c execution, -O3 -fomit-frame-pointer
FAIL: gcc.c-torture/execute/991202-3.c execution, -O0
FAIL: gcc.c-torture/execute/991202-3.c execution, -O1
FAIL: gcc.c-torture/execute/991202-3.c execution, -O2
FAIL: gcc.c-torture/execute/991202-3.c execution, -O3 -fomit-frame-pointer
FAIL: gcc.c-torture/execute/991202-3.c execution, -O3 -g
FAIL: gcc.c-torture/execute/991202-3.c execution, -Os
FAIL: gcc.c-torture/execute/991221-1.c execution, -O1
FAIL: gcc.c-torture/execute/991221-1.c execution, -O2
FAIL: gcc.c-torture/execute/991221-1.c execution, -O3 -fomit-frame-pointer
FAIL: gcc.c-torture/execute/991221-1.c execution, -O3 -g
FAIL: gcc.c-torture/execute/991221-1.c execution, -Os
FAIL: gcc.c-torture/execute/complex-2.c execution, -O0
FAIL: gcc.c-torture/execute/complex-2.c execution, -O1
FAIL: gcc.c-torture/execute/complex-2.c execution, -O2
FAIL: gcc.c-torture/execute/complex-2.c execution, -O3 -fomit-frame-pointer
FAIL: gcc.c-torture/execute/complex-2.c execution, -O3 -g
FAIL: gcc.c-torture/execute/complex-2.c execution, -Os
FAIL: gcc.c-torture/execute/complex-4.c execution, -O0
FAIL: gcc.c-torture/execute/complex-4.c execution, -O1
FAIL: gcc.c-torture/execute/complex-4.c execution, -O2
FAIL: gcc.c-torture/execute/complex-4.c execution, -O3 -fomit-frame-pointer
FAIL: gcc.c-torture/execute/complex-4.c execution, -O3 -g
FAIL: gcc.c-torture/execute/complex-4.c execution, -Os
FAIL: gcc.c-torture/execute/conversion.c execution, -O0
FAIL: gcc.c-torture/execute/conversion.c execution, -O1
FAIL: gcc.c-torture/execute/conversion.c execution, -O2
FAIL: gcc.c-torture/execute/conversion.c execution, -O3 -fomit-frame-pointer
FAIL: gcc.c-torture/execute/conversion.c execution, -O3 -g
FAIL: gcc.c-torture/execute/conversion.c execution, -Os
FAIL: gcc.c-torture/execute/struct-ret-1.c execution, -O3 -fomit-frame-pointer
FAIL: gcc.c-torture/execute/ieee/fp-cmp-4.c compilation, -O0
FAIL: gcc.c-torture/execute/ieee/fp-cmp-4.c compilation, -O1
FAIL: gcc.c-torture/execute/ieee/fp-cmp-4.c compilation, -O2
FAIL: gcc.c-torture/execute/ieee/fp-cmp-4.c compilation, -O3 -fomit-frame-pointer
FAIL: gcc.c-torture/execute/ieee/fp-cmp-4.c compilation, -O3 -fomit-frame-pointer -funroll-loops
FAIL: gcc.c-torture/execute/ieee/fp-cmp-4.c compilation, -O3 -fomit-frame-pointer -funroll-all-loops -finline-functions
FAIL: gcc.c-torture/execute/ieee/fp-cmp-4.c compilation, -O3 -g
FAIL: gcc.c-torture/execute/ieee/fp-cmp-4.c compilation, -Os
FAIL: gcc.dg/991214-1.c (test for excess errors)
FAIL: cpp-mi.c: redundant include check
FAIL: gcc.dg/cpp-redef-2.c anon varargs (test for warnings, line 15)
FAIL: gcc.dg/cpp-wi1.c (test for excess errors)
FAIL: gcc.dg/pr-impl.c stdio.h (test for warnings, line 7)
=== gcc Summary for unix/-pthread -fpic ===
# of expected passes 9295
# of unexpected failures 86
# of expected failures 43
# of unresolved testcases 8
# of unsupported tests 15
=== gcc Summary ===
# of expected passes 18591
# of unexpected failures 171
# of unexpected successes 2
# of expected failures 84
# of unresolved testcases 16
# of unsupported tests 30
/usr/tmp/2.96-i386-unknown-freebsdelf3.4/gcc/xgcc version 2.96 20000315 (experimental)
=== g++ tests ===
Running target unix
FAIL: g++.eh/crash3.C caused compiler crash
FAIL: g++.jason/inline3.C Execution test
FAIL: g++.oliva/template7.C caused compiler crash
=== g++ Summary for unix ===
# of expected passes 5791
# of unexpected failures 3
# of expected failures 90
# of untested testcases 14
Running target unix/-pthread -fpic
FAIL: g++.eh/crash3.C caused compiler crash
FAIL: g++.jason/inline3.C Execution test
FAIL: g++.oliva/template7.C caused compiler crash
=== g++ Summary for unix/-pthread -fpic ===
# of expected passes 5791
# of unexpected failures 3
# of expected failures 90
# of untested testcases 14
=== g++ Summary ===
# of expected passes 11582
# of unexpected failures 6
# of expected failures 180
# of untested testcases 28
/usr/tmp/2.96-i386-unknown-freebsdelf3.4/gcc/testsuite/../g++ version 2.96 20000315 (experimental)
=== g77 tests ===
Running target unix
FAIL: g77.f-torture/execute/19981119-0.f execution, -O0
FAIL: g77.f-torture/execute/19981119-0.f execution, -O1
FAIL: g77.f-torture/execute/19981119-0.f execution, -O2
FAIL: g77.f-torture/execute/19981119-0.f execution, -O2 -fomit-frame-pointer -finline-functions
FAIL: g77.f-torture/execute/19981119-0.f execution, -Os
FAIL: g77.f-torture/execute/19990325-0.f compilation, -O0
FAIL: g77.f-torture/execute/19990325-0.f compilation, -O1
FAIL: g77.f-torture/execute/19990325-0.f compilation, -O2
FAIL: g77.f-torture/execute/19990325-0.f compilation, -O2 -fomit-frame-pointer -finline-functions
FAIL: g77.f-torture/execute/19990325-0.f compilation, -Os
FAIL: g77.f-torture/execute/19990325-1.f compilation, -O0
FAIL: g77.f-torture/execute/19990325-1.f compilation, -O1
FAIL: g77.f-torture/execute/19990325-1.f compilation, -O2
FAIL: g77.f-torture/execute/19990325-1.f compilation, -O2 -fomit-frame-pointer -finline-functions
FAIL: g77.f-torture/execute/19990325-1.f compilation, -Os
FAIL: g77.f-torture/execute/19990826-0.f execution, -O0
FAIL: g77.f-torture/execute/19990826-0.f execution, -O1
FAIL: g77.f-torture/execute/19990826-0.f execution, -O2
FAIL: g77.f-torture/execute/19990826-0.f execution, -O2 -fomit-frame-pointer -finline-functions
FAIL: g77.f-torture/execute/19990826-0.f execution, -Os
FAIL: g77.f-torture/execute/19990826-2.f execution, -O0
FAIL: g77.f-torture/execute/19990826-2.f execution, -O1
FAIL: g77.f-torture/execute/19990826-2.f execution, -O2
FAIL: g77.f-torture/execute/19990826-2.f execution, -O2 -fomit-frame-pointer -finline-functions
FAIL: g77.f-torture/execute/19990826-2.f execution, -Os
FAIL: g77.f-torture/execute/970625-2.f execution, -O0
FAIL: g77.f-torture/execute/970625-2.f execution, -O1
FAIL: g77.f-torture/execute/970625-2.f execution, -O2
FAIL: g77.f-torture/execute/970625-2.f execution, -O2 -fomit-frame-pointer -finline-functions
FAIL: g77.f-torture/execute/970625-2.f execution, -O2 -fomit-frame-pointer -finline-functions -funroll-loops
FAIL: g77.f-torture/execute/970625-2.f execution, -O2 -fomit-frame-pointer -finline-functions -funroll-all-loops
FAIL: g77.f-torture/execute/970625-2.f execution, -Os
FAIL: g77.f-torture/execute/alpha2.f execution, -O0
FAIL: g77.f-torture/execute/alpha2.f execution, -O1
FAIL: g77.f-torture/execute/alpha2.f execution, -O2
FAIL: g77.f-torture/execute/alpha2.f execution, -O2 -fomit-frame-pointer -finline-functions
FAIL: g77.f-torture/execute/alpha2.f execution, -Os
FAIL: g77.f-torture/execute/complex_1.f execution, -O0
FAIL: g77.f-torture/execute/complex_1.f execution, -O1
FAIL: g77.f-torture/execute/complex_1.f execution, -O2
FAIL: g77.f-torture/execute/complex_1.f execution, -O2 -fomit-frame-pointer -finline-functions
FAIL: g77.f-torture/execute/complex_1.f execution, -Os
FAIL: g77.f-torture/execute/dcomplex.f execution, -O0
FAIL: g77.f-torture/execute/dcomplex.f execution, -O1
FAIL: g77.f-torture/execute/dcomplex.f execution, -O2
FAIL: g77.f-torture/execute/dcomplex.f execution, -O2 -fomit-frame-pointer -finline-functions
FAIL: g77.f-torture/execute/dcomplex.f execution, -Os
FAIL: g77.f-torture/execute/erfc.f execution, -O0
FAIL: g77.f-torture/execute/erfc.f execution, -O1
FAIL: g77.f-torture/execute/erfc.f execution, -O2
FAIL: g77.f-torture/execute/erfc.f execution, -O2 -fomit-frame-pointer -finline-functions
FAIL: g77.f-torture/execute/erfc.f execution, -Os
FAIL: g77.f-torture/execute/exp.f execution, -O0
FAIL: g77.f-torture/execute/exp.f execution, -O1
FAIL: g77.f-torture/execute/exp.f execution, -O2
FAIL: g77.f-torture/execute/exp.f execution, -O2 -fomit-frame-pointer -finline-functions
FAIL: g77.f-torture/execute/exp.f execution, -Os
FAIL: g77.f-torture/execute/io0.f execution, -O0
FAIL: g77.f-torture/execute/io0.f execution, -O1
FAIL: g77.f-torture/execute/io0.f execution, -O2
FAIL: g77.f-torture/execute/io0.f execution, -O2 -fomit-frame-pointer -finline-functions
FAIL: g77.f-torture/execute/io0.f execution, -Os
FAIL: g77.f-torture/execute/short.f execution, -Os
FAIL: g77.f-torture/execute/u77-test.f execution, -O0
FAIL: g77.f-torture/execute/u77-test.f execution, -O1
FAIL: g77.f-torture/execute/u77-test.f execution, -O2
FAIL: g77.f-torture/execute/u77-test.f execution, -O2 -fomit-frame-pointer -finline-functions
FAIL: g77.f-torture/execute/u77-test.f execution, -O2 -fomit-frame-pointer -finline-functions -funroll-loops
FAIL: g77.f-torture/execute/u77-test.f execution, -O2 -fomit-frame-pointer -finline-functions -funroll-all-loops
FAIL: g77.f-torture/execute/u77-test.f execution, -Os
=== g77 Summary for unix ===
# of expected passes 584
# of unexpected failures 70
# of untested testcases 10
Running target unix/-pthread -fpic
FAIL: g77.f-torture/execute/19981119-0.f execution, -O0
FAIL: g77.f-torture/execute/19981119-0.f execution, -O1
FAIL: g77.f-torture/execute/19981119-0.f execution, -O2
FAIL: g77.f-torture/execute/19981119-0.f execution, -O2 -fomit-frame-pointer -finline-functions
FAIL: g77.f-torture/execute/19981119-0.f execution, -Os
FAIL: g77.f-torture/execute/19990325-0.f compilation, -O0
FAIL: g77.f-torture/execute/19990325-0.f compilation, -O1
FAIL: g77.f-torture/execute/19990325-0.f compilation, -O2
FAIL: g77.f-torture/execute/19990325-0.f compilation, -O2 -fomit-frame-pointer -finline-functions
FAIL: g77.f-torture/execute/19990325-0.f compilation, -Os
FAIL: g77.f-torture/execute/19990325-1.f compilation, -O0
FAIL: g77.f-torture/execute/19990325-1.f compilation, -O1
FAIL: g77.f-torture/execute/19990325-1.f compilation, -O2
FAIL: g77.f-torture/execute/19990325-1.f compilation, -O2 -fomit-frame-pointer -finline-functions
FAIL: g77.f-torture/execute/19990325-1.f compilation, -Os
FAIL: g77.f-torture/execute/19990826-0.f execution, -O0
FAIL: g77.f-torture/execute/19990826-0.f execution, -O1
FAIL: g77.f-torture/execute/19990826-0.f execution, -O2
FAIL: g77.f-torture/execute/19990826-0.f execution, -O2 -fomit-frame-pointer -finline-functions
FAIL: g77.f-torture/execute/19990826-0.f execution, -Os
FAIL: g77.f-torture/execute/19990826-2.f execution, -O0
FAIL: g77.f-torture/execute/19990826-2.f execution, -O1
FAIL: g77.f-torture/execute/19990826-2.f execution, -O2
FAIL: g77.f-torture/execute/19990826-2.f execution, -O2 -fomit-frame-pointer -finline-functions
FAIL: g77.f-torture/execute/19990826-2.f execution, -Os
FAIL: g77.f-torture/execute/970625-2.f execution, -O0
FAIL: g77.f-torture/execute/970625-2.f execution, -O1
FAIL: g77.f-torture/execute/970625-2.f execution, -O2
FAIL: g77.f-torture/execute/970625-2.f execution, -O2 -fomit-frame-pointer -finline-functions
FAIL: g77.f-torture/execute/970625-2.f execution, -O2 -fomit-frame-pointer -finline-functions -funroll-loops
FAIL: g77.f-torture/execute/970625-2.f execution, -O2 -fomit-frame-pointer -finline-functions -funroll-all-loops
FAIL: g77.f-torture/execute/970625-2.f execution, -Os
FAIL: g77.f-torture/execute/alpha2.f execution, -O0
FAIL: g77.f-torture/execute/alpha2.f execution, -O1
FAIL: g77.f-torture/execute/alpha2.f execution, -O2
FAIL: g77.f-torture/execute/alpha2.f execution, -O2 -fomit-frame-pointer -finline-functions
FAIL: g77.f-torture/execute/alpha2.f execution, -Os
FAIL: g77.f-torture/execute/complex_1.f execution, -O0
FAIL: g77.f-torture/execute/complex_1.f execution, -O1
FAIL: g77.f-torture/execute/complex_1.f execution, -O2
FAIL: g77.f-torture/execute/complex_1.f execution, -O2 -fomit-frame-pointer -finline-functions
FAIL: g77.f-torture/execute/complex_1.f execution, -Os
FAIL: g77.f-torture/execute/dcomplex.f execution, -O0
FAIL: g77.f-torture/execute/dcomplex.f execution, -O1
FAIL: g77.f-torture/execute/dcomplex.f execution, -O2
FAIL: g77.f-torture/execute/dcomplex.f execution, -O2 -fomit-frame-pointer -finline-functions
FAIL: g77.f-torture/execute/dcomplex.f execution, -Os
FAIL: g77.f-torture/execute/erfc.f execution, -O0
FAIL: g77.f-torture/execute/erfc.f execution, -O1
FAIL: g77.f-torture/execute/erfc.f execution, -O2
FAIL: g77.f-torture/execute/erfc.f execution, -O2 -fomit-frame-pointer -finline-functions
FAIL: g77.f-torture/execute/erfc.f execution, -Os
FAIL: g77.f-torture/execute/exp.f execution, -O0
FAIL: g77.f-torture/execute/exp.f execution, -O1
FAIL: g77.f-torture/execute/exp.f execution, -O2
FAIL: g77.f-torture/execute/exp.f execution, -O2 -fomit-frame-pointer -finline-functions
FAIL: g77.f-torture/execute/exp.f execution, -Os
FAIL: g77.f-torture/execute/io0.f execution, -O0
FAIL: g77.f-torture/execute/io0.f execution, -O1
FAIL: g77.f-torture/execute/io0.f execution, -O2
FAIL: g77.f-torture/execute/io0.f execution, -O2 -fomit-frame-pointer -finline-functions
FAIL: g77.f-torture/execute/io0.f execution, -Os
FAIL: g77.f-torture/execute/u77-test.f execution, -O0
FAIL: g77.f-torture/execute/u77-test.f execution, -O1
FAIL: g77.f-torture/execute/u77-test.f execution, -O2
FAIL: g77.f-torture/execute/u77-test.f execution, -O2 -fomit-frame-pointer -finline-functions
FAIL: g77.f-torture/execute/u77-test.f execution, -O2 -fomit-frame-pointer -finline-functions -funroll-loops
FAIL: g77.f-torture/execute/u77-test.f execution, -O2 -fomit-frame-pointer -finline-functions -funroll-all-loops
FAIL: g77.f-torture/execute/u77-test.f compilation, -Os
=== g77 Summary for unix/-pthread -fpic ===
# of expected passes 584
# of unexpected failures 69
# of untested testcases 11
=== g77 Summary ===
# of expected passes 1168
# of unexpected failures 139
# of untested testcases 21
=== objc tests ===
Running target unix
FAIL: objc/execute/bf-1.m compilation, -O
FAIL: objc/execute/bf-10.m compilation, -O
FAIL: objc/execute/bf-11.m compilation, -O
FAIL: objc/execute/bf-12.m compilation, -O
FAIL: objc/execute/bf-13.m compilation, -O
FAIL: objc/execute/bf-14.m compilation, -O
FAIL: objc/execute/bf-15.m compilation, -O
FAIL: objc/execute/bf-16.m compilation, -O
FAIL: objc/execute/bf-17.m compilation, -O
FAIL: objc/execute/bf-18.m compilation, -O
FAIL: objc/execute/bf-19.m compilation, -O
FAIL: objc/execute/bf-2.m compilation, -O
FAIL: objc/execute/bf-3.m compilation, -O
FAIL: objc/execute/bf-4.m compilation, -O
FAIL: objc/execute/bf-5.m compilation, -O
FAIL: objc/execute/bf-6.m compilation, -O
FAIL: objc/execute/bf-7.m compilation, -O
FAIL: objc/execute/bf-8.m compilation, -O
FAIL: objc/execute/bf-9.m compilation, -O
=== objc Summary for unix ===
# of unexpected failures 19
# of untested testcases 19
Running target unix/-pthread -fpic
=== objc Summary for unix/-pthread -fpic ===
# of expected passes 38
=== objc Summary ===
# of expected passes 38
# of unexpected failures 19
# of untested testcases 19
/usr/tmp/2.96-i386-unknown-freebsdelf3.4/gcc/xgcc version 2.96 20000315 (experimental)
Compiler version: 2.96 20000315 (experimental)
Platform: i686-unknown-freebsdelf3.4
configure flags: --with-gcc-version-trigger=/usr/users/rittle/outside-cvs-src/egcs/gcc/version.c --host=i686-unknown-freebsdelf3.4 --enable-shared --enable-threads --with-gnu-as --with-as=/usr/local/bin/as --with-gnu-ld --with-ld=/usr/local/bin/ld --with-gxx-include-dir='${prefix}/share/gcc/2.96/include/g++' --norecursion
BOOT_CFLAGS=-g -O2
More information about the Gcc-testresults
mailing list