Results for 2.96 20000315 (experimental) testsuite on i586-pc-linux-gnu
Andris Pavenis
andris@hal.astr.lu.lv
Wed Mar 15 23:57:00 GMT 2000
Source: gcc mainline from CVS (last updated 2000 Mar 16 03:02 +0200)
System: Linux kernel 2.2.15pre14
glibc-2.1.3
binutils-2.9.1.0.25
Addons: libg++-2.8.1.3-20000312
Native configuration is i586-pc-linux-gnu
=== libio tests ===
Running target unix
FAIL: tfformat.c execution
=== libio Summary ===
# of expected passes 39
# of unexpected failures 1
# of expected failures 1
=== libstdc++ tests ===
Running target unix
FAIL: tcomplex.cc execution
FAIL: tcomplex.cc -O execution
=== libstdc++ Summary ===
# of expected passes 26
# of unexpected failures 2
# of expected failures 2
=== libg++ tests ===
Running target unix
FAIL: tFix.cc output
FAIL: tFix16.cc output
FAIL: tFix24.cc output
FAIL: tRandom.cc execution
=== libg++ Summary ===
# of expected passes 67
# of unexpected failures 4
# of expected failures 1
=== gcc tests ===
Running target unix
FAIL: gcc.c-torture/compile/980408-1.c, -O1
FAIL: gcc.c-torture/compile/980408-1.c, -O2
FAIL: gcc.c-torture/compile/980408-1.c, -O3 -fomit-frame-pointer
FAIL: gcc.c-torture/compile/980408-1.c, -O3 -fomit-frame-pointer -funroll-loops
FAIL: gcc.c-torture/compile/980408-1.c, -O3 -fomit-frame-pointer -funroll-all-loops -finline-functions
FAIL: gcc.c-torture/compile/980408-1.c, -O3 -g
FAIL: gcc.c-torture/compile/980408-1.c, -Os
FAIL: gcc.c-torture/compile/labels-2.c, -O2
FAIL: gcc.c-torture/compile/labels-2.c, -O3 -fomit-frame-pointer
FAIL: gcc.c-torture/compile/labels-2.c, -O3 -g
FAIL: gcc.c-torture/compile/20000105-1.c, -O0
FAIL: gcc.c-torture/compile/20000105-1.c, -O1
FAIL: gcc.c-torture/compile/20000314-1.c, -O0
FAIL: gcc.c-torture/compile/20000314-1.c, -O1
FAIL: gcc.c-torture/compile/20000314-1.c, -O2
FAIL: gcc.c-torture/compile/20000314-1.c, -O3 -fomit-frame-pointer
FAIL: gcc.c-torture/compile/20000314-1.c, -O3 -g
FAIL: gcc.c-torture/compile/20000314-1.c, -Os
FAIL: gcc.c-torture/compile/20000314-2.c, -O0
FAIL: gcc.c-torture/compile/20000314-2.c, -O1
FAIL: gcc.c-torture/compile/20000314-2.c, -O2
FAIL: gcc.c-torture/compile/20000314-2.c, -O3 -fomit-frame-pointer
FAIL: gcc.c-torture/compile/20000314-2.c, -O3 -g
FAIL: gcc.c-torture/compile/20000314-2.c, -Os
FAIL: gcc.c-torture/execute/20000225-1.c execution, -O2
FAIL: gcc.c-torture/execute/20000225-1.c execution, -O3 -fomit-frame-pointer
FAIL: gcc.c-torture/execute/20000225-1.c execution, -O3 -fomit-frame-pointer -funroll-loops
FAIL: gcc.c-torture/execute/20000225-1.c execution, -O3 -fomit-frame-pointer -funroll-all-loops -finline-functions
FAIL: gcc.c-torture/execute/20000225-1.c execution, -O3 -g
FAIL: gcc.c-torture/execute/20000225-1.c execution, -Os
FAIL: gcc.c-torture/execute/20000313-1.c execution, -O1
FAIL: gcc.c-torture/execute/20000313-1.c execution, -O2
FAIL: gcc.c-torture/execute/20000313-1.c execution, -Os
FAIL: gcc.c-torture/execute/920428-2.c execution, -O0
FAIL: gcc.c-torture/execute/920428-2.c execution, -O1
FAIL: gcc.c-torture/execute/920428-2.c execution, -O2
FAIL: gcc.c-torture/execute/920428-2.c execution, -O3 -fomit-frame-pointer
FAIL: gcc.c-torture/execute/920428-2.c execution, -O3 -g
FAIL: gcc.c-torture/execute/920428-2.c execution, -Os
FAIL: gcc.c-torture/execute/920501-7.c execution, -O0
FAIL: gcc.c-torture/execute/920501-7.c execution, -O1
FAIL: gcc.c-torture/execute/920501-7.c execution, -O2
FAIL: gcc.c-torture/execute/920501-7.c execution, -O3 -fomit-frame-pointer
FAIL: gcc.c-torture/execute/920501-7.c execution, -O3 -g
FAIL: gcc.c-torture/execute/920501-7.c execution, -Os
FAIL: gcc.c-torture/execute/990525-2.c execution, -O3 -fomit-frame-pointer
FAIL: gcc.c-torture/execute/991202-3.c execution, -O0
FAIL: gcc.c-torture/execute/991202-3.c execution, -O1
FAIL: gcc.c-torture/execute/991202-3.c execution, -O2
FAIL: gcc.c-torture/execute/991202-3.c execution, -O3 -fomit-frame-pointer
FAIL: gcc.c-torture/execute/991202-3.c execution, -O3 -g
FAIL: gcc.c-torture/execute/991202-3.c execution, -Os
FAIL: gcc.c-torture/execute/991221-1.c execution, -O1
FAIL: gcc.c-torture/execute/991221-1.c execution, -O2
FAIL: gcc.c-torture/execute/991221-1.c execution, -O3 -fomit-frame-pointer
FAIL: gcc.c-torture/execute/991221-1.c execution, -O3 -g
FAIL: gcc.c-torture/execute/991221-1.c execution, -Os
FAIL: gcc.c-torture/execute/complex-2.c execution, -O0
FAIL: gcc.c-torture/execute/complex-2.c execution, -O1
FAIL: gcc.c-torture/execute/complex-2.c execution, -O2
FAIL: gcc.c-torture/execute/complex-2.c execution, -O3 -fomit-frame-pointer
FAIL: gcc.c-torture/execute/complex-2.c execution, -O3 -g
FAIL: gcc.c-torture/execute/complex-2.c execution, -Os
FAIL: gcc.c-torture/execute/complex-4.c execution, -O0
FAIL: gcc.c-torture/execute/complex-4.c execution, -O1
FAIL: gcc.c-torture/execute/complex-4.c execution, -O2
FAIL: gcc.c-torture/execute/complex-4.c execution, -O3 -fomit-frame-pointer
FAIL: gcc.c-torture/execute/complex-4.c execution, -O3 -g
FAIL: gcc.c-torture/execute/complex-4.c execution, -Os
FAIL: gcc.c-torture/execute/conversion.c execution, -O0
FAIL: gcc.c-torture/execute/conversion.c execution, -O1
FAIL: gcc.c-torture/execute/conversion.c execution, -O2
FAIL: gcc.c-torture/execute/conversion.c execution, -O3 -fomit-frame-pointer
FAIL: gcc.c-torture/execute/conversion.c execution, -O3 -g
FAIL: gcc.c-torture/execute/conversion.c execution, -Os
FAIL: gcc.c-torture/execute/ieee/fp-cmp-4.c compilation, -O0
FAIL: gcc.c-torture/execute/ieee/fp-cmp-4.c compilation, -O1
FAIL: gcc.c-torture/execute/ieee/fp-cmp-4.c compilation, -O2
FAIL: gcc.c-torture/execute/ieee/fp-cmp-4.c compilation, -O3 -fomit-frame-pointer
FAIL: gcc.c-torture/execute/ieee/fp-cmp-4.c compilation, -O3 -fomit-frame-pointer -funroll-loops
FAIL: gcc.c-torture/execute/ieee/fp-cmp-4.c compilation, -O3 -fomit-frame-pointer -funroll-all-loops -finline-functions
FAIL: gcc.c-torture/execute/ieee/fp-cmp-4.c compilation, -O3 -g
FAIL: gcc.c-torture/execute/ieee/fp-cmp-4.c compilation, -Os
FAIL: gcc.c-torture/execute/ieee/mzero2.c execution, -O0
FAIL: gcc.c-torture/execute/ieee/mzero2.c execution, -O1
FAIL: gcc.c-torture/execute/ieee/mzero2.c execution, -O2
FAIL: gcc.c-torture/execute/ieee/mzero2.c execution, -O3 -fomit-frame-pointer
FAIL: gcc.c-torture/execute/ieee/mzero2.c execution, -O3 -g
FAIL: gcc.c-torture/execute/ieee/mzero2.c execution, -Os
FAIL: gcc.dg/991214-1.c (test for excess errors)
FAIL: cpp-mi.c: redundant include check
FAIL: gcc.dg/cpp-redef-2.c anon varargs (test for warnings, line 15)
FAIL: gcc.dg/cpp-wi1.c (test for excess errors)
FAIL: gcc.dg/pr-impl.c stdio.h (test for warnings, line 7)
FAIL: gcc.dg/special/weak-1.c execution test
=== gcc Summary ===
# of expected passes 9298
# of unexpected failures 95
# of expected failures 31
# of unresolved testcases 8
# of unsupported tests 15
/disk2/cvs/egcs-curr/build/build.lnx/gcc/xgcc version 2.96 20000315 (experimental)
=== g++ tests ===
Running target unix
FAIL: g++.dg/special/conpr-1.C execution test
FAIL: g++.dg/special/conpr-2.C execution test
FAIL: g++.dg/special/conpr-3.C execution test
FAIL: g++.dg/special/conpr-3.C execution test
FAIL: g++.eh/crash3.C caused compiler crash
FAIL: g++.ext/initp1.C Execution test
FAIL: g++.jason/inline3.C Execution test
FAIL: g++.oliva/template7.C caused compiler crash
=== g++ Summary ===
# of expected passes 5795
# of unexpected failures 8
# of expected failures 90
# of untested testcases 8
/disk2/cvs/egcs-curr/build/build.lnx/gcc/testsuite/../g++ version 2.96 20000315 (experimental)
=== g77 tests ===
Running target unix
FAIL: g77.f-torture/execute/19981119-0.f execution, -O0
FAIL: g77.f-torture/execute/19981119-0.f execution, -O1
FAIL: g77.f-torture/execute/19981119-0.f execution, -O2
FAIL: g77.f-torture/execute/19981119-0.f execution, -O2 -fomit-frame-pointer -finline-functions
FAIL: g77.f-torture/execute/19981119-0.f execution, -Os
FAIL: g77.f-torture/execute/19990313-0.f execution, -O0
FAIL: g77.f-torture/execute/19990313-0.f execution, -O1
FAIL: g77.f-torture/execute/19990313-0.f execution, -O2
FAIL: g77.f-torture/execute/19990313-0.f execution, -O2 -fomit-frame-pointer -finline-functions
FAIL: g77.f-torture/execute/19990313-0.f execution, -Os
FAIL: g77.f-torture/execute/19990313-1.f execution, -O0
FAIL: g77.f-torture/execute/19990313-1.f execution, -O1
FAIL: g77.f-torture/execute/19990313-1.f execution, -O2
FAIL: g77.f-torture/execute/19990313-1.f execution, -O2 -fomit-frame-pointer -finline-functions
FAIL: g77.f-torture/execute/19990313-1.f execution, -Os
FAIL: g77.f-torture/execute/19990325-0.f compilation, -O0
FAIL: g77.f-torture/execute/19990325-0.f compilation, -O1
FAIL: g77.f-torture/execute/19990325-0.f compilation, -O2
FAIL: g77.f-torture/execute/19990325-0.f compilation, -O2 -fomit-frame-pointer -finline-functions
FAIL: g77.f-torture/execute/19990325-0.f compilation, -Os
FAIL: g77.f-torture/execute/19990325-1.f compilation, -O0
FAIL: g77.f-torture/execute/19990325-1.f compilation, -O1
FAIL: g77.f-torture/execute/19990325-1.f compilation, -O2
FAIL: g77.f-torture/execute/19990325-1.f compilation, -O2 -fomit-frame-pointer -finline-functions
FAIL: g77.f-torture/execute/19990325-1.f compilation, -Os
FAIL: g77.f-torture/execute/19990826-0.f execution, -O0
FAIL: g77.f-torture/execute/19990826-0.f execution, -O1
FAIL: g77.f-torture/execute/19990826-0.f execution, -O2
FAIL: g77.f-torture/execute/19990826-0.f execution, -O2 -fomit-frame-pointer -finline-functions
FAIL: g77.f-torture/execute/19990826-0.f execution, -Os
FAIL: g77.f-torture/execute/19990826-2.f execution, -O0
FAIL: g77.f-torture/execute/19990826-2.f execution, -O1
FAIL: g77.f-torture/execute/19990826-2.f execution, -O2
FAIL: g77.f-torture/execute/19990826-2.f execution, -O2 -fomit-frame-pointer -finline-functions
FAIL: g77.f-torture/execute/19990826-2.f execution, -Os
FAIL: g77.f-torture/execute/970625-2.f execution, -O0
FAIL: g77.f-torture/execute/970625-2.f execution, -O1
FAIL: g77.f-torture/execute/970625-2.f execution, -O2
FAIL: g77.f-torture/execute/970625-2.f execution, -O2 -fomit-frame-pointer -finline-functions
FAIL: g77.f-torture/execute/970625-2.f execution, -O2 -fomit-frame-pointer -finline-functions -funroll-loops
FAIL: g77.f-torture/execute/970625-2.f execution, -O2 -fomit-frame-pointer -finline-functions -funroll-all-loops
FAIL: g77.f-torture/execute/970625-2.f execution, -Os
FAIL: g77.f-torture/execute/alpha2.f execution, -O0
FAIL: g77.f-torture/execute/alpha2.f execution, -O1
FAIL: g77.f-torture/execute/alpha2.f execution, -O2
FAIL: g77.f-torture/execute/alpha2.f execution, -O2 -fomit-frame-pointer -finline-functions
FAIL: g77.f-torture/execute/alpha2.f execution, -Os
FAIL: g77.f-torture/execute/complex_1.f execution, -O0
FAIL: g77.f-torture/execute/complex_1.f execution, -O1
FAIL: g77.f-torture/execute/complex_1.f execution, -O2
FAIL: g77.f-torture/execute/complex_1.f execution, -O2 -fomit-frame-pointer -finline-functions
FAIL: g77.f-torture/execute/complex_1.f execution, -Os
FAIL: g77.f-torture/execute/dcomplex.f execution, -O0
FAIL: g77.f-torture/execute/dcomplex.f execution, -O1
FAIL: g77.f-torture/execute/dcomplex.f execution, -O2
FAIL: g77.f-torture/execute/dcomplex.f execution, -O2 -fomit-frame-pointer -finline-functions
FAIL: g77.f-torture/execute/dcomplex.f execution, -Os
FAIL: g77.f-torture/execute/dnrm2.f execution, -O0
FAIL: g77.f-torture/execute/dnrm2.f execution, -O1
FAIL: g77.f-torture/execute/dnrm2.f execution, -O2
FAIL: g77.f-torture/execute/dnrm2.f execution, -O2 -fomit-frame-pointer -finline-functions
FAIL: g77.f-torture/execute/dnrm2.f execution, -O2 -fomit-frame-pointer -finline-functions -funroll-loops
FAIL: g77.f-torture/execute/dnrm2.f execution, -O2 -fomit-frame-pointer -finline-functions -funroll-all-loops
FAIL: g77.f-torture/execute/dnrm2.f execution, -Os
FAIL: g77.f-torture/execute/erfc.f execution, -O0
FAIL: g77.f-torture/execute/erfc.f execution, -O1
FAIL: g77.f-torture/execute/erfc.f execution, -O2
FAIL: g77.f-torture/execute/erfc.f execution, -O2 -fomit-frame-pointer -finline-functions
FAIL: g77.f-torture/execute/erfc.f execution, -Os
FAIL: g77.f-torture/execute/exp.f execution, -O0
FAIL: g77.f-torture/execute/exp.f execution, -O1
FAIL: g77.f-torture/execute/exp.f execution, -O2
FAIL: g77.f-torture/execute/exp.f execution, -O2 -fomit-frame-pointer -finline-functions
FAIL: g77.f-torture/execute/exp.f execution, -Os
FAIL: g77.f-torture/execute/io0.f execution, -O0
FAIL: g77.f-torture/execute/io0.f execution, -O1
FAIL: g77.f-torture/execute/io0.f execution, -O2
FAIL: g77.f-torture/execute/io0.f execution, -O2 -fomit-frame-pointer -finline-functions
FAIL: g77.f-torture/execute/io0.f execution, -Os
FAIL: g77.f-torture/execute/short.f execution, -Os
FAIL: g77.f-torture/execute/u77-test.f execution, -O0
FAIL: g77.f-torture/execute/u77-test.f execution, -O1
FAIL: g77.f-torture/execute/u77-test.f execution, -O2
FAIL: g77.f-torture/execute/u77-test.f execution, -O2 -fomit-frame-pointer -finline-functions
FAIL: g77.f-torture/execute/u77-test.f execution, -O2 -fomit-frame-pointer -finline-functions -funroll-loops
FAIL: g77.f-torture/execute/u77-test.f execution, -O2 -fomit-frame-pointer -finline-functions -funroll-all-loops
FAIL: g77.f-torture/execute/u77-test.f execution, -Os
=== g77 Summary ===
# of expected passes 567
# of unexpected failures 87
# of untested testcases 10
=== objc tests ===
Running target unix
FAIL: objc/execute/bf-1.m compilation, -O
FAIL: objc/execute/bf-10.m compilation, -O
FAIL: objc/execute/bf-11.m compilation, -O
FAIL: objc/execute/bf-12.m compilation, -O
FAIL: objc/execute/bf-13.m compilation, -O
FAIL: objc/execute/bf-14.m compilation, -O
FAIL: objc/execute/bf-15.m compilation, -O
FAIL: objc/execute/bf-16.m compilation, -O
FAIL: objc/execute/bf-17.m compilation, -O
FAIL: objc/execute/bf-18.m compilation, -O
FAIL: objc/execute/bf-19.m compilation, -O
FAIL: objc/execute/bf-2.m compilation, -O
FAIL: objc/execute/bf-3.m compilation, -O
FAIL: objc/execute/bf-4.m compilation, -O
FAIL: objc/execute/bf-5.m compilation, -O
FAIL: objc/execute/bf-6.m compilation, -O
FAIL: objc/execute/bf-7.m compilation, -O
FAIL: objc/execute/bf-8.m compilation, -O
FAIL: objc/execute/bf-9.m compilation, -O
=== objc Summary ===
# of unexpected failures 19
# of untested testcases 19
/disk2/cvs/egcs-curr/build/build.lnx/gcc/xgcc version 2.96 20000315 (experimental)
Compiler version: 2.96 20000315 (experimental)
Platform: i586-pc-linux-gnu
configure flags: --with-gcc-version-trigger=/disk2/cvs/egcs-curr/build/egcs-20000316/gcc/version.c --host=i586-pc-linux-gnu --prefix=/usr --enable-shared --with-gnu-ld --enable-threads --verbose --norecursion
Counting all warnings,
there are 77 warnings in stage3 of this bootstrap.
Number of warnings per file:
14 ../../../egcs-20000316/gcc/f/global.c
10 ../../../egcs-20000316/gcc/f/storag.c
8 ../../../egcs-20000316/gcc/f/lex.c
8 ../../../egcs-20000316/gcc/f/equiv.c
6 ../../../egcs-20000316/gcc/f/expr.c
4 ../../../egcs-20000316/gcc/f/ste.c
3 ../../egcs-20000316/gcc/stor-layout.c
2 str-ot.j
2 str-1t.j
2 ../../egcs-20000316/gcc/genoutput.c
2 ../../../egcs-20000316/gcc/f/symbol.c
2 ../../../egcs-20000316/gcc/f/std.c
2 ../../../egcs-20000316/gcc/f/com.c
2 ../../../egcs-20000316/gcc/f/bad.c
1 str-op.j
1 str-nq.j
1 str-io.j
1 str-fo.j
1 str-2t.j
1 ../../egcs-20000316/gcc/stmt.c
1 ../../egcs-20000316/gcc/fold-const.c
1 ../../../egcs-20000316/gcc/cp/class.c
1 ../../../egcs-20000316/gcc/cp/cfns.h
1 ../../../egcs-20000316/gcc/ch/grant.c
Number of warning types:
52 Use of ANSI string concatenation
14 `long' switch expression not converted to `int' in ANSI C
4 comparison between signed and unsigned
2 signed and unsigned type in conditional expression
2 passing arg ??? of `???' discards qualifiers from pointer target type
2 `???' might be used uninitialized in this function
1 assignment discards qualifiers from pointer target type
More information about the Gcc-testresults
mailing list