Results for 12.4.1 20241028 [remotes/origin/releases/gcc-12 r12-10788-gb2cd6ae7b3] (GCC) testsuite on powerpc64le-unknown-linux-gnu
Bill Seurer (POWER9)
seurer@linux.ibm.com
Mon Oct 28 02:52:50 GMT 2024
git commit g:b2cd6ae7b3147ef34d7bbb16783d914e3657bbd3
gcc-descr r12-10788-gb2cd6ae7b3147e
power9
Linux 6.8.0-47-generic ppc64le
GNU Make 4.3
DejaGnu:
DejaGnu version 1.6.3
Expect version 5.45.4
Tcl version 8.6
64-bit
LAST_UPDATED: Mon Oct 28 01:56:43 UTC 2024 (revision r12-10788-gb2cd6ae7b3)
Native configuration is powerpc64le-unknown-linux-gnu
=== gcc tests ===
Running target unix
FAIL: gcc.dg/analyzer/data-model-4.c (test for excess errors)
FAIL: gcc.dg/analyzer/torture/conftest-1.c -O0 (test for excess errors)
FAIL: gcc.dg/analyzer/torture/conftest-1.c -O1 (test for excess errors)
FAIL: gcc.dg/analyzer/torture/conftest-1.c -O2 (test for excess errors)
FAIL: gcc.dg/analyzer/torture/conftest-1.c -O3 -g (test for excess errors)
FAIL: gcc.dg/analyzer/torture/conftest-1.c -Os (test for excess errors)
FAIL: gcc.dg/analyzer/torture/conftest-1.c -O2 -flto -fno-use-linker-plugin -flto-partition=none (test for excess errors)
XPASS: gcc.dg/Wtrampolines.c standard descriptors (test for warnings, line 29)
XPASS: gcc.dg/uninit-pred-7_a.c bogus warning (test for bogus messages, line 26)
FAIL: gcc.dg/torture/float128-cmp-invalid.c -O0 execution test
FAIL: gcc.dg/torture/float128-cmp-invalid.c -O1 execution test
FAIL: gcc.dg/torture/float128-cmp-invalid.c -O2 execution test
FAIL: gcc.dg/torture/float128-cmp-invalid.c -O3 -g execution test
FAIL: gcc.dg/torture/float128-cmp-invalid.c -Os execution test
FAIL: gcc.dg/torture/float128-cmp-invalid.c -O2 -flto -fno-use-linker-plugin -flto-partition=none execution test
FAIL: gcc.dg/torture/float128-cmp-invalid.c -O2 -flto -fuse-linker-plugin -fno-fat-lto-objects execution test
FAIL: gcc.dg/torture/pr52451.c -O0 execution test
FAIL: gcc.dg/torture/pr52451.c -O1 execution test
FAIL: gcc.dg/torture/pr52451.c -O2 execution test
FAIL: gcc.dg/torture/pr52451.c -O3 -g execution test
FAIL: gcc.dg/torture/pr52451.c -Os execution test
FAIL: gcc.dg/torture/pr52451.c -O2 -flto -fno-use-linker-plugin -flto-partition=none execution test
FAIL: gcc.dg/torture/pr52451.c -O2 -flto -fuse-linker-plugin -fno-fat-lto-objects execution test
FAIL: gcc.dg/torture/pr91323.c -O0 execution test
FAIL: gcc.dg/torture/pr91323.c -O1 execution test
FAIL: gcc.dg/torture/pr91323.c -O2 execution test
FAIL: gcc.dg/torture/pr91323.c -O3 -g execution test
FAIL: gcc.dg/torture/pr91323.c -Os execution test
FAIL: gcc.dg/torture/pr91323.c -O2 -flto -fno-use-linker-plugin -flto-partition=none execution test
FAIL: gcc.dg/torture/pr91323.c -O2 -flto -fuse-linker-plugin -fno-fat-lto-objects execution test
XPASS: gcc.dg/tree-ssa/ssa-dom-cse-2.c scan-tree-dump optimized "return 28;"
FAIL: gcc.target/powerpc/pr56605.c scan-rtl-dump-times combine "\\\\(compare:CC \\\\((?:and|zero_extend):(?:[SD]I) \\\\((?:sub)?reg:[SD]I" 1
FAIL: gcc.target/powerpc/rlwimi-2.c scan-assembler-times (?n)^\\\\s+[a-z] 20217
FAIL: gcc.target/powerpc/rs6000-fpint.c scan-assembler-not stfiwx
XPASS: gcc.target/powerpc/ppc-fortran/ieee128-math.f90 -O (test for excess errors)
=== gcc Summary ===
# of expected passes 159508
# of unexpected failures 31
# of unexpected successes 4
# of expected failures 1396
# of unsupported tests 2902
/home/gccbuild/build/nightly/build-gcc-12/gcc/xgcc version 12.4.1 20241028 [remotes/origin/releases/gcc-12 r12-10788-gb2cd6ae7b3] (GCC)
=== gfortran tests ===
Running target unix
XPASS: gfortran.dg/large_real_kind_form_io_2.f90 -O0 execution test
XPASS: gfortran.dg/large_real_kind_form_io_2.f90 -O1 execution test
XPASS: gfortran.dg/large_real_kind_form_io_2.f90 -O2 execution test
XPASS: gfortran.dg/large_real_kind_form_io_2.f90 -O3 -fomit-frame-pointer -funroll-loops -fpeel-loops -ftracer -finline-functions execution test
XPASS: gfortran.dg/large_real_kind_form_io_2.f90 -O3 -g execution test
XPASS: gfortran.dg/large_real_kind_form_io_2.f90 -Os execution test
FAIL: gfortran.dg/ieee/large_2.f90 -O0 execution test
FAIL: gfortran.dg/ieee/large_2.f90 -O1 execution test
FAIL: gfortran.dg/ieee/large_2.f90 -O2 execution test
FAIL: gfortran.dg/ieee/large_2.f90 -O3 -fomit-frame-pointer -funroll-loops -fpeel-loops -ftracer -finline-functions execution test
FAIL: gfortran.dg/ieee/large_2.f90 -O3 -g execution test
FAIL: gfortran.dg/ieee/large_2.f90 -Os execution test
=== gfortran Summary ===
# of expected passes 66440
# of unexpected failures 6
# of unexpected successes 6
# of expected failures 284
# of unsupported tests 202
/home/gccbuild/build/nightly/build-gcc-12/gcc/gfortran version 12.4.1 20241028 [remotes/origin/releases/gcc-12 r12-10788-gb2cd6ae7b3] (GCC)
=== g++ tests ===
Running target unix
FAIL: g++.dg/asan/asan_test.C -O2 AddressSanitizer_StrtollOOBTest Strtol(array + 3, NULL, 0) execution test
FAIL: g++.dg/asan/asan_test.C -O2 AddressSanitizer_StrtollOOBTest Strtol(array - 1, NULL, 0) execution test
FAIL: g++.dg/asan/asan_test.C -O2 AddressSanitizer_StrtollOOBTest Strtol(array, NULL, 0) execution test
FAIL: g++.dg/asan/asan_test.C -O2 AddressSanitizer_StrtollOOBTest Strtol(array, NULL, 36) execution test
FAIL: g++.dg/asan/asan_test.C -O2 AddressSanitizer_StrtollOOBTest Strtol(array, NULL, 0) execution test
FAIL: g++.dg/asan/asan_test.C -O2 AddressSanitizer_StrtollOOBTest Strtol(array, NULL, 0) execution test
FAIL: g++.dg/asan/asan_test.C -O2 AddressSanitizer_StrtollOOBTest Strtol(array, NULL, 0) execution test
FAIL: g++.dg/asan/asan_test.C -O2 AddressSanitizer_StrtolOOBTest Strtol(array + 3, NULL, 0) execution test
FAIL: g++.dg/asan/asan_test.C -O2 AddressSanitizer_StrtolOOBTest Strtol(array - 1, NULL, 0) execution test
FAIL: g++.dg/asan/asan_test.C -O2 AddressSanitizer_StrtolOOBTest Strtol(array, NULL, 0) execution test
FAIL: g++.dg/asan/asan_test.C -O2 AddressSanitizer_StrtolOOBTest Strtol(array, NULL, 36) execution test
FAIL: g++.dg/asan/asan_test.C -O2 AddressSanitizer_StrtolOOBTest Strtol(array, NULL, 0) execution test
FAIL: g++.dg/asan/asan_test.C -O2 AddressSanitizer_StrtolOOBTest Strtol(array, NULL, 0) execution test
FAIL: g++.dg/asan/asan_test.C -O2 AddressSanitizer_StrtolOOBTest Strtol(array, NULL, 0) execution test
FAIL: g++.dg/asan/interception-malloc-test-1.C -O0 execution test
FAIL: g++.dg/asan/interception-malloc-test-1.C -O1 execution test
FAIL: g++.dg/asan/interception-malloc-test-1.C -O2 execution test
FAIL: g++.dg/asan/interception-malloc-test-1.C -O3 -g execution test
FAIL: g++.dg/asan/interception-malloc-test-1.C -Os execution test
FAIL: g++.dg/asan/interception-malloc-test-1.C -O2 -flto -fno-use-linker-plugin -flto-partition=none execution test
FAIL: g++.dg/asan/interception-malloc-test-1.C -O2 -flto -fuse-linker-plugin -fno-fat-lto-objects execution test
=== g++ Summary ===
# of expected passes 228300
# of unexpected failures 21
# of expected failures 1930
# of unsupported tests 10552
/home/gccbuild/build/nightly/build-gcc-12/gcc/xg++ version 12.4.1 20241028 [remotes/origin/releases/gcc-12 r12-10788-gb2cd6ae7b3] (GCC)
=== obj-c++ tests ===
Running target unix
=== obj-c++ Summary ===
# of expected passes 1502
# of expected failures 10
# of unsupported tests 79
/home/gccbuild/build/nightly/build-gcc-12/gcc/xg++ version 12.4.1 20241028 [remotes/origin/releases/gcc-12 r12-10788-gb2cd6ae7b3] (GCC)
=== objc tests ===
Running target unix
=== objc Summary ===
# of expected passes 2846
# of unsupported tests 71
/home/gccbuild/build/nightly/build-gcc-12/gcc/xgcc version 12.4.1 20241028 [remotes/origin/releases/gcc-12 r12-10788-gb2cd6ae7b3] (GCC)
=== libatomic tests ===
Running target unix
=== libatomic Summary ===
# of expected passes 54
=== libgomp tests ===
Running target unix
=== libgomp Summary ===
# of expected passes 13786
# of expected failures 193
# of unsupported tests 626
=== libitm tests ===
Running target unix
=== libitm Summary ===
# of expected passes 44
# of expected failures 3
# of unsupported tests 1
=== libstdc++ tests ===
Running target unix
=== libstdc++ Summary ===
# of expected passes 14759
# of expected failures 96
# of unsupported tests 701
Compiler version: 12.4.1 20241028 [remotes/origin/releases/gcc-12 r12-10788-gb2cd6ae7b3] (GCC)
Platform: powerpc64le-unknown-linux-gnu
configure flags: --prefix=/opt/gcc-nightly/12 --enable-languages=c,c++,fortran,objc,obj-c++ --with-cpu=power9 --enable-secureplt
More information about the Gcc-testresults
mailing list