Results for 15.0.0 20241018 (experimental) [master 261d803c40c9fd28c59d8d1771051663f738a871] (GCC) testsuite on sparc-sun-solaris2.11
Rainer Orth
ro@CeBiTec.Uni-Bielefeld.DE
Sun Oct 20 10:30:03 GMT 2024
LAST_UPDATED: Fri Oct 18 11:52:32 UTC 2024 (revision 261d803c40c9fd28c59d8d1771051663f738a871)
=== acats tests ===
=== acats Summary ===
# of expected passes 2328
# of unexpected failures 0
Native configuration is sparc-sun-solaris2.11
=== g++ tests ===
Running target unix
FAIL: g++.dg/gcov/pr16855-priority.C -std=gnu++17 gcov: 1 failures in line counts, 0 in branch percentages, 0 in condition/decision, 0 in return percentages, 0 in intermediate format, 0 failed in filters
FAIL: g++.dg/gcov/pr16855-priority.C -std=gnu++17 line 23: is #####:should be 1
FAIL: g++.dg/gcov/pr16855-priority.C -std=gnu++26 gcov: 12 failures in line counts, 0 in branch percentages, 0 in condition/decision, 0 in return percentages, 0 in intermediate format, 0 failed in filters
FAIL: g++.dg/gcov/pr16855-priority.C -std=gnu++26 line 14: is 3:should be 1
FAIL: g++.dg/gcov/pr16855-priority.C -std=gnu++26 line 21: is 3:should be 1
FAIL: g++.dg/gcov/pr16855-priority.C -std=gnu++26 line 23: is #####:should be 1
FAIL: g++.dg/gcov/pr16855-priority.C -std=gnu++26 line 37: is 3:should be 1
FAIL: g++.dg/gcov/pr16855-priority.C -std=gnu++26 line 43: is 3:should be 1
FAIL: g++.dg/gcov/pr16855-priority.C -std=gnu++26 line 48: is 3:should be 1
FAIL: g++.dg/gcov/pr16855-priority.C -std=gnu++26 line 53: is 3:should be 1
FAIL: g++.dg/gcov/pr16855-priority.C -std=gnu++26 line 58: is 3:should be 1
FAIL: g++.dg/gcov/pr16855-priority.C -std=gnu++26 line 63: is 3:should be 1
FAIL: g++.dg/gcov/pr16855-priority.C -std=gnu++26 line 68: is 3:should be 1
FAIL: g++.dg/gcov/pr16855-priority.C -std=gnu++26 line 73: is 3:should be 1
FAIL: g++.dg/gcov/pr16855-priority.C -std=gnu++26 line 78: is 3:should be 1
FAIL: g++.dg/gcov/pr16855-priority.C -std=gnu++98 gcov: 12 failures in line counts, 0 in branch percentages, 0 in condition/decision, 0 in return percentages, 0 in intermediate format, 0 failed in filters
FAIL: g++.dg/gcov/pr16855-priority.C -std=gnu++98 line 14: is 2:should be 1
FAIL: g++.dg/gcov/pr16855-priority.C -std=gnu++98 line 21: is 2:should be 1
FAIL: g++.dg/gcov/pr16855-priority.C -std=gnu++98 line 23: is #####:should be 1
FAIL: g++.dg/gcov/pr16855-priority.C -std=gnu++98 line 37: is 2:should be 1
FAIL: g++.dg/gcov/pr16855-priority.C -std=gnu++98 line 43: is 2:should be 1
FAIL: g++.dg/gcov/pr16855-priority.C -std=gnu++98 line 48: is 2:should be 1
FAIL: g++.dg/gcov/pr16855-priority.C -std=gnu++98 line 53: is 2:should be 1
FAIL: g++.dg/gcov/pr16855-priority.C -std=gnu++98 line 58: is 2:should be 1
FAIL: g++.dg/gcov/pr16855-priority.C -std=gnu++98 line 63: is 2:should be 1
FAIL: g++.dg/gcov/pr16855-priority.C -std=gnu++98 line 68: is 2:should be 1
FAIL: g++.dg/gcov/pr16855-priority.C -std=gnu++98 line 73: is 2:should be 1
FAIL: g++.dg/gcov/pr16855-priority.C -std=gnu++98 line 78: is 2:should be 1
FAIL: g++.dg/gcov/pr16855.C -std=gnu++17 gcov: 1 failures in line counts, 0 in branch percentages, 0 in condition/decision, 0 in return percentages, 0 in intermediate format, 0 failed in filters
FAIL: g++.dg/gcov/pr16855.C -std=gnu++17 line 24: is #####:should be 1
FAIL: g++.dg/gcov/pr16855.C -std=gnu++26 gcov: 6 failures in line counts, 0 in branch percentages, 0 in condition/decision, 0 in return percentages, 0 in intermediate format, 0 failed in filters
FAIL: g++.dg/gcov/pr16855.C -std=gnu++26 line 15: is 3:should be 1
FAIL: g++.dg/gcov/pr16855.C -std=gnu++26 line 22: is 3:should be 1
FAIL: g++.dg/gcov/pr16855.C -std=gnu++26 line 24: is #####:should be 1
FAIL: g++.dg/gcov/pr16855.C -std=gnu++26 line 38: is 3:should be 1
FAIL: g++.dg/gcov/pr16855.C -std=gnu++26 line 44: is 3:should be 1
FAIL: g++.dg/gcov/pr16855.C -std=gnu++26 line 49: is 3:should be 1
FAIL: g++.dg/gcov/pr16855.C -std=gnu++98 gcov: 6 failures in line counts, 0 in branch percentages, 0 in condition/decision, 0 in return percentages, 0 in intermediate format, 0 failed in filters
FAIL: g++.dg/gcov/pr16855.C -std=gnu++98 line 15: is 2:should be 1
FAIL: g++.dg/gcov/pr16855.C -std=gnu++98 line 22: is 2:should be 1
FAIL: g++.dg/gcov/pr16855.C -std=gnu++98 line 24: is #####:should be 1
FAIL: g++.dg/gcov/pr16855.C -std=gnu++98 line 38: is 2:should be 1
FAIL: g++.dg/gcov/pr16855.C -std=gnu++98 line 44: is 2:should be 1
FAIL: g++.dg/gcov/pr16855.C -std=gnu++98 line 49: is 2:should be 1
FAIL: g++.dg/simulate-thread/atomics-1.C -O0 -g thread simulation test
=== g++ Summary for unix ===
# of expected passes 225372
# of unexpected failures 45
# of expected failures 2109
# of unsupported tests 2668
Running target unix/-m64
FAIL: g++.dg/coroutines/torture/pr115905.C -O1 (internal compiler error: Bus Error)
FAIL: g++.dg/coroutines/torture/pr115905.C -O1 (test for excess errors)
UNRESOLVED: g++.dg/coroutines/torture/pr115905.C -O1 compilation failed to produce executable
FAIL: g++.dg/coroutines/torture/pr115905.C -O2 (internal compiler error: Bus Error)
FAIL: g++.dg/coroutines/torture/pr115905.C -O2 (test for excess errors)
UNRESOLVED: g++.dg/coroutines/torture/pr115905.C -O2 compilation failed to produce executable
FAIL: g++.dg/coroutines/torture/pr115905.C -O2 -flto (internal compiler error: Bus Error)
FAIL: g++.dg/coroutines/torture/pr115905.C -O2 -flto (test for excess errors)
UNRESOLVED: g++.dg/coroutines/torture/pr115905.C -O2 -flto compilation failed to produce executable
FAIL: g++.dg/coroutines/torture/pr115905.C -O2 -flto -flto-partition=none (internal compiler error: Bus Error)
FAIL: g++.dg/coroutines/torture/pr115905.C -O2 -flto -flto-partition=none (test for excess errors)
UNRESOLVED: g++.dg/coroutines/torture/pr115905.C -O2 -flto -flto-partition=none compilation failed to produce executable
FAIL: g++.dg/coroutines/torture/pr115905.C -O3 -g (internal compiler error: Bus Error)
FAIL: g++.dg/coroutines/torture/pr115905.C -O3 -g (test for excess errors)
UNRESOLVED: g++.dg/coroutines/torture/pr115905.C -O3 -g compilation failed to produce executable
FAIL: g++.dg/coroutines/torture/pr115905.C -Os (internal compiler error: Bus Error)
FAIL: g++.dg/coroutines/torture/pr115905.C -Os (test for excess errors)
UNRESOLVED: g++.dg/coroutines/torture/pr115905.C -Os compilation failed to produce executable
FAIL: g++.dg/gcov/pr16855-priority.C -std=gnu++17 gcov: 1 failures in line counts, 0 in branch percentages, 0 in condition/decision, 0 in return percentages, 0 in intermediate format, 0 failed in filters
FAIL: g++.dg/gcov/pr16855-priority.C -std=gnu++17 line 23: is #####:should be 1
FAIL: g++.dg/gcov/pr16855-priority.C -std=gnu++26 gcov: 12 failures in line counts, 0 in branch percentages, 0 in condition/decision, 0 in return percentages, 0 in intermediate format, 0 failed in filters
FAIL: g++.dg/gcov/pr16855-priority.C -std=gnu++26 line 14: is 3:should be 1
FAIL: g++.dg/gcov/pr16855-priority.C -std=gnu++26 line 21: is 3:should be 1
FAIL: g++.dg/gcov/pr16855-priority.C -std=gnu++26 line 23: is #####:should be 1
FAIL: g++.dg/gcov/pr16855-priority.C -std=gnu++26 line 37: is 3:should be 1
FAIL: g++.dg/gcov/pr16855-priority.C -std=gnu++26 line 43: is 3:should be 1
FAIL: g++.dg/gcov/pr16855-priority.C -std=gnu++26 line 48: is 3:should be 1
FAIL: g++.dg/gcov/pr16855-priority.C -std=gnu++26 line 53: is 3:should be 1
FAIL: g++.dg/gcov/pr16855-priority.C -std=gnu++26 line 58: is 3:should be 1
FAIL: g++.dg/gcov/pr16855-priority.C -std=gnu++26 line 63: is 3:should be 1
FAIL: g++.dg/gcov/pr16855-priority.C -std=gnu++26 line 68: is 3:should be 1
FAIL: g++.dg/gcov/pr16855-priority.C -std=gnu++26 line 73: is 3:should be 1
FAIL: g++.dg/gcov/pr16855-priority.C -std=gnu++26 line 78: is 3:should be 1
FAIL: g++.dg/gcov/pr16855-priority.C -std=gnu++98 gcov: 12 failures in line counts, 0 in branch percentages, 0 in condition/decision, 0 in return percentages, 0 in intermediate format, 0 failed in filters
FAIL: g++.dg/gcov/pr16855-priority.C -std=gnu++98 line 14: is 2:should be 1
FAIL: g++.dg/gcov/pr16855-priority.C -std=gnu++98 line 21: is 2:should be 1
FAIL: g++.dg/gcov/pr16855-priority.C -std=gnu++98 line 23: is #####:should be 1
FAIL: g++.dg/gcov/pr16855-priority.C -std=gnu++98 line 37: is 2:should be 1
FAIL: g++.dg/gcov/pr16855-priority.C -std=gnu++98 line 43: is 2:should be 1
FAIL: g++.dg/gcov/pr16855-priority.C -std=gnu++98 line 48: is 2:should be 1
FAIL: g++.dg/gcov/pr16855-priority.C -std=gnu++98 line 53: is 2:should be 1
FAIL: g++.dg/gcov/pr16855-priority.C -std=gnu++98 line 58: is 2:should be 1
FAIL: g++.dg/gcov/pr16855-priority.C -std=gnu++98 line 63: is 2:should be 1
FAIL: g++.dg/gcov/pr16855-priority.C -std=gnu++98 line 68: is 2:should be 1
FAIL: g++.dg/gcov/pr16855-priority.C -std=gnu++98 line 73: is 2:should be 1
FAIL: g++.dg/gcov/pr16855-priority.C -std=gnu++98 line 78: is 2:should be 1
FAIL: g++.dg/gcov/pr16855.C -std=gnu++17 gcov: 1 failures in line counts, 0 in branch percentages, 0 in condition/decision, 0 in return percentages, 0 in intermediate format, 0 failed in filters
FAIL: g++.dg/gcov/pr16855.C -std=gnu++17 line 24: is #####:should be 1
FAIL: g++.dg/gcov/pr16855.C -std=gnu++26 gcov: 6 failures in line counts, 0 in branch percentages, 0 in condition/decision, 0 in return percentages, 0 in intermediate format, 0 failed in filters
FAIL: g++.dg/gcov/pr16855.C -std=gnu++26 line 15: is 3:should be 1
FAIL: g++.dg/gcov/pr16855.C -std=gnu++26 line 22: is 3:should be 1
FAIL: g++.dg/gcov/pr16855.C -std=gnu++26 line 24: is #####:should be 1
FAIL: g++.dg/gcov/pr16855.C -std=gnu++26 line 38: is 3:should be 1
FAIL: g++.dg/gcov/pr16855.C -std=gnu++26 line 44: is 3:should be 1
FAIL: g++.dg/gcov/pr16855.C -std=gnu++26 line 49: is 3:should be 1
FAIL: g++.dg/gcov/pr16855.C -std=gnu++98 gcov: 6 failures in line counts, 0 in branch percentages, 0 in condition/decision, 0 in return percentages, 0 in intermediate format, 0 failed in filters
FAIL: g++.dg/gcov/pr16855.C -std=gnu++98 line 15: is 2:should be 1
FAIL: g++.dg/gcov/pr16855.C -std=gnu++98 line 22: is 2:should be 1
FAIL: g++.dg/gcov/pr16855.C -std=gnu++98 line 24: is #####:should be 1
FAIL: g++.dg/gcov/pr16855.C -std=gnu++98 line 38: is 2:should be 1
FAIL: g++.dg/gcov/pr16855.C -std=gnu++98 line 44: is 2:should be 1
FAIL: g++.dg/gcov/pr16855.C -std=gnu++98 line 49: is 2:should be 1
=== g++ Summary for unix/-m64 ===
# of expected passes 225437
# of unexpected failures 56
# of expected failures 2113
# of unresolved testcases 6
# of unsupported tests 2333
=== g++ Summary ===
# of expected passes 450809
# of unexpected failures 101
# of expected failures 4222
# of unresolved testcases 6
# of unsupported tests 5001
/var/gcc/regression/master/11-gcc-gas/build/gcc/xg++ version 15.0.0 20241018 (experimental) [master 261d803c40c9fd28c59d8d1771051663f738a871] (GCC)
=== gcc tests ===
Running target unix
FAIL: gcc.dg/pr109393.c scan-tree-dump-times optimized "return 1;" 3
FAIL: gcc.dg/pr110279-1.c scan-tree-dump-times widening_mul "Generated FMA" 3
FAIL: gcc.dg/simulate-thread/atomic-other-int.c -O2 -g thread simulation test
FAIL: gcc.dg/simulate-thread/atomic-other-int.c -O3 -g thread simulation test
FAIL: gcc.dg/simulate-thread/atomic-other-short.c -O0 -g thread simulation test
FAIL: gcc.dg/simulate-thread/speculative-store-4.c -O0 -g thread simulation test
FAIL: gcc.dg/simulate-thread/speculative-store-4.c -O2 -g thread simulation test
FAIL: gcc.dg/simulate-thread/speculative-store-4.c -O3 -g thread simulation test
FAIL: gcc.dg/simulate-thread/speculative-store.c -O0 -g thread simulation test
FAIL: gcc.dg/torture/pr113026-1.c -O3 -fomit-frame-pointer -funroll-loops -fpeel-loops -ftracer -finline-functions (test for bogus messages, line 10)
FAIL: gcc.dg/tree-ssa/pr108357.c scan-tree-dump-not threadfull1 "foo"
FAIL: gcc.dg/vect/slp-19c.c -flto -ffat-lto-objects scan-tree-dump-times vect "vectorized 2 loops" 1
FAIL: gcc.dg/vect/slp-19c.c -flto -ffat-lto-objects scan-tree-dump-times vect "vectorizing stmts using SLP" 4
FAIL: gcc.dg/vect/slp-19c.c scan-tree-dump-times vect "vectorized 2 loops" 1
FAIL: gcc.dg/vect/slp-19c.c scan-tree-dump-times vect "vectorizing stmts using SLP" 4
FAIL: gcc.dg/vect/slp-reduc-4.c -flto -ffat-lto-objects scan-tree-dump-times vect "VEC_PERM_EXPR" 0
FAIL: gcc.dg/vect/slp-reduc-4.c scan-tree-dump-times vect "VEC_PERM_EXPR" 0
FAIL: gcc.dg/vect/vect-33.c -flto -ffat-lto-objects scan-tree-dump-not optimized "Invalid sum"
FAIL: gcc.dg/vect/vect-33.c scan-tree-dump-not optimized "Invalid sum"
XPASS: gcc.dg/vect/vect-alias-check-1.c -flto -ffat-lto-objects scan-tree-dump vect "using an address-based overlap test"
XPASS: gcc.dg/vect/vect-alias-check-1.c scan-tree-dump vect "using an address-based overlap test"
=== gcc Summary for unix ===
# of expected passes 161150
# of unexpected failures 19
# of unexpected successes 2
# of expected failures 1321
# of unsupported tests 6064
Running target unix/-m64
FAIL: gcc.dg/pr110279-1.c scan-tree-dump-times widening_mul "Generated FMA" 3
XPASS: gcc.dg/pr84877.c execution test
XPASS: gcc.dg/ipa/iinline-attr.c scan-ipa-dump inline "hooray[^\\\\n]*inline copy in test"
FAIL: gcc.dg/tree-ssa/pr108357.c scan-tree-dump-not threadfull1 "foo"
XPASS: gcc.dg/vect/pr33804.c -flto -ffat-lto-objects scan-tree-dump-times vect "vectorized 1 loops" 1
XPASS: gcc.dg/vect/pr33804.c -flto -ffat-lto-objects scan-tree-dump-times vect "vectorizing stmts using SLP" 1
XPASS: gcc.dg/vect/pr33804.c scan-tree-dump-times vect "vectorized 1 loops" 1
XPASS: gcc.dg/vect/pr33804.c scan-tree-dump-times vect "vectorizing stmts using SLP" 1
FAIL: gcc.dg/vect/slp-19c.c -flto -ffat-lto-objects scan-tree-dump-times vect "vectorized 2 loops" 1
FAIL: gcc.dg/vect/slp-19c.c -flto -ffat-lto-objects scan-tree-dump-times vect "vectorizing stmts using SLP" 4
FAIL: gcc.dg/vect/slp-19c.c scan-tree-dump-times vect "vectorized 2 loops" 1
FAIL: gcc.dg/vect/slp-19c.c scan-tree-dump-times vect "vectorizing stmts using SLP" 4
XPASS: gcc.dg/vect/slp-multitypes-3.c -flto -ffat-lto-objects scan-tree-dump-times vect "vectorized 1 loops" 1
XPASS: gcc.dg/vect/slp-multitypes-3.c -flto -ffat-lto-objects scan-tree-dump-times vect "vectorizing stmts using SLP" 2
XPASS: gcc.dg/vect/slp-multitypes-3.c scan-tree-dump-times vect "vectorized 1 loops" 1
XPASS: gcc.dg/vect/slp-multitypes-3.c scan-tree-dump-times vect "vectorizing stmts using SLP" 2
FAIL: gcc.dg/vect/slp-reduc-4.c -flto -ffat-lto-objects scan-tree-dump-times vect "VEC_PERM_EXPR" 0
FAIL: gcc.dg/vect/slp-reduc-4.c scan-tree-dump-times vect "VEC_PERM_EXPR" 0
FAIL: gcc.dg/vect/vect-117.c -flto -ffat-lto-objects scan-tree-dump-not optimized "Invalid sum"
FAIL: gcc.dg/vect/vect-117.c scan-tree-dump-not optimized "Invalid sum"
FAIL: gcc.dg/vect/vect-33.c -flto -ffat-lto-objects scan-tree-dump-not optimized "Invalid sum"
FAIL: gcc.dg/vect/vect-33.c scan-tree-dump-not optimized "Invalid sum"
XPASS: gcc.dg/vect/vect-alias-check-1.c -flto -ffat-lto-objects scan-tree-dump vect "using an address-based overlap test"
XPASS: gcc.dg/vect/vect-alias-check-1.c scan-tree-dump vect "using an address-based overlap test"
=== gcc Summary for unix/-m64 ===
# of expected passes 160831
# of unexpected failures 12
# of unexpected successes 12
# of expected failures 1299
# of unsupported tests 5206
=== gcc Summary ===
# of expected passes 321981
# of unexpected failures 31
# of unexpected successes 14
# of expected failures 2620
# of unsupported tests 11270
/var/gcc/regression/master/11-gcc-gas/build/gcc/xgcc version 15.0.0 20241018 (experimental) [master 261d803c40c9fd28c59d8d1771051663f738a871] (GCC)
=== gdc tests ===
Running target unix
FAIL: gdc.test/runnable/test34.d execution test
FAIL: gdc.test/runnable/test34.d -shared-libphobos execution test
FAIL: gdc.test/runnable/xtest46.d execution test
FAIL: gdc.test/runnable/xtest46.d -shared-libphobos execution test
FAIL: gdc.test/runnable/xtest46_gc.d execution test
FAIL: gdc.test/runnable/xtest46_gc.d -shared-libphobos execution test
=== gdc Summary for unix ===
# of expected passes 12497
# of unexpected failures 6
# of unsupported tests 630
Running target unix/-m64
FAIL: gdc.test/runnable/inline.d execution test
FAIL: gdc.test/runnable/inline.d -shared-libphobos execution test
FAIL: gdc.test/runnable/test23514.d execution test
FAIL: gdc.test/runnable/test23514.d -shared-libphobos execution test
FAIL: gdc.test/runnable/test34.d execution test
FAIL: gdc.test/runnable/test34.d -shared-libphobos execution test
FAIL: gdc.test/runnable/test42.d execution test
FAIL: gdc.test/runnable/test42.d -shared-libphobos execution test
FAIL: gdc.test/runnable/xtest46.d execution test
FAIL: gdc.test/runnable/xtest46.d -shared-libphobos execution test
FAIL: gdc.test/runnable/xtest46_gc.d execution test
FAIL: gdc.test/runnable/xtest46_gc.d -shared-libphobos execution test
=== gdc Summary for unix/-m64 ===
# of expected passes 12486
# of unexpected failures 12
# of unsupported tests 630
=== gdc Summary ===
# of expected passes 24983
# of unexpected failures 18
# of unsupported tests 1260
/var/gcc/regression/master/11-gcc-gas/build/gcc/gdc version 15.0.0 20241018 (experimental) [master 261d803c40c9fd28c59d8d1771051663f738a871] (GCC)
=== gfortran tests ===
Running target unix
=== gfortran Summary for unix ===
# of expected passes 70699
# of expected failures 276
# of unsupported tests 363
Running target unix/-m64
=== gfortran Summary for unix/-m64 ===
# of expected passes 70989
# of expected failures 274
# of unsupported tests 199
=== gfortran Summary ===
# of expected passes 141688
# of expected failures 550
# of unsupported tests 562
/var/gcc/regression/master/11-gcc-gas/build/gcc/gfortran version 15.0.0 20241018 (experimental) [master 261d803c40c9fd28c59d8d1771051663f738a871] (GCC)
=== gm2 tests ===
Running target unix
FAIL: gm2/iso/run/pass/packed.mod compilation, {additional_flags= -O -g } timeout=300 (internal compiler error: Abort)
FAIL: gm2/iso/run/pass/packed.mod compilation, {additional_flags= -O } timeout=300 (internal compiler error: Abort)
FAIL: gm2/iso/run/pass/packed.mod compilation, {additional_flags= -O3 -fomit-frame-pointer -finline-functions } timeout=300 (internal compiler error: Abort)
FAIL: gm2/iso/run/pass/packed.mod compilation, {additional_flags= -O3 -fomit-frame-pointer } timeout=300 (internal compiler error: Abort)
FAIL: gm2/iso/run/pass/packed.mod compilation, {additional_flags= -Os } timeout=300 (internal compiler error: Abort)
UNRESOLVED: gm2/iso/run/pass/packed.mod execution, {additional_flags= -O -g } timeout=300
UNRESOLVED: gm2/iso/run/pass/packed.mod execution, {additional_flags= -O } timeout=300
UNRESOLVED: gm2/iso/run/pass/packed.mod execution, {additional_flags= -O3 -fomit-frame-pointer -finline-functions } timeout=300
UNRESOLVED: gm2/iso/run/pass/packed.mod execution, {additional_flags= -O3 -fomit-frame-pointer } timeout=300
UNRESOLVED: gm2/iso/run/pass/packed.mod execution, {additional_flags= -Os } timeout=300
FAIL: gm2/iso/run/pass/testgeneric.mod compilation, {additional_flags= -Os } timeout=300 (internal compiler error: in output_constructor_regular_field, at varasm.cc:5639)
UNRESOLVED: gm2/iso/run/pass/testgeneric.mod execution, {additional_flags= -Os } timeout=300
=== gm2 Summary for unix ===
# of expected passes 14234
# of unexpected failures 6
# of unresolved testcases 6
Running target unix/-m64
FAIL: gm2/iso/run/pass/packed.mod compilation, {additional_flags= -O -g } timeout=300 (internal compiler error: Abort)
FAIL: gm2/iso/run/pass/packed.mod compilation, {additional_flags= -O } timeout=300 (internal compiler error: Abort)
FAIL: gm2/iso/run/pass/packed.mod compilation, {additional_flags= -O3 -fomit-frame-pointer -finline-functions } timeout=300 (internal compiler error: Abort)
FAIL: gm2/iso/run/pass/packed.mod compilation, {additional_flags= -O3 -fomit-frame-pointer } timeout=300 (internal compiler error: Abort)
FAIL: gm2/iso/run/pass/packed.mod compilation, {additional_flags= -Os } timeout=300 (internal compiler error: Abort)
UNRESOLVED: gm2/iso/run/pass/packed.mod execution, {additional_flags= -O -g } timeout=300
UNRESOLVED: gm2/iso/run/pass/packed.mod execution, {additional_flags= -O } timeout=300
UNRESOLVED: gm2/iso/run/pass/packed.mod execution, {additional_flags= -O3 -fomit-frame-pointer -finline-functions } timeout=300
UNRESOLVED: gm2/iso/run/pass/packed.mod execution, {additional_flags= -O3 -fomit-frame-pointer } timeout=300
UNRESOLVED: gm2/iso/run/pass/packed.mod execution, {additional_flags= -Os } timeout=300
FAIL: gm2/iso/run/pass/testgeneric.mod compilation, {additional_flags= -Os } timeout=300 (internal compiler error: in output_constructor_regular_field, at varasm.cc:5639)
UNRESOLVED: gm2/iso/run/pass/testgeneric.mod execution, {additional_flags= -Os } timeout=300
=== gm2 Summary for unix/-m64 ===
# of expected passes 14234
# of unexpected failures 6
# of unresolved testcases 6
=== gm2 Summary ===
# of expected passes 28468
# of unexpected failures 12
# of unresolved testcases 12
=== gnat tests ===
Running target unix
=== gnat Summary for unix ===
# of expected passes 3469
# of expected failures 24
# of unsupported tests 35
Running target unix/-m64
=== gnat Summary for unix/-m64 ===
# of expected passes 3470
# of expected failures 24
# of unsupported tests 33
=== gnat Summary ===
# of expected passes 6939
# of expected failures 48
# of unsupported tests 68
/var/gcc/regression/master/11-gcc-gas/build/gcc/gnatmake version 15.0.0 20241018 (experimental) [master 261d803c40c9fd28c59d8d1771051663f738a871]
=== go tests ===
Running target unix
WARNING: go.test/test/cmplxdivide.go program timed out.
FAIL: go.test/test/cmplxdivide.go
FAIL: go.test/test/fixedbugs/issue22881.go execution, -O2 -g
FAIL: go.test/test/fixedbugs/issue39541.go execution, -O2 -g
FAIL: go.test/test/nil.go execution, -O2 -g
=== go Summary for unix ===
# of expected passes 8991
# of unexpected failures 4
# of untested testcases 12
# of unsupported tests 34
Running target unix/-m64
WARNING: go.test/test/cmplxdivide.go program timed out.
FAIL: go.test/test/cmplxdivide.go
=== go Summary for unix/-m64 ===
# of expected passes 8876
# of unexpected failures 1
# of untested testcases 12
# of unsupported tests 32
=== go Summary ===
# of expected passes 17867
# of unexpected failures 5
# of untested testcases 24
# of unsupported tests 66
/var/gcc/regression/master/11-gcc-gas/build/gcc/gccgo version 15.0.0 20241018 (experimental) [master 261d803c40c9fd28c59d8d1771051663f738a871] (GCC)
=== obj-c++ tests ===
Running target unix
=== obj-c++ Summary for unix ===
# of expected passes 1511
# of expected failures 2
# of unsupported tests 79
Running target unix/-m64
=== obj-c++ Summary for unix/-m64 ===
# of expected passes 1503
# of expected failures 10
# of unsupported tests 79
=== obj-c++ Summary ===
# of expected passes 3014
# of expected failures 12
# of unsupported tests 158
/var/gcc/regression/master/11-gcc-gas/build/gcc/xg++ version 15.0.0 20241018 (experimental) [master 261d803c40c9fd28c59d8d1771051663f738a871] (GCC)
=== objc tests ===
Running target unix
=== objc Summary for unix ===
# of expected passes 2848
# of unsupported tests 70
Running target unix/-m64
=== objc Summary for unix/-m64 ===
# of expected passes 2848
# of unsupported tests 70
=== objc Summary ===
# of expected passes 5696
# of unsupported tests 140
/var/gcc/regression/master/11-gcc-gas/build/gcc/xgcc version 15.0.0 20241018 (experimental) [master 261d803c40c9fd28c59d8d1771051663f738a871] (GCC)
=== gotools tests ===
FAIL: TestScript
FAIL: go test cmd/go
FAIL: TestBreakpoint
FAIL: TestCgoSignalDeadlock
FAIL: TestCrashDumpsAllThreads
FAIL: TestCrashHandler
FAIL: TestDoublePanic
FAIL: TestGCFairness
FAIL: TestGCFairness2
FAIL: TestGccgoCrashTracebackNodebug
FAIL: TestGoNil
FAIL: TestGoexitCrash
FAIL: TestGoexitDeadlock
FAIL: TestGoexitInPanic
FAIL: TestInitDeadlock
FAIL: TestLockOSThreadAvoidsStatePropagation
FAIL: TestLockOSThreadExit
FAIL: TestLockOSThreadTemplateThreadRace
FAIL: TestLockedDeadlock
FAIL: TestLockedDeadlock2
FAIL: TestMainGoroutineID
FAIL: TestMemmoveAtomicity
FAIL: TestNeedmDeadlock
FAIL: TestNoHelperGoroutines
FAIL: TestNumGoroutine
FAIL: TestPanicAfterGoexit
FAIL: TestPanicDeadlockGosched
FAIL: TestPanicDeadlockSyscall
FAIL: TestPanicInlined
FAIL: TestPanicLoop
FAIL: TestPanicRace
FAIL: TestPanicWithDirectlyPrintableCustomTypes
FAIL: TestPhysicalMemoryUtilization
FAIL: TestRecoveredPanicAfterGoexit
FAIL: TestRecursivePanic
FAIL: TestRecursivePanic2
FAIL: TestRecursivePanic3
FAIL: TestRecursivePanic4
FAIL: TestRecursivePanic5
FAIL: TestSegv
FAIL: TestSignalExitStatus
FAIL: TestSignalIgnoreSIGTRAP
FAIL: TestSimpleDeadlock
FAIL: TestThreadExhaustion
FAIL: go test runtime
FAIL: go test misc/cgo/test
FAIL: TestCompileWithoutShared
FAIL: TestEarlySignalHandler
FAIL: TestOsSignal
FAIL: TestSigaltstack
FAIL: TestSignalForwarding
FAIL: TestSignalForwardingExternal
FAIL: go test misc/cgo/testcarchive
FAIL: TestVet
FAIL: go test cmd/vet
=== gotools Summary ===
# of expected passes 206
# of unexpected failures 55
# of untested testcases 108
/var/gcc/regression/master/11-gcc-gas/build/./gcc/gccgo version 15.0.0 20241018 (experimental) [master 261d803c40c9fd28c59d8d1771051663f738a871] (GCC)
=== libatomic tests ===
Running target unix
=== libatomic Summary for unix ===
# of expected passes 44
# of unsupported tests 5
Running target unix/-m64
=== libatomic Summary for unix/-m64 ===
# of expected passes 54
=== libatomic Summary ===
# of expected passes 98
# of unsupported tests 5
=== libffi tests ===
Running target unix
=== libffi Summary for unix ===
# of expected passes 1574
Running target unix/-m64
=== libffi Summary for unix/-m64 ===
# of expected passes 1574
=== libffi Summary ===
# of expected passes 3148
=== libgo tests ===
Running target unix
FAIL: go/types
FAIL: net/http/pprof
FAIL: runtime
FAIL: runtime/pprof
FAIL: sync/atomic
=== libgo Summary for unix ===
# of expected passes 191
# of unexpected failures 5
Running target unix/-m64
FAIL: cmd/go/internal/par
FAIL: encoding/json
FAIL: runtime
FAIL: sync/atomic
=== libgo Summary for unix/-m64 ===
# of expected passes 192
# of unexpected failures 4
=== libgo Summary ===
# of expected passes 383
# of unexpected failures 9
/var/gcc/regression/master/11-gcc-gas/build/./gcc/gccgo version 15.0.0 20241018 (experimental) [master 261d803c40c9fd28c59d8d1771051663f738a871] (GCC)
=== libgomp tests ===
Running target unix
=== libgomp Summary for unix ===
# of expected passes 16572
# of expected failures 266
# of unsupported tests 727
Running target unix/-m64
WARNING: libgomp.c++/task-reduction-13.C execution test program timed out.
FAIL: libgomp.c++/task-reduction-13.C execution test
=== libgomp Summary for unix/-m64 ===
# of expected passes 16571
# of unexpected failures 1
# of expected failures 266
# of unsupported tests 727
=== libgomp Summary ===
# of expected passes 33143
# of unexpected failures 1
# of expected failures 532
# of unsupported tests 1454
=== libitm tests ===
Running target unix
=== libitm Summary for unix ===
# of expected passes 44
# of expected failures 3
# of unsupported tests 1
Running target unix/-m64
=== libitm Summary for unix/-m64 ===
# of expected passes 44
# of expected failures 3
# of unsupported tests 1
=== libitm Summary ===
# of expected passes 88
# of expected failures 6
# of unsupported tests 2
=== libphobos tests ===
Running target unix
WARNING: libphobos.gc/forkgc2.d execution test program timed out.
FAIL: libphobos.gc/forkgc2.d execution test
WARNING: libphobos.gc/startbackgc.d execution test program timed out.
FAIL: libphobos.gc/startbackgc.d execution test
FAIL: libphobos.phobos/std/container/rbtree.d (test for excess errors)
UNRESOLVED: libphobos.phobos/std/container/rbtree.d compilation failed to produce executable
FAIL: libphobos.phobos/std/datetime/date.d execution test
FAIL: libphobos.phobos/std/datetime/systime.d execution test
FAIL: libphobos.phobos/std/datetime/timezone.d execution test
FAIL: libphobos.phobos/std/digest/murmurhash.d execution test
FAIL: libphobos.phobos/std/experimental/allocator/building_blocks/region.d execution test
FAIL: libphobos.phobos/std/format/internal/floats.d (test for excess errors)
FAIL: libphobos.phobos/std/internal/math/gammafunction.d execution test
FAIL: libphobos.phobos/std/mmfile.d execution test
WARNING: libphobos.phobos/std/net/curl.d execution test program timed out.
FAIL: libphobos.phobos/std/net/curl.d execution test
FAIL: libphobos.phobos/std/parallelism.d execution test
FAIL: libphobos.phobos/std/range/package.d (test for excess errors)
UNRESOLVED: libphobos.phobos/std/range/package.d compilation failed to produce executable
FAIL: libphobos.phobos/std/regex/internal/kickstart.d execution test
FAIL: libphobos.phobos/std/regex/internal/tests.d execution test
FAIL: libphobos.phobos/std/regex/internal/tests2.d execution test
FAIL: libphobos.phobos/std/regex/package.d execution test
FAIL: libphobos.phobos/std/stdio.d execution test
FAIL: libphobos.phobos_shared/std/container/rbtree.d (test for excess errors)
UNRESOLVED: libphobos.phobos_shared/std/container/rbtree.d compilation failed to produce executable
FAIL: libphobos.phobos_shared/std/datetime/date.d execution test
FAIL: libphobos.phobos_shared/std/datetime/systime.d execution test
FAIL: libphobos.phobos_shared/std/datetime/timezone.d execution test
FAIL: libphobos.phobos_shared/std/digest/murmurhash.d execution test
FAIL: libphobos.phobos_shared/std/experimental/allocator/building_blocks/region.d execution test
FAIL: libphobos.phobos_shared/std/format/internal/floats.d (test for excess errors)
FAIL: libphobos.phobos_shared/std/internal/math/gammafunction.d execution test
FAIL: libphobos.phobos_shared/std/mmfile.d execution test
WARNING: libphobos.phobos_shared/std/net/curl.d execution test program timed out.
FAIL: libphobos.phobos_shared/std/net/curl.d execution test
FAIL: libphobos.phobos_shared/std/parallelism.d execution test
FAIL: libphobos.phobos_shared/std/range/package.d (test for excess errors)
UNRESOLVED: libphobos.phobos_shared/std/range/package.d compilation failed to produce executable
FAIL: libphobos.phobos_shared/std/regex/internal/kickstart.d execution test
FAIL: libphobos.phobos_shared/std/regex/internal/tests.d execution test
FAIL: libphobos.phobos_shared/std/regex/internal/tests2.d execution test
FAIL: libphobos.phobos_shared/std/regex/package.d execution test
FAIL: libphobos.phobos_shared/std/stdio.d execution test
FAIL: libphobos.shared/finalize.d -shared-libphobos -ldl execution test
FAIL: libphobos.shared/load.d -shared-libphobos -ldl execution test
FAIL: libphobos.shared/load_13414.d -shared-libphobos -ldl execution test
=== libphobos Summary for unix ===
# of expected passes 1084
# of unexpected failures 39
# of unresolved testcases 4
Running target unix/-m64
WARNING: libphobos.gc/forkgc2.d execution test program timed out.
FAIL: libphobos.gc/forkgc2.d execution test
WARNING: libphobos.gc/startbackgc.d execution test program timed out.
FAIL: libphobos.gc/startbackgc.d execution test
FAIL: libphobos.phobos/std/container/rbtree.d (test for excess errors)
UNRESOLVED: libphobos.phobos/std/container/rbtree.d compilation failed to produce executable
FAIL: libphobos.phobos/std/datetime/date.d execution test
FAIL: libphobos.phobos/std/datetime/systime.d execution test
FAIL: libphobos.phobos/std/datetime/timezone.d execution test
FAIL: libphobos.phobos/std/digest/murmurhash.d execution test
FAIL: libphobos.phobos/std/experimental/allocator/building_blocks/region.d execution test
FAIL: libphobos.phobos/std/format/internal/floats.d (test for excess errors)
FAIL: libphobos.phobos/std/internal/math/gammafunction.d execution test
FAIL: libphobos.phobos/std/parallelism.d execution test
FAIL: libphobos.phobos/std/range/package.d (test for excess errors)
UNRESOLVED: libphobos.phobos/std/range/package.d compilation failed to produce executable
FAIL: libphobos.phobos/std/regex/internal/kickstart.d execution test
FAIL: libphobos.phobos/std/regex/internal/tests.d execution test
FAIL: libphobos.phobos/std/regex/internal/tests2.d execution test
FAIL: libphobos.phobos/std/regex/package.d execution test
FAIL: libphobos.phobos_shared/std/container/rbtree.d (test for excess errors)
UNRESOLVED: libphobos.phobos_shared/std/container/rbtree.d compilation failed to produce executable
FAIL: libphobos.phobos_shared/std/datetime/date.d execution test
FAIL: libphobos.phobos_shared/std/datetime/systime.d execution test
FAIL: libphobos.phobos_shared/std/datetime/timezone.d execution test
FAIL: libphobos.phobos_shared/std/digest/murmurhash.d execution test
FAIL: libphobos.phobos_shared/std/experimental/allocator/building_blocks/region.d execution test
FAIL: libphobos.phobos_shared/std/format/internal/floats.d (test for excess errors)
FAIL: libphobos.phobos_shared/std/internal/math/gammafunction.d execution test
FAIL: libphobos.phobos_shared/std/parallelism.d execution test
FAIL: libphobos.phobos_shared/std/range/package.d (test for excess errors)
UNRESOLVED: libphobos.phobos_shared/std/range/package.d compilation failed to produce executable
FAIL: libphobos.phobos_shared/std/regex/internal/kickstart.d execution test
FAIL: libphobos.phobos_shared/std/regex/internal/tests.d execution test
FAIL: libphobos.phobos_shared/std/regex/internal/tests2.d execution test
FAIL: libphobos.phobos_shared/std/regex/package.d execution test
FAIL: libphobos.shared/finalize.d -shared-libphobos -ldl execution test
FAIL: libphobos.shared/load.d -shared-libphobos -ldl execution test
FAIL: libphobos.shared/load_13414.d -shared-libphobos -ldl execution test
=== libphobos Summary for unix/-m64 ===
# of expected passes 1090
# of unexpected failures 33
# of unresolved testcases 4
=== libphobos Summary ===
# of expected passes 2174
# of unexpected failures 72
# of unresolved testcases 8
=== libstdc++ tests ===
Running target unix
FAIL: 26_numerics/headers/cmath/equivalent_functions.cc -std=gnu++17 execution test
=== libstdc++ Summary for unix ===
# of expected passes 18406
# of unexpected failures 1
# of expected failures 128
# of unsupported tests 818
Running target unix/-m64
FAIL: 26_numerics/headers/cmath/equivalent_functions.cc -std=gnu++17 execution test
=== libstdc++ Summary for unix/-m64 ===
# of expected passes 18402
# of unexpected failures 1
# of expected failures 128
# of unsupported tests 820
=== libstdc++ Summary ===
# of expected passes 36808
# of unexpected failures 2
# of expected failures 256
# of unsupported tests 1638
Compiler version: 15.0.0 20241018 (experimental) [master 261d803c40c9fd28c59d8d1771051663f738a871] (GCC)
Platform: sparc-sun-solaris2.11
configure flags: --prefix=/vol/gcc --target=sparc-sun-solaris2.11 --enable-objc-gc --with-target-bdw-gc-include=/vol/gcc/include --with-target-bdw-gc-lib=/vol/gcc/lib,sparcv9=/vol/gcc/lib/sparcv9 --with-as=/vol/gcc/bin/gas-2.43 --with-gnu-as --with-gmp-include=/vol/gcc/include --with-gmp-lib=/vol/gcc/lib --with-mpfr-include=/vol/gcc/include --with-mpfr-lib=/vol/gcc/lib --with-mpc-include=/vol/gcc/include --with-mpc-lib=/vol/gcc/lib --enable-languages=all,ada,obj-c++,go --with-isl-include=/vol/gcc/include --with-isl-lib=/vol/gcc/lib --with-zstd-include=/vol/gcc/include --with-zstd-lib=/vol/gcc/lib --build=sparc-sun-solaris2.11 --host=sparc-sun-solaris2.11
BOOT_CFLAGS=-g -O2
More information about the Gcc-testresults
mailing list