Results for 15.0.0 20241009 (experimental) [remotes/origin/trunk r15-4242-g85bee4f77b1] (GCC) testsuite on hppa64-hp-hpux11.11

John David Anglin dave@parisc-linux.org
Sat Oct 12 13:36:26 GMT 2024


LAST_UPDATED: Thu Oct 10 18:02:00 UTC 2024 (revision r15-4242-g85bee4f77b1)

Native configuration is hppa64-hp-hpux11.11

		=== g++ tests ===


Running target unix
FAIL: g++.dg/cpp2a/consteval-prop6.C  -std=c++20  at line 58 (test for warnings, line 57)
FAIL: g++.dg/cpp2a/consteval-prop6.C  -std=c++23  at line 58 (test for warnings, line 57)
FAIL: g++.dg/cpp2a/consteval-prop6.C  -std=c++26  at line 58 (test for warnings, line 57)
FAIL: g++.dg/warn/format1.C  -std=gnu++17 (test for excess errors)
FAIL: g++.dg/warn/format1.C  -std=gnu++26 (test for excess errors)
FAIL: g++.dg/warn/format1.C  -std=gnu++98 (test for excess errors)
FAIL: g++.dg/warn/huge-val1.C  -std=gnu++98 (test for excess errors)
FAIL: g++.dg/modules/permissive-error-1.C -std=c++17 (internal compiler error: Segmentation fault)
FAIL: g++.dg/modules/permissive-error-1.C -std=c++17 (test for excess errors)
FAIL: g++.dg/modules/permissive-error-1.C -std=c++2a (internal compiler error: Segmentation fault)
FAIL: g++.dg/modules/permissive-error-1.C -std=c++2a (test for excess errors)
FAIL: g++.dg/modules/permissive-error-1.C -std=c++2b (internal compiler error: Segmentation fault)
FAIL: g++.dg/modules/permissive-error-1.C -std=c++2b (test for excess errors)
FAIL: g++.dg/modules/permissive-error-2.C -std=c++17 (internal compiler error: Segmentation fault)
FAIL: g++.dg/modules/permissive-error-2.C -std=c++17 (test for excess errors)
FAIL: g++.dg/modules/permissive-error-2.C -std=c++2a (internal compiler error: Segmentation fault)
FAIL: g++.dg/modules/permissive-error-2.C -std=c++2a (test for excess errors)
FAIL: g++.dg/modules/permissive-error-2.C -std=c++2b (internal compiler error: Segmentation fault)
FAIL: g++.dg/modules/permissive-error-2.C -std=c++2b (test for excess errors)
FAIL: g++.dg/tm/pr46270.C  -std=gnu++17 (test for excess errors)
FAIL: g++.dg/tm/pr46270.C  -std=gnu++26 (test for excess errors)
FAIL: g++.dg/torture/tail-padding1.C   -Os  (internal compiler error: in cxx_eval_call_expression, at cp/constexpr.cc:3054)
FAIL: g++.dg/torture/tail-padding1.C   -Os  (test for excess errors)
UNRESOLVED: g++.dg/torture/tail-padding1.C   -Os  compilation failed to produce executable

		=== g++ Summary ===

# of expected passes		216624
# of unexpected failures	23
# of expected failures		2085
# of unresolved testcases	1
# of unsupported tests		2499
/home/dave/gnu/gcc/objdir64/gcc/xg++  version 15.0.0 20241009 (experimental) [remotes/origin/trunk r15-4242-g85bee4f77b1] (GCC) 

		=== gcc tests ===


Running target unix
FAIL: gcc.dg/debug/dwarf2/inline2.c scan-assembler-times  DW_AT_GNU_entry_view 6
FAIL: gcc.dg/debug/dwarf2/inline2.c scan-assembler-times  DW_AT_entry_pc 6
FAIL: gcc.dg/debug/dwarf2/inline6.c scan-assembler-times  DW_AT_GNU_entry_view 6
FAIL: gcc.dg/debug/dwarf2/inline6.c scan-assembler-times  DW_AT_entry_pc 6
FAIL: gcc.dg/graphite/interchange-15.c execution test
FAIL: gcc.dg/graphite/pr29581-2.c execution test
FAIL: gcc.dg/graphite/pr29581-3.c execution test
FAIL: gcc.dg/graphite/pr29581-4.c execution test
FAIL: gcc.dg/graphite/uns-interchange-15.c execution test
FAIL: gcc.dg/torture/pr115387-2.c   -O0  (test for excess errors)
FAIL: gcc.dg/torture/pr115387-2.c   -O1  (test for excess errors)
FAIL: gcc.dg/torture/pr115387-2.c   -O2  (test for excess errors)
FAIL: gcc.dg/torture/pr115387-2.c   -O3 -g  (test for excess errors)
FAIL: gcc.dg/torture/pr115387-2.c   -Os  (test for excess errors)
FAIL: gcc.target/hppa/shadd-4.c scan-assembler-times sh.add 1

		=== gcc Summary ===

# of expected passes		127834
# of unexpected failures	15
# of expected failures		1133
# of unsupported tests		3114
/home/dave/gnu/gcc/objdir64/gcc/xgcc  version 15.0.0 20241009 (experimental) [remotes/origin/trunk r15-4242-g85bee4f77b1] (GCC) 

		=== libatomic tests ===


Running target unix

		=== libatomic Summary ===

# of expected passes		54
		=== libgomp tests ===


Running target unix
FAIL: libgomp.c++/../libgomp.c-c++-common/for-14.c execution test
FAIL: libgomp.c++/../libgomp.c-c++-common/for-15.c execution test
FAIL: libgomp.c++/../libgomp.c-c++-common/for-3.c execution test
FAIL: libgomp.c++/../libgomp.c-c++-common/for-5.c execution test
FAIL: libgomp.c++/../libgomp.c-c++-common/for-6.c execution test
FAIL: libgomp.c/../libgomp.c-c++-common/for-14.c execution test
FAIL: libgomp.c/../libgomp.c-c++-common/for-15.c execution test
FAIL: libgomp.c/../libgomp.c-c++-common/for-3.c execution test
FAIL: libgomp.c/../libgomp.c-c++-common/for-5.c execution test
FAIL: libgomp.c/../libgomp.c-c++-common/for-6.c execution test
FAIL: libgomp.c/loop-23.c execution test

		=== libgomp Summary ===

# of expected passes		5586
# of unexpected failures	11
# of expected failures		33
# of unsupported tests		413
		=== libstdc++ tests ===


Running target unix
FAIL: 19_diagnostics/stacktrace/entry.cc  -std=gnu++23 execution test
FAIL: 19_diagnostics/stacktrace/entry.cc  -std=gnu++26 execution test
FAIL: 19_diagnostics/stacktrace/output.cc  -std=gnu++23 execution test
FAIL: 19_diagnostics/stacktrace/output.cc  -std=gnu++26 execution test
FAIL: 19_diagnostics/stacktrace/stacktrace.cc  -std=gnu++23 execution test
FAIL: 19_diagnostics/stacktrace/stacktrace.cc  -std=gnu++26 execution test
FAIL: 20_util/from_chars/4.cc  -std=gnu++17 execution test
FAIL: 20_util/from_chars/8.cc  -std=gnu++23 execution test
FAIL: 20_util/from_chars/8.cc  -std=gnu++26 execution test
FAIL: 20_util/to_chars/float128_c++23.cc  -std=gnu++23 execution test
FAIL: 20_util/to_chars/float128_c++23.cc  -std=gnu++26 execution test
FAIL: 20_util/to_chars/long_double.cc  -std=gnu++17 execution test
FAIL: 22_locale/num_put/put/char/lwg4084.cc  -std=gnu++17 execution test
FAIL: 22_locale/time_get/get/wchar_t/5.cc  -std=gnu++17 execution test
FAIL: 27_io/basic_ofstream/open/char/noreplace.cc  -std=gnu++17 execution test
FAIL: 27_io/basic_ofstream/open/wchar_t/noreplace.cc  -std=gnu++17 execution test

		=== libstdc++ Summary ===

# of expected passes		16835
# of unexpected failures	16
# of expected failures		127
# of unsupported tests		1108

Compiler version: 15.0.0 20241009 (experimental) [remotes/origin/trunk r15-4242-g85bee4f77b1] (GCC) 
Platform: hppa64-hp-hpux11.11
configure flags: --without-zstd --with-gnu-as --with-as=/opt/gnu64/bin/as --with-ld=/usr/ccs/bin/ld --enable-shared --with-local-prefix=/opt/gnu64 --prefix=/opt/gnu64/gcc/gcc-15 --disable-nls --without-libiconv-prefix --without-libintl-prefix --enable-threads=posix --with-gmp=/opt/gnu64/gcc/gmp --with-isl=/opt/gnu64/gcc/gmp --with-stage1-ldflags='-Wl,+b -Wl,/opt/gnu64/gcc/gcc-12/lib:/opt/gnu64/lib' --with-boot-ldflags= --enable-checking --enable-libgomp --enable-libstdcxx CC=gcc CXX=g++ --disable-lto --disable-bootstrap --enable-languages=c,c++


More information about the Gcc-testresults mailing list