Results of testsuite (branch: master; revision: r15-4216; build config: lto-part-none,O3,checking=all; languages: all; tasks: 16) on x86_64-linux-gnu.

Toon Moene toon@moene.org
Thu Oct 10 02:08:37 GMT 2024


LAST_UPDATED: Wed Oct  9 19:18:01 UTC 2024 (revision r15-4216-g4f97411c0d4)

Native configuration is x86_64-pc-linux-gnu

		=== gcc tests ===


Running target unix
XPASS: gcc.dg/ira-shrinkwrap-prep-1.c scan-rtl-dump ira "Split live-range of register"
XPASS: gcc.dg/ira-shrinkwrap-prep-2.c scan-rtl-dump ira "Split live-range of register"
FAIL: gcc.dg/plugin/cpython-plugin-test-PyList_Append.c -fplugin=./analyzer_cpython_plugin.so  (test for warnings, line 17)
FAIL: gcc.dg/plugin/cpython-plugin-test-PyList_Append.c -fplugin=./analyzer_cpython_plugin.so  (test for warnings, line 28)
FAIL: gcc.dg/plugin/cpython-plugin-test-PyList_Append.c -fplugin=./analyzer_cpython_plugin.so  (test for warnings, line 36)
FAIL: gcc.dg/plugin/cpython-plugin-test-PyList_Append.c -fplugin=./analyzer_cpython_plugin.so  (test for warnings, line 39)
FAIL: gcc.dg/plugin/cpython-plugin-test-PyList_Append.c -fplugin=./analyzer_cpython_plugin.so  (test for warnings, line 41)
FAIL: gcc.dg/plugin/cpython-plugin-test-PyList_Append.c -fplugin=./analyzer_cpython_plugin.so  (test for warnings, line 42)
FAIL: gcc.dg/plugin/cpython-plugin-test-PyList_Append.c -fplugin=./analyzer_cpython_plugin.so  at line 18 (test for warnings, line 17)
FAIL: gcc.dg/plugin/cpython-plugin-test-PyList_Append.c -fplugin=./analyzer_cpython_plugin.so  at line 43 (test for warnings, line 42)
FAIL: gcc.dg/plugin/cpython-plugin-test-PyList_Append.c -fplugin=./analyzer_cpython_plugin.so (internal compiler error: Segmentation fault)
FAIL: gcc.dg/plugin/cpython-plugin-test-PyList_Append.c -fplugin=./analyzer_cpython_plugin.so (test for excess errors)
FAIL: gcc.dg/plugin/cpython-plugin-test-PyList_New.c -fplugin=./analyzer_cpython_plugin.so  (test for warnings, line 17)
FAIL: gcc.dg/plugin/cpython-plugin-test-PyList_New.c -fplugin=./analyzer_cpython_plugin.so  (test for warnings, line 18)
FAIL: gcc.dg/plugin/cpython-plugin-test-PyList_New.c -fplugin=./analyzer_cpython_plugin.so  (test for warnings, line 21)
FAIL: gcc.dg/plugin/cpython-plugin-test-PyList_New.c -fplugin=./analyzer_cpython_plugin.so  (test for warnings, line 29)
FAIL: gcc.dg/plugin/cpython-plugin-test-PyList_New.c -fplugin=./analyzer_cpython_plugin.so  at line 37 (test for warnings, line 36)
FAIL: gcc.dg/plugin/cpython-plugin-test-PyList_New.c -fplugin=./analyzer_cpython_plugin.so (internal compiler error: Segmentation fault)
FAIL: gcc.dg/plugin/cpython-plugin-test-PyList_New.c -fplugin=./analyzer_cpython_plugin.so (test for excess errors)
FAIL: gcc.dg/plugin/cpython-plugin-test-PyLong_FromLong.c -fplugin=./analyzer_cpython_plugin.so  (test for warnings, line 17)
FAIL: gcc.dg/plugin/cpython-plugin-test-PyLong_FromLong.c -fplugin=./analyzer_cpython_plugin.so  (test for warnings, line 18)
FAIL: gcc.dg/plugin/cpython-plugin-test-PyLong_FromLong.c -fplugin=./analyzer_cpython_plugin.so  (test for warnings, line 21)
FAIL: gcc.dg/plugin/cpython-plugin-test-PyLong_FromLong.c -fplugin=./analyzer_cpython_plugin.so  (test for warnings, line 29)
FAIL: gcc.dg/plugin/cpython-plugin-test-PyLong_FromLong.c -fplugin=./analyzer_cpython_plugin.so  at line 37 (test for warnings, line 36)
FAIL: gcc.dg/plugin/cpython-plugin-test-PyLong_FromLong.c -fplugin=./analyzer_cpython_plugin.so (internal compiler error: Segmentation fault)
FAIL: gcc.dg/plugin/cpython-plugin-test-PyLong_FromLong.c -fplugin=./analyzer_cpython_plugin.so (test for excess errors)
FAIL: gcc.dg/rtl/x86_64/pro_and_epilogue.c (internal compiler error: in df_scan_verify, at df-scan.cc:4232)
FAIL: gcc.dg/rtl/x86_64/pro_and_epilogue.c (test for excess errors)
FAIL: gcc.dg/rtl/x86_64/pro_and_epilogue.c scan-rtl-dump-times pro_and_epilogue "NOTE_INSN_PROLOGUE_END" 1
FAIL: gcc.dg/rtl/x86_64/pro_and_epilogue.c scan-rtl-dump-times pro_and_epilogue "simple_return" 2
FAIL: gcc.target/i386/apx-ndd-tls-1b.c scan-assembler-times addq[ \\t]+%r[a-z0-9]+, a@gottpoff\\\\(%rip\\\\), %r[a-z0-9]+ 1
FAIL: gcc.target/i386/avx512fp16-vector-complex-float.c scan-assembler-not vfmadd[123]*ph[ \\\\t]
FAIL: gcc.target/i386/avx512fp16-vector-complex-float.c scan-assembler-times vfmaddcph[ \\\\t] 1
FAIL: gcc.target/i386/cond_op_fma__Float16-1.c scan-assembler-times vfmadd132ph[ \\\\t]+[^{\\n]*%ymm[0-9]+{%k[1-7]}(?:\\n|[ \\\\t]+#) 1
FAIL: gcc.target/i386/cond_op_fma__Float16-1.c scan-assembler-times vfmsub132ph[ \\\\t]+[^{\\n]*%ymm[0-9]+{%k[1-7]}(?:\\n|[ \\\\t]+#) 1
FAIL: gcc.target/i386/cond_op_fma__Float16-1.c scan-assembler-times vfnmadd132ph[ \\\\t]+[^{\\n]*%ymm[0-9]+{%k[1-7]}(?:\\n|[ \\\\t]+#) 1
FAIL: gcc.target/i386/cond_op_fma__Float16-1.c scan-assembler-times vfnmsub132ph[ \\\\t]+[^{\\n]*%ymm[0-9]+{%k[1-7]}(?:\\n|[ \\\\t]+#) 1
FAIL: gcc.target/i386/cond_op_fma_double-1.c scan-assembler-times vfmadd132pd[ \\\\t]+[^{\\n]*%ymm[0-9]+{%k[1-7]}(?:\\n|[ \\\\t]+#) 1
FAIL: gcc.target/i386/cond_op_fma_double-1.c scan-assembler-times vfmsub132pd[ \\\\t]+[^{\\n]*%ymm[0-9]+{%k[1-7]}(?:\\n|[ \\\\t]+#) 1
FAIL: gcc.target/i386/cond_op_fma_double-1.c scan-assembler-times vfnmadd132pd[ \\\\t]+[^{\\n]*%ymm[0-9]+{%k[1-7]}(?:\\n|[ \\\\t]+#) 1
FAIL: gcc.target/i386/cond_op_fma_double-1.c scan-assembler-times vfnmsub132pd[ \\\\t]+[^{\\n]*%ymm[0-9]+{%k[1-7]}(?:\\n|[ \\\\t]+#) 1
FAIL: gcc.target/i386/cond_op_fma_float-1.c scan-assembler-times vfmadd132ps[ \\\\t]+[^{\\n]*%ymm[0-9]+{%k[1-7]}(?:\\n|[ \\\\t]+#) 1
FAIL: gcc.target/i386/cond_op_fma_float-1.c scan-assembler-times vfmsub132ps[ \\\\t]+[^{\\n]*%ymm[0-9]+{%k[1-7]}(?:\\n|[ \\\\t]+#) 1
FAIL: gcc.target/i386/cond_op_fma_float-1.c scan-assembler-times vfnmadd132ps[ \\\\t]+[^{\\n]*%ymm[0-9]+{%k[1-7]}(?:\\n|[ \\\\t]+#) 1
FAIL: gcc.target/i386/cond_op_fma_float-1.c scan-assembler-times vfnmsub132ps[ \\\\t]+[^{\\n]*%ymm[0-9]+{%k[1-7]}(?:\\n|[ \\\\t]+#) 1
FAIL: gcc.target/i386/force-indirect-call-2.c scan-assembler-times (?:call|jmp)[ \\\\t]+\\\\*% 3
FAIL: gcc.target/i386/part-vect-complexhf.c scan-assembler-times vfmaddcph[ \\\\t] 1
FAIL: gcc.target/i386/pr101716.c scan-assembler leal[\\\\t ][^\\\\n]*eax
FAIL: gcc.target/i386/pr101716.c scan-assembler-not movl[\\\\t ][^\\\\n]*eax
FAIL: gcc.target/i386/pr101950-2.c scan-assembler-times \\txor[ql]\\t 2
FAIL: gcc.target/i386/pr105493.c scan-tree-dump-times slp1 "  MEM <vector\\\\(4\\\\) unsigned int> \\\\[[^]]*\\\\] = " 4
FAIL: gcc.target/i386/pr88531-2b.c scan-assembler-times vmulps 1
FAIL: gcc.target/i386/pr88531-2c.c scan-assembler-times vmulps 1
FAIL: gcc.target/i386/pr91384.c scan-assembler-not testl
FAIL: gcc.target/i386/stack-check-17.c scan-assembler-not pop

		=== gcc Summary ===

# of expected passes		203065
# of unexpected failures	53
# of unexpected successes	2
# of expected failures		1471
# of unsupported tests		3375
/home/toon/scratch/bld2781802/gcc/xgcc  version 15.0.0 20241009 (experimental) [master r15-4216-g4f97411c0d4] (GCC) 

		=== gdc tests ===


Running target unix

		=== gdc Summary ===

# of expected passes		13864
# of unsupported tests		1
/home/toon/scratch/bld2781802/gcc/gdc  version 15.0.0 20241009 (experimental) [master r15-4216-g4f97411c0d4] (GCC) 

		=== gfortran tests ===


Running target unix

		=== gfortran Summary ===

# of expected passes		71320
# of expected failures		274
# of unsupported tests		86
/home/toon/scratch/bld2781802/gcc/gfortran  version 15.0.0 20241009 (experimental) [master r15-4216-g4f97411c0d4] (GCC) 

		=== g++ tests ===


Running target unix

		=== g++ Summary ===

# of expected passes		233782
# of expected failures		2215
# of unsupported tests		2022
/home/toon/scratch/bld2781802/gcc/xg++  version 15.0.0 20241009 (experimental) [master r15-4216-g4f97411c0d4] (GCC) 

		=== gm2 tests ===


Running target unix

		=== gm2 Summary ===

# of expected passes		14252
		=== go tests ===


Running target unix
FAIL: ./index0-out.go execution,  -O0 -g -fno-var-tracking-assignments 

		=== go Summary ===

# of expected passes		8897
# of unexpected failures	1
# of untested testcases		6
# of unsupported tests		27
/home/toon/scratch/bld2781802/gcc/gccgo  version 15.0.0 20241009 (experimental) [master r15-4216-g4f97411c0d4] (GCC) 

		=== obj-c++ tests ===


Running target unix

		=== obj-c++ Summary ===

# of expected passes		1503
# of expected failures		10
# of unsupported tests		79
/home/toon/scratch/bld2781802/gcc/xg++  version 15.0.0 20241009 (experimental) [master r15-4216-g4f97411c0d4] (GCC) 

		=== objc tests ===


Running target unix

		=== objc Summary ===

# of expected passes		2840
# of expected failures		6
# of unsupported tests		70
/home/toon/scratch/bld2781802/gcc/xgcc  version 15.0.0 20241009 (experimental) [master r15-4216-g4f97411c0d4] (GCC) 

		=== rust tests ===


Running target unix
FAIL: rust/execute/torture/iter1.rs   -O1  (internal compiler error: 'verify_gimple' failed)
FAIL: rust/execute/torture/iter1.rs   -O1  (test for excess errors)
UNRESOLVED: rust/execute/torture/iter1.rs   -O1  compilation failed to produce executable
FAIL: rust/execute/torture/iter1.rs   -O2  (internal compiler error: 'verify_gimple' failed)
FAIL: rust/execute/torture/iter1.rs   -O2  (test for excess errors)
UNRESOLVED: rust/execute/torture/iter1.rs   -O2  compilation failed to produce executable
FAIL: rust/execute/torture/iter1.rs   -O2 -flto -fno-use-linker-plugin -flto-partition=none  (internal compiler error: 'verify_gimple' failed)
FAIL: rust/execute/torture/iter1.rs   -O2 -flto -fno-use-linker-plugin -flto-partition=none  (test for excess errors)
UNRESOLVED: rust/execute/torture/iter1.rs   -O2 -flto -fno-use-linker-plugin -flto-partition=none  compilation failed to produce executable
FAIL: rust/execute/torture/iter1.rs   -O2 -flto -fuse-linker-plugin -fno-fat-lto-objects  (internal compiler error: 'verify_gimple' failed)
FAIL: rust/execute/torture/iter1.rs   -O2 -flto -fuse-linker-plugin -fno-fat-lto-objects  (test for excess errors)
UNRESOLVED: rust/execute/torture/iter1.rs   -O2 -flto -fuse-linker-plugin -fno-fat-lto-objects  compilation failed to produce executable
FAIL: rust/execute/torture/iter1.rs   -O3 -g  (internal compiler error: 'verify_gimple' failed)
FAIL: rust/execute/torture/iter1.rs   -O3 -g  (test for excess errors)
UNRESOLVED: rust/execute/torture/iter1.rs   -O3 -g  compilation failed to produce executable
FAIL: rust/execute/torture/iter1.rs   -Os  (internal compiler error: 'verify_gimple' failed)
FAIL: rust/execute/torture/iter1.rs   -Os  (test for excess errors)
UNRESOLVED: rust/execute/torture/iter1.rs   -Os  compilation failed to produce executable

		=== rust Summary ===

# of expected passes		8421
# of unexpected failures	12
# of expected failures		69
# of unresolved testcases	6
# of unsupported tests		1
		=== gotools tests ===


		=== gotools Summary ===
# of expected passes		416
# of untested testcases		130
/home/toon/scratch/bld2781802/./gcc/gccgo version 15.0.0 20241009 (experimental) [master r15-4216-g4f97411c0d4] (GCC)

		=== libatomic tests ===


Running target unix

		=== libatomic Summary ===

# of expected passes		54
		=== libffi tests ===


Running target unix

		=== libffi Summary ===

# of expected passes		2304
		=== libgo tests ===


Running target unix
FAIL: runtime/pprof

		=== libgo Summary ===

# of expected passes		195
# of unexpected failures	1
/home/toon/scratch/bld2781802/./gcc/gccgo version 15.0.0 20241009 (experimental) [master r15-4216-g4f97411c0d4] (GCC)

		=== libgomp tests ===


Running target unix

		=== libgomp Summary ===

# of expected passes		16748
# of expected failures		265
# of unsupported tests		641
		=== libitm tests ===


Running target unix

		=== libitm Summary ===

# of expected passes		44
# of expected failures		3
# of unsupported tests		1
		=== libphobos tests ===


Running target unix
WARNING: libphobos.druntime_shared/core/thread/package.d execution test program timed out.
FAIL: libphobos.druntime_shared/core/thread/package.d execution test

		=== libphobos Summary ===

# of expected passes		1096
# of unexpected failures	1
		=== libstdc++ tests ===


Running target unix

		=== libstdc++ Summary ===

# of expected passes		17796
# of expected failures		127
# of unsupported tests		740

Compiler version: 15.0.0 20241009 (experimental) [master r15-4216-g4f97411c0d4] (GCC) 
Platform: x86_64-pc-linux-gnu
configure flags: --prefix=/home/toon/compilers/install/gcc --with-gnu-as --with-gnu-ld --enable-languages=all --disable-multilib --disable-nls --with-build-config=bootstrap-lto-part-none --with-build-config=bootstrap-O3 --enable-checking=all


More information about the Gcc-testresults mailing list