Results for 15.0.0 20240930 (experimental) [master revision r15-3958-gbac95615b50d] (GCC) testsuite on x86_64-apple-darwin23

Iain Sandoe iains.gcc@gmail.com
Tue Oct 1 05:52:52 GMT 2024


LAST_UPDATED: Mon 30 Sep 2024 07:18:50 UTC (revision r15-3958-gbac95615b50d)

		=== acats tests ===
FAIL:	cb1010a
FAIL:	cb1010d

		=== acats Summary ===
# of expected passes		2326
# of unexpected failures	2
Native configuration is x86_64-apple-darwin23

		=== g++ tests ===


Running target unix
FAIL: g++.dg/cpp2a/consteval-prop6.C  -std=c++20  at line 58 (test for warnings, line 57)
FAIL: g++.dg/cpp2a/consteval-prop6.C  -std=c++23  at line 58 (test for warnings, line 57)
FAIL: g++.dg/cpp2a/consteval-prop6.C  -std=c++26  at line 58 (test for warnings, line 57)
FAIL: g++.dg/ipa/pr67056.C   scan-ipa-dump cp "Speculative outer type:struct CompositeClass"
FAIL: g++.dg/opt/icf1.C  -std=gnu++11 execution test
FAIL: g++.dg/opt/icf1.C  -std=gnu++17 execution test
FAIL: g++.dg/opt/icf1.C  -std=gnu++26 execution test
FAIL: g++.dg/opt/icf2.C  -std=gnu++11 execution test
FAIL: g++.dg/opt/icf2.C  -std=gnu++17 execution test
FAIL: g++.dg/opt/icf2.C  -std=gnu++26 execution test
FAIL: g++.dg/opt/icf3.C  -std=gnu++11 execution test
FAIL: g++.dg/opt/icf3.C  -std=gnu++17 execution test
FAIL: g++.dg/opt/icf3.C  -std=gnu++26 execution test
FAIL: g++.dg/other/darwin-cfstring1.C  -std=gnu++17 (test for excess errors)
FAIL: g++.dg/other/darwin-cfstring1.C  -std=gnu++26 (test for excess errors)
FAIL: g++.dg/template/explicit-instantiation8.C  -std=c++11  scan-assembler _ZN7shallowIcEC2Ev
FAIL: g++.dg/template/explicit-instantiation8.C  -std=c++17  scan-assembler _ZN7shallowIcEC2Ev
FAIL: g++.dg/template/explicit-instantiation8.C  -std=c++26  scan-assembler _ZN7shallowIcEC2Ev
FAIL: g++.dg/tree-ssa/initlist-opt5.C  -std=c++11  scan-tree-dump-times gimple ">::basic_string" 2
FAIL: g++.dg/lto/pr108772 cp_lto_pr108772_0.o-cp_lto_pr108772_0.o link, -flto -fPIC -shared -O1 -fimplicit-constexpr -g1
FAIL: g++.dg/lto/pr85405 cp_lto_pr85405_0.o-cp_lto_pr85405_1.o link, -fPIC -shared -flto
FAIL: g++.dg/lto/pr85405b cp_lto_pr85405b_0.o-cp_lto_pr85405b_1.o link, -fPIC -shared -flto
FAIL: g++.dg/lto/pr85655 cp_lto_pr85655_0.o-cp_lto_pr85655_0.o link, -O2 -fPIC -shared -flto
FAIL: g++.dg/lto/pr86523-3 cp_lto_pr86523-3_0.o-cp_lto_pr86523-3_0.o link,  -fPIC -flto -g -shared 
FAIL: g++.dg/lto/pr86585 cp_lto_pr86585_0.o-cp_lto_pr86585_1.o link,  -flto -g -nostdlib -shared -fPIC 
FAIL: g++.dg/lto/pr87295 cp_lto_pr87295_0.o assemble,  -flto -ffat-lto-objects -fdebug-types-section -g -std=gnu++17 
FAIL: g++.dg/lto/pr87906 cp_lto_pr87906_0.o-cp_lto_pr87906_1.o link,  -O -fPIC -flto 
FAIL: g++.dg/lto/pr88046 cp_lto_pr88046_0.o-cp_lto_pr88046_0.o link,  -O2 -fPIC -flto 
FAIL: g++.dg/lto/pr88758 cp_lto_pr88758_0.o-cp_lto_pr88758_1.o link,  -O3 -fPIC -flto -shared 
FAIL: g++.dg/lto/pr89330 cp_lto_pr89330_0.o-cp_lto_pr89330_1.o link,  -O3 -g -flto -shared -fPIC -Wno-odr 
FAIL: g++.dg/lto/pr91574 cp_lto_pr91574_0.o-cp_lto_pr91574_0.o link,  -fPIC -flto -O2 
FAIL: g++.dg/lto/pr92609  (test for LTO warnings, pr92609_0.C line 75)
FAIL: g++.dg/lto/pr92609 cp_lto_pr92609_0.o-cp_lto_pr92609_1.o link,  -fPIC -flto 
FAIL: g++.dg/lto/pr93166 cp_lto_pr93166_0.o-cp_lto_pr93166_0.o link,  -fPIC -O2 -flto -fvisibility=hidden 
FAIL: g++.dg/modules/xtreme-header-2_a.H -std=c++2a (test for excess errors)
FAIL: g++.dg/modules/xtreme-header-2_a.H -std=c++2b (test for excess errors)
FAIL: g++.dg/modules/xtreme-header-2_b.C -std=c++2a (test for excess errors)
FAIL: g++.dg/modules/xtreme-header-2_b.C -std=c++2b (test for excess errors)
FAIL: g++.dg/modules/xtreme-header-5_a.H -std=c++2a (test for excess errors)
FAIL: g++.dg/modules/xtreme-header-5_a.H -std=c++2b (test for excess errors)
FAIL: g++.dg/modules/xtreme-header-5_b.C -std=c++2a (test for excess errors)
FAIL: g++.dg/modules/xtreme-header-5_b.C -std=c++2b (test for excess errors)
FAIL: g++.dg/modules/xtreme-header-7_a.H -std=c++2a (test for excess errors)
FAIL: g++.dg/modules/xtreme-header-7_a.H -std=c++2b (test for excess errors)
FAIL: g++.dg/modules/xtreme-header-7_b.C -std=c++2a (test for excess errors)
FAIL: g++.dg/modules/xtreme-header-7_b.C -std=c++2b (test for excess errors)
FAIL: g++.dg/modules/xtreme-header_a.H -std=c++2a (test for excess errors)
FAIL: g++.dg/modules/xtreme-header_a.H -std=c++2b (test for excess errors)
FAIL: g++.dg/modules/xtreme-header_b.C -std=c++2a (test for excess errors)
FAIL: g++.dg/modules/xtreme-header_b.C -std=c++2b (test for excess errors)
FAIL: g++.dg/tls/thread_local13.C  -std=gnu++11 execution test
FAIL: g++.dg/tls/thread_local13.C  -std=gnu++17 execution test
FAIL: g++.dg/tls/thread_local13.C  -std=gnu++26 execution test
FAIL: g++.dg/tls/thread_local14.C  -std=gnu++11 execution test
FAIL: g++.dg/tls/thread_local14.C  -std=gnu++17 execution test
FAIL: g++.dg/tls/thread_local14.C  -std=gnu++26 execution test
FAIL: g++.dg/tm/pr46270.C  -std=gnu++17 (test for excess errors)
FAIL: g++.dg/tm/pr46270.C  -std=gnu++26 (test for excess errors)
FAIL: g++.dg/torture/tail-padding1.C   -Os  (internal compiler error: in cxx_eval_call_expression, at cp/constexpr.cc:3048)
FAIL: g++.dg/torture/tail-padding1.C   -Os  (test for excess errors)
UNRESOLVED: g++.dg/torture/tail-padding1.C   -Os  compilation failed to produce executable
FAIL: g++.target/i386/pr105980.C  -std=gnu++17 (internal compiler error: in insn_default_length, at config/i386/i386.md:25834)
FAIL: g++.target/i386/pr105980.C  -std=gnu++17 (test for excess errors)
FAIL: g++.target/i386/pr105980.C  -std=gnu++26 (internal compiler error: in insn_default_length, at config/i386/i386.md:25834)
FAIL: g++.target/i386/pr105980.C  -std=gnu++26 (test for excess errors)
FAIL: g++.target/i386/pr105980.C  -std=gnu++98 (internal compiler error: in insn_default_length, at config/i386/i386.md:25834)
FAIL: g++.target/i386/pr105980.C  -std=gnu++98 (test for excess errors)
FAIL: g++.target/i386/pr107563-a.C   scan-assembler-times por 1
FAIL: g++.target/i386/pr107563-b.C   scan-assembler-times por 1

		=== g++ Summary ===

# of expected passes		224995
# of unexpected failures	68
# of expected failures		2215
# of unresolved testcases	1
# of unsupported tests		2024
/scratch/14-son/gcc-master/gcc/xg++  version 15.0.0 20240930 (experimental) [master revision r15-3958-gbac95615b50d] (GCC) 

		=== gcc tests ===


Running target unix
FAIL: gcc.dg/debug/dwarf2/dwarf2-macro.c scan-assembler Start new file
FAIL: gcc.dg/debug/dwarf2/dwarf2-macro2.c scan-assembler At line number 0
FAIL: gcc.dg/debug/dwarf2/inline2.c scan-assembler-times  DW_AT_GNU_entry_view 6
FAIL: gcc.dg/debug/dwarf2/inline2.c scan-assembler-times  DW_AT_entry_pc 6
FAIL: gcc.dg/debug/dwarf2/inline6.c scan-assembler-times  DW_AT_GNU_entry_view 6
FAIL: gcc.dg/debug/dwarf2/inline6.c scan-assembler-times  DW_AT_entry_pc 6
FAIL: gcc.dg/callgraph-info-1.c (test for excess errors)
FAIL: gcc.dg/callgraph-info-1.c scan-ci-dump-times ci "triangle" 1
FAIL: gcc.dg/ira-loop-pressure.c scan-rtl-dump loop2_invariant "Decided to move invariant"
XPASS: gcc.dg/ira-shrinkwrap-prep-1.c scan-rtl-dump ira "Split live-range of register"
XPASS: gcc.dg/ira-shrinkwrap-prep-2.c scan-rtl-dump ira "Split live-range of register"
FAIL: gcc.dg/pr86058.c actual at line 15 (test for warnings, line 14)
FAIL: gcc.dg/pr97172-2.c (test for excess errors)
FAIL: gcc.dg/pubtypes-2.c scan-assembler long+[ \\\\t]+0x14d+[ \\\\t]+[#;]+[ \\\\t]+Pub Info Length
FAIL: gcc.dg/pubtypes-3.c scan-assembler long+[ \\\\t]+0x14d+[ \\\\t]+[#;]+[ \\\\t]+Pub Info Length
FAIL: gcc.dg/pubtypes-4.c scan-assembler long+[ \\\\t]+0x184+[ \\\\t]+[#;]+[ \\\\t]+Pub Info Length
FAIL: gcc.dg/scantest-lto.c scan-assembler-not ascii
FAIL: gcc.dg/scantest-lto.c scan-assembler-times ascii 0
FAIL: gcc.dg/graphite/scop-19.c scan-tree-dump-times graphite "number of SCoPs: 0" 1
FAIL: gcc.dg/lto/pr61526 c_lto_pr61526_0.o-c_lto_pr61526_1.o link,  -fPIC -flto -flto-partition=1to1 
FAIL: gcc.dg/lto/pr99849 c_lto_pr99849_0.o-c_lto_pr99849_0.o link,  -flto -flto-partition=1to1 -O2 -Wno-incompatible-pointer-types -Wno-discarded-qualifiers -fPIC 
XPASS: gcc.dg/tree-ssa/pr91091-2.c scan-tree-dump-times fre1 "x = " 1
XPASS: gcc.dg/tree-ssa/ssa-fre-100.c scan-tree-dump-not fre1 "baz"
XPASS: gcc.dg/tree-ssa/ssa-fre-77.c scan-tree-dump fre1 "return 1;"
FAIL: gcc.dg/vect/slp-12a.c -flto -ffat-lto-objects  scan-tree-dump-times vect "vectorizing stmts using SLP" 1
FAIL: gcc.dg/vect/slp-12a.c scan-tree-dump-times vect "vectorizing stmts using SLP" 1
FAIL: gcc.dg/vect/slp-19c.c -flto -ffat-lto-objects  scan-tree-dump-times vect "vectorized 1 loops" 1
FAIL: gcc.dg/vect/slp-19c.c -flto -ffat-lto-objects  scan-tree-dump-times vect "vectorizing stmts using SLP" 1
FAIL: gcc.dg/vect/slp-19c.c scan-tree-dump-times vect "vectorized 1 loops" 1
FAIL: gcc.dg/vect/slp-19c.c scan-tree-dump-times vect "vectorizing stmts using SLP" 1
XPASS: gcc.dg/vect/vect-double-reduc-5.c -flto -ffat-lto-objects  scan-tree-dump-times vect "OUTER LOOP VECTORIZED" 1
XPASS: gcc.dg/vect/vect-double-reduc-5.c scan-tree-dump-times vect "OUTER LOOP VECTORIZED" 1
FAIL: outputs-25 exe savetmp named2-4: outputs.args.3
FAIL: outputs-25 exe savetmp named2-4: std out
FAIL: gcc.target/i386/apx-ndd-no-seg-global-1.c scan-assembler-not mov
FAIL: gcc.target/i386/apx-nf-2.c scan-assembler-not set
FAIL: gcc.target/i386/apx-push2pop2-2.c scan-assembler-not pop2(|p)[\\\\t ]*%r
FAIL: gcc.target/i386/apx-push2pop2-2.c scan-assembler-not push2(|p)[\\\\t ]*%r
FAIL: gcc.target/i386/avx512fp16-vector-complex-float.c scan-assembler-not vfmadd[123]*ph[ \\\\t]
FAIL: gcc.target/i386/avx512fp16-vector-complex-float.c scan-assembler-times vfmaddcph[ \\\\t] 1
FAIL: gcc.target/i386/cond_op_fma__Float16-1.c scan-assembler-times vfmadd132ph[ \\\\t]+[^{\\n]*%ymm[0-9]+{%k[1-7]}(?:\\n|[ \\\\t]+#) 1
FAIL: gcc.target/i386/cond_op_fma__Float16-1.c scan-assembler-times vfmsub132ph[ \\\\t]+[^{\\n]*%ymm[0-9]+{%k[1-7]}(?:\\n|[ \\\\t]+#) 1
FAIL: gcc.target/i386/cond_op_fma__Float16-1.c scan-assembler-times vfnmadd132ph[ \\\\t]+[^{\\n]*%ymm[0-9]+{%k[1-7]}(?:\\n|[ \\\\t]+#) 1
FAIL: gcc.target/i386/cond_op_fma__Float16-1.c scan-assembler-times vfnmsub132ph[ \\\\t]+[^{\\n]*%ymm[0-9]+{%k[1-7]}(?:\\n|[ \\\\t]+#) 1
FAIL: gcc.target/i386/cond_op_fma_double-1.c scan-assembler-times vfmadd132pd[ \\\\t]+[^{\\n]*%ymm[0-9]+{%k[1-7]}(?:\\n|[ \\\\t]+#) 1
FAIL: gcc.target/i386/cond_op_fma_double-1.c scan-assembler-times vfmsub132pd[ \\\\t]+[^{\\n]*%ymm[0-9]+{%k[1-7]}(?:\\n|[ \\\\t]+#) 1
FAIL: gcc.target/i386/cond_op_fma_double-1.c scan-assembler-times vfnmadd132pd[ \\\\t]+[^{\\n]*%ymm[0-9]+{%k[1-7]}(?:\\n|[ \\\\t]+#) 1
FAIL: gcc.target/i386/cond_op_fma_double-1.c scan-assembler-times vfnmsub132pd[ \\\\t]+[^{\\n]*%ymm[0-9]+{%k[1-7]}(?:\\n|[ \\\\t]+#) 1
FAIL: gcc.target/i386/cond_op_fma_float-1.c scan-assembler-times vfmadd132ps[ \\\\t]+[^{\\n]*%ymm[0-9]+{%k[1-7]}(?:\\n|[ \\\\t]+#) 1
FAIL: gcc.target/i386/cond_op_fma_float-1.c scan-assembler-times vfmsub132ps[ \\\\t]+[^{\\n]*%ymm[0-9]+{%k[1-7]}(?:\\n|[ \\\\t]+#) 1
FAIL: gcc.target/i386/cond_op_fma_float-1.c scan-assembler-times vfnmadd132ps[ \\\\t]+[^{\\n]*%ymm[0-9]+{%k[1-7]}(?:\\n|[ \\\\t]+#) 1
FAIL: gcc.target/i386/cond_op_fma_float-1.c scan-assembler-times vfnmsub132ps[ \\\\t]+[^{\\n]*%ymm[0-9]+{%k[1-7]}(?:\\n|[ \\\\t]+#) 1
FAIL: gcc.target/i386/harden-sls-4.c scan-assembler jmp[ \\t]+\\\\*_?fptr
FAIL: gcc.target/i386/opt-comi-1.c scan-assembler-times set 9
FAIL: gcc.target/i386/part-vect-complexhf.c scan-assembler-times vfmaddcph[ \\\\t] 1
FAIL: gcc.target/i386/pr100704-3.c scan-assembler push[lq]\\tfoooo+
FAIL: gcc.target/i386/pr101716.c scan-assembler leal[\\\\t ][^\\\\n]*eax
FAIL: gcc.target/i386/pr101716.c scan-assembler-not movl[\\\\t ][^\\\\n]*eax
FAIL: gcc.target/i386/pr101950-2.c scan-assembler-times \\txor[ql]\\t 2
FAIL: gcc.target/i386/pr105493.c scan-tree-dump-times slp1 "  MEM <vector\\\\(4\\\\) unsigned int> \\\\[[^]]*\\\\] = " 4
FAIL: gcc.target/i386/pr115462.c scan-assembler-times (?n)movl[ \\\\t]+.*, p1\\\\.0\\\\+[0-9]*\\\\(, 3
FAIL: gcc.target/i386/pr11877-2.c scan-assembler-not \\\\\$0,
FAIL: gcc.target/i386/pr11877.c scan-assembler-not \\\\\$0,
FAIL: gcc.target/i386/pr34256.c scan-assembler-times mov 5
FAIL: gcc.target/i386/pr78035.c scan-assembler-times cmp 2
FAIL: gcc.target/i386/pr88531-2b.c scan-assembler-times vmulps 1
FAIL: gcc.target/i386/pr88531-2c.c scan-assembler-times vmulps 1
FAIL: gcc.target/i386/pr90773-1.c scan-assembler-times movq[\\\\t ]+\\\\(%[^,]+\\\\), 1
FAIL: gcc.target/i386/pr91384.c scan-assembler-not testl
FAIL: gcc.target/i386/pr92651.c scan-assembler-times sub 2
FAIL: gcc.target/i386/pr98060.c scan-assembler-not set
FAIL: gcc.target/i386/prefetchi-1.c scan-assembler-times [ \\\\t]+prefetchit0[ \\\\t]+bar\\\\(%rip\\\\) 2
FAIL: gcc.target/i386/prefetchi-1.c scan-assembler-times [ \\\\t]+prefetchit1[ \\\\t]+bar\\\\(%rip\\\\) 2
FAIL: gcc.target/i386/prefetchi-1b.c scan-assembler-times [ \\\\t]+prefetchit0[ \\\\t]+bar\\\\(%rip\\\\) 1
FAIL: gcc.target/i386/prefetchi-1b.c scan-assembler-times [ \\\\t]+prefetchit1[ \\\\t]+bar\\\\(%rip\\\\) 1
FAIL: gcc.target/i386/sse2-v1ti-logic-2.c scan-assembler-times por 2
FAIL: gcc.target/i386/stack-check-17.c scan-assembler-not pop

		=== gcc Summary ===

# of expected passes		189438
# of unexpected failures	70
# of unexpected successes	7
# of expected failures		1460
# of unsupported tests		3647
/scratch/14-son/gcc-master/gcc/xgcc  version 15.0.0 20240930 (experimental) [master revision r15-3958-gbac95615b50d] (GCC) 

		=== gdc tests ===


Running target unix

		=== gdc Summary ===

# of expected passes		13845
# of unsupported tests		3
/scratch/14-son/gcc-master/gcc/gdc  version 15.0.0 20240930 (experimental) [master revision r15-3958-gbac95615b50d] (GCC) 

		=== gfortran tests ===


Running target unix
FAIL: gfortran.dg/include_2.f90   -O  (test for excess errors)

		=== gfortran Summary ===

# of expected passes		71067
# of unexpected failures	1
# of expected failures		274
# of unsupported tests		96
/scratch/14-son/gcc-master/gcc/gfortran  version 15.0.0 20240930 (experimental) [master revision r15-3958-gbac95615b50d] (GCC) 

		=== gm2 tests ===


Running target unix
FAIL: gm2/iso/run/pass/m2date.mod execution,  -O 
FAIL: gm2/iso/run/pass/m2date.mod execution,  -O -g 
FAIL: gm2/iso/run/pass/m2date.mod execution,  -O3 -fomit-frame-pointer 
FAIL: gm2/iso/run/pass/m2date.mod execution,  -O3 -fomit-frame-pointer -finline-functions 
FAIL: gm2/iso/run/pass/m2date.mod execution,  -Os 
FAIL: gm2/iso/run/pass/m2date.mod execution,  -g 
FAIL: gm2/iso/run/pass/testclock.mod execution,  -O 
FAIL: gm2/iso/run/pass/testclock.mod execution,  -O -g 
FAIL: gm2/iso/run/pass/testclock.mod execution,  -O3 -fomit-frame-pointer 
FAIL: gm2/iso/run/pass/testclock.mod execution,  -O3 -fomit-frame-pointer -finline-functions 
FAIL: gm2/iso/run/pass/testclock.mod execution,  -Os 
FAIL: gm2/iso/run/pass/testclock.mod execution,  -g 
FAIL: gm2/isolib/run/pass/testinittm.mod execution,  -O 
FAIL: gm2/isolib/run/pass/testinittm.mod execution,  -O -g 
FAIL: gm2/isolib/run/pass/testinittm.mod execution,  -O3 -fomit-frame-pointer 
FAIL: gm2/isolib/run/pass/testinittm.mod execution,  -O3 -fomit-frame-pointer -finline-functions 
FAIL: gm2/isolib/run/pass/testinittm.mod execution,  -Os 
FAIL: gm2/isolib/run/pass/testinittm.mod execution,  -g 

		=== gm2 Summary ===

# of expected passes		14234
# of unexpected failures	18
		=== gnat tests ===


Running target unix
FAIL: gnat.dg/bias1.adb scan-assembler DW_AT_GNU_bias
FAIL: gnat.dg/bias1.adb scan-assembler-times -7.*DW_AT_GNU_bias 1

		=== gnat Summary ===

# of expected passes		3486
# of unexpected failures	2
# of expected failures		24
# of unsupported tests		15
/scratch/14-son/gcc-master/gcc/gnatmake version 15.0.0 20240930 (experimental) [master revision r15-3958-gbac95615b50d]

		=== jit tests ===


Running target unix
FAIL: jit.dg/test-alignof.c, initial compilation
FAIL: jit.dg/test-combination.c, initial compilation
FAIL: jit.dg/test-threads.c, initial compilation
FAIL: output-of-test-bfloat16.c.s output pattern test, is 	.build_version macos,  14, 0
FAIL: output-of-test-bfloat16.c.s output pattern test, is 	.build_version macos,  14, 0
FAIL: test-bitcast.c.exe killed: SIGSEGV segmentation violation
FAIL: test-error-bad-bitcast.c.exe killed: SIGSEGV segmentation violation
FAIL: test-error-bad-bitcast2.c.exe killed: SIGSEGV segmentation violation
FAIL: test-error-impossible-must-tail-call.c.exe iteration 1 of 5: verify_code: actual: "cannot tail-call: memory reference or volatile after call" != expected: "cannot tail-call: callee returns a structure"
FAIL: test-error-impossible-must-tail-call.c.exe killed: SIGABRT SIGABRT
FAIL: test-ggc-bugfix.c.exe killed: SIGABRT SIGABRT
FAIL: test-tls.c.exe killed: SIGSEGV segmentation violation

		=== jit Summary ===

# of expected passes		8916
# of unexpected failures	12
# of unsupported tests		5
		=== obj-c++ tests ===


Running target unix

		=== obj-c++ Summary ===

# of expected passes		3199
# of expected failures		22
# of unsupported tests		71
/scratch/14-son/gcc-master/gcc/xg++  version 15.0.0 20240930 (experimental) [master revision r15-3958-gbac95615b50d] (GCC) 

		=== objc tests ===


Running target unix
FAIL: objc.dg/headers.m -fnext-runtime (test for excess errors)
FAIL: objc/execute/exceptions/finally-1.m execution,  -O0 -fnext-runtime
FAIL: objc/execute/exceptions/finally-1.m execution,  -O1 -fnext-runtime
FAIL: objc/execute/exceptions/finally-1.m execution,  -O2 -fnext-runtime
FAIL: objc/execute/exceptions/finally-1.m execution,  -O3 -g -fnext-runtime
FAIL: objc/execute/exceptions/finally-1.m execution,  -Os -fnext-runtime

		=== objc Summary ===

# of expected passes		5744
# of unexpected failures	6
# of expected failures		12
# of unsupported tests		87
/scratch/14-son/gcc-master/gcc/xgcc  version 15.0.0 20240930 (experimental) [master revision r15-3958-gbac95615b50d] (GCC) 

		=== rust tests ===


Running target unix
FAIL: rust/execute/torture/iter1.rs   -O1  (internal compiler error: 'verify_gimple' failed)
FAIL: rust/execute/torture/iter1.rs   -O1  (test for excess errors)
UNRESOLVED: rust/execute/torture/iter1.rs   -O1  compilation failed to produce executable
FAIL: rust/execute/torture/iter1.rs   -O2  (internal compiler error: 'verify_gimple' failed)
FAIL: rust/execute/torture/iter1.rs   -O2  (test for excess errors)
UNRESOLVED: rust/execute/torture/iter1.rs   -O2  compilation failed to produce executable
FAIL: rust/execute/torture/iter1.rs   -O2 -flto  (internal compiler error: 'verify_gimple' failed)
FAIL: rust/execute/torture/iter1.rs   -O2 -flto  (test for excess errors)
UNRESOLVED: rust/execute/torture/iter1.rs   -O2 -flto  compilation failed to produce executable
FAIL: rust/execute/torture/iter1.rs   -O2 -flto -flto-partition=none  (internal compiler error: 'verify_gimple' failed)
FAIL: rust/execute/torture/iter1.rs   -O2 -flto -flto-partition=none  (test for excess errors)
UNRESOLVED: rust/execute/torture/iter1.rs   -O2 -flto -flto-partition=none  compilation failed to produce executable
FAIL: rust/execute/torture/iter1.rs   -O3 -g  (internal compiler error: 'verify_gimple' failed)
FAIL: rust/execute/torture/iter1.rs   -O3 -g  (test for excess errors)
UNRESOLVED: rust/execute/torture/iter1.rs   -O3 -g  compilation failed to produce executable
FAIL: rust/execute/torture/iter1.rs   -Os  (internal compiler error: 'verify_gimple' failed)
FAIL: rust/execute/torture/iter1.rs   -Os  (test for excess errors)
UNRESOLVED: rust/execute/torture/iter1.rs   -Os  compilation failed to produce executable

		=== rust Summary ===

# of expected passes		8419
# of unexpected failures	12
# of expected failures		69
# of unresolved testcases	6
# of unsupported tests		2
		=== libatomic tests ===


Running target unix

		=== libatomic Summary ===

# of expected passes		54
		=== libgomp tests ===


Running target unix
FAIL: libgomp.c++/static-aggr-constructor-destructor-1.C scan-tree-dump-times gimple "_GLOBAL__off_I_v1" 1
FAIL: libgomp.c++/static-aggr-constructor-destructor-2.C scan-tree-dump-times gimple "_GLOBAL__off_I_v1" 1

		=== libgomp Summary ===

# of expected passes		16723
# of unexpected failures	2
# of expected failures		266
# of unsupported tests		650
		=== libitm tests ===


Running target unix
FAIL: libitm.c++/libstdc++-pr91488.C -B /scratch/14-son/gcc-master/x86_64-apple-darwin23/./libitm/../libstdc++-v3/src/.libs (test for excess errors)

		=== libitm Summary ===

# of expected passes		41
# of unexpected failures	1
# of expected failures		3
# of unsupported tests		2
		=== libphobos tests ===


Running target unix
FAIL: libphobos.druntime_shared/core/thread/threadbase.d execution test
FAIL: libphobos.druntime_shared/core/time.d execution test
FAIL: libphobos.druntime_shared/rt/monitor_.d execution test
WARNING: libphobos.phobos/std/concurrency.d execution test program timed out.
FAIL: libphobos.phobos/std/concurrency.d execution test
WARNING: libphobos.phobos/std/format/internal/write.d execution test program timed out.
FAIL: libphobos.phobos/std/format/internal/write.d execution test
FAIL: libphobos.phobos/std/format/package.d execution test
FAIL: libphobos.phobos/std/uni/package.d execution test
WARNING: libphobos.phobos_shared/std/concurrency.d execution test program timed out.
FAIL: libphobos.phobos_shared/std/concurrency.d execution test
FAIL: libphobos.shared/host.c -ldl -pthread execution test
FAIL: libphobos.shared/load_linkdep.d -shared-libphobos -ldl execution test

		=== libphobos Summary ===

# of expected passes		1075
# of unexpected failures	10
# of unsupported tests		1
		=== libstdc++ tests ===


Running target unix
FAIL: 18_support/nested_exception/rethrow_if_nested.cc  -std=gnu++17 execution test
FAIL: 18_support/new_nothrow.cc  -std=gnu++17 execution test
FAIL: 20_util/polymorphic_allocator/allocate_object.cc  -std=gnu++20 (test for excess errors)
FAIL: 20_util/polymorphic_allocator/allocate_object.cc  -std=gnu++26 (test for excess errors)
FAIL: 20_util/polymorphic_allocator/construct_c++2a.cc  -std=gnu++20 (test for excess errors)
FAIL: 20_util/polymorphic_allocator/construct_c++2a.cc  -std=gnu++26 (test for excess errors)
FAIL: 20_util/polymorphic_allocator/lwg3237.cc  -std=gnu++20 (test for excess errors)
FAIL: 20_util/polymorphic_allocator/lwg3237.cc  -std=gnu++26 (test for excess errors)
FAIL: 20_util/scoped_allocator/construct_pair_c++2a.cc  -std=gnu++20 (test for excess errors)
FAIL: 20_util/scoped_allocator/construct_pair_c++2a.cc  -std=gnu++26 (test for excess errors)
FAIL: 20_util/tuple/cons/102270.cc  -std=gnu++20 (test for excess errors)
FAIL: 20_util/tuple/cons/102270.cc  -std=gnu++26 (test for excess errors)
FAIL: 20_util/uses_allocator/make_obj.cc  -std=gnu++20 (test for excess errors)
FAIL: 20_util/uses_allocator/make_obj.cc  -std=gnu++26 (test for excess errors)
FAIL: 21_strings/basic_string/hash/hash_char8_t.cc  -std=gnu++20 (test for excess errors)
FAIL: 21_strings/basic_string/hash/hash_char8_t.cc  -std=gnu++26 (test for excess errors)
FAIL: 22_locale/num_put/put/char/lwg4084.cc  -std=gnu++17 execution test
FAIL: 23_containers/queue/cons_from_iters.cc  -std=gnu++23 (test for excess errors)
FAIL: 23_containers/queue/cons_from_iters.cc  -std=gnu++26 (test for excess errors)
FAIL: 23_containers/stack/cons_from_iters.cc  -std=gnu++23 (test for excess errors)
FAIL: 23_containers/stack/cons_from_iters.cc  -std=gnu++26 (test for excess errors)
FAIL: 24_iterators/normal_iterator/cmp_c++20.cc  -std=gnu++20 (test for excess errors)
FAIL: 24_iterators/normal_iterator/cmp_c++20.cc  -std=gnu++26 (test for excess errors)
FAIL: 27_io/basic_istringstream/cons/char/1.cc  -std=gnu++20 (test for excess errors)
FAIL: 27_io/basic_istringstream/cons/char/1.cc  -std=gnu++26 (test for excess errors)
FAIL: 27_io/basic_istringstream/cons/wchar_t/1.cc  -std=gnu++20 (test for excess errors)
FAIL: 27_io/basic_istringstream/cons/wchar_t/1.cc  -std=gnu++26 (test for excess errors)
FAIL: 27_io/basic_istringstream/str/char/2.cc  -std=gnu++20 (test for excess errors)
FAIL: 27_io/basic_istringstream/str/char/2.cc  -std=gnu++26 (test for excess errors)
FAIL: 27_io/basic_istringstream/str/wchar_t/2.cc  -std=gnu++20 (test for excess errors)
FAIL: 27_io/basic_istringstream/str/wchar_t/2.cc  -std=gnu++26 (test for excess errors)
FAIL: 27_io/basic_ostream/inserters_arithmetic/lwg4101.cc  -std=gnu++17 execution test
FAIL: 27_io/basic_ostringstream/cons/char/1.cc  -std=gnu++20 (test for excess errors)
FAIL: 27_io/basic_ostringstream/cons/char/1.cc  -std=gnu++26 (test for excess errors)
FAIL: 27_io/basic_ostringstream/cons/wchar_t/1.cc  -std=gnu++20 (test for excess errors)
FAIL: 27_io/basic_ostringstream/cons/wchar_t/1.cc  -std=gnu++26 (test for excess errors)
FAIL: 27_io/basic_ostringstream/str/char/3.cc  -std=gnu++20 (test for excess errors)
FAIL: 27_io/basic_ostringstream/str/char/3.cc  -std=gnu++26 (test for excess errors)
FAIL: 27_io/basic_ostringstream/str/wchar_t/3.cc  -std=gnu++20 (test for excess errors)
FAIL: 27_io/basic_ostringstream/str/wchar_t/3.cc  -std=gnu++26 (test for excess errors)
FAIL: 27_io/basic_stringbuf/cons/char/2.cc  -std=gnu++20 (test for excess errors)
FAIL: 27_io/basic_stringbuf/cons/char/2.cc  -std=gnu++26 (test for excess errors)
FAIL: 27_io/basic_stringbuf/cons/wchar_t/2.cc  -std=gnu++20 (test for excess errors)
FAIL: 27_io/basic_stringbuf/cons/wchar_t/2.cc  -std=gnu++26 (test for excess errors)
FAIL: 27_io/basic_stringbuf/str/char/4.cc  -std=gnu++20 (test for excess errors)
FAIL: 27_io/basic_stringbuf/str/char/4.cc  -std=gnu++26 (test for excess errors)
FAIL: 27_io/basic_stringbuf/str/wchar_t/4.cc  -std=gnu++20 (test for excess errors)
FAIL: 27_io/basic_stringbuf/str/wchar_t/4.cc  -std=gnu++26 (test for excess errors)
FAIL: 27_io/basic_stringstream/cons/char/1.cc  -std=gnu++20 (test for excess errors)
FAIL: 27_io/basic_stringstream/cons/char/1.cc  -std=gnu++26 (test for excess errors)
FAIL: 27_io/basic_stringstream/cons/wchar_t/1.cc  -std=gnu++20 (test for excess errors)
FAIL: 27_io/basic_stringstream/cons/wchar_t/1.cc  -std=gnu++26 (test for excess errors)
FAIL: 27_io/basic_stringstream/str/char/5.cc  -std=gnu++20 (test for excess errors)
FAIL: 27_io/basic_stringstream/str/char/5.cc  -std=gnu++26 (test for excess errors)
FAIL: 27_io/basic_stringstream/str/wchar_t/5.cc.cc  -std=gnu++20 (test for excess errors)
FAIL: 27_io/basic_stringstream/str/wchar_t/5.cc.cc  -std=gnu++26 (test for excess errors)
FAIL: 27_io/basic_syncbuf/basic_ops/1.cc  -std=gnu++20 (test for excess errors)
FAIL: 27_io/basic_syncbuf/basic_ops/1.cc  -std=gnu++26 (test for excess errors)
FAIL: 27_io/basic_syncstream/basic_ops/1.cc  -std=gnu++20 (test for excess errors)
FAIL: 27_io/basic_syncstream/basic_ops/1.cc  -std=gnu++26 (test for excess errors)
FAIL: 30_threads/semaphore/platform_try_acquire_for.cc  -std=gnu++20 (test for excess errors)
UNRESOLVED: 30_threads/semaphore/platform_try_acquire_for.cc  -std=gnu++20 compilation failed to produce executable
FAIL: 30_threads/semaphore/platform_try_acquire_for.cc  -std=gnu++26 (test for excess errors)
UNRESOLVED: 30_threads/semaphore/platform_try_acquire_for.cc  -std=gnu++26 compilation failed to produce executable
FAIL: 30_threads/shared_lock/locking/clock_neg.cc  -std=gnu++20 (test for excess errors)
FAIL: 30_threads/shared_lock/locking/clock_neg.cc  -std=gnu++26 (test for excess errors)
FAIL: 30_threads/shared_timed_mutex/try_lock_until/clock_neg.cc  -std=gnu++20 (test for excess errors)
FAIL: 30_threads/shared_timed_mutex/try_lock_until/clock_neg.cc  -std=gnu++26 (test for excess errors)
FAIL: std/ranges/conv/1.cc  -std=gnu++23 (test for excess errors)
FAIL: std/ranges/conv/1.cc  -std=gnu++26 (test for excess errors)
FAIL: std/ranges/conv/2_neg.cc  -std=gnu++23 (test for excess errors)
FAIL: std/ranges/conv/2_neg.cc  -std=gnu++26 (test for excess errors)
FAIL: std/time/parse/parse.cc  -std=gnu++20 (test for excess errors)
FAIL: std/time/parse/parse.cc  -std=gnu++26 (test for excess errors)

		=== libstdc++ Summary ===

# of expected passes		17326
# of unexpected failures	72
# of expected failures		127
# of unresolved testcases	2
# of unsupported tests		835

Compiler version: 15.0.0 20240930 (experimental) [master revision r15-3958-gbac95615b50d] (GCC) 
Platform: x86_64-apple-darwin23
configure flags: --prefix=/opt/iains/x86_64-apple-darwin23/gcc-15-0-0 --build=x86_64-apple-darwin23 --with-sysroot=/Library/Developer/CommandLineTools/SDKs/MacOSX14.sdk --disable-libstdcxx-pch --enable-languages=all --with-cpu=skylake CC=x86_64-apple-darwin23-gcc CXX=x86_64-apple-darwin23-g++


More information about the Gcc-testresults mailing list