Results for 13.2.1 20240514 [releases/gcc-13 revision r13-8774-g1db45e83021a] (GCC) testsuite on i686-apple-darwin17
Iain Sandoe
iains.gcc@gmail.com
Thu May 16 15:54:11 GMT 2024
LAST_UPDATED: Tue May 14 16:03:27 UTC 2024 (revision r13-8774-g1db45e83021a)
=== acats tests ===
=== acats Summary ===
# of expected passes 2328
# of unexpected failures 0
Native configuration is i686-apple-darwin17
=== g++ tests ===
Running target unix/-m32
FAIL: c-c++-common/asan/alloca_big_alignment.c -Os output pattern test
FAIL: c-c++-common/asan/alloca_detect_custom_size.c -Os output pattern test
FAIL: c-c++-common/asan/alloca_overflow_partial.c -Os output pattern test
FAIL: c-c++-common/asan/alloca_overflow_right.c -Os output pattern test
FAIL: c-c++-common/asan/alloca_underflow_left.c -Os output pattern test
FAIL: g++.dg/asan/pr69276.C -O0 output pattern test
FAIL: g++.dg/debug/dwarf2/utf-1.C -std=gnu++20 scan-assembler-times DW_AT_encoding \\\\(0x10\\\\) 3
FAIL: g++.dg/ext/pr84828.C -std=gnu++14 (test for excess errors)
FAIL: g++.dg/ext/pr84828.C -std=gnu++17 (test for excess errors)
FAIL: g++.dg/ext/pr84828.C -std=gnu++20 (test for excess errors)
FAIL: g++.dg/ext/pr84828.C -std=gnu++98 (test for excess errors)
FAIL: g++.dg/ipa/pr67056.C scan-ipa-dump cp "Speculative outer type:struct CompositeClass"
FAIL: c-c++-common/goacc/kernels-loop-g.c -std=c++14 (test for excess errors)
FAIL: c-c++-common/goacc/kernels-loop-g.c -std=c++17 (test for excess errors)
FAIL: c-c++-common/goacc/kernels-loop-g.c -std=c++20 (test for excess errors)
FAIL: c-c++-common/goacc/kernels-loop-g.c -std=c++98 (test for excess errors)
FAIL: g++.dg/lto/pr108772 cp_lto_pr108772_0.o-cp_lto_pr108772_0.o link, -flto -fPIC -shared -O1 -fimplicit-constexpr -g1
FAIL: g++.dg/lto/pr65276 cp_lto_pr65276_0.o-cp_lto_pr65276_1.o link, -flto -O0 -std=c++11
FAIL: g++.dg/lto/pr85405 cp_lto_pr85405_0.o-cp_lto_pr85405_1.o link, -fPIC -shared -flto
FAIL: g++.dg/lto/pr85405b cp_lto_pr85405b_0.o-cp_lto_pr85405b_1.o link, -fPIC -shared -flto
FAIL: g++.dg/lto/pr85655 cp_lto_pr85655_0.o-cp_lto_pr85655_0.o link, -O2 -fPIC -shared -flto
FAIL: g++.dg/lto/pr86523-3 cp_lto_pr86523-3_0.o-cp_lto_pr86523-3_0.o link, -fPIC -flto -g -shared
FAIL: g++.dg/lto/pr86585 cp_lto_pr86585_0.o-cp_lto_pr86585_1.o link, -flto -g -nostdlib -shared -fPIC
FAIL: g++.dg/lto/pr87295 cp_lto_pr87295_0.o assemble, -flto -ffat-lto-objects -fdebug-types-section -g -std=gnu++17
FAIL: g++.dg/lto/pr87906 cp_lto_pr87906_0.o-cp_lto_pr87906_1.o link, -O -fPIC -flto
FAIL: g++.dg/lto/pr88046 cp_lto_pr88046_0.o-cp_lto_pr88046_0.o link, -O2 -fPIC -flto
FAIL: g++.dg/lto/pr88758 cp_lto_pr88758_0.o-cp_lto_pr88758_1.o link, -O3 -fPIC -flto -shared
FAIL: g++.dg/lto/pr89330 cp_lto_pr89330_0.o-cp_lto_pr89330_1.o link, -O3 -g -flto -shared -fPIC -Wno-odr
FAIL: g++.dg/lto/pr91574 cp_lto_pr91574_0.o-cp_lto_pr91574_0.o link, -fPIC -flto -O2
FAIL: g++.dg/lto/pr92609 (test for LTO warnings, pr92609_0.C line 75)
FAIL: g++.dg/lto/pr92609 cp_lto_pr92609_0.o-cp_lto_pr92609_1.o link, -fPIC -flto
FAIL: g++.dg/lto/pr93166 cp_lto_pr93166_0.o-cp_lto_pr93166_0.o link, -fPIC -O2 -flto -fvisibility=hidden
FAIL: g++.dg/tls/thread_local13.C -std=gnu++14 execution test
FAIL: g++.dg/tls/thread_local13.C -std=gnu++17 execution test
FAIL: g++.dg/tls/thread_local13.C -std=gnu++20 execution test
FAIL: g++.dg/tls/thread_local14.C -std=gnu++14 execution test
FAIL: g++.dg/tls/thread_local14.C -std=gnu++17 execution test
FAIL: g++.dg/tls/thread_local14.C -std=gnu++20 execution test
FAIL: g++.target/i386/pr90424-1.C -std=gnu++14 scan-tree-dump-times optimized "BIT_INSERT_EXPR" 9
FAIL: g++.target/i386/pr90424-1.C -std=gnu++14 scan-tree-dump-times optimized "MEM" 9
FAIL: g++.target/i386/pr90424-1.C -std=gnu++17 scan-tree-dump-times optimized "BIT_INSERT_EXPR" 9
FAIL: g++.target/i386/pr90424-1.C -std=gnu++17 scan-tree-dump-times optimized "MEM" 9
FAIL: g++.target/i386/pr90424-1.C -std=gnu++20 scan-tree-dump-times optimized "BIT_INSERT_EXPR" 9
FAIL: g++.target/i386/pr90424-1.C -std=gnu++20 scan-tree-dump-times optimized "MEM" 9
FAIL: g++.target/i386/pr90424-2.C -std=gnu++14 scan-tree-dump-times optimized "BIT_INSERT_EXPR" 9
FAIL: g++.target/i386/pr90424-2.C -std=gnu++14 scan-tree-dump-times optimized "MEM" 9
FAIL: g++.target/i386/pr90424-2.C -std=gnu++17 scan-tree-dump-times optimized "BIT_INSERT_EXPR" 9
FAIL: g++.target/i386/pr90424-2.C -std=gnu++17 scan-tree-dump-times optimized "MEM" 9
FAIL: g++.target/i386/pr90424-2.C -std=gnu++20 scan-tree-dump-times optimized "BIT_INSERT_EXPR" 9
FAIL: g++.target/i386/pr90424-2.C -std=gnu++20 scan-tree-dump-times optimized "MEM" 9
=== g++ Summary for unix/-m32 ===
# of expected passes 231132
# of unexpected failures 50
# of expected failures 2080
# of unsupported tests 11167
Running target unix/-m64
FAIL: c-c++-common/asan/alloca_big_alignment.c -Os output pattern test
FAIL: c-c++-common/asan/alloca_detect_custom_size.c -Os output pattern test
FAIL: c-c++-common/asan/alloca_overflow_partial.c -Os output pattern test
FAIL: c-c++-common/asan/alloca_overflow_right.c -Os output pattern test
FAIL: c-c++-common/asan/alloca_underflow_left.c -Os output pattern test
FAIL: g++.dg/asan/pr69276.C -O0 output pattern test
FAIL: g++.dg/debug/dwarf2/utf-1.C -std=gnu++20 scan-assembler-times DW_AT_encoding \\\\(0x10\\\\) 3
FAIL: g++.dg/ipa/pr67056.C scan-ipa-dump cp "Speculative outer type:struct CompositeClass"
FAIL: g++.dg/opt/pr16372-1.C -std=gnu++20 (test for excess errors)
FAIL: g++.dg/opt/pr30590.C -std=gnu++14 (test for excess errors)
FAIL: g++.dg/lto/pr108772 cp_lto_pr108772_0.o-cp_lto_pr108772_0.o link, -flto -fPIC -shared -O1 -fimplicit-constexpr -g1
FAIL: g++.dg/lto/pr65276 cp_lto_pr65276_0.o-cp_lto_pr65276_1.o link, -flto -O0 -std=c++11
FAIL: g++.dg/lto/pr85405 cp_lto_pr85405_0.o-cp_lto_pr85405_1.o link, -fPIC -shared -flto
FAIL: g++.dg/lto/pr85405b cp_lto_pr85405b_0.o-cp_lto_pr85405b_1.o link, -fPIC -shared -flto
FAIL: g++.dg/lto/pr85655 cp_lto_pr85655_0.o-cp_lto_pr85655_0.o link, -O2 -fPIC -shared -flto
FAIL: g++.dg/lto/pr86523-3 cp_lto_pr86523-3_0.o-cp_lto_pr86523-3_0.o link, -fPIC -flto -g -shared
FAIL: g++.dg/lto/pr86585 cp_lto_pr86585_0.o-cp_lto_pr86585_1.o link, -flto -g -nostdlib -shared -fPIC
FAIL: g++.dg/lto/pr87295 cp_lto_pr87295_0.o assemble, -flto -ffat-lto-objects -fdebug-types-section -g -std=gnu++17
FAIL: g++.dg/lto/pr87906 cp_lto_pr87906_0.o-cp_lto_pr87906_1.o link, -O -fPIC -flto
FAIL: g++.dg/lto/pr88046 cp_lto_pr88046_0.o-cp_lto_pr88046_0.o link, -O2 -fPIC -flto
FAIL: g++.dg/lto/pr88758 cp_lto_pr88758_0.o-cp_lto_pr88758_1.o link, -O3 -fPIC -flto -shared
FAIL: g++.dg/lto/pr89330 cp_lto_pr89330_0.o-cp_lto_pr89330_1.o link, -O3 -g -flto -shared -fPIC -Wno-odr
FAIL: g++.dg/lto/pr91574 cp_lto_pr91574_0.o-cp_lto_pr91574_0.o link, -fPIC -flto -O2
FAIL: g++.dg/lto/pr92609 (test for LTO warnings, pr92609_0.C line 75)
FAIL: g++.dg/lto/pr92609 cp_lto_pr92609_0.o-cp_lto_pr92609_1.o link, -fPIC -flto
FAIL: g++.dg/lto/pr93166 cp_lto_pr93166_0.o-cp_lto_pr93166_0.o link, -fPIC -O2 -flto -fvisibility=hidden
FAIL: g++.dg/tls/thread_local13.C -std=gnu++14 execution test
FAIL: g++.dg/tls/thread_local13.C -std=gnu++17 execution test
FAIL: g++.dg/tls/thread_local13.C -std=gnu++20 execution test
FAIL: g++.dg/tls/thread_local14.C -std=gnu++14 execution test
FAIL: g++.dg/tls/thread_local14.C -std=gnu++17 execution test
FAIL: g++.dg/tls/thread_local14.C -std=gnu++20 execution test
FAIL: g++.target/i386/pr105980.C -std=gnu++14 (internal compiler error: in insn_default_length, at config/i386/i386.md:21240)
FAIL: g++.target/i386/pr105980.C -std=gnu++14 (test for excess errors)
FAIL: g++.target/i386/pr105980.C -std=gnu++17 (internal compiler error: in insn_default_length, at config/i386/i386.md:21240)
FAIL: g++.target/i386/pr105980.C -std=gnu++17 (test for excess errors)
FAIL: g++.target/i386/pr105980.C -std=gnu++20 (internal compiler error: in insn_default_length, at config/i386/i386.md:21240)
FAIL: g++.target/i386/pr105980.C -std=gnu++20 (test for excess errors)
FAIL: g++.target/i386/pr105980.C -std=gnu++98 (internal compiler error: in insn_default_length, at config/i386/i386.md:21240)
FAIL: g++.target/i386/pr105980.C -std=gnu++98 (test for excess errors)
=== g++ Summary for unix/-m64 ===
# of expected passes 233554
# of unexpected failures 40
# of expected failures 2088
# of unsupported tests 11296
=== g++ Summary ===
# of expected passes 464686
# of unexpected failures 90
# of expected failures 4168
# of unsupported tests 22463
/scratch/10-13-his/gcc-13-i686/gcc/xg++ version 13.2.1 20240514 [releases/gcc-13 revision r13-8774-g1db45e83021a] (GCC)
=== gcc tests ===
Running target unix/-m32
FAIL: gcc.c-torture/compile/pr106433.c -O0 (test for excess errors)
FAIL: gcc.c-torture/compile/pr106433.c -O1 (test for excess errors)
FAIL: gcc.c-torture/compile/pr106433.c -O2 (test for excess errors)
FAIL: gcc.c-torture/compile/pr106433.c -O2 -flto (test for excess errors)
FAIL: gcc.c-torture/compile/pr106433.c -O2 -flto -flto-partition=none (test for excess errors)
FAIL: gcc.c-torture/compile/pr106433.c -O3 -fomit-frame-pointer -funroll-loops -fpeel-loops -ftracer -finline-functions (test for excess errors)
FAIL: gcc.c-torture/compile/pr106433.c -O3 -g (test for excess errors)
FAIL: gcc.c-torture/compile/pr106433.c -Os (test for excess errors)
FAIL: c-c++-common/asan/alloca_big_alignment.c -Os output pattern test
FAIL: c-c++-common/asan/alloca_detect_custom_size.c -Os output pattern test
FAIL: c-c++-common/asan/alloca_overflow_partial.c -Os output pattern test
FAIL: c-c++-common/asan/alloca_overflow_right.c -Os output pattern test
FAIL: c-c++-common/asan/alloca_underflow_left.c -Os output pattern test
FAIL: gcc.dg/memcpy-6.c (test for warnings, line 26)
FAIL: gcc.dg/memcpy-6.c scan-tree-dump-not optimized "memcpy"
FAIL: gcc.dg/memcpy-6.c scan-tree-dump-not optimized "memmove"
FAIL: gcc.dg/pr97172-2.c (test for excess errors)
FAIL: gcc.dg/strlenopt-73.c scan-tree-dump-times optimized "_not_eliminated_" 0
FAIL: gcc.dg/strlenopt-73.c scan-tree-dump-times optimized "strlen" 0
FAIL: gcc.dg/strlenopt-80.c scan-tree-dump-times optimized "failure_on_line \\\\(" 0
FAIL: c-c++-common/goacc/firstprivate-mappings-1.c scan-tree-dump omplower "(?n)#pragma omp target oacc_parallel map\\\\(from:array_so \\\\[len: 4\\\\]\\\\) firstprivate\\\\(array_li.[0-9]+\\\\) map\\\\(tofrom:\\\\(\\\\*array.[0-9]+\\\\) \\\\[len: D\\\\.[0-9]+\\\\]\\\\) map\\\\(firstprivate:array \\\\[pointer assign, bias: 0\\\\]\\\\) \\\\["
FAIL: c-c++-common/goacc/kernels-loop-g.c (test for excess errors)
FAIL: gcc.dg/graphite/scop-19.c scan-tree-dump-times graphite "number of SCoPs: 0" 1
FAIL: gcc-dg-lto-modref-3-01.exe scan-wpa-ipa-dump modref "parm 1 flags: no_direct_clobber no_direct_escape"
FAIL: gcc-dg-lto-modref-4-01.exe scan-wpa-ipa-dump modref "parm 1 flags: no_direct_clobber no_direct_escape"
FAIL: gcc.dg/lto/modref-3 c_lto_modref-3_0.o-c_lto_modref-3_1.o execute -O2 -flto-partition=max -fdump-ipa-modref -fno-ipa-sra -fno-ipa-cp -flto
FAIL: gcc.dg/lto/modref-4 c_lto_modref-4_0.o-c_lto_modref-4_1.o execute -O2 -flto-partition=max -fdump-ipa-modref -fno-ipa-sra -flto
FAIL: gcc.dg/lto/pr113359-2 c_lto_pr113359-2_0.o assemble, -O2 -flto -fno-strict-aliasing -fno-ipa-cp --disable-tree-esra -fdump-ipa-icf-details
FAIL: gcc.dg/lto/pr113359-2 c_lto_pr113359-2_0.o-c_lto_pr113359-2_1.o execute -O2 -flto -fno-strict-aliasing -fno-ipa-cp --disable-tree-esra -fdump-ipa-icf-details
FAIL: gcc.dg/lto/pr61526 c_lto_pr61526_0.o-c_lto_pr61526_1.o link, -fPIC -flto -flto-partition=1to1
FAIL: gcc.dg/lto/pr99849 c_lto_pr99849_0.o-c_lto_pr99849_0.o link, -flto -flto-partition=1to1 -O2 -Wno-incompatible-pointer-types -Wno-discarded-qualifiers -fPIC
FAIL: gcc.dg/plugin/crash-test-write-though-null-sarif.c -fplugin=./crash_test_plugin.so scan-sarif-file "text": "Segmentation fault"
XPASS: gcc.dg/plugin/infoleak-vfio_iommu_type1.c -fplugin=./analyzer_kernel_plugin.so (test for bogus messages, line 42)
XPASS: gcc.dg/plugin/taint-CVE-2011-0521-5-fixed.c -fplugin=./analyzer_kernel_plugin.so (test for bogus messages, line 39)
FAIL: gcc.dg/plugin/taint-CVE-2011-0521-5.c -fplugin=./analyzer_kernel_plugin.so (test for warnings, line 39)
FAIL: gcc.dg/plugin/taint-CVE-2011-0521-6.c -fplugin=./analyzer_kernel_plugin.so (test for warnings, line 36)
FAIL: gcc.dg/torture/builtin-self.c -O0 scan-assembler-not \\tcall
FAIL: gcc.dg/torture/pr71522.c -O1 execution test
FAIL: gcc.dg/torture/pr71522.c -O2 execution test
FAIL: gcc.dg/torture/pr71522.c -O2 -flto execution test
FAIL: gcc.dg/torture/pr71522.c -O2 -flto -flto-partition=none execution test
FAIL: gcc.dg/torture/pr71522.c -O3 -g execution test
FAIL: gcc.dg/torture/pr71522.c -Os execution test
FAIL: gcc.dg/tree-ssa/scev-3.c scan-tree-dump-times ivopts "&a" 1
FAIL: gcc.dg/tree-ssa/scev-5.c scan-tree-dump-times ivopts "&a" 1
FAIL: gcc.dg/vect/vect-ifcvt-18.c -flto -ffat-lto-objects scan-tree-dump vect "vectorized 3 loops"
FAIL: gcc.dg/vect/vect-ifcvt-18.c scan-tree-dump vect "vectorized 3 loops"
XPASS: gcc.dg/vect/vect-reduc-in-order-1.c -flto -ffat-lto-objects execution test
XPASS: gcc.dg/vect/vect-reduc-in-order-1.c execution test
XPASS: gcc.dg/vect/vect-reduc-in-order-2.c -flto -ffat-lto-objects execution test
XPASS: gcc.dg/vect/vect-reduc-in-order-2.c execution test
XPASS: gcc.dg/vect/vect-reduc-in-order-3.c -flto -ffat-lto-objects execution test
XPASS: gcc.dg/vect/vect-reduc-in-order-3.c execution test
XPASS: gcc.dg/vect/vect-reduc-in-order-4.c -flto -ffat-lto-objects execution test
XPASS: gcc.dg/vect/vect-reduc-in-order-4.c execution test
FAIL: outputs-25 exe savetmp named2-4: outputs.args.3
FAIL: outputs-25 exe savetmp named2-4: std out
FAIL: gcc.target/i386/auto-init-3.c scan-assembler-times fldz 3
FAIL: gcc.target/i386/auto-init-5.c scan-assembler-times \\\\.long\\t0 12
FAIL: gcc.target/i386/avx2-dest-false-dep-for-glc.c scan-assembler-times vxorps 4
FAIL: gcc.target/i386/avx2-shiftqihi-constant-2.c (test for excess errors)
UNRESOLVED: gcc.target/i386/avx2-shiftqihi-constant-2.c compilation failed to produce executable
FAIL: gcc.target/i386/avx512fp16-pr101846.c scan-assembler-times vpmovdw 3
XPASS: gcc.target/i386/bitwise_mask_op-3.c scan-assembler-times kmovb[\\t ] 4
XPASS: gcc.target/i386/bitwise_mask_op-3.c scan-assembler-times korb[\\t ] 1
XPASS: gcc.target/i386/bitwise_mask_op-3.c scan-assembler-times kxorb[\\t ] 1
FAIL: gcc.target/i386/harden-sls-4.c scan-assembler jmp[ \\t]+\\\\*_?fptr
FAIL: gcc.target/i386/harden-sls-5.c scan-assembler-times ret 1
FAIL: gcc.target/i386/pad-3.c scan-assembler-not nop
FAIL: gcc.target/i386/pr100704-3.c scan-assembler movl\\tfoooo@GOT\\\\(%ebx\\\\), %eax
FAIL: gcc.target/i386/pr100865-2.c scan-assembler-not vmovdqa
FAIL: gcc.target/i386/pr100865-2.c scan-assembler-times vpbroadcastb[\\\\t ]+%xmm[0-9]+, %xmm[0-9]+ 1
FAIL: gcc.target/i386/pr100865-3.c scan-assembler-not vmovdqa
FAIL: gcc.target/i386/pr100865-3.c scan-assembler-times vpbroadcastb[\\\\t ]+%(?:r|e)[^\\n]*, %xmm[0-9]+ 1
FAIL: gcc.target/i386/pr100865-4a.c scan-assembler-not vmovdqa
FAIL: gcc.target/i386/pr100865-4a.c scan-assembler-times vpbroadcastb[\\\\t ]+%xmm[0-9]+, %ymm[0-9]+ 1
FAIL: gcc.target/i386/pr100865-4b.c scan-assembler-not vmovdqa
FAIL: gcc.target/i386/pr100865-4b.c scan-assembler-times vpbroadcastb[\\\\t ]+%(?:r|e)[^\\n]*, %ymm[0-9]+ 1
FAIL: gcc.target/i386/pr100865-5a.c scan-assembler-not vmovdqa
FAIL: gcc.target/i386/pr100865-5a.c scan-assembler-times vpbroadcastw[\\\\t ]+%xmm[0-9]+, %ymm[0-9]+ 1
FAIL: gcc.target/i386/pr100865-5b.c scan-assembler-not vmovdqa
FAIL: gcc.target/i386/pr100865-5b.c scan-assembler-times vpbroadcastw[\\\\t ]+%(?:r|e)[^\\n]*, %ymm[0-9]+ 1
FAIL: gcc.target/i386/pr100865-6a.c scan-assembler-not vmovdqa
FAIL: gcc.target/i386/pr100865-6a.c scan-assembler-times vpbroadcastd[\\\\t ]+%xmm[0-9]+, %ymm[0-9]+ 1
FAIL: gcc.target/i386/pr100865-6b.c scan-assembler-not vmovdqa
FAIL: gcc.target/i386/pr100865-6b.c scan-assembler-times vpbroadcastd[\\\\t ]+%(?:r|e)[^\\n]*, %ymm[0-9]+ 1
FAIL: gcc.target/i386/pr100865-6c.c scan-assembler-not vmovdqa
FAIL: gcc.target/i386/pr100865-6c.c scan-assembler-times vbroadcastss 1
FAIL: gcc.target/i386/pr100865-7b.c scan-assembler-not vmovdqa
FAIL: gcc.target/i386/pr100865-7b.c scan-assembler-times vpbroadcastq[\\\\t ]+[^\\n]*, %ymm[0-9]+ 1
FAIL: gcc.target/i386/pr101796-1.c scan-assembler-not vpsllvw[ \\\\t]
FAIL: gcc.target/i386/pr101796-1.c scan-assembler-not vpsravw[ \\\\t]
FAIL: gcc.target/i386/pr101796-1.c scan-assembler-not vpsrlvw[ \\\\t]
FAIL: gcc.target/i386/pr101796-1.c scan-assembler-times vpsllw[ \\\\t] 1
FAIL: gcc.target/i386/pr101796-1.c scan-assembler-times vpsraw[ \\\\t] 1
FAIL: gcc.target/i386/pr101796-1.c scan-assembler-times vpsrlw[ \\\\t] 1
FAIL: gcc.target/i386/pr101846-2.c scan-assembler-times vpmovdw 3
FAIL: gcc.target/i386/pr101846-2.c scan-assembler-times vpmovqd 3
FAIL: gcc.target/i386/pr101846-2.c scan-assembler-times vpmovwb 3
FAIL: gcc.target/i386/pr101908-1.c scan-assembler-not (?n)movhpd[ \\\\t]
FAIL: gcc.target/i386/pr101908-3.c scan-assembler-not (?n)movhpd[ \\\\t]+
FAIL: gcc.target/i386/pr101989-broadcast-1.c scan-assembler-times \\\\{1to4\\\\} 4
FAIL: gcc.target/i386/pr102021.c scan-assembler-not vmovdqa
FAIL: gcc.target/i386/pr102021.c scan-assembler-times vpbroadcastq[\\\\t ]+[^\\n]*, %ymm[0-9]+ 1
FAIL: gcc.target/i386/pr102230.c scan-assembler-times movq[\\\\t ]*%mm2, %mm0 1
FAIL: gcc.target/i386/pr107261.c scan-assembler-times movq[\\\\t ]*%mm2, %mm0 1
FAIL: gcc.target/i386/pr11877-2.c scan-assembler-not \\\\\$0,
FAIL: gcc.target/i386/pr11877.c scan-assembler-not \\\\\$0,
FAIL: gcc.target/i386/pr15184-1.c scan-assembler-times movb[ \\\\t]+%al 4
FAIL: gcc.target/i386/pr36502.c scan-assembler-not esp
FAIL: gcc.target/i386/pr54855-3.c scan-assembler-not movsd
FAIL: gcc.target/i386/pr54855-7.c scan-assembler-not movss
FAIL: gcc.target/i386/pr64110.c scan-assembler vmovd[\\\\t ]
FAIL: gcc.target/i386/pr66334.c scan-assembler movl[ \\\\t].+, %ebx
FAIL: gcc.target/i386/pr70321.c scan-assembler-times mov 2
FAIL: gcc.target/i386/pr71321.c scan-assembler-not lea.*0
FAIL: gcc.target/i386/pr78035.c scan-assembler-times cmp 2
FAIL: gcc.target/i386/pr78794.c scan-assembler pandn
FAIL: gcc.target/i386/pr81736-5.c scan-assembler-not %[re]bp
FAIL: gcc.target/i386/pr85667-6.c scan-assembler-times flds[^\\n\\r]* 1
FAIL: gcc.target/i386/pr88414.c (test for excess errors)
FAIL: gcc.target/i386/pr90773-17.c scan-assembler-times vpbroadcastb 1
FAIL: gcc.target/i386/pr92651.c scan-assembler-times sub 2
FAIL: gcc.target/i386/pr94913-2.c scan-assembler-times add 9
FAIL: gcc.target/i386/pr95852-2.c scan-assembler-times \\tseto\\t 12
FAIL: gcc.target/i386/pr95852-4.c scan-assembler-times \\tseto\\t 12
FAIL: gcc.target/i386/pr97873-1.c scan-assembler pabsq
FAIL: gcc.target/i386/pr98060.c scan-assembler-not set
FAIL: gcc.target/i386/ret-thunk-22.c scan-assembler call[ \\\\t]*___x86.get_pc_thunk.cx
FAIL: gcc.target/i386/ret-thunk-23.c scan-assembler call[ \\\\t]*___x86.get_pc_thunk.cx
FAIL: gcc.target/i386/ret-thunk-24.c scan-assembler call[ \\\\t]*___x86.get_pc_thunk.cx
FAIL: gcc.target/i386/stack-check-17.c scan-assembler-times push[ql] 5
FAIL: gcc.target/i386/vect8-ret.c scan-assembler-times movq 1
=== gcc Summary for unix/-m32 ===
# of expected passes 173856
# of unexpected failures 119
# of unexpected successes 13
# of expected failures 1441
# of unresolved testcases 1
# of unsupported tests 5701
Running target unix/-m64
FAIL: gcc.c-torture/compile/pr106433.c -O0 (test for excess errors)
FAIL: gcc.c-torture/compile/pr106433.c -O1 (test for excess errors)
FAIL: gcc.c-torture/compile/pr106433.c -O2 (test for excess errors)
FAIL: gcc.c-torture/compile/pr106433.c -O2 -flto (test for excess errors)
FAIL: gcc.c-torture/compile/pr106433.c -O2 -flto -flto-partition=none (test for excess errors)
FAIL: gcc.c-torture/compile/pr106433.c -O3 -fomit-frame-pointer -funroll-loops -fpeel-loops -ftracer -finline-functions (test for excess errors)
FAIL: gcc.c-torture/compile/pr106433.c -O3 -g (test for excess errors)
FAIL: gcc.c-torture/compile/pr106433.c -Os (test for excess errors)
FAIL: c-c++-common/asan/alloca_big_alignment.c -Os output pattern test
FAIL: c-c++-common/asan/alloca_detect_custom_size.c -Os output pattern test
FAIL: c-c++-common/asan/alloca_overflow_partial.c -Os output pattern test
FAIL: c-c++-common/asan/alloca_overflow_right.c -Os output pattern test
FAIL: c-c++-common/asan/alloca_underflow_left.c -Os output pattern test
WARNING: gcc.dg/atomic/c11-atomic-exec-4.c -O0 execution test program timed out.
FAIL: gcc.dg/atomic/c11-atomic-exec-4.c -O0 execution test
WARNING: gcc.dg/atomic/c11-atomic-exec-4.c -O1 execution test program timed out.
FAIL: gcc.dg/atomic/c11-atomic-exec-4.c -O1 execution test
WARNING: gcc.dg/atomic/c11-atomic-exec-4.c -O2 execution test program timed out.
FAIL: gcc.dg/atomic/c11-atomic-exec-4.c -O2 execution test
WARNING: gcc.dg/atomic/c11-atomic-exec-4.c -O2 -flto execution test program timed out.
FAIL: gcc.dg/atomic/c11-atomic-exec-4.c -O2 -flto execution test
WARNING: gcc.dg/atomic/c11-atomic-exec-5.c -O0 execution test program timed out.
FAIL: gcc.dg/atomic/c11-atomic-exec-5.c -O0 execution test
WARNING: gcc.dg/atomic/c11-atomic-exec-5.c -O1 execution test program timed out.
FAIL: gcc.dg/atomic/c11-atomic-exec-5.c -O1 execution test
WARNING: gcc.dg/atomic/c11-atomic-exec-5.c -O3 -fomit-frame-pointer -funroll-loops -fpeel-loops -ftracer -finline-functions execution test program timed out.
FAIL: gcc.dg/atomic/c11-atomic-exec-5.c -O3 -fomit-frame-pointer -funroll-loops -fpeel-loops -ftracer -finline-functions execution test
FAIL: gcc.dg/pr97172-2.c (test for excess errors)
FAIL: gcc.dg/strlenopt-73.c scan-tree-dump-times optimized "_not_eliminated_" 0
FAIL: gcc.dg/strlenopt-73.c scan-tree-dump-times optimized "strlen" 0
FAIL: gcc.dg/strlenopt-80.c scan-tree-dump-times optimized "failure_on_line \\\\(" 0
FAIL: gcc.dg/strlenopt-82.c scan-tree-dump-times optimized "call_in_true_branch_not_eliminated_" 0
FAIL: gcc.dg/graphite/scop-19.c scan-tree-dump-times graphite "number of SCoPs: 0" 1
FAIL: gcc-dg-lto-modref-3-01.exe scan-wpa-ipa-dump modref "parm 1 flags: no_direct_clobber no_direct_escape"
FAIL: gcc-dg-lto-modref-4-01.exe scan-wpa-ipa-dump modref "parm 1 flags: no_direct_clobber no_direct_escape"
FAIL: gcc.dg/lto/modref-3 c_lto_modref-3_0.o-c_lto_modref-3_1.o execute -O2 -flto-partition=max -fdump-ipa-modref -fno-ipa-sra -fno-ipa-cp -flto
FAIL: gcc.dg/lto/modref-4 c_lto_modref-4_0.o-c_lto_modref-4_1.o execute -O2 -flto-partition=max -fdump-ipa-modref -fno-ipa-sra -flto
FAIL: gcc.dg/lto/pr61526 c_lto_pr61526_0.o-c_lto_pr61526_1.o link, -fPIC -flto -flto-partition=1to1
FAIL: gcc.dg/lto/pr99849 c_lto_pr99849_0.o-c_lto_pr99849_0.o link, -flto -flto-partition=1to1 -O2 -Wno-incompatible-pointer-types -Wno-discarded-qualifiers -fPIC
FAIL: gcc.dg/plugin/crash-test-write-though-null-sarif.c -fplugin=./crash_test_plugin.so scan-sarif-file "text": "Segmentation fault"
XPASS: gcc.dg/plugin/taint-CVE-2011-0521-5-fixed.c -fplugin=./analyzer_kernel_plugin.so (test for bogus messages, line 39)
FAIL: gcc.dg/plugin/taint-CVE-2011-0521-5.c -fplugin=./analyzer_kernel_plugin.so (test for warnings, line 39)
FAIL: gcc.dg/plugin/taint-CVE-2011-0521-6.c -fplugin=./analyzer_kernel_plugin.so (test for warnings, line 36)
XPASS: gcc.dg/tree-ssa/builtin-snprintf-6.c scan-tree-dump-times optimized "Function test_assign_aggregate" 1
XPASS: gcc.dg/tree-ssa/pr91091-2.c scan-tree-dump-times fre1 "x = " 1
XPASS: gcc.dg/tree-ssa/ssa-fre-100.c scan-tree-dump-not fre1 "baz"
XPASS: gcc.dg/tree-ssa/ssa-fre-77.c scan-tree-dump fre1 "return 1;"
FAIL: gcc.dg/vect/vect-ifcvt-18.c -flto -ffat-lto-objects scan-tree-dump vect "vectorized 3 loops"
FAIL: gcc.dg/vect/vect-ifcvt-18.c scan-tree-dump vect "vectorized 3 loops"
FAIL: outputs-25 exe savetmp named2-4: outputs.args.3
FAIL: outputs-25 exe savetmp named2-4: std out
FAIL: gcc.target/i386/amxtile-4.c scan-assembler-times pxor[^\\n]*%xmm 1
FAIL: gcc.target/i386/auto-init-5.c scan-assembler-times \\\\.long\\t0 14
FAIL: gcc.target/i386/auto-init-6.c scan-assembler-times long\\t0 8
FAIL: gcc.target/i386/avx2-dest-false-dep-for-glc.c scan-assembler-times vxorps 4
FAIL: gcc.target/i386/avx2-shiftqihi-constant-2.c (test for excess errors)
UNRESOLVED: gcc.target/i386/avx2-shiftqihi-constant-2.c compilation failed to produce executable
FAIL: gcc.target/i386/avx512bw-pr103750-2.c scan-assembler-not kmov
FAIL: gcc.target/i386/avx512bw-pr88465.c scan-assembler-times kxnor[dq][ \\t] 2
FAIL: gcc.target/i386/avx512dq-pr88465.c scan-assembler-times kxnorb[ \\t] 1
FAIL: gcc.target/i386/avx512f-pr103750-2.c scan-assembler-not kmov
FAIL: gcc.target/i386/avx512f-pr88465.c scan-assembler-times kxnorw[ \\t] 1
FAIL: gcc.target/i386/avx512fp16-pr103750-2.c scan-assembler-not kmov
XPASS: gcc.target/i386/bitwise_mask_op-3.c scan-assembler-times kmovb[\\t ] 4
XPASS: gcc.target/i386/bitwise_mask_op-3.c scan-assembler-times korb[\\t ] 1
XPASS: gcc.target/i386/bitwise_mask_op-3.c scan-assembler-times kxorb[\\t ] 1
FAIL: gcc.target/i386/harden-sls-4.c scan-assembler jmp[ \\t]+\\\\*_?fptr
FAIL: gcc.target/i386/pr100704-3.c scan-assembler push[lq]\\tfoooo+
FAIL: gcc.target/i386/pr101908-1.c scan-assembler-not (?n)movhpd[ \\\\t]
FAIL: gcc.target/i386/pr101908-3.c scan-assembler-not (?n)movhpd[ \\\\t]+
FAIL: gcc.target/i386/pr104704-1.c (test for excess errors)
UNRESOLVED: gcc.target/i386/pr104704-1.c compilation failed to produce executable
FAIL: gcc.target/i386/pr104704-4.c (test for excess errors)
UNRESOLVED: gcc.target/i386/pr104704-4.c compilation failed to produce executable
FAIL: gcc.target/i386/pr107548-1.c scan-assembler-not addl
FAIL: gcc.target/i386/pr107548-1.c scan-assembler-times \\tv?movd\\t 3
FAIL: gcc.target/i386/pr107548-1.c scan-assembler-times v?paddd 6
FAIL: gcc.target/i386/pr107548-2.c scan-assembler v?psrldq
FAIL: gcc.target/i386/pr107548-2.c scan-assembler-not \\taddq\\t
FAIL: gcc.target/i386/pr107548-2.c scan-assembler-times v?paddq 2
FAIL: gcc.target/i386/pr110227.c (test for excess errors)
FAIL: gcc.target/i386/pr11877-2.c scan-assembler-not \\\\\$0,
FAIL: gcc.target/i386/pr11877.c scan-assembler-not \\\\\$0,
FAIL: gcc.target/i386/pr34256.c scan-assembler-times mov 5
FAIL: gcc.target/i386/pr45685.c scan-assembler-times cmov 6
FAIL: gcc.target/i386/pr71321.c scan-assembler-not lea.*0
FAIL: gcc.target/i386/pr78035.c scan-assembler-times cmp 2
FAIL: gcc.target/i386/pr90773-1.c scan-assembler-times movq[\\\\t ]+\\\\(%[^,]+\\\\), 1
FAIL: gcc.target/i386/pr92651.c scan-assembler-times sub 2
FAIL: gcc.target/i386/pr94650.c scan-assembler-not movabs
FAIL: gcc.target/i386/pr94650.c scan-assembler-times shr 3
FAIL: gcc.target/i386/pr98060.c scan-assembler-not set
FAIL: gcc.target/i386/sse2-v1ti-logic-2.c scan-assembler-times por 2
FAIL: gcc.target/i386/stackalign/pr88483-1.c -mno-stackrealign scan-assembler-not and[lq]?[^\\\\n]*-[0-9]+,[^\\\\n]*sp
FAIL: gcc.target/i386/stackalign/pr88483-1.c -mstackrealign scan-assembler-not and[lq]?[^\\\\n]*-[0-9]+,[^\\\\n]*sp
=== gcc Summary for unix/-m64 ===
# of expected passes 177275
# of unexpected failures 77
# of unexpected successes 8
# of expected failures 1432
# of unresolved testcases 3
# of unsupported tests 5056
=== gcc Summary ===
# of expected passes 351131
# of unexpected failures 196
# of unexpected successes 21
# of expected failures 2873
# of unresolved testcases 4
# of unsupported tests 10757
/scratch/10-13-his/gcc-13-i686/gcc/xgcc version 13.2.1 20240514 [releases/gcc-13 revision r13-8774-g1db45e83021a] (GCC)
=== gdc tests ===
Running target unix/-m32
UNRESOLVED: gdc.test/runnable_cxx/cpp_stdlib.d compilation failed to produce executable
UNRESOLVED: gdc.test/runnable_cxx/cpp_stdlib.d -shared-libphobos compilation failed to produce executable
UNRESOLVED: gdc.test/runnable_cxx/cppa.d compilation failed to produce executable
UNRESOLVED: gdc.test/runnable_cxx/cppa.d -g compilation failed to produce executable
UNRESOLVED: gdc.test/runnable_cxx/cppa.d -g -shared-libphobos compilation failed to produce executable
UNRESOLVED: gdc.test/runnable_cxx/cppa.d -shared-libphobos compilation failed to produce executable
=== gdc Summary for unix/-m32 ===
# of expected passes 12257
# of unresolved testcases 6
# of unsupported tests 608
Running target unix/-m64
FAIL: gdc.test/runnable/test23514.d execution test
FAIL: gdc.test/runnable/test23514.d -shared-libphobos execution test
FAIL: gdc.test/runnable/testaa.d execution test
FAIL: gdc.test/runnable/testaa.d -fPIC execution test
FAIL: gdc.test/runnable/testaa.d -fPIC -shared-libphobos execution test
FAIL: gdc.test/runnable/testaa.d -shared-libphobos execution test
=== gdc Summary for unix/-m64 ===
# of expected passes 12261
# of unexpected failures 6
# of unsupported tests 607
=== gdc Summary ===
# of expected passes 24518
# of unexpected failures 6
# of unresolved testcases 6
# of unsupported tests 1215
/scratch/10-13-his/gcc-13-i686/gcc/gdc version 13.2.1 20240514 [releases/gcc-13 revision r13-8774-g1db45e83021a] (GCC)
=== gfortran tests ===
Running target unix/-m32
=== gfortran Summary for unix/-m32 ===
# of expected passes 68104
# of expected failures 261
# of unsupported tests 242
Running target unix/-m64
=== gfortran Summary for unix/-m64 ===
# of expected passes 68414
# of expected failures 259
# of unsupported tests 96
=== gfortran Summary ===
# of expected passes 136518
# of expected failures 520
# of unsupported tests 338
/scratch/10-13-his/gcc-13-i686/gcc/gfortran version 13.2.1 20240514 [releases/gcc-13 revision r13-8774-g1db45e83021a] (GCC)
=== gm2 tests ===
Running target unix/-m32
FAIL: gm2/iso/run/pass/m2date.mod execution, -O
FAIL: gm2/iso/run/pass/m2date.mod execution, -O -g
FAIL: gm2/iso/run/pass/m2date.mod execution, -O3 -fomit-frame-pointer
FAIL: gm2/iso/run/pass/m2date.mod execution, -O3 -fomit-frame-pointer -finline-functions
FAIL: gm2/iso/run/pass/m2date.mod execution, -Os
FAIL: gm2/iso/run/pass/m2date.mod execution, -g
FAIL: gm2/iso/run/pass/testclock.mod execution, -O
FAIL: gm2/iso/run/pass/testclock.mod execution, -O -g
FAIL: gm2/iso/run/pass/testclock.mod execution, -O3 -fomit-frame-pointer
FAIL: gm2/iso/run/pass/testclock.mod execution, -O3 -fomit-frame-pointer -finline-functions
FAIL: gm2/iso/run/pass/testclock.mod execution, -Os
FAIL: gm2/iso/run/pass/testclock.mod execution, -g
FAIL: gm2/pim/pass/TestLong4.mod, -O
FAIL: gm2/pim/pass/TestLong4.mod, -O -g
FAIL: gm2/pim/pass/TestLong4.mod, -O3 -fomit-frame-pointer
FAIL: gm2/pim/pass/TestLong4.mod, -O3 -fomit-frame-pointer -finline-functions
FAIL: gm2/pim/pass/TestLong4.mod, -Os
FAIL: gm2/pim/pass/TestLong4.mod, -g
=== gm2 Summary for unix/-m32 ===
# of expected passes 12553
# of unexpected failures 18
Running target unix/-m64
FAIL: gm2/iso/run/pass/adraddress.mod execution, -Os
FAIL: gm2/iso/run/pass/m2date.mod execution, -O
FAIL: gm2/iso/run/pass/m2date.mod execution, -O -g
FAIL: gm2/iso/run/pass/m2date.mod execution, -O3 -fomit-frame-pointer
FAIL: gm2/iso/run/pass/m2date.mod execution, -O3 -fomit-frame-pointer -finline-functions
FAIL: gm2/iso/run/pass/m2date.mod execution, -Os
FAIL: gm2/iso/run/pass/m2date.mod execution, -g
FAIL: gm2/iso/run/pass/testclock.mod execution, -O
FAIL: gm2/iso/run/pass/testclock.mod execution, -O -g
FAIL: gm2/iso/run/pass/testclock.mod execution, -O3 -fomit-frame-pointer
FAIL: gm2/iso/run/pass/testclock.mod execution, -O3 -fomit-frame-pointer -finline-functions
FAIL: gm2/iso/run/pass/testclock.mod execution, -Os
FAIL: gm2/iso/run/pass/testclock.mod execution, -g
=== gm2 Summary for unix/-m64 ===
# of expected passes 12558
# of unexpected failures 13
=== gm2 Summary ===
# of expected passes 25111
# of unexpected failures 31
=== gnat tests ===
Running target unix/-m32
FAIL: gnat.dg/bias1.adb scan-assembler DW_AT_GNU_bias
=== gnat Summary for unix/-m32 ===
# of expected passes 3407
# of unexpected failures 1
# of expected failures 23
# of unsupported tests 16
Running target unix/-m64
FAIL: gnat.dg/bias1.adb scan-assembler DW_AT_GNU_bias
=== gnat Summary for unix/-m64 ===
# of expected passes 3408
# of unexpected failures 1
# of expected failures 23
# of unsupported tests 14
=== gnat Summary ===
# of expected passes 6815
# of unexpected failures 2
# of expected failures 46
# of unsupported tests 30
/scratch/10-13-his/gcc-13-i686/gcc/gnatmake version 13.2.1 20240514 [releases/gcc-13 revision r13-8774-g1db45e83021a]
=== jit tests ===
Running target unix/-m32
FAIL: test-combination.c.exe killed: 71092 exp10 0 0 CHILDKILLED SIGSEGV {segmentation violation}
FAIL: test-expressions.c.exe iteration 1 of 5: verify_casts: actual: test_cast_from_int_to_float (4) != expected: 4.0
FAIL: test-expressions.c.exe killed: 73943 exp10 0 0 CHILDKILLED SIGABRT SIGABRT
FAIL: test-threads.c.exe killed: 48889 exp10 0 0 CHILDKILLED SIGABRT SIGABRT
FAIL: test-threads.c.exe: verify_code_fibonacci: result is NULL
FAIL: test-tls.c.exe killed: 55610 exp10 0 0 CHILDKILLED SIGSEGV {segmentation violation}
=== jit Summary for unix/-m32 ===
# of expected passes 7254
# of unexpected failures 6
# of unsupported tests 8
Running target unix/-m64
=== jit Summary for unix/-m64 ===
=== jit Summary ===
# of expected passes 7254
# of unexpected failures 6
# of unsupported tests 8
=== obj-c++ tests ===
Running target unix/-m64
=== obj-c++ Summary for unix/-m64 ===
# of expected passes 3198
# of expected failures 22
# of unsupported tests 71
Running target unix/-m32
=== obj-c++ Summary for unix/-m32 ===
# of expected passes 3232
# of expected failures 4
# of unsupported tests 69
=== obj-c++ Summary ===
# of expected passes 6430
# of expected failures 26
# of unsupported tests 140
/scratch/10-13-his/gcc-13-i686/gcc/xg++ version 13.2.1 20240514 [releases/gcc-13 revision r13-8774-g1db45e83021a] (GCC)
=== objc tests ===
Running target unix/-m32
=== objc Summary for unix/-m32 ===
# of expected passes 5774
# of expected failures 7
# of unsupported tests 84
Running target unix/-m64
=== objc Summary for unix/-m64 ===
# of expected passes 5750
# of expected failures 13
# of unsupported tests 87
=== objc Summary ===
# of expected passes 11524
# of expected failures 20
# of unsupported tests 171
/scratch/10-13-his/gcc-13-i686/gcc/xgcc version 13.2.1 20240514 [releases/gcc-13 revision r13-8774-g1db45e83021a] (GCC)
=== libatomic tests ===
Running target unix/-m64
=== libatomic Summary for unix/-m64 ===
# of expected passes 54
Running target unix/-m32
=== libatomic Summary for unix/-m32 ===
# of expected passes 44
# of unsupported tests 5
=== libatomic Summary ===
# of expected passes 98
# of unsupported tests 5
=== libgomp tests ===
Running target unix/-m32
WARNING: libgomp.c++/task-reduction-10.C execution test program timed out.
FAIL: libgomp.c++/task-reduction-10.C execution test
WARNING: libgomp.c++/task-reduction-8.C execution test program timed out.
FAIL: libgomp.c++/task-reduction-8.C execution test
FAIL: libgomp.c/simd-math-1.c (test for excess errors)
UNRESOLVED: libgomp.c/simd-math-1.c compilation failed to produce executable
FAIL: libgomp.oacc-c++/../libgomp.oacc-c-c++-common/kernels-loop-g.c -DACC_DEVICE_TYPE_host=1 -DACC_MEM_SHARED=1 -foffload=disable -O2 (test for excess errors)
UNRESOLVED: libgomp.oacc-c++/../libgomp.oacc-c-c++-common/kernels-loop-g.c -DACC_DEVICE_TYPE_host=1 -DACC_MEM_SHARED=1 -foffload=disable -O2 compilation failed to produce executable
FAIL: libgomp.oacc-c/../libgomp.oacc-c-c++-common/kernels-loop-g.c -DACC_DEVICE_TYPE_host=1 -DACC_MEM_SHARED=1 -foffload=disable -O2 (test for excess errors)
UNRESOLVED: libgomp.oacc-c/../libgomp.oacc-c-c++-common/kernels-loop-g.c -DACC_DEVICE_TYPE_host=1 -DACC_MEM_SHARED=1 -foffload=disable -O2 compilation failed to produce executable
=== libgomp Summary for unix/-m32 ===
# of expected passes 15143
# of unexpected failures 5
# of expected failures 285
# of unresolved testcases 3
# of unsupported tests 679
Running target unix/-m64
WARNING: libgomp.c++/task-reduction-10.C execution test program timed out.
FAIL: libgomp.c++/task-reduction-10.C execution test
FAIL: libgomp.c/simd-math-1.c (test for excess errors)
UNRESOLVED: libgomp.c/simd-math-1.c compilation failed to produce executable
=== libgomp Summary for unix/-m64 ===
# of expected passes 15149
# of unexpected failures 2
# of expected failures 285
# of unresolved testcases 1
# of unsupported tests 678
=== libgomp Summary ===
# of expected passes 30292
# of unexpected failures 7
# of expected failures 570
# of unresolved testcases 4
# of unsupported tests 1357
=== libitm tests ===
Running target unix/-m64
=== libitm Summary for unix/-m64 ===
# of expected passes 42
# of expected failures 3
# of unsupported tests 2
Running target unix/-m32
=== libitm Summary for unix/-m32 ===
# of expected passes 42
# of expected failures 3
# of unsupported tests 2
=== libitm Summary ===
# of expected passes 84
# of expected failures 6
# of unsupported tests 4
=== libphobos tests ===
Running target unix/-m32
FAIL: libphobos.allocations/tls_gc_integration.d execution test
FAIL: libphobos.druntime/core/internal/gc/impl/conservative/gc.d (test for excess errors)
FAIL: libphobos.druntime_shared/core/internal/gc/impl/conservative/gc.d (test for excess errors)
FAIL: libphobos.druntime_shared/core/thread/threadbase.d execution test
FAIL: libphobos.druntime_shared/core/time.d execution test
FAIL: libphobos.druntime_shared/rt/monitor_.d execution test
FAIL: libphobos.gc/precisegc.d execution test
FAIL: libphobos.phobos/std/complex.d execution test
FAIL: libphobos.phobos_shared/std/complex.d execution test
WARNING: libphobos.phobos_shared/std/concurrency.d execution test program timed out.
FAIL: libphobos.phobos_shared/std/concurrency.d execution test
FAIL: libphobos.phobos_shared/std/regex/internal/tests.d execution test
FAIL: libphobos.shared/host.c -ldl -pthread execution test
FAIL: libphobos.shared/load.d -shared-libphobos -ldl execution test
FAIL: libphobos.shared/load_linkdep.d -shared-libphobos -ldl execution test
FAIL: libphobos.thread/tlsgc_sections.d execution test
=== libphobos Summary for unix/-m32 ===
# of expected passes 1066
# of unexpected failures 15
# of unsupported tests 1
Running target unix/-m64
FAIL: libphobos.allocations/tls_gc_integration.d execution test
FAIL: libphobos.druntime_shared/core/thread/threadbase.d execution test
FAIL: libphobos.druntime_shared/core/time.d execution test
FAIL: libphobos.druntime_shared/rt/monitor_.d execution test
FAIL: libphobos.gc/precisegc.d execution test
FAIL: libphobos.phobos/std/array.d execution test
FAIL: libphobos.phobos_shared/std/array.d execution test
WARNING: libphobos.phobos_shared/std/concurrency.d execution test program timed out.
FAIL: libphobos.phobos_shared/std/concurrency.d execution test
FAIL: libphobos.phobos_shared/std/logger/core.d execution test
FAIL: libphobos.phobos_shared/std/regex/internal/tests.d execution test
FAIL: libphobos.shared/host.c -ldl -pthread execution test
FAIL: libphobos.shared/load.d -shared-libphobos -ldl execution test
FAIL: libphobos.shared/load_linkdep.d -shared-libphobos -ldl execution test
FAIL: libphobos.thread/tlsgc_sections.d execution test
=== libphobos Summary for unix/-m64 ===
# of expected passes 1067
# of unexpected failures 14
# of unsupported tests 1
=== libphobos Summary ===
# of expected passes 2133
# of unexpected failures 29
# of unsupported tests 2
=== libstdc++ tests ===
Running target unix/-m32
FAIL: 17_intro/headers/c++1998/charset.cc (test for excess errors)
FAIL: 17_intro/headers/c++2011/charset.cc (test for excess errors)
FAIL: 17_intro/headers/c++2014/charset.cc (test for excess errors)
FAIL: 17_intro/headers/c++2017/charset.cc (test for excess errors)
FAIL: 17_intro/headers/c++2020/charset.cc (test for excess errors)
WARNING: 30_threads/future/members/93456.cc execution test program timed out.
FAIL: 30_threads/future/members/93456.cc execution test
FAIL: std/ranges/access/ssize.cc (test for excess errors)
UNRESOLVED: std/ranges/access/ssize.cc compilation failed to produce executable
=== libstdc++ Summary for unix/-m32 ===
# of expected passes 14752
# of unexpected failures 7
# of expected failures 107
# of unresolved testcases 1
# of unsupported tests 795
Running target unix/-m64
FAIL: 17_intro/headers/c++1998/charset.cc (test for excess errors)
FAIL: 17_intro/headers/c++2011/charset.cc (test for excess errors)
FAIL: 17_intro/headers/c++2014/charset.cc (test for excess errors)
FAIL: 17_intro/headers/c++2017/charset.cc (test for excess errors)
FAIL: 17_intro/headers/c++2020/charset.cc (test for excess errors)
=== libstdc++ Summary for unix/-m64 ===
# of expected passes 14749
# of unexpected failures 5
# of expected failures 107
# of unsupported tests 798
=== libstdc++ Summary ===
# of expected passes 29501
# of unexpected failures 12
# of expected failures 214
# of unresolved testcases 1
# of unsupported tests 1593
Compiler version: 13.2.1 20240514 [releases/gcc-13 revision r13-8774-g1db45e83021a] (GCC)
Platform: i686-apple-darwin17
configure flags: --prefix=/opt/iains/i686-apple-darwin17/gcc-13-3-wip --build=i686-apple-darwin17 --with-sysroot=/Library/Developer/CommandLineTools/SDKs/MacOSX.sdk --enable-languages=all CC=i686-apple-darwin17-gcc CXX=i686-apple-darwin17-g++ --enable-host-shared --disable-libstdcxx-pch
More information about the Gcc-testresults
mailing list