Results of testsuite (branch: master; revision: r14-8681; build config: O3; languages: all; tasks: build 48, test 48) on aarch64-linux-gnu.
Toon Moene
toon@moene.org
Thu Feb 1 16:00:06 GMT 2024
LAST_UPDATED: Thu Feb 1 09:02:28 UTC 2024 (revision r14-8681-gceb242f5302)
Native configuration is aarch64-unknown-linux-gnu
=== libatomic tests ===
Running target unix
=== libatomic Summary ===
# of expected passes 54
=== libffi tests ===
Running target unix
=== libffi Summary ===
# of expected passes 1574
=== libgo tests ===
Running target unix
=== libgo Summary ===
# of expected passes 196
/dev/shm/bld2343/./gcc/gccgo version 14.0.1 20240131 (experimental) [master r14-8681-gceb242f5302] (GCC)
=== libgomp tests ===
Running target unix
=== libgomp Summary ===
# of expected passes 16201
# of expected failures 285
# of unsupported tests 628
=== libitm tests ===
Running target unix
=== libitm Summary ===
# of expected passes 44
# of expected failures 3
# of unsupported tests 1
=== libphobos tests ===
Running target unix
FAIL: libphobos.exceptions/rt_trap_exceptions.d output pattern test
FAIL: libphobos.lifetime/large_aggregate_destroy_21097.d (test for excess errors)
UNRESOLVED: libphobos.lifetime/large_aggregate_destroy_21097.d compilation failed to produce executable
WARNING: libphobos.phobos/std/algorithm/iteration.d (test for excess errors) program timed out.
FAIL: libphobos.phobos/std/algorithm/iteration.d (test for excess errors)
UNRESOLVED: libphobos.phobos/std/algorithm/iteration.d compilation failed to produce executable
WARNING: libphobos.phobos/std/container/rbtree.d (test for excess errors) program timed out.
FAIL: libphobos.phobos/std/container/rbtree.d (test for excess errors)
UNRESOLVED: libphobos.phobos/std/container/rbtree.d compilation failed to produce executable
WARNING: libphobos.phobos/std/conv.d (test for excess errors) program timed out.
FAIL: libphobos.phobos/std/conv.d (test for excess errors)
UNRESOLVED: libphobos.phobos/std/conv.d compilation failed to produce executable
WARNING: libphobos.phobos/std/datetime/date.d (test for excess errors) program timed out.
FAIL: libphobos.phobos/std/datetime/date.d (test for excess errors)
UNRESOLVED: libphobos.phobos/std/datetime/date.d compilation failed to produce executable
FAIL: libphobos.phobos/std/format/internal/floats.d (test for excess errors)
FAIL: libphobos.phobos/std/format/internal/floats.d execution test
FAIL: libphobos.phobos/std/format/internal/write.d execution test
FAIL: libphobos.phobos/std/internal/math/gammafunction.d execution test
FAIL: libphobos.phobos/std/math/hardware.d execution test
FAIL: libphobos.phobos/std/math/rounding.d execution test
WARNING: libphobos.phobos/std/range/package.d (test for excess errors) program timed out.
FAIL: libphobos.phobos/std/range/package.d (test for excess errors)
UNRESOLVED: libphobos.phobos/std/range/package.d compilation failed to produce executable
WARNING: libphobos.phobos_shared/std/container/rbtree.d (test for excess errors) program timed out.
FAIL: libphobos.phobos_shared/std/container/rbtree.d (test for excess errors)
UNRESOLVED: libphobos.phobos_shared/std/container/rbtree.d compilation failed to produce executable
WARNING: libphobos.phobos_shared/std/conv.d (test for excess errors) program timed out.
FAIL: libphobos.phobos_shared/std/conv.d (test for excess errors)
UNRESOLVED: libphobos.phobos_shared/std/conv.d compilation failed to produce executable
WARNING: libphobos.phobos_shared/std/datetime/date.d (test for excess errors) program timed out.
FAIL: libphobos.phobos_shared/std/datetime/date.d (test for excess errors)
UNRESOLVED: libphobos.phobos_shared/std/datetime/date.d compilation failed to produce executable
FAIL: libphobos.phobos_shared/std/format/internal/floats.d (test for excess errors)
FAIL: libphobos.phobos_shared/std/format/internal/floats.d execution test
FAIL: libphobos.phobos_shared/std/format/internal/write.d execution test
FAIL: libphobos.phobos_shared/std/internal/math/gammafunction.d execution test
FAIL: libphobos.phobos_shared/std/math/hardware.d execution test
FAIL: libphobos.phobos_shared/std/math/rounding.d execution test
WARNING: libphobos.phobos_shared/std/range/package.d (test for excess errors) program timed out.
FAIL: libphobos.phobos_shared/std/range/package.d (test for excess errors)
UNRESOLVED: libphobos.phobos_shared/std/range/package.d compilation failed to produce executable
=== libphobos Summary ===
# of expected passes 1090
# of unexpected failures 23
# of unresolved testcases 10
=== libstdc++ tests ===
Running target unix
=== libstdc++ Summary ===
# of expected passes 17394
# of expected failures 126
# of unsupported tests 740
=== acats tests ===
=== acats Summary ===
# of expected passes 2328
# of unexpected failures 0
=== gcc tests ===
Running target unix
FAIL: gcc.dg/float-exact-1.c execution test
XPASS: c-c++-common/gomp/pr63328.c (test for excess errors)
XPASS: gcc.dg/gomp/pr87895-2.c (test for excess errors)
FAIL: gcc.dg/tree-ssa/ssa-dom-thread-7.c scan-tree-dump thread2 "Jumps threaded: 18"
FAIL: gcc.target/aarch64/vget_set_lane_1.c scan-assembler-times ins\\\\tv0.s\\\\[1\\\\], v1.s\\\\[0\\\\] 3
FAIL: gcc.target/aarch64/sve/mask_struct_store_4.c scan-assembler-not \\\\tst2b\\\\t.z[0-9]
FAIL: gcc.target/aarch64/sve/mask_struct_store_4.c scan-assembler-not \\\\tst2h\\\\t.z[0-9]
FAIL: gcc.target/aarch64/sve/mask_struct_store_4.c scan-assembler-not \\\\tst2w\\\\t.z[0-9]
FAIL: gcc.target/aarch64/sve/mask_struct_store_4.c scan-assembler-not \\\\tst2d\\\\t.z[0-9]
=== gcc Summary ===
# of expected passes 336171
# of unexpected failures 7
# of unexpected successes 2
# of expected failures 1770
# of unsupported tests 5462
/dev/shm/bld2343/gcc/xgcc version 14.0.1 20240131 (experimental) [master r14-8681-gceb242f5302] (GCC)
=== gdc tests ===
Running target unix
=== gdc Summary ===
# of expected passes 13453
# of unsupported tests 111
/dev/shm/bld2343/gcc/gdc version 14.0.1 20240131 (experimental) [master r14-8681-gceb242f5302] (GCC)
=== gfortran tests ===
Running target unix
FAIL: gfortran.dg/ieee/modes_1.f90 -O0 execution test
FAIL: gfortran.dg/ieee/modes_1.f90 -O1 execution test
FAIL: gfortran.dg/ieee/modes_1.f90 -O2 execution test
FAIL: gfortran.dg/ieee/modes_1.f90 -O3 -fomit-frame-pointer -funroll-loops -fpeel-loops -ftracer -finline-functions execution test
FAIL: gfortran.dg/ieee/modes_1.f90 -O3 -g execution test
FAIL: gfortran.dg/ieee/modes_1.f90 -Os execution test
=== gfortran Summary ===
# of expected passes 68610
# of unexpected failures 6
# of expected failures 273
# of unsupported tests 169
/dev/shm/bld2343/gcc/gfortran version 14.0.1 20240131 (experimental) [master r14-8681-gceb242f5302] (GCC)
=== g++ tests ===
Running target unix
XPASS: c-c++-common/gomp/pr63328.c -std=gnu++98 (test for excess errors)
XPASS: c-c++-common/gomp/pr63328.c -std=gnu++14 (test for excess errors)
XPASS: c-c++-common/gomp/pr63328.c -std=gnu++17 (test for excess errors)
XPASS: c-c++-common/gomp/pr63328.c -std=gnu++20 (test for excess errors)
WARNING: g++.dg/modules/pr99023_b.X -std=c++2b dg-regexp 6 was found: "[^\\n]*: note: include '[^\\n]*[/\\\\]initializer_list' translated to import\\n" program timed out.
FAIL: g++.dg/modules/xtreme-header-2_b.C -std=c++2b (test for excess errors)
FAIL: g++.dg/modules/xtreme-header_b.C -std=c++2b (test for excess errors)
=== g++ Summary ===
# of expected passes 415032
# of unexpected failures 2
# of unexpected successes 4
# of expected failures 3029
# of unsupported tests 12201
/dev/shm/bld2343/gcc/xg++ version 14.0.1 20240131 (experimental) [master r14-8681-gceb242f5302] (GCC)
=== gm2 tests ===
Running target unix
WARNING: gm2/complex/pass/var5.mod, -g program timed out.
FAIL: gm2/complex/pass/var5.mod, -g
WARNING: gm2/complex/run/pass/arith4.mod compilation, {additional_flags= -g } timeout=10 program timed out.
FAIL: gm2/complex/run/pass/arith4.mod compilation, {additional_flags= -g } timeout=10
UNRESOLVED: gm2/complex/run/pass/arith4.mod execution, {additional_flags= -g } timeout=10
WARNING: gm2/cse/pass/testcse21.mod, -g program timed out.
FAIL: gm2/cse/pass/testcse21.mod, -g
WARNING: gm2/examples/cppDef/pass/b.mod, -g program timed out.
FAIL: gm2/examples/cppDef/pass/b.mod, -g
WARNING: gm2/extensions/pass/optparam2.mod, -g program timed out.
FAIL: gm2/extensions/pass/optparam2.mod, -g
WARNING: gm2/iso/fail/defb.mod, -g program timed out.
WARNING: gm2/iso/fail/isoa.mod, -g program timed out.
WARNING: gm2/pim/fail/dupconst.mod, -g program timed out.
WARNING: gm2/pim/fail/expression3.mod, -g program timed out.
WARNING: gm2/pim/pass/setchar8.mod, -g program timed out.
FAIL: gm2/pim/pass/setchar8.mod, -g
WARNING: gm2/pim/pass/sets.mod, -g program timed out.
FAIL: gm2/pim/pass/sets.mod, -g
WARNING: gm2/pim/pass/sets6.mod, -g program timed out.
FAIL: gm2/pim/pass/sets6.mod, -g
WARNING: gm2/pim/run/pass/For11.mod compilation, {additional_flags= -g } timeout=10 program timed out.
FAIL: gm2/pim/run/pass/For11.mod compilation, {additional_flags= -g } timeout=10
UNRESOLVED: gm2/pim/run/pass/For11.mod execution, {additional_flags= -g } timeout=10
WARNING: gm2/pim/run/pass/conststr.mod compilation, {additional_flags= -g } timeout=10 program timed out.
FAIL: gm2/pim/run/pass/conststr.mod compilation, {additional_flags= -g } timeout=10
UNRESOLVED: gm2/pim/run/pass/conststr.mod execution, {additional_flags= -g } timeout=10
WARNING: gm2/pim/run/pass/testnextproc.mod compilation, {additional_flags= -g } timeout=10 program timed out.
FAIL: gm2/pim/run/pass/testnextproc.mod compilation, {additional_flags= -g } timeout=10
UNRESOLVED: gm2/pim/run/pass/testnextproc.mod execution, {additional_flags= -g } timeout=10
WARNING: gm2/switches/pedantic-params/fail/a.mod, -g program timed out.
=== gm2 Summary ===
# of expected passes 13015
# of unexpected failures 11
# of unresolved testcases 4
=== gnat tests ===
Running target unix
=== gnat Summary ===
# of expected passes 3452
# of expected failures 24
# of unsupported tests 26
/dev/shm/bld2343/gcc/gnatmake version 14.0.1 20240131 (experimental) [master r14-8681-gceb242f5302]
=== go tests ===
Running target unix
FAIL: ./index0-out.go execution, -O0 -g -fno-var-tracking-assignments
WARNING: ./issue9604b-out.go compilation, -O0 -g -fno-var-tracking-assignments program timed out.
FAIL: ./issue9604b-out.go compilation, -O0 -g -fno-var-tracking-assignments
WARNING: go.test/test/cmplxdivide.go program timed out.
FAIL: go.test/test/cmplxdivide.go
=== go Summary ===
# of expected passes 8879
# of unexpected failures 3
# of untested testcases 11
# of unsupported tests 32
/dev/shm/bld2343/gcc/gccgo version 14.0.1 20240131 (experimental) [master r14-8681-gceb242f5302] (GCC)
=== obj-c++ tests ===
Running target unix
=== obj-c++ Summary ===
# of expected passes 1503
# of expected failures 10
# of unsupported tests 79
/dev/shm/bld2343/gcc/xg++ version 14.0.1 20240131 (experimental) [master r14-8681-gceb242f5302] (GCC)
=== objc tests ===
Running target unix
=== objc Summary ===
# of expected passes 2846
# of unsupported tests 70
/dev/shm/bld2343/gcc/xgcc version 14.0.1 20240131 (experimental) [master r14-8681-gceb242f5302] (GCC)
=== rust tests ===
Running target unix
=== rust Summary ===
# of expected passes 8354
# of expected failures 69
# of unsupported tests 1
=== gotools tests ===
=== gotools Summary ===
# of expected passes 413
# of untested testcases 132
/dev/shm/bld2343/./gcc/gccgo version 14.0.1 20240131 (experimental) [master r14-8681-gceb242f5302] (GCC)
Compiler version: 14.0.1 20240131 (experimental) [master r14-8681-gceb242f5302] (GCC)
Platform: aarch64-unknown-linux-gnu
configure flags: --prefix=/home/toon/compilers/install/gcc --with-gnu-as --with-gnu-ld --enable-languages=all --disable-multilib --disable-nls --with-build-config=bootstrap-O3
More information about the Gcc-testresults
mailing list