Results for 14.0.0 20230915 (experimental) [master 2d38f45bcca62ca0c7afef4b579f82c5c2a01610] (GCC) testsuite on sparcv9-sun-solaris2.11

Rainer Orth ro@CeBiTec.Uni-Bielefeld.DE
Sun Sep 17 17:17:32 GMT 2023


LAST_UPDATED: Fri Sep 15 08:45:40 UTC 2023 (revision 2d38f45bcca62ca0c7afef4b579f82c5c2a01610)

		=== acats tests ===

		=== acats Summary ===
# of expected passes		2328
# of unexpected failures	0
Native configuration is sparcv9-sun-solaris2.11

		=== g++ tests ===


Running target unix
FAIL: c-c++-common/analyzer/allocation-size-1.c  -std=c++14  (test for warnings, line 33)
FAIL: c-c++-common/analyzer/allocation-size-1.c  -std=c++14 note (test for warnings, line 65)
FAIL: c-c++-common/analyzer/allocation-size-1.c  -std=c++14 note at line 21 (test for warnings, line 15)
FAIL: c-c++-common/analyzer/allocation-size-1.c  -std=c++17  (test for warnings, line 33)
FAIL: c-c++-common/analyzer/allocation-size-1.c  -std=c++17 note (test for warnings, line 65)
FAIL: c-c++-common/analyzer/allocation-size-1.c  -std=c++17 note at line 21 (test for warnings, line 15)
FAIL: c-c++-common/analyzer/allocation-size-1.c  -std=c++20  (test for warnings, line 33)
FAIL: c-c++-common/analyzer/allocation-size-1.c  -std=c++20 note (test for warnings, line 65)
FAIL: c-c++-common/analyzer/allocation-size-1.c  -std=c++20 note at line 21 (test for warnings, line 15)
FAIL: c-c++-common/analyzer/allocation-size-1.c  -std=c++98  (test for warnings, line 33)
FAIL: c-c++-common/analyzer/allocation-size-1.c  -std=c++98 note (test for warnings, line 65)
FAIL: c-c++-common/analyzer/allocation-size-1.c  -std=c++98 note at line 21 (test for warnings, line 15)
FAIL: c-c++-common/analyzer/allocation-size-2.c  -std=c++14  (test for warnings, line 130)
FAIL: c-c++-common/analyzer/allocation-size-2.c  -std=c++14 note (test for warnings, line 36)
FAIL: c-c++-common/analyzer/allocation-size-2.c  -std=c++14 note at line 24 (test for warnings, line 18)
FAIL: c-c++-common/analyzer/allocation-size-2.c  -std=c++17  (test for warnings, line 130)
FAIL: c-c++-common/analyzer/allocation-size-2.c  -std=c++17 note (test for warnings, line 36)
FAIL: c-c++-common/analyzer/allocation-size-2.c  -std=c++17 note at line 24 (test for warnings, line 18)
FAIL: c-c++-common/analyzer/allocation-size-2.c  -std=c++20  (test for warnings, line 130)
FAIL: c-c++-common/analyzer/allocation-size-2.c  -std=c++20 note (test for warnings, line 36)
FAIL: c-c++-common/analyzer/allocation-size-2.c  -std=c++20 note at line 24 (test for warnings, line 18)
FAIL: c-c++-common/analyzer/allocation-size-2.c  -std=c++98  (test for warnings, line 130)
FAIL: c-c++-common/analyzer/allocation-size-2.c  -std=c++98 note (test for warnings, line 36)
FAIL: c-c++-common/analyzer/allocation-size-2.c  -std=c++98 note at line 24 (test for warnings, line 18)
FAIL: c-c++-common/analyzer/allocation-size-3.c  -std=c++14 note at line 25 (test for warnings, line 13)
FAIL: c-c++-common/analyzer/allocation-size-3.c  -std=c++14 note at line 36 (test for warnings, line 30)
FAIL: c-c++-common/analyzer/allocation-size-3.c  -std=c++14 note at line 47 (test for warnings, line 41)
FAIL: c-c++-common/analyzer/allocation-size-3.c  -std=c++17 note at line 25 (test for warnings, line 13)
FAIL: c-c++-common/analyzer/allocation-size-3.c  -std=c++17 note at line 36 (test for warnings, line 30)
FAIL: c-c++-common/analyzer/allocation-size-3.c  -std=c++17 note at line 47 (test for warnings, line 41)
FAIL: c-c++-common/analyzer/allocation-size-3.c  -std=c++20 note at line 25 (test for warnings, line 13)
FAIL: c-c++-common/analyzer/allocation-size-3.c  -std=c++20 note at line 36 (test for warnings, line 30)
FAIL: c-c++-common/analyzer/allocation-size-3.c  -std=c++20 note at line 47 (test for warnings, line 41)
FAIL: c-c++-common/analyzer/allocation-size-3.c  -std=c++98 note at line 25 (test for warnings, line 13)
FAIL: c-c++-common/analyzer/allocation-size-3.c  -std=c++98 note at line 36 (test for warnings, line 30)
FAIL: c-c++-common/analyzer/allocation-size-3.c  -std=c++98 note at line 47 (test for warnings, line 41)
FAIL: c-c++-common/analyzer/allocation-size-4.c  -std=c++14 note at line 35 (test for warnings, line 29)
FAIL: c-c++-common/analyzer/allocation-size-4.c  -std=c++14 note at line 60 (test for warnings, line 56)
FAIL: c-c++-common/analyzer/allocation-size-4.c  -std=c++17 note at line 35 (test for warnings, line 29)
FAIL: c-c++-common/analyzer/allocation-size-4.c  -std=c++17 note at line 60 (test for warnings, line 56)
FAIL: c-c++-common/analyzer/allocation-size-4.c  -std=c++20 note at line 35 (test for warnings, line 29)
FAIL: c-c++-common/analyzer/allocation-size-4.c  -std=c++20 note at line 60 (test for warnings, line 56)
FAIL: c-c++-common/analyzer/allocation-size-4.c  -std=c++98 note at line 35 (test for warnings, line 29)
FAIL: c-c++-common/analyzer/allocation-size-4.c  -std=c++98 note at line 60 (test for warnings, line 56)
FAIL: c-c++-common/analyzer/call-summaries-malloc.c  -std=c++14  (test for warnings, line 26)
FAIL: c-c++-common/analyzer/call-summaries-malloc.c  -std=c++14  (test for warnings, line 31)
FAIL: c-c++-common/analyzer/call-summaries-malloc.c  -std=c++14  (test for warnings, line 39)
FAIL: c-c++-common/analyzer/call-summaries-malloc.c  -std=c++14  (test for warnings, line 55)
FAIL: c-c++-common/analyzer/call-summaries-malloc.c  -std=c++14  (test for warnings, line 68)
FAIL: c-c++-common/analyzer/call-summaries-malloc.c  -std=c++14  (test for warnings, line 69)
FAIL: c-c++-common/analyzer/call-summaries-malloc.c  -std=c++14  (test for warnings, line 79)
FAIL: c-c++-common/analyzer/call-summaries-malloc.c  -std=c++14  at line 38 (test for warnings, line 37)
FAIL: c-c++-common/analyzer/call-summaries-malloc.c  -std=c++14 (test for excess errors)
FAIL: c-c++-common/analyzer/call-summaries-malloc.c  -std=c++17  (test for warnings, line 26)
FAIL: c-c++-common/analyzer/call-summaries-malloc.c  -std=c++17  (test for warnings, line 31)
FAIL: c-c++-common/analyzer/call-summaries-malloc.c  -std=c++17  (test for warnings, line 39)
FAIL: c-c++-common/analyzer/call-summaries-malloc.c  -std=c++17  (test for warnings, line 55)
FAIL: c-c++-common/analyzer/call-summaries-malloc.c  -std=c++17  (test for warnings, line 68)
FAIL: c-c++-common/analyzer/call-summaries-malloc.c  -std=c++17  (test for warnings, line 69)
FAIL: c-c++-common/analyzer/call-summaries-malloc.c  -std=c++17  (test for warnings, line 79)
FAIL: c-c++-common/analyzer/call-summaries-malloc.c  -std=c++17  at line 38 (test for warnings, line 37)
FAIL: c-c++-common/analyzer/call-summaries-malloc.c  -std=c++17 (test for excess errors)
FAIL: c-c++-common/analyzer/call-summaries-malloc.c  -std=c++20  (test for warnings, line 26)
FAIL: c-c++-common/analyzer/call-summaries-malloc.c  -std=c++20  (test for warnings, line 31)
FAIL: c-c++-common/analyzer/call-summaries-malloc.c  -std=c++20  (test for warnings, line 39)
FAIL: c-c++-common/analyzer/call-summaries-malloc.c  -std=c++20  (test for warnings, line 55)
FAIL: c-c++-common/analyzer/call-summaries-malloc.c  -std=c++20  (test for warnings, line 68)
FAIL: c-c++-common/analyzer/call-summaries-malloc.c  -std=c++20  (test for warnings, line 69)
FAIL: c-c++-common/analyzer/call-summaries-malloc.c  -std=c++20  (test for warnings, line 79)
FAIL: c-c++-common/analyzer/call-summaries-malloc.c  -std=c++20  at line 38 (test for warnings, line 37)
FAIL: c-c++-common/analyzer/call-summaries-malloc.c  -std=c++20 (test for excess errors)
FAIL: c-c++-common/analyzer/call-summaries-malloc.c  -std=c++98  (test for warnings, line 26)
FAIL: c-c++-common/analyzer/call-summaries-malloc.c  -std=c++98  (test for warnings, line 31)
FAIL: c-c++-common/analyzer/call-summaries-malloc.c  -std=c++98  (test for warnings, line 39)
FAIL: c-c++-common/analyzer/call-summaries-malloc.c  -std=c++98  (test for warnings, line 55)
FAIL: c-c++-common/analyzer/call-summaries-malloc.c  -std=c++98  (test for warnings, line 68)
FAIL: c-c++-common/analyzer/call-summaries-malloc.c  -std=c++98  (test for warnings, line 69)
FAIL: c-c++-common/analyzer/call-summaries-malloc.c  -std=c++98  (test for warnings, line 79)
FAIL: c-c++-common/analyzer/call-summaries-malloc.c  -std=c++98  at line 38 (test for warnings, line 37)
FAIL: c-c++-common/analyzer/call-summaries-malloc.c  -std=c++98 (test for excess errors)
XPASS: c-c++-common/analyzer/flex-with-call-summaries.c  -std=c++14  (test for bogus messages, line 1211)
XPASS: c-c++-common/analyzer/flex-with-call-summaries.c  -std=c++14  (test for bogus messages, line 888)
FAIL: c-c++-common/analyzer/flex-with-call-summaries.c  -std=c++14  (test for warnings, line 881)
XPASS: c-c++-common/analyzer/flex-with-call-summaries.c  -std=c++17  (test for bogus messages, line 1211)
XPASS: c-c++-common/analyzer/flex-with-call-summaries.c  -std=c++17  (test for bogus messages, line 888)
FAIL: c-c++-common/analyzer/flex-with-call-summaries.c  -std=c++17  (test for warnings, line 881)
XPASS: c-c++-common/analyzer/flex-with-call-summaries.c  -std=c++20  (test for bogus messages, line 1211)
XPASS: c-c++-common/analyzer/flex-with-call-summaries.c  -std=c++20  (test for bogus messages, line 888)
FAIL: c-c++-common/analyzer/flex-with-call-summaries.c  -std=c++20  (test for warnings, line 881)
XPASS: c-c++-common/analyzer/flex-with-call-summaries.c  -std=c++98  (test for bogus messages, line 1211)
XPASS: c-c++-common/analyzer/flex-with-call-summaries.c  -std=c++98  (test for bogus messages, line 888)
FAIL: c-c++-common/analyzer/flex-with-call-summaries.c  -std=c++98  (test for warnings, line 881)
XPASS: c-c++-common/analyzer/flex-without-call-summaries.c  -std=c++14  (test for bogus messages, line 889)
FAIL: c-c++-common/analyzer/flex-without-call-summaries.c  -std=c++14  at line 882 (test for warnings, line 881)
XPASS: c-c++-common/analyzer/flex-without-call-summaries.c  -std=c++17  (test for bogus messages, line 889)
FAIL: c-c++-common/analyzer/flex-without-call-summaries.c  -std=c++17  at line 882 (test for warnings, line 881)
XPASS: c-c++-common/analyzer/flex-without-call-summaries.c  -std=c++20  (test for bogus messages, line 889)
FAIL: c-c++-common/analyzer/flex-without-call-summaries.c  -std=c++20  at line 882 (test for warnings, line 881)
XPASS: c-c++-common/analyzer/flex-without-call-summaries.c  -std=c++98  (test for bogus messages, line 889)
FAIL: c-c++-common/analyzer/flex-without-call-summaries.c  -std=c++98  at line 882 (test for warnings, line 881)
FAIL: c-c++-common/analyzer/flexible-array-member-1.c  -std=c++14  (test for warnings, line 100)
FAIL: c-c++-common/analyzer/flexible-array-member-1.c  -std=c++14 (test for excess errors)
FAIL: c-c++-common/analyzer/flexible-array-member-1.c  -std=c++14 Wanalyzer-out-of-bounds (test for warnings, line 29)
FAIL: c-c++-common/analyzer/flexible-array-member-1.c  -std=c++14 Wanalyzer-out-of-bounds (test for warnings, line 44)
FAIL: c-c++-common/analyzer/flexible-array-member-1.c  -std=c++14 Wstringop-overflow at line 31 (test for warnings, line 29)
FAIL: c-c++-common/analyzer/flexible-array-member-1.c  -std=c++14 Wstringop-overflow at line 46 (test for warnings, line 44)
FAIL: c-c++-common/analyzer/flexible-array-member-1.c  -std=c++17  (test for warnings, line 100)
FAIL: c-c++-common/analyzer/flexible-array-member-1.c  -std=c++17 (test for excess errors)
FAIL: c-c++-common/analyzer/flexible-array-member-1.c  -std=c++17 Wanalyzer-out-of-bounds (test for warnings, line 29)
FAIL: c-c++-common/analyzer/flexible-array-member-1.c  -std=c++17 Wanalyzer-out-of-bounds (test for warnings, line 44)
FAIL: c-c++-common/analyzer/flexible-array-member-1.c  -std=c++17 Wstringop-overflow at line 31 (test for warnings, line 29)
FAIL: c-c++-common/analyzer/flexible-array-member-1.c  -std=c++17 Wstringop-overflow at line 46 (test for warnings, line 44)
FAIL: c-c++-common/analyzer/flexible-array-member-1.c  -std=c++20  (test for warnings, line 100)
FAIL: c-c++-common/analyzer/flexible-array-member-1.c  -std=c++20 (test for excess errors)
FAIL: c-c++-common/analyzer/flexible-array-member-1.c  -std=c++20 Wanalyzer-out-of-bounds (test for warnings, line 29)
FAIL: c-c++-common/analyzer/flexible-array-member-1.c  -std=c++20 Wanalyzer-out-of-bounds (test for warnings, line 44)
FAIL: c-c++-common/analyzer/flexible-array-member-1.c  -std=c++20 Wstringop-overflow at line 31 (test for warnings, line 29)
FAIL: c-c++-common/analyzer/flexible-array-member-1.c  -std=c++20 Wstringop-overflow at line 46 (test for warnings, line 44)
FAIL: c-c++-common/analyzer/flexible-array-member-1.c  -std=c++98  (test for warnings, line 100)
FAIL: c-c++-common/analyzer/flexible-array-member-1.c  -std=c++98 (test for excess errors)
FAIL: c-c++-common/analyzer/flexible-array-member-1.c  -std=c++98 Wanalyzer-out-of-bounds (test for warnings, line 29)
FAIL: c-c++-common/analyzer/flexible-array-member-1.c  -std=c++98 Wanalyzer-out-of-bounds (test for warnings, line 44)
FAIL: c-c++-common/analyzer/flexible-array-member-1.c  -std=c++98 Wstringop-overflow at line 31 (test for warnings, line 29)
FAIL: c-c++-common/analyzer/flexible-array-member-1.c  -std=c++98 Wstringop-overflow at line 46 (test for warnings, line 44)
FAIL: c-c++-common/analyzer/getchar-1.c  -std=c++14  (test for warnings, line 19)
FAIL: c-c++-common/analyzer/getchar-1.c  -std=c++14 (test for excess errors)
FAIL: c-c++-common/analyzer/getchar-1.c  -std=c++17  (test for warnings, line 19)
FAIL: c-c++-common/analyzer/getchar-1.c  -std=c++17 (test for excess errors)
FAIL: c-c++-common/analyzer/getchar-1.c  -std=c++20  (test for warnings, line 19)
FAIL: c-c++-common/analyzer/getchar-1.c  -std=c++20 (test for excess errors)
FAIL: c-c++-common/analyzer/getchar-1.c  -std=c++98  (test for warnings, line 19)
FAIL: c-c++-common/analyzer/getchar-1.c  -std=c++98 (test for excess errors)
FAIL: c-c++-common/analyzer/leak-4.c  -std=c++14  (test for warnings, line 17)
FAIL: c-c++-common/analyzer/leak-4.c  -std=c++14  (test for warnings, line 18)
FAIL: c-c++-common/analyzer/leak-4.c  -std=c++14  (test for warnings, line 99)
FAIL: c-c++-common/analyzer/leak-4.c  -std=c++14 leak of sub buffer at line 107 (test for warnings, line 106)
FAIL: c-c++-common/analyzer/leak-4.c  -std=c++14 leak of unknown at line 76 (test for warnings, line 75)
FAIL: c-c++-common/analyzer/leak-4.c  -std=c++17  (test for warnings, line 17)
FAIL: c-c++-common/analyzer/leak-4.c  -std=c++17  (test for warnings, line 18)
FAIL: c-c++-common/analyzer/leak-4.c  -std=c++17  (test for warnings, line 99)
FAIL: c-c++-common/analyzer/leak-4.c  -std=c++17 leak of sub buffer at line 107 (test for warnings, line 106)
FAIL: c-c++-common/analyzer/leak-4.c  -std=c++17 leak of unknown at line 76 (test for warnings, line 75)
FAIL: c-c++-common/analyzer/leak-4.c  -std=c++20  (test for warnings, line 17)
FAIL: c-c++-common/analyzer/leak-4.c  -std=c++20  (test for warnings, line 18)
FAIL: c-c++-common/analyzer/leak-4.c  -std=c++20  (test for warnings, line 99)
FAIL: c-c++-common/analyzer/leak-4.c  -std=c++20 leak of sub buffer at line 107 (test for warnings, line 106)
FAIL: c-c++-common/analyzer/leak-4.c  -std=c++20 leak of unknown at line 76 (test for warnings, line 75)
FAIL: c-c++-common/analyzer/leak-4.c  -std=c++98  (test for warnings, line 17)
FAIL: c-c++-common/analyzer/leak-4.c  -std=c++98  (test for warnings, line 18)
FAIL: c-c++-common/analyzer/leak-4.c  -std=c++98  (test for warnings, line 99)
FAIL: c-c++-common/analyzer/leak-4.c  -std=c++98 leak of sub buffer at line 107 (test for warnings, line 106)
FAIL: c-c++-common/analyzer/leak-4.c  -std=c++98 leak of unknown at line 76 (test for warnings, line 75)
FAIL: c-c++-common/analyzer/malloc-ipa-8-unchecked.c  -std=c++14  expected multiline pattern lines 69-107
FAIL: c-c++-common/analyzer/malloc-ipa-8-unchecked.c  -std=c++14 (test for excess errors)
FAIL: c-c++-common/analyzer/malloc-ipa-8-unchecked.c  -std=c++17  expected multiline pattern lines 69-107
FAIL: c-c++-common/analyzer/malloc-ipa-8-unchecked.c  -std=c++17 (test for excess errors)
FAIL: c-c++-common/analyzer/malloc-ipa-8-unchecked.c  -std=c++20  expected multiline pattern lines 69-107
FAIL: c-c++-common/analyzer/malloc-ipa-8-unchecked.c  -std=c++20 (test for excess errors)
FAIL: c-c++-common/analyzer/malloc-ipa-8-unchecked.c  -std=c++98  expected multiline pattern lines 69-107
FAIL: c-c++-common/analyzer/malloc-ipa-8-unchecked.c  -std=c++98 (test for excess errors)
FAIL: c-c++-common/analyzer/out-of-bounds-1.c  -std=c++14 uninit warning at line 120 (test for warnings, line 116)
FAIL: c-c++-common/analyzer/out-of-bounds-1.c  -std=c++14 warning at line 77 (test for warnings, line 74)
FAIL: c-c++-common/analyzer/out-of-bounds-1.c  -std=c++17 uninit warning at line 120 (test for warnings, line 116)
FAIL: c-c++-common/analyzer/out-of-bounds-1.c  -std=c++17 warning at line 77 (test for warnings, line 74)
FAIL: c-c++-common/analyzer/out-of-bounds-1.c  -std=c++20 uninit warning at line 120 (test for warnings, line 116)
FAIL: c-c++-common/analyzer/out-of-bounds-1.c  -std=c++20 warning at line 77 (test for warnings, line 74)
FAIL: c-c++-common/analyzer/out-of-bounds-1.c  -std=c++98 uninit warning at line 120 (test for warnings, line 116)
FAIL: c-c++-common/analyzer/out-of-bounds-1.c  -std=c++98 warning at line 77 (test for warnings, line 74)
FAIL: c-c++-common/analyzer/out-of-bounds-2.c  -std=c++14 (test for excess errors)
FAIL: c-c++-common/analyzer/out-of-bounds-2.c  -std=c++14 bounds warning at line 82 (test for warnings, line 79)
FAIL: c-c++-common/analyzer/out-of-bounds-2.c  -std=c++14 num bad bytes note at line 83 (test for warnings, line 79)
FAIL: c-c++-common/analyzer/out-of-bounds-2.c  -std=c++17 (test for excess errors)
FAIL: c-c++-common/analyzer/out-of-bounds-2.c  -std=c++17 bounds warning at line 82 (test for warnings, line 79)
FAIL: c-c++-common/analyzer/out-of-bounds-2.c  -std=c++17 num bad bytes note at line 83 (test for warnings, line 79)
FAIL: c-c++-common/analyzer/out-of-bounds-2.c  -std=c++20 (test for excess errors)
FAIL: c-c++-common/analyzer/out-of-bounds-2.c  -std=c++20 bounds warning at line 82 (test for warnings, line 79)
FAIL: c-c++-common/analyzer/out-of-bounds-2.c  -std=c++20 num bad bytes note at line 83 (test for warnings, line 79)
FAIL: c-c++-common/analyzer/out-of-bounds-2.c  -std=c++98 (test for excess errors)
FAIL: c-c++-common/analyzer/out-of-bounds-2.c  -std=c++98 bounds warning at line 82 (test for warnings, line 79)
FAIL: c-c++-common/analyzer/out-of-bounds-2.c  -std=c++98 num bad bytes note at line 83 (test for warnings, line 79)
FAIL: c-c++-common/analyzer/out-of-bounds-5.c  -std=c++14  (test for warnings, line 53)
FAIL: c-c++-common/analyzer/out-of-bounds-5.c  -std=c++14 warning at line 70 (test for warnings, line 69)
FAIL: c-c++-common/analyzer/out-of-bounds-5.c  -std=c++14 warning at line 71 (test for warnings, line 69)
FAIL: c-c++-common/analyzer/out-of-bounds-5.c  -std=c++14 warning at line 79 (test for warnings, line 78)
FAIL: c-c++-common/analyzer/out-of-bounds-5.c  -std=c++14 warning at line 80 (test for warnings, line 78)
FAIL: c-c++-common/analyzer/out-of-bounds-5.c  -std=c++17  (test for warnings, line 53)
FAIL: c-c++-common/analyzer/out-of-bounds-5.c  -std=c++17 warning at line 70 (test for warnings, line 69)
FAIL: c-c++-common/analyzer/out-of-bounds-5.c  -std=c++17 warning at line 71 (test for warnings, line 69)
FAIL: c-c++-common/analyzer/out-of-bounds-5.c  -std=c++17 warning at line 79 (test for warnings, line 78)
FAIL: c-c++-common/analyzer/out-of-bounds-5.c  -std=c++17 warning at line 80 (test for warnings, line 78)
FAIL: c-c++-common/analyzer/out-of-bounds-5.c  -std=c++20  (test for warnings, line 53)
FAIL: c-c++-common/analyzer/out-of-bounds-5.c  -std=c++20 warning at line 70 (test for warnings, line 69)
FAIL: c-c++-common/analyzer/out-of-bounds-5.c  -std=c++20 warning at line 71 (test for warnings, line 69)
FAIL: c-c++-common/analyzer/out-of-bounds-5.c  -std=c++20 warning at line 79 (test for warnings, line 78)
FAIL: c-c++-common/analyzer/out-of-bounds-5.c  -std=c++20 warning at line 80 (test for warnings, line 78)
FAIL: c-c++-common/analyzer/out-of-bounds-5.c  -std=c++98  (test for warnings, line 53)
FAIL: c-c++-common/analyzer/out-of-bounds-5.c  -std=c++98 warning at line 70 (test for warnings, line 69)
FAIL: c-c++-common/analyzer/out-of-bounds-5.c  -std=c++98 warning at line 71 (test for warnings, line 69)
FAIL: c-c++-common/analyzer/out-of-bounds-5.c  -std=c++98 warning at line 79 (test for warnings, line 78)
FAIL: c-c++-common/analyzer/out-of-bounds-5.c  -std=c++98 warning at line 80 (test for warnings, line 78)
FAIL: c-c++-common/analyzer/out-of-bounds-diagram-11.c  -std=c++14  (test for warnings, line 12)
FAIL: c-c++-common/analyzer/out-of-bounds-diagram-11.c  -std=c++14  expected multiline pattern lines 18-36
FAIL: c-c++-common/analyzer/out-of-bounds-diagram-11.c  -std=c++17  (test for warnings, line 12)
FAIL: c-c++-common/analyzer/out-of-bounds-diagram-11.c  -std=c++17  expected multiline pattern lines 18-36
FAIL: c-c++-common/analyzer/out-of-bounds-diagram-11.c  -std=c++20  (test for warnings, line 12)
FAIL: c-c++-common/analyzer/out-of-bounds-diagram-11.c  -std=c++20  expected multiline pattern lines 18-36
FAIL: c-c++-common/analyzer/out-of-bounds-diagram-11.c  -std=c++98  (test for warnings, line 12)
FAIL: c-c++-common/analyzer/out-of-bounds-diagram-11.c  -std=c++98  expected multiline pattern lines 18-36
FAIL: c-c++-common/analyzer/out-of-bounds-diagram-3.c  -std=c++14  (test for warnings, line 25)
FAIL: c-c++-common/analyzer/out-of-bounds-diagram-3.c  -std=c++14  at line 20 (test for warnings, line 19)
FAIL: c-c++-common/analyzer/out-of-bounds-diagram-3.c  -std=c++14  expected multiline pattern lines 30-45
FAIL: c-c++-common/analyzer/out-of-bounds-diagram-3.c  -std=c++17  (test for warnings, line 25)
FAIL: c-c++-common/analyzer/out-of-bounds-diagram-3.c  -std=c++17  at line 20 (test for warnings, line 19)
FAIL: c-c++-common/analyzer/out-of-bounds-diagram-3.c  -std=c++17  expected multiline pattern lines 30-45
FAIL: c-c++-common/analyzer/out-of-bounds-diagram-3.c  -std=c++20  (test for warnings, line 25)
FAIL: c-c++-common/analyzer/out-of-bounds-diagram-3.c  -std=c++20  at line 20 (test for warnings, line 19)
FAIL: c-c++-common/analyzer/out-of-bounds-diagram-3.c  -std=c++20  expected multiline pattern lines 30-45
FAIL: c-c++-common/analyzer/out-of-bounds-diagram-3.c  -std=c++98  (test for warnings, line 25)
FAIL: c-c++-common/analyzer/out-of-bounds-diagram-3.c  -std=c++98  at line 20 (test for warnings, line 19)
FAIL: c-c++-common/analyzer/out-of-bounds-diagram-3.c  -std=c++98  expected multiline pattern lines 30-45
FAIL: c-c++-common/analyzer/overlapping-buffers.c  -std=c++14  (test for warnings, line 12)
FAIL: c-c++-common/analyzer/overlapping-buffers.c  -std=c++14  (test for warnings, line 148)
FAIL: c-c++-common/analyzer/overlapping-buffers.c  -std=c++14  (test for warnings, line 23)
FAIL: c-c++-common/analyzer/overlapping-buffers.c  -std=c++14  (test for warnings, line 34)
FAIL: c-c++-common/analyzer/overlapping-buffers.c  -std=c++14  (test for warnings, line 45)
FAIL: c-c++-common/analyzer/overlapping-buffers.c  -std=c++14  (test for warnings, line 80)
FAIL: c-c++-common/analyzer/overlapping-buffers.c  -std=c++14  (test for warnings, line 91)
FAIL: c-c++-common/analyzer/overlapping-buffers.c  -std=c++17  (test for warnings, line 12)
FAIL: c-c++-common/analyzer/overlapping-buffers.c  -std=c++17  (test for warnings, line 148)
FAIL: c-c++-common/analyzer/overlapping-buffers.c  -std=c++17  (test for warnings, line 23)
FAIL: c-c++-common/analyzer/overlapping-buffers.c  -std=c++17  (test for warnings, line 34)
FAIL: c-c++-common/analyzer/overlapping-buffers.c  -std=c++17  (test for warnings, line 45)
FAIL: c-c++-common/analyzer/overlapping-buffers.c  -std=c++17  (test for warnings, line 80)
FAIL: c-c++-common/analyzer/overlapping-buffers.c  -std=c++17  (test for warnings, line 91)
FAIL: c-c++-common/analyzer/overlapping-buffers.c  -std=c++20  (test for warnings, line 12)
FAIL: c-c++-common/analyzer/overlapping-buffers.c  -std=c++20  (test for warnings, line 148)
FAIL: c-c++-common/analyzer/overlapping-buffers.c  -std=c++20  (test for warnings, line 23)
FAIL: c-c++-common/analyzer/overlapping-buffers.c  -std=c++20  (test for warnings, line 34)
FAIL: c-c++-common/analyzer/overlapping-buffers.c  -std=c++20  (test for warnings, line 45)
FAIL: c-c++-common/analyzer/overlapping-buffers.c  -std=c++20  (test for warnings, line 80)
FAIL: c-c++-common/analyzer/overlapping-buffers.c  -std=c++20  (test for warnings, line 91)
FAIL: c-c++-common/analyzer/overlapping-buffers.c  -std=c++98  (test for warnings, line 12)
FAIL: c-c++-common/analyzer/overlapping-buffers.c  -std=c++98  (test for warnings, line 148)
FAIL: c-c++-common/analyzer/overlapping-buffers.c  -std=c++98  (test for warnings, line 23)
FAIL: c-c++-common/analyzer/overlapping-buffers.c  -std=c++98  (test for warnings, line 34)
FAIL: c-c++-common/analyzer/overlapping-buffers.c  -std=c++98  (test for warnings, line 45)
FAIL: c-c++-common/analyzer/overlapping-buffers.c  -std=c++98  (test for warnings, line 80)
FAIL: c-c++-common/analyzer/overlapping-buffers.c  -std=c++98  (test for warnings, line 91)
FAIL: c-c++-common/analyzer/signal-4a.c  -std=gnu++14  at line 16 (test for warnings, line 15)
FAIL: c-c++-common/analyzer/signal-4a.c  -std=gnu++14  expected multiline pattern lines 79-121
FAIL: c-c++-common/analyzer/signal-4a.c  -std=gnu++17  at line 16 (test for warnings, line 15)
FAIL: c-c++-common/analyzer/signal-4a.c  -std=gnu++17  expected multiline pattern lines 79-121
FAIL: c-c++-common/analyzer/signal-4a.c  -std=gnu++20  at line 16 (test for warnings, line 15)
FAIL: c-c++-common/analyzer/signal-4a.c  -std=gnu++20  expected multiline pattern lines 79-121
FAIL: c-c++-common/analyzer/signal-4a.c  -std=gnu++98  at line 16 (test for warnings, line 15)
FAIL: c-c++-common/analyzer/signal-4a.c  -std=gnu++98  expected multiline pattern lines 79-121
FAIL: c-c++-common/analyzer/signal-4b.c  -std=gnu++14  at line 16 (test for warnings, line 15)
FAIL: c-c++-common/analyzer/signal-4b.c  -std=gnu++14  expected multiline pattern lines 94-148
FAIL: c-c++-common/analyzer/signal-4b.c  -std=gnu++17  at line 16 (test for warnings, line 15)
FAIL: c-c++-common/analyzer/signal-4b.c  -std=gnu++17  expected multiline pattern lines 94-148
FAIL: c-c++-common/analyzer/signal-4b.c  -std=gnu++20  at line 16 (test for warnings, line 15)
FAIL: c-c++-common/analyzer/signal-4b.c  -std=gnu++20  expected multiline pattern lines 94-148
FAIL: c-c++-common/analyzer/signal-4b.c  -std=gnu++98  at line 16 (test for warnings, line 15)
FAIL: c-c++-common/analyzer/signal-4b.c  -std=gnu++98  expected multiline pattern lines 94-148
FAIL: c-c++-common/analyzer/write-to-string-literal-1.c  -std=c++14  (test for warnings, line 22)
FAIL: c-c++-common/analyzer/write-to-string-literal-1.c  -std=c++17  (test for warnings, line 22)
FAIL: c-c++-common/analyzer/write-to-string-literal-1.c  -std=c++20  (test for warnings, line 22)
FAIL: c-c++-common/analyzer/write-to-string-literal-1.c  -std=c++98  (test for warnings, line 22)
FAIL: g++.dg/analyzer/placement-new-size.C  -std=c++14  (test for warnings, line 34)
FAIL: g++.dg/analyzer/placement-new-size.C  -std=c++14  (test for warnings, line 35)
FAIL: g++.dg/analyzer/placement-new-size.C  -std=c++14 (test for excess errors)
FAIL: g++.dg/analyzer/placement-new-size.C  -std=c++17  (test for warnings, line 34)
FAIL: g++.dg/analyzer/placement-new-size.C  -std=c++17  (test for warnings, line 35)
FAIL: g++.dg/analyzer/placement-new-size.C  -std=c++17 (test for excess errors)
FAIL: g++.dg/analyzer/placement-new-size.C  -std=c++20  (test for warnings, line 34)
FAIL: g++.dg/analyzer/placement-new-size.C  -std=c++20  (test for warnings, line 35)
FAIL: g++.dg/analyzer/placement-new-size.C  -std=c++20 (test for excess errors)
FAIL: g++.dg/analyzer/placement-new-size.C  -std=c++98  (test for warnings, line 34)
FAIL: g++.dg/analyzer/placement-new-size.C  -std=c++98  (test for warnings, line 35)
FAIL: g++.dg/analyzer/placement-new-size.C  -std=c++98 (test for excess errors)
FAIL: c-c++-common/pr103798-2.c  -std=gnu++14  scan-assembler-not memchr
FAIL: c-c++-common/pr103798-2.c  -std=gnu++17  scan-assembler-not memchr
FAIL: c-c++-common/pr103798-2.c  -std=gnu++20  scan-assembler-not memchr
FAIL: c-c++-common/pr103798-2.c  -std=gnu++98  scan-assembler-not memchr
FAIL: g++.dg/gcov/pr16855-priority.C  -std=gnu++14  gcov: 12 failures in line counts, 0 in branch percentages, 0 in return percentages, 0 in intermediate format
FAIL: g++.dg/gcov/pr16855-priority.C  -std=gnu++14  line 14: is 2:should be 1
FAIL: g++.dg/gcov/pr16855-priority.C  -std=gnu++14  line 21: is 2:should be 1
FAIL: g++.dg/gcov/pr16855-priority.C  -std=gnu++14  line 23: is #####:should be 1
FAIL: g++.dg/gcov/pr16855-priority.C  -std=gnu++14  line 37: is 2:should be 1
FAIL: g++.dg/gcov/pr16855-priority.C  -std=gnu++14  line 43: is 2:should be 1
FAIL: g++.dg/gcov/pr16855-priority.C  -std=gnu++14  line 48: is 2:should be 1
FAIL: g++.dg/gcov/pr16855-priority.C  -std=gnu++14  line 53: is 2:should be 1
FAIL: g++.dg/gcov/pr16855-priority.C  -std=gnu++14  line 58: is 2:should be 1
FAIL: g++.dg/gcov/pr16855-priority.C  -std=gnu++14  line 63: is 2:should be 1
FAIL: g++.dg/gcov/pr16855-priority.C  -std=gnu++14  line 68: is 2:should be 1
FAIL: g++.dg/gcov/pr16855-priority.C  -std=gnu++14  line 73: is 2:should be 1
FAIL: g++.dg/gcov/pr16855-priority.C  -std=gnu++14  line 78: is 2:should be 1
FAIL: g++.dg/gcov/pr16855-priority.C  -std=gnu++17  gcov: 12 failures in line counts, 0 in branch percentages, 0 in return percentages, 0 in intermediate format
FAIL: g++.dg/gcov/pr16855-priority.C  -std=gnu++17  line 14: is 3:should be 1
FAIL: g++.dg/gcov/pr16855-priority.C  -std=gnu++17  line 21: is 3:should be 1
FAIL: g++.dg/gcov/pr16855-priority.C  -std=gnu++17  line 23: is #####:should be 1
FAIL: g++.dg/gcov/pr16855-priority.C  -std=gnu++17  line 37: is 3:should be 1
FAIL: g++.dg/gcov/pr16855-priority.C  -std=gnu++17  line 43: is 3:should be 1
FAIL: g++.dg/gcov/pr16855-priority.C  -std=gnu++17  line 48: is 3:should be 1
FAIL: g++.dg/gcov/pr16855-priority.C  -std=gnu++17  line 53: is 3:should be 1
FAIL: g++.dg/gcov/pr16855-priority.C  -std=gnu++17  line 58: is 3:should be 1
FAIL: g++.dg/gcov/pr16855-priority.C  -std=gnu++17  line 63: is 3:should be 1
FAIL: g++.dg/gcov/pr16855-priority.C  -std=gnu++17  line 68: is 3:should be 1
FAIL: g++.dg/gcov/pr16855-priority.C  -std=gnu++17  line 73: is 3:should be 1
FAIL: g++.dg/gcov/pr16855-priority.C  -std=gnu++17  line 78: is 3:should be 1
FAIL: g++.dg/gcov/pr16855-priority.C  -std=gnu++20  gcov: 12 failures in line counts, 0 in branch percentages, 0 in return percentages, 0 in intermediate format
FAIL: g++.dg/gcov/pr16855-priority.C  -std=gnu++20  line 14: is 4:should be 1
FAIL: g++.dg/gcov/pr16855-priority.C  -std=gnu++20  line 21: is 4:should be 1
FAIL: g++.dg/gcov/pr16855-priority.C  -std=gnu++20  line 23: is #####:should be 1
FAIL: g++.dg/gcov/pr16855-priority.C  -std=gnu++20  line 37: is 4:should be 1
FAIL: g++.dg/gcov/pr16855-priority.C  -std=gnu++20  line 43: is 4:should be 1
FAIL: g++.dg/gcov/pr16855-priority.C  -std=gnu++20  line 48: is 4:should be 1
FAIL: g++.dg/gcov/pr16855-priority.C  -std=gnu++20  line 53: is 4:should be 1
FAIL: g++.dg/gcov/pr16855-priority.C  -std=gnu++20  line 58: is 4:should be 1
FAIL: g++.dg/gcov/pr16855-priority.C  -std=gnu++20  line 63: is 4:should be 1
FAIL: g++.dg/gcov/pr16855-priority.C  -std=gnu++20  line 68: is 4:should be 1
FAIL: g++.dg/gcov/pr16855-priority.C  -std=gnu++20  line 73: is 4:should be 1
FAIL: g++.dg/gcov/pr16855-priority.C  -std=gnu++20  line 78: is 4:should be 1
FAIL: g++.dg/gcov/pr16855-priority.C  -std=gnu++98  gcov: 1 failures in line counts, 0 in branch percentages, 0 in return percentages, 0 in intermediate format
FAIL: g++.dg/gcov/pr16855-priority.C  -std=gnu++98  line 23: is #####:should be 1
FAIL: g++.dg/gcov/pr16855.C  -std=gnu++14  gcov: 6 failures in line counts, 0 in branch percentages, 0 in return percentages, 0 in intermediate format
FAIL: g++.dg/gcov/pr16855.C  -std=gnu++14  line 15: is 2:should be 1
FAIL: g++.dg/gcov/pr16855.C  -std=gnu++14  line 22: is 2:should be 1
FAIL: g++.dg/gcov/pr16855.C  -std=gnu++14  line 24: is #####:should be 1
FAIL: g++.dg/gcov/pr16855.C  -std=gnu++14  line 38: is 2:should be 1
FAIL: g++.dg/gcov/pr16855.C  -std=gnu++14  line 44: is 2:should be 1
FAIL: g++.dg/gcov/pr16855.C  -std=gnu++14  line 49: is 2:should be 1
FAIL: g++.dg/gcov/pr16855.C  -std=gnu++17  gcov: 6 failures in line counts, 0 in branch percentages, 0 in return percentages, 0 in intermediate format
FAIL: g++.dg/gcov/pr16855.C  -std=gnu++17  line 15: is 3:should be 1
FAIL: g++.dg/gcov/pr16855.C  -std=gnu++17  line 22: is 3:should be 1
FAIL: g++.dg/gcov/pr16855.C  -std=gnu++17  line 24: is #####:should be 1
FAIL: g++.dg/gcov/pr16855.C  -std=gnu++17  line 38: is 3:should be 1
FAIL: g++.dg/gcov/pr16855.C  -std=gnu++17  line 44: is 3:should be 1
FAIL: g++.dg/gcov/pr16855.C  -std=gnu++17  line 49: is 3:should be 1
FAIL: g++.dg/gcov/pr16855.C  -std=gnu++20  gcov: 6 failures in line counts, 0 in branch percentages, 0 in return percentages, 0 in intermediate format
FAIL: g++.dg/gcov/pr16855.C  -std=gnu++20  line 15: is 4:should be 1
FAIL: g++.dg/gcov/pr16855.C  -std=gnu++20  line 22: is 4:should be 1
FAIL: g++.dg/gcov/pr16855.C  -std=gnu++20  line 24: is #####:should be 1
FAIL: g++.dg/gcov/pr16855.C  -std=gnu++20  line 38: is 4:should be 1
FAIL: g++.dg/gcov/pr16855.C  -std=gnu++20  line 44: is 4:should be 1
FAIL: g++.dg/gcov/pr16855.C  -std=gnu++20  line 49: is 4:should be 1
FAIL: g++.dg/gcov/pr16855.C  -std=gnu++98  gcov: 1 failures in line counts, 0 in branch percentages, 0 in return percentages, 0 in intermediate format
FAIL: g++.dg/gcov/pr16855.C  -std=gnu++98  line 24: is #####:should be 1
FAIL: g++.dg/modules/stdio-1_a.H -std=c++17  scan-lang-dump module "Depset:0 decl entity:[0-9]* function_decl:'::printf'"
FAIL: g++.dg/modules/stdio-1_a.H -std=c++2a  scan-lang-dump module "Depset:0 decl entity:[0-9]* function_decl:'::printf'"
FAIL: g++.dg/modules/stdio-1_a.H -std=c++2b  scan-lang-dump module "Depset:0 decl entity:[0-9]* function_decl:'::printf'"

		=== g++ Summary for unix ===

# of expected passes		236742
# of unexpected failures	339
# of unexpected successes	12
# of expected failures		2440
# of unsupported tests		11211

Running target unix/-m32
FAIL: c-c++-common/analyzer/allocation-size-1.c  -std=c++14  (test for warnings, line 33)
FAIL: c-c++-common/analyzer/allocation-size-1.c  -std=c++14 note (test for warnings, line 65)
FAIL: c-c++-common/analyzer/allocation-size-1.c  -std=c++14 note at line 21 (test for warnings, line 15)
FAIL: c-c++-common/analyzer/allocation-size-1.c  -std=c++17  (test for warnings, line 33)
FAIL: c-c++-common/analyzer/allocation-size-1.c  -std=c++17 note (test for warnings, line 65)
FAIL: c-c++-common/analyzer/allocation-size-1.c  -std=c++17 note at line 21 (test for warnings, line 15)
FAIL: c-c++-common/analyzer/allocation-size-1.c  -std=c++20  (test for warnings, line 33)
FAIL: c-c++-common/analyzer/allocation-size-1.c  -std=c++20 note (test for warnings, line 65)
FAIL: c-c++-common/analyzer/allocation-size-1.c  -std=c++20 note at line 21 (test for warnings, line 15)
FAIL: c-c++-common/analyzer/allocation-size-1.c  -std=c++98  (test for warnings, line 33)
FAIL: c-c++-common/analyzer/allocation-size-1.c  -std=c++98 note (test for warnings, line 65)
FAIL: c-c++-common/analyzer/allocation-size-1.c  -std=c++98 note at line 21 (test for warnings, line 15)
FAIL: c-c++-common/analyzer/allocation-size-2.c  -std=c++14  (test for warnings, line 130)
FAIL: c-c++-common/analyzer/allocation-size-2.c  -std=c++14 note (test for warnings, line 36)
FAIL: c-c++-common/analyzer/allocation-size-2.c  -std=c++14 note at line 24 (test for warnings, line 18)
FAIL: c-c++-common/analyzer/allocation-size-2.c  -std=c++17  (test for warnings, line 130)
FAIL: c-c++-common/analyzer/allocation-size-2.c  -std=c++17 note (test for warnings, line 36)
FAIL: c-c++-common/analyzer/allocation-size-2.c  -std=c++17 note at line 24 (test for warnings, line 18)
FAIL: c-c++-common/analyzer/allocation-size-2.c  -std=c++20  (test for warnings, line 130)
FAIL: c-c++-common/analyzer/allocation-size-2.c  -std=c++20 note (test for warnings, line 36)
FAIL: c-c++-common/analyzer/allocation-size-2.c  -std=c++20 note at line 24 (test for warnings, line 18)
FAIL: c-c++-common/analyzer/allocation-size-2.c  -std=c++98  (test for warnings, line 130)
FAIL: c-c++-common/analyzer/allocation-size-2.c  -std=c++98 note (test for warnings, line 36)
FAIL: c-c++-common/analyzer/allocation-size-2.c  -std=c++98 note at line 24 (test for warnings, line 18)
FAIL: c-c++-common/analyzer/allocation-size-3.c  -std=c++14 note at line 25 (test for warnings, line 13)
FAIL: c-c++-common/analyzer/allocation-size-3.c  -std=c++14 note at line 36 (test for warnings, line 30)
FAIL: c-c++-common/analyzer/allocation-size-3.c  -std=c++14 note at line 47 (test for warnings, line 41)
FAIL: c-c++-common/analyzer/allocation-size-3.c  -std=c++17 note at line 25 (test for warnings, line 13)
FAIL: c-c++-common/analyzer/allocation-size-3.c  -std=c++17 note at line 36 (test for warnings, line 30)
FAIL: c-c++-common/analyzer/allocation-size-3.c  -std=c++17 note at line 47 (test for warnings, line 41)
FAIL: c-c++-common/analyzer/allocation-size-3.c  -std=c++20 note at line 25 (test for warnings, line 13)
FAIL: c-c++-common/analyzer/allocation-size-3.c  -std=c++20 note at line 36 (test for warnings, line 30)
FAIL: c-c++-common/analyzer/allocation-size-3.c  -std=c++20 note at line 47 (test for warnings, line 41)
FAIL: c-c++-common/analyzer/allocation-size-3.c  -std=c++98 note at line 25 (test for warnings, line 13)
FAIL: c-c++-common/analyzer/allocation-size-3.c  -std=c++98 note at line 36 (test for warnings, line 30)
FAIL: c-c++-common/analyzer/allocation-size-3.c  -std=c++98 note at line 47 (test for warnings, line 41)
FAIL: c-c++-common/analyzer/allocation-size-4.c  -std=c++14 note at line 35 (test for warnings, line 29)
FAIL: c-c++-common/analyzer/allocation-size-4.c  -std=c++14 note at line 60 (test for warnings, line 56)
FAIL: c-c++-common/analyzer/allocation-size-4.c  -std=c++17 note at line 35 (test for warnings, line 29)
FAIL: c-c++-common/analyzer/allocation-size-4.c  -std=c++17 note at line 60 (test for warnings, line 56)
FAIL: c-c++-common/analyzer/allocation-size-4.c  -std=c++20 note at line 35 (test for warnings, line 29)
FAIL: c-c++-common/analyzer/allocation-size-4.c  -std=c++20 note at line 60 (test for warnings, line 56)
FAIL: c-c++-common/analyzer/allocation-size-4.c  -std=c++98 note at line 35 (test for warnings, line 29)
FAIL: c-c++-common/analyzer/allocation-size-4.c  -std=c++98 note at line 60 (test for warnings, line 56)
FAIL: c-c++-common/analyzer/call-summaries-malloc.c  -std=c++14  (test for warnings, line 26)
FAIL: c-c++-common/analyzer/call-summaries-malloc.c  -std=c++14  (test for warnings, line 31)
FAIL: c-c++-common/analyzer/call-summaries-malloc.c  -std=c++14  (test for warnings, line 39)
FAIL: c-c++-common/analyzer/call-summaries-malloc.c  -std=c++14  (test for warnings, line 55)
FAIL: c-c++-common/analyzer/call-summaries-malloc.c  -std=c++14  (test for warnings, line 68)
FAIL: c-c++-common/analyzer/call-summaries-malloc.c  -std=c++14  (test for warnings, line 69)
FAIL: c-c++-common/analyzer/call-summaries-malloc.c  -std=c++14  (test for warnings, line 79)
FAIL: c-c++-common/analyzer/call-summaries-malloc.c  -std=c++14  at line 38 (test for warnings, line 37)
FAIL: c-c++-common/analyzer/call-summaries-malloc.c  -std=c++14 (test for excess errors)
FAIL: c-c++-common/analyzer/call-summaries-malloc.c  -std=c++17  (test for warnings, line 26)
FAIL: c-c++-common/analyzer/call-summaries-malloc.c  -std=c++17  (test for warnings, line 31)
FAIL: c-c++-common/analyzer/call-summaries-malloc.c  -std=c++17  (test for warnings, line 39)
FAIL: c-c++-common/analyzer/call-summaries-malloc.c  -std=c++17  (test for warnings, line 55)
FAIL: c-c++-common/analyzer/call-summaries-malloc.c  -std=c++17  (test for warnings, line 68)
FAIL: c-c++-common/analyzer/call-summaries-malloc.c  -std=c++17  (test for warnings, line 69)
FAIL: c-c++-common/analyzer/call-summaries-malloc.c  -std=c++17  (test for warnings, line 79)
FAIL: c-c++-common/analyzer/call-summaries-malloc.c  -std=c++17  at line 38 (test for warnings, line 37)
FAIL: c-c++-common/analyzer/call-summaries-malloc.c  -std=c++17 (test for excess errors)
FAIL: c-c++-common/analyzer/call-summaries-malloc.c  -std=c++20  (test for warnings, line 26)
FAIL: c-c++-common/analyzer/call-summaries-malloc.c  -std=c++20  (test for warnings, line 31)
FAIL: c-c++-common/analyzer/call-summaries-malloc.c  -std=c++20  (test for warnings, line 39)
FAIL: c-c++-common/analyzer/call-summaries-malloc.c  -std=c++20  (test for warnings, line 55)
FAIL: c-c++-common/analyzer/call-summaries-malloc.c  -std=c++20  (test for warnings, line 68)
FAIL: c-c++-common/analyzer/call-summaries-malloc.c  -std=c++20  (test for warnings, line 69)
FAIL: c-c++-common/analyzer/call-summaries-malloc.c  -std=c++20  (test for warnings, line 79)
FAIL: c-c++-common/analyzer/call-summaries-malloc.c  -std=c++20  at line 38 (test for warnings, line 37)
FAIL: c-c++-common/analyzer/call-summaries-malloc.c  -std=c++20 (test for excess errors)
FAIL: c-c++-common/analyzer/call-summaries-malloc.c  -std=c++98  (test for warnings, line 26)
FAIL: c-c++-common/analyzer/call-summaries-malloc.c  -std=c++98  (test for warnings, line 31)
FAIL: c-c++-common/analyzer/call-summaries-malloc.c  -std=c++98  (test for warnings, line 39)
FAIL: c-c++-common/analyzer/call-summaries-malloc.c  -std=c++98  (test for warnings, line 55)
FAIL: c-c++-common/analyzer/call-summaries-malloc.c  -std=c++98  (test for warnings, line 68)
FAIL: c-c++-common/analyzer/call-summaries-malloc.c  -std=c++98  (test for warnings, line 69)
FAIL: c-c++-common/analyzer/call-summaries-malloc.c  -std=c++98  (test for warnings, line 79)
FAIL: c-c++-common/analyzer/call-summaries-malloc.c  -std=c++98  at line 38 (test for warnings, line 37)
FAIL: c-c++-common/analyzer/call-summaries-malloc.c  -std=c++98 (test for excess errors)
FAIL: c-c++-common/analyzer/compound-assignment-1.c  -std=c++14  (test for warnings, line 72)
FAIL: c-c++-common/analyzer/compound-assignment-1.c  -std=c++14 (test for excess errors)
FAIL: c-c++-common/analyzer/compound-assignment-1.c  -std=c++17  (test for warnings, line 72)
FAIL: c-c++-common/analyzer/compound-assignment-1.c  -std=c++17 (test for excess errors)
FAIL: c-c++-common/analyzer/compound-assignment-1.c  -std=c++20  (test for warnings, line 72)
FAIL: c-c++-common/analyzer/compound-assignment-1.c  -std=c++20 (test for excess errors)
FAIL: c-c++-common/analyzer/compound-assignment-1.c  -std=c++98  (test for warnings, line 72)
FAIL: c-c++-common/analyzer/compound-assignment-1.c  -std=c++98 (test for excess errors)
XPASS: c-c++-common/analyzer/flex-with-call-summaries.c  -std=c++14  (test for bogus messages, line 1211)
XPASS: c-c++-common/analyzer/flex-with-call-summaries.c  -std=c++14  (test for bogus messages, line 888)
FAIL: c-c++-common/analyzer/flex-with-call-summaries.c  -std=c++14  (test for warnings, line 881)
XPASS: c-c++-common/analyzer/flex-with-call-summaries.c  -std=c++17  (test for bogus messages, line 1211)
XPASS: c-c++-common/analyzer/flex-with-call-summaries.c  -std=c++17  (test for bogus messages, line 888)
FAIL: c-c++-common/analyzer/flex-with-call-summaries.c  -std=c++17  (test for warnings, line 881)
XPASS: c-c++-common/analyzer/flex-with-call-summaries.c  -std=c++20  (test for bogus messages, line 1211)
XPASS: c-c++-common/analyzer/flex-with-call-summaries.c  -std=c++20  (test for bogus messages, line 888)
FAIL: c-c++-common/analyzer/flex-with-call-summaries.c  -std=c++20  (test for warnings, line 881)
XPASS: c-c++-common/analyzer/flex-with-call-summaries.c  -std=c++98  (test for bogus messages, line 1211)
XPASS: c-c++-common/analyzer/flex-with-call-summaries.c  -std=c++98  (test for bogus messages, line 888)
FAIL: c-c++-common/analyzer/flex-with-call-summaries.c  -std=c++98  (test for warnings, line 881)
XPASS: c-c++-common/analyzer/flex-without-call-summaries.c  -std=c++14  (test for bogus messages, line 889)
FAIL: c-c++-common/analyzer/flex-without-call-summaries.c  -std=c++14  at line 882 (test for warnings, line 881)
XPASS: c-c++-common/analyzer/flex-without-call-summaries.c  -std=c++17  (test for bogus messages, line 889)
FAIL: c-c++-common/analyzer/flex-without-call-summaries.c  -std=c++17  at line 882 (test for warnings, line 881)
XPASS: c-c++-common/analyzer/flex-without-call-summaries.c  -std=c++20  (test for bogus messages, line 889)
FAIL: c-c++-common/analyzer/flex-without-call-summaries.c  -std=c++20  at line 882 (test for warnings, line 881)
XPASS: c-c++-common/analyzer/flex-without-call-summaries.c  -std=c++98  (test for bogus messages, line 889)
FAIL: c-c++-common/analyzer/flex-without-call-summaries.c  -std=c++98  at line 882 (test for warnings, line 881)
FAIL: c-c++-common/analyzer/flexible-array-member-1.c  -std=c++14  (test for warnings, line 100)
FAIL: c-c++-common/analyzer/flexible-array-member-1.c  -std=c++14 (test for excess errors)
FAIL: c-c++-common/analyzer/flexible-array-member-1.c  -std=c++14 Wanalyzer-out-of-bounds (test for warnings, line 29)
FAIL: c-c++-common/analyzer/flexible-array-member-1.c  -std=c++14 Wanalyzer-out-of-bounds (test for warnings, line 44)
FAIL: c-c++-common/analyzer/flexible-array-member-1.c  -std=c++14 Wstringop-overflow at line 31 (test for warnings, line 29)
FAIL: c-c++-common/analyzer/flexible-array-member-1.c  -std=c++14 Wstringop-overflow at line 46 (test for warnings, line 44)
FAIL: c-c++-common/analyzer/flexible-array-member-1.c  -std=c++17  (test for warnings, line 100)
FAIL: c-c++-common/analyzer/flexible-array-member-1.c  -std=c++17 (test for excess errors)
FAIL: c-c++-common/analyzer/flexible-array-member-1.c  -std=c++17 Wanalyzer-out-of-bounds (test for warnings, line 29)
FAIL: c-c++-common/analyzer/flexible-array-member-1.c  -std=c++17 Wanalyzer-out-of-bounds (test for warnings, line 44)
FAIL: c-c++-common/analyzer/flexible-array-member-1.c  -std=c++17 Wstringop-overflow at line 31 (test for warnings, line 29)
FAIL: c-c++-common/analyzer/flexible-array-member-1.c  -std=c++17 Wstringop-overflow at line 46 (test for warnings, line 44)
FAIL: c-c++-common/analyzer/flexible-array-member-1.c  -std=c++20  (test for warnings, line 100)
FAIL: c-c++-common/analyzer/flexible-array-member-1.c  -std=c++20 (test for excess errors)
FAIL: c-c++-common/analyzer/flexible-array-member-1.c  -std=c++20 Wanalyzer-out-of-bounds (test for warnings, line 29)
FAIL: c-c++-common/analyzer/flexible-array-member-1.c  -std=c++20 Wanalyzer-out-of-bounds (test for warnings, line 44)
FAIL: c-c++-common/analyzer/flexible-array-member-1.c  -std=c++20 Wstringop-overflow at line 31 (test for warnings, line 29)
FAIL: c-c++-common/analyzer/flexible-array-member-1.c  -std=c++20 Wstringop-overflow at line 46 (test for warnings, line 44)
FAIL: c-c++-common/analyzer/flexible-array-member-1.c  -std=c++98  (test for warnings, line 100)
FAIL: c-c++-common/analyzer/flexible-array-member-1.c  -std=c++98 (test for excess errors)
FAIL: c-c++-common/analyzer/flexible-array-member-1.c  -std=c++98 Wanalyzer-out-of-bounds (test for warnings, line 29)
FAIL: c-c++-common/analyzer/flexible-array-member-1.c  -std=c++98 Wanalyzer-out-of-bounds (test for warnings, line 44)
FAIL: c-c++-common/analyzer/flexible-array-member-1.c  -std=c++98 Wstringop-overflow at line 31 (test for warnings, line 29)
FAIL: c-c++-common/analyzer/flexible-array-member-1.c  -std=c++98 Wstringop-overflow at line 46 (test for warnings, line 44)
FAIL: c-c++-common/analyzer/getchar-1.c  -std=c++14  (test for warnings, line 19)
FAIL: c-c++-common/analyzer/getchar-1.c  -std=c++14 (test for excess errors)
FAIL: c-c++-common/analyzer/getchar-1.c  -std=c++17  (test for warnings, line 19)
FAIL: c-c++-common/analyzer/getchar-1.c  -std=c++17 (test for excess errors)
FAIL: c-c++-common/analyzer/getchar-1.c  -std=c++20  (test for warnings, line 19)
FAIL: c-c++-common/analyzer/getchar-1.c  -std=c++20 (test for excess errors)
FAIL: c-c++-common/analyzer/getchar-1.c  -std=c++98  (test for warnings, line 19)
FAIL: c-c++-common/analyzer/getchar-1.c  -std=c++98 (test for excess errors)
FAIL: c-c++-common/analyzer/leak-4.c  -std=c++14  (test for warnings, line 17)
FAIL: c-c++-common/analyzer/leak-4.c  -std=c++14  (test for warnings, line 18)
FAIL: c-c++-common/analyzer/leak-4.c  -std=c++14  (test for warnings, line 99)
FAIL: c-c++-common/analyzer/leak-4.c  -std=c++14 leak of sub buffer at line 107 (test for warnings, line 106)
FAIL: c-c++-common/analyzer/leak-4.c  -std=c++14 leak of unknown at line 76 (test for warnings, line 75)
FAIL: c-c++-common/analyzer/leak-4.c  -std=c++17  (test for warnings, line 17)
FAIL: c-c++-common/analyzer/leak-4.c  -std=c++17  (test for warnings, line 18)
FAIL: c-c++-common/analyzer/leak-4.c  -std=c++17  (test for warnings, line 99)
FAIL: c-c++-common/analyzer/leak-4.c  -std=c++17 leak of sub buffer at line 107 (test for warnings, line 106)
FAIL: c-c++-common/analyzer/leak-4.c  -std=c++17 leak of unknown at line 76 (test for warnings, line 75)
FAIL: c-c++-common/analyzer/leak-4.c  -std=c++20  (test for warnings, line 17)
FAIL: c-c++-common/analyzer/leak-4.c  -std=c++20  (test for warnings, line 18)
FAIL: c-c++-common/analyzer/leak-4.c  -std=c++20  (test for warnings, line 99)
FAIL: c-c++-common/analyzer/leak-4.c  -std=c++20 leak of sub buffer at line 107 (test for warnings, line 106)
FAIL: c-c++-common/analyzer/leak-4.c  -std=c++20 leak of unknown at line 76 (test for warnings, line 75)
FAIL: c-c++-common/analyzer/leak-4.c  -std=c++98  (test for warnings, line 17)
FAIL: c-c++-common/analyzer/leak-4.c  -std=c++98  (test for warnings, line 18)
FAIL: c-c++-common/analyzer/leak-4.c  -std=c++98  (test for warnings, line 99)
FAIL: c-c++-common/analyzer/leak-4.c  -std=c++98 leak of sub buffer at line 107 (test for warnings, line 106)
FAIL: c-c++-common/analyzer/leak-4.c  -std=c++98 leak of unknown at line 76 (test for warnings, line 75)
FAIL: c-c++-common/analyzer/malloc-ipa-8-unchecked.c  -std=c++14  expected multiline pattern lines 69-107
FAIL: c-c++-common/analyzer/malloc-ipa-8-unchecked.c  -std=c++14 (test for excess errors)
FAIL: c-c++-common/analyzer/malloc-ipa-8-unchecked.c  -std=c++17  expected multiline pattern lines 69-107
FAIL: c-c++-common/analyzer/malloc-ipa-8-unchecked.c  -std=c++17 (test for excess errors)
FAIL: c-c++-common/analyzer/malloc-ipa-8-unchecked.c  -std=c++20  expected multiline pattern lines 69-107
FAIL: c-c++-common/analyzer/malloc-ipa-8-unchecked.c  -std=c++20 (test for excess errors)
FAIL: c-c++-common/analyzer/malloc-ipa-8-unchecked.c  -std=c++98  expected multiline pattern lines 69-107
FAIL: c-c++-common/analyzer/malloc-ipa-8-unchecked.c  -std=c++98 (test for excess errors)
FAIL: c-c++-common/analyzer/out-of-bounds-1.c  -std=c++14 uninit warning at line 120 (test for warnings, line 116)
FAIL: c-c++-common/analyzer/out-of-bounds-1.c  -std=c++14 warning at line 77 (test for warnings, line 74)
FAIL: c-c++-common/analyzer/out-of-bounds-1.c  -std=c++17 uninit warning at line 120 (test for warnings, line 116)
FAIL: c-c++-common/analyzer/out-of-bounds-1.c  -std=c++17 warning at line 77 (test for warnings, line 74)
FAIL: c-c++-common/analyzer/out-of-bounds-1.c  -std=c++20 uninit warning at line 120 (test for warnings, line 116)
FAIL: c-c++-common/analyzer/out-of-bounds-1.c  -std=c++20 warning at line 77 (test for warnings, line 74)
FAIL: c-c++-common/analyzer/out-of-bounds-1.c  -std=c++98 uninit warning at line 120 (test for warnings, line 116)
FAIL: c-c++-common/analyzer/out-of-bounds-1.c  -std=c++98 warning at line 77 (test for warnings, line 74)
FAIL: c-c++-common/analyzer/out-of-bounds-2.c  -std=c++14 (test for excess errors)
FAIL: c-c++-common/analyzer/out-of-bounds-2.c  -std=c++14 bounds warning at line 82 (test for warnings, line 79)
FAIL: c-c++-common/analyzer/out-of-bounds-2.c  -std=c++14 num bad bytes note at line 83 (test for warnings, line 79)
FAIL: c-c++-common/analyzer/out-of-bounds-2.c  -std=c++17 (test for excess errors)
FAIL: c-c++-common/analyzer/out-of-bounds-2.c  -std=c++17 bounds warning at line 82 (test for warnings, line 79)
FAIL: c-c++-common/analyzer/out-of-bounds-2.c  -std=c++17 num bad bytes note at line 83 (test for warnings, line 79)
FAIL: c-c++-common/analyzer/out-of-bounds-2.c  -std=c++20 (test for excess errors)
FAIL: c-c++-common/analyzer/out-of-bounds-2.c  -std=c++20 bounds warning at line 82 (test for warnings, line 79)
FAIL: c-c++-common/analyzer/out-of-bounds-2.c  -std=c++20 num bad bytes note at line 83 (test for warnings, line 79)
FAIL: c-c++-common/analyzer/out-of-bounds-2.c  -std=c++98 (test for excess errors)
FAIL: c-c++-common/analyzer/out-of-bounds-2.c  -std=c++98 bounds warning at line 82 (test for warnings, line 79)
FAIL: c-c++-common/analyzer/out-of-bounds-2.c  -std=c++98 num bad bytes note at line 83 (test for warnings, line 79)
FAIL: c-c++-common/analyzer/out-of-bounds-5.c  -std=c++14  (test for warnings, line 53)
FAIL: c-c++-common/analyzer/out-of-bounds-5.c  -std=c++14 warning at line 70 (test for warnings, line 69)
FAIL: c-c++-common/analyzer/out-of-bounds-5.c  -std=c++14 warning at line 71 (test for warnings, line 69)
FAIL: c-c++-common/analyzer/out-of-bounds-5.c  -std=c++14 warning at line 79 (test for warnings, line 78)
FAIL: c-c++-common/analyzer/out-of-bounds-5.c  -std=c++14 warning at line 80 (test for warnings, line 78)
FAIL: c-c++-common/analyzer/out-of-bounds-5.c  -std=c++17  (test for warnings, line 53)
FAIL: c-c++-common/analyzer/out-of-bounds-5.c  -std=c++17 warning at line 70 (test for warnings, line 69)
FAIL: c-c++-common/analyzer/out-of-bounds-5.c  -std=c++17 warning at line 71 (test for warnings, line 69)
FAIL: c-c++-common/analyzer/out-of-bounds-5.c  -std=c++17 warning at line 79 (test for warnings, line 78)
FAIL: c-c++-common/analyzer/out-of-bounds-5.c  -std=c++17 warning at line 80 (test for warnings, line 78)
FAIL: c-c++-common/analyzer/out-of-bounds-5.c  -std=c++20  (test for warnings, line 53)
FAIL: c-c++-common/analyzer/out-of-bounds-5.c  -std=c++20 warning at line 70 (test for warnings, line 69)
FAIL: c-c++-common/analyzer/out-of-bounds-5.c  -std=c++20 warning at line 71 (test for warnings, line 69)
FAIL: c-c++-common/analyzer/out-of-bounds-5.c  -std=c++20 warning at line 79 (test for warnings, line 78)
FAIL: c-c++-common/analyzer/out-of-bounds-5.c  -std=c++20 warning at line 80 (test for warnings, line 78)
FAIL: c-c++-common/analyzer/out-of-bounds-5.c  -std=c++98  (test for warnings, line 53)
FAIL: c-c++-common/analyzer/out-of-bounds-5.c  -std=c++98 warning at line 70 (test for warnings, line 69)
FAIL: c-c++-common/analyzer/out-of-bounds-5.c  -std=c++98 warning at line 71 (test for warnings, line 69)
FAIL: c-c++-common/analyzer/out-of-bounds-5.c  -std=c++98 warning at line 79 (test for warnings, line 78)
FAIL: c-c++-common/analyzer/out-of-bounds-5.c  -std=c++98 warning at line 80 (test for warnings, line 78)
FAIL: c-c++-common/analyzer/out-of-bounds-diagram-11.c  -std=c++14  (test for warnings, line 12)
FAIL: c-c++-common/analyzer/out-of-bounds-diagram-11.c  -std=c++14  expected multiline pattern lines 18-36
FAIL: c-c++-common/analyzer/out-of-bounds-diagram-11.c  -std=c++17  (test for warnings, line 12)
FAIL: c-c++-common/analyzer/out-of-bounds-diagram-11.c  -std=c++17  expected multiline pattern lines 18-36
FAIL: c-c++-common/analyzer/out-of-bounds-diagram-11.c  -std=c++20  (test for warnings, line 12)
FAIL: c-c++-common/analyzer/out-of-bounds-diagram-11.c  -std=c++20  expected multiline pattern lines 18-36
FAIL: c-c++-common/analyzer/out-of-bounds-diagram-11.c  -std=c++98  (test for warnings, line 12)
FAIL: c-c++-common/analyzer/out-of-bounds-diagram-11.c  -std=c++98  expected multiline pattern lines 18-36
FAIL: c-c++-common/analyzer/overlapping-buffers.c  -std=c++14  (test for warnings, line 12)
FAIL: c-c++-common/analyzer/overlapping-buffers.c  -std=c++14  (test for warnings, line 148)
FAIL: c-c++-common/analyzer/overlapping-buffers.c  -std=c++14  (test for warnings, line 23)
FAIL: c-c++-common/analyzer/overlapping-buffers.c  -std=c++14  (test for warnings, line 34)
FAIL: c-c++-common/analyzer/overlapping-buffers.c  -std=c++14  (test for warnings, line 45)
FAIL: c-c++-common/analyzer/overlapping-buffers.c  -std=c++14  (test for warnings, line 80)
FAIL: c-c++-common/analyzer/overlapping-buffers.c  -std=c++14  (test for warnings, line 91)
FAIL: c-c++-common/analyzer/overlapping-buffers.c  -std=c++17  (test for warnings, line 12)
FAIL: c-c++-common/analyzer/overlapping-buffers.c  -std=c++17  (test for warnings, line 148)
FAIL: c-c++-common/analyzer/overlapping-buffers.c  -std=c++17  (test for warnings, line 23)
FAIL: c-c++-common/analyzer/overlapping-buffers.c  -std=c++17  (test for warnings, line 34)
FAIL: c-c++-common/analyzer/overlapping-buffers.c  -std=c++17  (test for warnings, line 45)
FAIL: c-c++-common/analyzer/overlapping-buffers.c  -std=c++17  (test for warnings, line 80)
FAIL: c-c++-common/analyzer/overlapping-buffers.c  -std=c++17  (test for warnings, line 91)
FAIL: c-c++-common/analyzer/overlapping-buffers.c  -std=c++20  (test for warnings, line 12)
FAIL: c-c++-common/analyzer/overlapping-buffers.c  -std=c++20  (test for warnings, line 148)
FAIL: c-c++-common/analyzer/overlapping-buffers.c  -std=c++20  (test for warnings, line 23)
FAIL: c-c++-common/analyzer/overlapping-buffers.c  -std=c++20  (test for warnings, line 34)
FAIL: c-c++-common/analyzer/overlapping-buffers.c  -std=c++20  (test for warnings, line 45)
FAIL: c-c++-common/analyzer/overlapping-buffers.c  -std=c++20  (test for warnings, line 80)
FAIL: c-c++-common/analyzer/overlapping-buffers.c  -std=c++20  (test for warnings, line 91)
FAIL: c-c++-common/analyzer/overlapping-buffers.c  -std=c++98  (test for warnings, line 12)
FAIL: c-c++-common/analyzer/overlapping-buffers.c  -std=c++98  (test for warnings, line 148)
FAIL: c-c++-common/analyzer/overlapping-buffers.c  -std=c++98  (test for warnings, line 23)
FAIL: c-c++-common/analyzer/overlapping-buffers.c  -std=c++98  (test for warnings, line 34)
FAIL: c-c++-common/analyzer/overlapping-buffers.c  -std=c++98  (test for warnings, line 45)
FAIL: c-c++-common/analyzer/overlapping-buffers.c  -std=c++98  (test for warnings, line 80)
FAIL: c-c++-common/analyzer/overlapping-buffers.c  -std=c++98  (test for warnings, line 91)
FAIL: c-c++-common/analyzer/signal-4a.c  -std=gnu++14  at line 16 (test for warnings, line 15)
FAIL: c-c++-common/analyzer/signal-4a.c  -std=gnu++14  expected multiline pattern lines 79-121
FAIL: c-c++-common/analyzer/signal-4a.c  -std=gnu++17  at line 16 (test for warnings, line 15)
FAIL: c-c++-common/analyzer/signal-4a.c  -std=gnu++17  expected multiline pattern lines 79-121
FAIL: c-c++-common/analyzer/signal-4a.c  -std=gnu++20  at line 16 (test for warnings, line 15)
FAIL: c-c++-common/analyzer/signal-4a.c  -std=gnu++20  expected multiline pattern lines 79-121
FAIL: c-c++-common/analyzer/signal-4a.c  -std=gnu++98  at line 16 (test for warnings, line 15)
FAIL: c-c++-common/analyzer/signal-4a.c  -std=gnu++98  expected multiline pattern lines 79-121
FAIL: c-c++-common/analyzer/signal-4b.c  -std=gnu++14  at line 16 (test for warnings, line 15)
FAIL: c-c++-common/analyzer/signal-4b.c  -std=gnu++14  expected multiline pattern lines 94-148
FAIL: c-c++-common/analyzer/signal-4b.c  -std=gnu++17  at line 16 (test for warnings, line 15)
FAIL: c-c++-common/analyzer/signal-4b.c  -std=gnu++17  expected multiline pattern lines 94-148
FAIL: c-c++-common/analyzer/signal-4b.c  -std=gnu++20  at line 16 (test for warnings, line 15)
FAIL: c-c++-common/analyzer/signal-4b.c  -std=gnu++20  expected multiline pattern lines 94-148
FAIL: c-c++-common/analyzer/signal-4b.c  -std=gnu++98  at line 16 (test for warnings, line 15)
FAIL: c-c++-common/analyzer/signal-4b.c  -std=gnu++98  expected multiline pattern lines 94-148
FAIL: c-c++-common/analyzer/write-to-string-literal-1.c  -std=c++14  (test for warnings, line 22)
FAIL: c-c++-common/analyzer/write-to-string-literal-1.c  -std=c++17  (test for warnings, line 22)
FAIL: c-c++-common/analyzer/write-to-string-literal-1.c  -std=c++20  (test for warnings, line 22)
FAIL: c-c++-common/analyzer/write-to-string-literal-1.c  -std=c++98  (test for warnings, line 22)
FAIL: g++.dg/analyzer/placement-new-size.C  -std=c++14  (test for warnings, line 34)
FAIL: g++.dg/analyzer/placement-new-size.C  -std=c++14  (test for warnings, line 35)
FAIL: g++.dg/analyzer/placement-new-size.C  -std=c++14 (test for excess errors)
FAIL: g++.dg/analyzer/placement-new-size.C  -std=c++17  (test for warnings, line 34)
FAIL: g++.dg/analyzer/placement-new-size.C  -std=c++17  (test for warnings, line 35)
FAIL: g++.dg/analyzer/placement-new-size.C  -std=c++17 (test for excess errors)
FAIL: g++.dg/analyzer/placement-new-size.C  -std=c++20  (test for warnings, line 34)
FAIL: g++.dg/analyzer/placement-new-size.C  -std=c++20  (test for warnings, line 35)
FAIL: g++.dg/analyzer/placement-new-size.C  -std=c++20 (test for excess errors)
FAIL: g++.dg/analyzer/placement-new-size.C  -std=c++98  (test for warnings, line 34)
FAIL: g++.dg/analyzer/placement-new-size.C  -std=c++98  (test for warnings, line 35)
FAIL: g++.dg/analyzer/placement-new-size.C  -std=c++98 (test for excess errors)
FAIL: c-c++-common/asan/swapcontext-test-1.c   -O0  execution test
FAIL: c-c++-common/asan/swapcontext-test-1.c   -O1  execution test
FAIL: c-c++-common/asan/swapcontext-test-1.c   -O2  execution test
FAIL: c-c++-common/asan/swapcontext-test-1.c   -O2 -flto  execution test
FAIL: c-c++-common/asan/swapcontext-test-1.c   -O2 -flto -flto-partition=none  execution test
FAIL: c-c++-common/asan/swapcontext-test-1.c   -O3 -fomit-frame-pointer -funroll-loops -fpeel-loops -ftracer -finline-functions  execution test
FAIL: c-c++-common/asan/swapcontext-test-1.c   -O3 -g  execution test
FAIL: c-c++-common/asan/swapcontext-test-1.c   -Os  execution test
FAIL: g++.dg/asan/default-options-1.C   -O0  execution test
FAIL: g++.dg/asan/default-options-1.C   -O1  execution test
FAIL: g++.dg/asan/default-options-1.C   -O2  execution test
FAIL: g++.dg/asan/default-options-1.C   -O2 -flto  execution test
FAIL: g++.dg/asan/default-options-1.C   -O2 -flto -flto-partition=none  execution test
FAIL: g++.dg/asan/default-options-1.C   -O3 -g  execution test
FAIL: g++.dg/asan/default-options-1.C   -Os  execution test
FAIL: c-c++-common/pr103798-2.c  -std=gnu++14  scan-assembler-not memchr
FAIL: c-c++-common/pr103798-2.c  -std=gnu++17  scan-assembler-not memchr
FAIL: c-c++-common/pr103798-2.c  -std=gnu++20  scan-assembler-not memchr
FAIL: c-c++-common/pr103798-2.c  -std=gnu++98  scan-assembler-not memchr
FAIL: g++.dg/gcov/pr16855-priority.C  -std=gnu++14  gcov: 12 failures in line counts, 0 in branch percentages, 0 in return percentages, 0 in intermediate format
FAIL: g++.dg/gcov/pr16855-priority.C  -std=gnu++14  line 14: is 2:should be 1
FAIL: g++.dg/gcov/pr16855-priority.C  -std=gnu++14  line 21: is 2:should be 1
FAIL: g++.dg/gcov/pr16855-priority.C  -std=gnu++14  line 23: is #####:should be 1
FAIL: g++.dg/gcov/pr16855-priority.C  -std=gnu++14  line 37: is 2:should be 1
FAIL: g++.dg/gcov/pr16855-priority.C  -std=gnu++14  line 43: is 2:should be 1
FAIL: g++.dg/gcov/pr16855-priority.C  -std=gnu++14  line 48: is 2:should be 1
FAIL: g++.dg/gcov/pr16855-priority.C  -std=gnu++14  line 53: is 2:should be 1
FAIL: g++.dg/gcov/pr16855-priority.C  -std=gnu++14  line 58: is 2:should be 1
FAIL: g++.dg/gcov/pr16855-priority.C  -std=gnu++14  line 63: is 2:should be 1
FAIL: g++.dg/gcov/pr16855-priority.C  -std=gnu++14  line 68: is 2:should be 1
FAIL: g++.dg/gcov/pr16855-priority.C  -std=gnu++14  line 73: is 2:should be 1
FAIL: g++.dg/gcov/pr16855-priority.C  -std=gnu++14  line 78: is 2:should be 1
FAIL: g++.dg/gcov/pr16855-priority.C  -std=gnu++17  gcov: 12 failures in line counts, 0 in branch percentages, 0 in return percentages, 0 in intermediate format
FAIL: g++.dg/gcov/pr16855-priority.C  -std=gnu++17  line 14: is 3:should be 1
FAIL: g++.dg/gcov/pr16855-priority.C  -std=gnu++17  line 21: is 3:should be 1
FAIL: g++.dg/gcov/pr16855-priority.C  -std=gnu++17  line 23: is #####:should be 1
FAIL: g++.dg/gcov/pr16855-priority.C  -std=gnu++17  line 37: is 3:should be 1
FAIL: g++.dg/gcov/pr16855-priority.C  -std=gnu++17  line 43: is 3:should be 1
FAIL: g++.dg/gcov/pr16855-priority.C  -std=gnu++17  line 48: is 3:should be 1
FAIL: g++.dg/gcov/pr16855-priority.C  -std=gnu++17  line 53: is 3:should be 1
FAIL: g++.dg/gcov/pr16855-priority.C  -std=gnu++17  line 58: is 3:should be 1
FAIL: g++.dg/gcov/pr16855-priority.C  -std=gnu++17  line 63: is 3:should be 1
FAIL: g++.dg/gcov/pr16855-priority.C  -std=gnu++17  line 68: is 3:should be 1
FAIL: g++.dg/gcov/pr16855-priority.C  -std=gnu++17  line 73: is 3:should be 1
FAIL: g++.dg/gcov/pr16855-priority.C  -std=gnu++17  line 78: is 3:should be 1
FAIL: g++.dg/gcov/pr16855-priority.C  -std=gnu++20  gcov: 12 failures in line counts, 0 in branch percentages, 0 in return percentages, 0 in intermediate format
FAIL: g++.dg/gcov/pr16855-priority.C  -std=gnu++20  line 14: is 4:should be 1
FAIL: g++.dg/gcov/pr16855-priority.C  -std=gnu++20  line 21: is 4:should be 1
FAIL: g++.dg/gcov/pr16855-priority.C  -std=gnu++20  line 23: is #####:should be 1
FAIL: g++.dg/gcov/pr16855-priority.C  -std=gnu++20  line 37: is 4:should be 1
FAIL: g++.dg/gcov/pr16855-priority.C  -std=gnu++20  line 43: is 4:should be 1
FAIL: g++.dg/gcov/pr16855-priority.C  -std=gnu++20  line 48: is 4:should be 1
FAIL: g++.dg/gcov/pr16855-priority.C  -std=gnu++20  line 53: is 4:should be 1
FAIL: g++.dg/gcov/pr16855-priority.C  -std=gnu++20  line 58: is 4:should be 1
FAIL: g++.dg/gcov/pr16855-priority.C  -std=gnu++20  line 63: is 4:should be 1
FAIL: g++.dg/gcov/pr16855-priority.C  -std=gnu++20  line 68: is 4:should be 1
FAIL: g++.dg/gcov/pr16855-priority.C  -std=gnu++20  line 73: is 4:should be 1
FAIL: g++.dg/gcov/pr16855-priority.C  -std=gnu++20  line 78: is 4:should be 1
FAIL: g++.dg/gcov/pr16855-priority.C  -std=gnu++98  gcov: 1 failures in line counts, 0 in branch percentages, 0 in return percentages, 0 in intermediate format
FAIL: g++.dg/gcov/pr16855-priority.C  -std=gnu++98  line 23: is #####:should be 1
FAIL: g++.dg/gcov/pr16855.C  -std=gnu++14  gcov: 6 failures in line counts, 0 in branch percentages, 0 in return percentages, 0 in intermediate format
FAIL: g++.dg/gcov/pr16855.C  -std=gnu++14  line 15: is 2:should be 1
FAIL: g++.dg/gcov/pr16855.C  -std=gnu++14  line 22: is 2:should be 1
FAIL: g++.dg/gcov/pr16855.C  -std=gnu++14  line 24: is #####:should be 1
FAIL: g++.dg/gcov/pr16855.C  -std=gnu++14  line 38: is 2:should be 1
FAIL: g++.dg/gcov/pr16855.C  -std=gnu++14  line 44: is 2:should be 1
FAIL: g++.dg/gcov/pr16855.C  -std=gnu++14  line 49: is 2:should be 1
FAIL: g++.dg/gcov/pr16855.C  -std=gnu++17  gcov: 6 failures in line counts, 0 in branch percentages, 0 in return percentages, 0 in intermediate format
FAIL: g++.dg/gcov/pr16855.C  -std=gnu++17  line 15: is 3:should be 1
FAIL: g++.dg/gcov/pr16855.C  -std=gnu++17  line 22: is 3:should be 1
FAIL: g++.dg/gcov/pr16855.C  -std=gnu++17  line 24: is #####:should be 1
FAIL: g++.dg/gcov/pr16855.C  -std=gnu++17  line 38: is 3:should be 1
FAIL: g++.dg/gcov/pr16855.C  -std=gnu++17  line 44: is 3:should be 1
FAIL: g++.dg/gcov/pr16855.C  -std=gnu++17  line 49: is 3:should be 1
FAIL: g++.dg/gcov/pr16855.C  -std=gnu++20  gcov: 6 failures in line counts, 0 in branch percentages, 0 in return percentages, 0 in intermediate format
FAIL: g++.dg/gcov/pr16855.C  -std=gnu++20  line 15: is 4:should be 1
FAIL: g++.dg/gcov/pr16855.C  -std=gnu++20  line 22: is 4:should be 1
FAIL: g++.dg/gcov/pr16855.C  -std=gnu++20  line 24: is #####:should be 1
FAIL: g++.dg/gcov/pr16855.C  -std=gnu++20  line 38: is 4:should be 1
FAIL: g++.dg/gcov/pr16855.C  -std=gnu++20  line 44: is 4:should be 1
FAIL: g++.dg/gcov/pr16855.C  -std=gnu++20  line 49: is 4:should be 1
FAIL: g++.dg/gcov/pr16855.C  -std=gnu++98  gcov: 1 failures in line counts, 0 in branch percentages, 0 in return percentages, 0 in intermediate format
FAIL: g++.dg/gcov/pr16855.C  -std=gnu++98  line 24: is #####:should be 1
FAIL: g++.dg/modules/stdio-1_a.H -std=c++17  scan-lang-dump module "Depset:0 decl entity:[0-9]* function_decl:'::printf'"
FAIL: g++.dg/modules/stdio-1_a.H -std=c++2a  scan-lang-dump module "Depset:0 decl entity:[0-9]* function_decl:'::printf'"
FAIL: g++.dg/modules/stdio-1_a.H -std=c++2b  scan-lang-dump module "Depset:0 decl entity:[0-9]* function_decl:'::printf'"
FAIL: g++.dg/modules/xtreme-header-2_c.C -std=c++2b (test for excess errors)
FAIL: g++.dg/modules/xtreme-header-5_c.C -std=c++2a (test for excess errors)
FAIL: g++.dg/modules/xtreme-header-5_c.C -std=c++2b (test for excess errors)

		=== g++ Summary for unix/-m32 ===

# of expected passes		235939
# of unexpected failures	353
# of unexpected successes	12
# of expected failures		2432
# of unsupported tests		11567

		=== g++ Summary ===

# of expected passes		472681
# of unexpected failures	692
# of unexpected successes	24
# of expected failures		4872
# of unsupported tests		22778
/var/gcc/regression/master/11.4-gcc-gas-64/build/gcc/xg++  version 14.0.0 20230915 (experimental) [master 2d38f45bcca62ca0c7afef4b579f82c5c2a01610] (GCC) 

		=== gcc tests ===


Running target unix
FAIL: gcc.dg/analyzer/fd-accept.c (test for excess errors)
FAIL: gcc.dg/analyzer/fd-accept.c final event at line 58 (test for warnings, line 57)
FAIL: gcc.dg/analyzer/fd-accept.c warning (test for warnings, line 57)
FAIL: gcc.dg/analyzer/fd-access-mode-target-headers.c  (test for warnings, line 20)
FAIL: gcc.dg/analyzer/fd-access-mode-target-headers.c  (test for warnings, line 28)
FAIL: gcc.dg/analyzer/fd-access-mode-target-headers.c  (test for warnings, line 33)
FAIL: gcc.dg/analyzer/fd-access-mode-target-headers.c  (test for warnings, line 40)
FAIL: gcc.dg/analyzer/fd-access-mode-target-headers.c  (test for warnings, line 56)
FAIL: gcc.dg/analyzer/fd-access-mode-target-headers.c (test for excess errors)
FAIL: gcc.dg/analyzer/fd-connect.c  (test for warnings, line 35)
FAIL: gcc.dg/analyzer/fd-datagram-socket.c  (test for warnings, line 13)
FAIL: gcc.dg/analyzer/fd-datagram-socket.c  (test for warnings, line 32)
FAIL: gcc.dg/analyzer/fd-datagram-socket.c  (test for warnings, line 38)
FAIL: gcc.dg/analyzer/fd-datagram-socket.c  (test for warnings, line 50)
FAIL: gcc.dg/analyzer/fd-datagram-socket.c  (test for warnings, line 72)
FAIL: gcc.dg/analyzer/fd-datagram-socket.c  (test for warnings, line 83)
FAIL: gcc.dg/analyzer/fd-datagram-socket.c  (test for warnings, line 86)
FAIL: gcc.dg/analyzer/fd-datagram-socket.c  (test for warnings, line 94)
FAIL: gcc.dg/analyzer/fd-datagram-socket.c  (test for warnings, line 98)
FAIL: gcc.dg/analyzer/fd-datagram-socket.c (test for excess errors)
FAIL: gcc.dg/analyzer/fd-datagram-socket.c final event at line 110 (test for warnings, line 109)
FAIL: gcc.dg/analyzer/fd-datagram-socket.c final event at line 88 (test for warnings, line 87)
FAIL: gcc.dg/analyzer/fd-datagram-socket.c warning (test for warnings, line 109)
FAIL: gcc.dg/analyzer/fd-datagram-socket.c warning (test for warnings, line 87)
FAIL: gcc.dg/analyzer/fd-listen.c (test for excess errors)
FAIL: gcc.dg/analyzer/fd-listen.c final event at line 55 (test for warnings, line 54)
FAIL: gcc.dg/analyzer/fd-listen.c warning (test for warnings, line 54)
FAIL: gcc.dg/analyzer/fd-socket-misuse.c  (test for warnings, line 18)
FAIL: gcc.dg/analyzer/fd-socket-misuse.c (test for excess errors)
FAIL: gcc.dg/analyzer/fd-socket-misuse.c final event at line 22 (test for warnings, line 21)
FAIL: gcc.dg/analyzer/fd-socket-misuse.c warning (test for warnings, line 21)
FAIL: gcc.dg/analyzer/fd-stream-socket-active-open.c  (test for warnings, line 21)
FAIL: gcc.dg/analyzer/fd-stream-socket-active-open.c  (test for warnings, line 32)
FAIL: gcc.dg/analyzer/fd-stream-socket-active-open.c  (test for warnings, line 39)
FAIL: gcc.dg/analyzer/fd-stream-socket-active-open.c  (test for warnings, line 47)
FAIL: gcc.dg/analyzer/fd-stream-socket-active-open.c (test for excess errors)
FAIL: gcc.dg/analyzer/fd-stream-socket-passive-open.c  (test for warnings, line 27)
FAIL: gcc.dg/analyzer/fd-stream-socket-passive-open.c  (test for warnings, line 35)
FAIL: gcc.dg/analyzer/fd-stream-socket-passive-open.c  (test for warnings, line 41)
FAIL: gcc.dg/analyzer/fd-stream-socket-passive-open.c  (test for warnings, line 46)
FAIL: gcc.dg/analyzer/fd-stream-socket-passive-open.c (test for excess errors)
FAIL: gcc.dg/analyzer/fd-stream-socket.c  (test for warnings, line 13)
FAIL: gcc.dg/analyzer/fd-stream-socket.c  (test for warnings, line 37)
FAIL: gcc.dg/analyzer/fd-stream-socket.c  (test for warnings, line 70)
FAIL: gcc.dg/analyzer/fd-stream-socket.c  (test for warnings, line 81)
FAIL: gcc.dg/analyzer/fd-stream-socket.c  (test for warnings, line 92)
WARNING: gcc.dg/c11-atomic-2.c (test for excess errors) program timed out.
FAIL: gcc.dg/c11-atomic-2.c (test for excess errors)
XPASS: gcc.dg/pr84877.c execution test
XPASS: gcc.dg/ipa/iinline-attr.c scan-ipa-dump inline "hooray[^\\\\n]*inline copy in test"
FAIL: gcc.dg/ipa/ipa-icf-38.c scan-ltrans-tree-dump-not optimized "Function bar"
FAIL: gcc-dg-lto-modref-3-01.exe scan-wpa-ipa-dump modref "parm 1 flags: no_direct_clobber no_direct_escape"
FAIL: gcc-dg-lto-modref-4-01.exe scan-wpa-ipa-dump modref "parm 1 flags: no_direct_clobber no_direct_escape"
FAIL: gcc.dg/lto/modref-3 c_lto_modref-3_0.o-c_lto_modref-3_1.o execute -O2 -flto-partition=max -fdump-ipa-modref -fno-ipa-sra -fno-ipa-cp -flto
FAIL: gcc.dg/lto/modref-4 c_lto_modref-4_0.o-c_lto_modref-4_1.o execute -O2 -flto-partition=max -fdump-ipa-modref -fno-ipa-sra -flto
FAIL: gcc.dg/plugin/crash-test-write-though-null-sarif.c -fplugin=./crash_test_plugin.so  scan-sarif-file "text": "Segmentation fault
FAIL: gcc.dg/tree-ssa/pr108357.c scan-tree-dump-not threadfull1 "foo"
XPASS: gcc.dg/vect/bb-slp-32.c -flto -ffat-lto-objects  scan-tree-dump slp2 "vectorization is not profitable"
XPASS: gcc.dg/vect/bb-slp-32.c scan-tree-dump slp2 "vectorization is not profitable"
XPASS: gcc.dg/vect/pr33804.c -flto -ffat-lto-objects  scan-tree-dump-times vect "vectorized 1 loops" 1
XPASS: gcc.dg/vect/pr33804.c -flto -ffat-lto-objects  scan-tree-dump-times vect "vectorizing stmts using SLP" 1
XPASS: gcc.dg/vect/pr33804.c scan-tree-dump-times vect "vectorized 1 loops" 1
XPASS: gcc.dg/vect/pr33804.c scan-tree-dump-times vect "vectorizing stmts using SLP" 1
FAIL: gcc.dg/vect/pr37027.c -flto -ffat-lto-objects  scan-tree-dump-times vect "vectorized 1 loops" 1
FAIL: gcc.dg/vect/pr37027.c -flto -ffat-lto-objects  scan-tree-dump-times vect "vectorizing stmts using SLP" 1
FAIL: gcc.dg/vect/pr37027.c scan-tree-dump-times vect "vectorized 1 loops" 1
FAIL: gcc.dg/vect/pr37027.c scan-tree-dump-times vect "vectorizing stmts using SLP" 1
FAIL: gcc.dg/vect/pr67790.c -flto -ffat-lto-objects  scan-tree-dump vect "vectorizing stmts using SLP"
FAIL: gcc.dg/vect/pr67790.c scan-tree-dump vect "vectorizing stmts using SLP"
FAIL: gcc.dg/vect/slp-47.c -flto -ffat-lto-objects  scan-tree-dump-times vect "vectorizing stmts using SLP" 2
FAIL: gcc.dg/vect/slp-47.c scan-tree-dump-times vect "vectorizing stmts using SLP" 2
FAIL: gcc.dg/vect/slp-48.c -flto -ffat-lto-objects  scan-tree-dump-times vect "vectorizing stmts using SLP" 2
FAIL: gcc.dg/vect/slp-48.c scan-tree-dump-times vect "vectorizing stmts using SLP" 2
XPASS: gcc.dg/vect/slp-multitypes-3.c -flto -ffat-lto-objects  scan-tree-dump-times vect "vectorized 1 loops" 1
XPASS: gcc.dg/vect/slp-multitypes-3.c -flto -ffat-lto-objects  scan-tree-dump-times vect "vectorizing stmts using SLP" 2
XPASS: gcc.dg/vect/slp-multitypes-3.c scan-tree-dump-times vect "vectorized 1 loops" 1
XPASS: gcc.dg/vect/slp-multitypes-3.c scan-tree-dump-times vect "vectorizing stmts using SLP" 2
FAIL: gcc.dg/vect/slp-reduc-1.c -flto -ffat-lto-objects  scan-tree-dump-times vect "vectorized 1 loops" 1
FAIL: gcc.dg/vect/slp-reduc-1.c -flto -ffat-lto-objects  scan-tree-dump-times vect "vectorizing stmts using SLP" 1
FAIL: gcc.dg/vect/slp-reduc-1.c scan-tree-dump-times vect "vectorized 1 loops" 1
FAIL: gcc.dg/vect/slp-reduc-1.c scan-tree-dump-times vect "vectorizing stmts using SLP" 1
FAIL: gcc.dg/vect/slp-reduc-2.c -flto -ffat-lto-objects  scan-tree-dump-times vect "vectorized 1 loops" 1
FAIL: gcc.dg/vect/slp-reduc-2.c -flto -ffat-lto-objects  scan-tree-dump-times vect "vectorizing stmts using SLP" 1
FAIL: gcc.dg/vect/slp-reduc-2.c scan-tree-dump-times vect "vectorized 1 loops" 1
FAIL: gcc.dg/vect/slp-reduc-2.c scan-tree-dump-times vect "vectorizing stmts using SLP" 1
FAIL: gcc.dg/vect/slp-reduc-7.c -flto -ffat-lto-objects  scan-tree-dump-times vect "vectorized 1 loops" 1
FAIL: gcc.dg/vect/slp-reduc-7.c -flto -ffat-lto-objects  scan-tree-dump-times vect "vectorizing stmts using SLP" 1
FAIL: gcc.dg/vect/slp-reduc-7.c scan-tree-dump-times vect "vectorized 1 loops" 1
FAIL: gcc.dg/vect/slp-reduc-7.c scan-tree-dump-times vect "vectorizing stmts using SLP" 1
FAIL: gcc.dg/vect/slp-reduc-8.c -flto -ffat-lto-objects  scan-tree-dump vect "vectorized 1 loops"
FAIL: gcc.dg/vect/slp-reduc-8.c scan-tree-dump vect "vectorized 1 loops"
FAIL: gcc.dg/vect/vect-33.c -flto -ffat-lto-objects  scan-tree-dump-not optimized "Invalid sum"
FAIL: gcc.dg/vect/vect-33.c scan-tree-dump-not optimized "Invalid sum"
XPASS: gcc.dg/vect/vect-alias-check-1.c -flto -ffat-lto-objects  scan-tree-dump vect "using an address-based overlap test"
XPASS: gcc.dg/vect/vect-alias-check-1.c scan-tree-dump vect "using an address-based overlap test"
FAIL: gcc.dg/vect/vect-bic-bitmask-12.c -flto -ffat-lto-objects  scan-tree-dump dce7 "<=\\\\s*.+{ 255,.+}"
FAIL: gcc.dg/vect/vect-bic-bitmask-12.c scan-tree-dump dce7 "<=\\\\s*.+{ 255,.+}"
FAIL: gcc.dg/vect/vect-bic-bitmask-23.c -flto -ffat-lto-objects  scan-tree-dump dce7 "<=\\\\s*.+{ 255, 15, 1, 65535 }"
FAIL: gcc.dg/vect/vect-bic-bitmask-23.c scan-tree-dump dce7 "<=\\\\s*.+{ 255, 15, 1, 65535 }"
FAIL: gcc.dg/vect/vect-cost-model-1.c -flto -ffat-lto-objects  scan-tree-dump vect "LOOP VECTORIZED"
FAIL: gcc.dg/vect/vect-cost-model-1.c scan-tree-dump vect "LOOP VECTORIZED"
FAIL: gcc.dg/vect/vect-cost-model-3.c -flto -ffat-lto-objects  scan-tree-dump vect "LOOP VECTORIZED"
FAIL: gcc.dg/vect/vect-cost-model-3.c scan-tree-dump vect "LOOP VECTORIZED"
FAIL: gcc.dg/vect/vect-cost-model-5.c -flto -ffat-lto-objects  scan-tree-dump vect "LOOP VECTORIZED"
FAIL: gcc.dg/vect/vect-cost-model-5.c scan-tree-dump vect "LOOP VECTORIZED"
FAIL: gcc.dg/vect/vect-multi-peel-gaps.c -flto -ffat-lto-objects  scan-tree-dump vect "LOOP VECTORIZED"
FAIL: gcc.dg/vect/vect-multi-peel-gaps.c scan-tree-dump vect "LOOP VECTORIZED"
FAIL: gcc.dg/vect/vect-outer-4c-big-array.c -flto -ffat-lto-objects  scan-tree-dump-times vect "zero step in outer loop.(?:(?!failed)(?!Re-trying).)*succeeded" 1
FAIL: gcc.dg/vect/vect-outer-4c-big-array.c scan-tree-dump-times vect "zero step in outer loop.(?:(?!failed)(?!Re-trying).)*succeeded" 1
FAIL: gcc.dg/vect/vect-reduc-dot-s16a.c -flto -ffat-lto-objects  scan-tree-dump-times vect "vect_recog_dot_prod_pattern: detected(?:(?!failed)(?!Re-trying).)*succeeded" 1
FAIL: gcc.dg/vect/vect-reduc-dot-s16a.c scan-tree-dump-times vect "vect_recog_dot_prod_pattern: detected(?:(?!failed)(?!Re-trying).)*succeeded" 1
FAIL: gcc.dg/vect/vect-reduc-dot-s8a.c -flto -ffat-lto-objects  scan-tree-dump-times vect "vect_recog_dot_prod_pattern: detected(?:(?!failed)(?!Re-trying).)*succeeded" 1
FAIL: gcc.dg/vect/vect-reduc-dot-s8a.c -flto -ffat-lto-objects  scan-tree-dump-times vect "vect_recog_widen_mult_pattern: detected(?:(?!failed)(?!Re-trying).)*succeeded" 1
FAIL: gcc.dg/vect/vect-reduc-dot-s8a.c scan-tree-dump-times vect "vect_recog_dot_prod_pattern: detected(?:(?!failed)(?!Re-trying).)*succeeded" 1
FAIL: gcc.dg/vect/vect-reduc-dot-s8a.c scan-tree-dump-times vect "vect_recog_widen_mult_pattern: detected(?:(?!failed)(?!Re-trying).)*succeeded" 1
FAIL: gcc.dg/vect/vect-reduc-dot-s8b.c -flto -ffat-lto-objects  scan-tree-dump-times vect "vect_recog_widen_mult_pattern: detected(?:(?!failed)(?!Re-trying).)*succeeded" 1
FAIL: gcc.dg/vect/vect-reduc-dot-s8b.c scan-tree-dump-times vect "vect_recog_widen_mult_pattern: detected(?:(?!failed)(?!Re-trying).)*succeeded" 1
FAIL: gcc.dg/vect/vect-reduc-dot-u16b.c -flto -ffat-lto-objects  scan-tree-dump-times vect "vect_recog_dot_prod_pattern: detected(?:(?!failed)(?!Re-trying).)*succeeded" 1
FAIL: gcc.dg/vect/vect-reduc-dot-u16b.c scan-tree-dump-times vect "vect_recog_dot_prod_pattern: detected(?:(?!failed)(?!Re-trying).)*succeeded" 1
FAIL: gcc.dg/vect/vect-reduc-dot-u8a.c -flto -ffat-lto-objects  scan-tree-dump-times vect "vect_recog_dot_prod_pattern: detected(?:(?!failed)(?!Re-trying).)*succeeded" 1
FAIL: gcc.dg/vect/vect-reduc-dot-u8a.c scan-tree-dump-times vect "vect_recog_dot_prod_pattern: detected(?:(?!failed)(?!Re-trying).)*succeeded" 1
FAIL: gcc.dg/vect/vect-reduc-dot-u8b.c -flto -ffat-lto-objects  scan-tree-dump-times vect "vect_recog_dot_prod_pattern: detected(?:(?!failed)(?!Re-trying).)*succeeded" 1
FAIL: gcc.dg/vect/vect-reduc-dot-u8b.c scan-tree-dump-times vect "vect_recog_dot_prod_pattern: detected(?:(?!failed)(?!Re-trying).)*succeeded" 1
FAIL: gcc.dg/vect/vect-reduc-pattern-1a.c -flto -ffat-lto-objects  scan-tree-dump-times vect "vect_recog_widen_sum_pattern: detected(?:(?!failed)(?!Re-trying).)*succeeded" 1
FAIL: gcc.dg/vect/vect-reduc-pattern-1a.c scan-tree-dump-times vect "vect_recog_widen_sum_pattern: detected(?:(?!failed)(?!Re-trying).)*succeeded" 1
FAIL: gcc.dg/vect/vect-reduc-pattern-1b-big-array.c -flto -ffat-lto-objects  scan-tree-dump-times vect "vect_recog_widen_sum_pattern: detected(?:(?!failed)(?!Re-trying).)*succeeded" 1
FAIL: gcc.dg/vect/vect-reduc-pattern-1b-big-array.c scan-tree-dump-times vect "vect_recog_widen_sum_pattern: detected(?:(?!failed)(?!Re-trying).)*succeeded" 1
FAIL: gcc.dg/vect/vect-reduc-pattern-1c-big-array.c -flto -ffat-lto-objects  scan-tree-dump-times vect "vect_recog_widen_sum_pattern: detected(?:(?!failed)(?!Re-trying).)*succeeded" 1
FAIL: gcc.dg/vect/vect-reduc-pattern-1c-big-array.c scan-tree-dump-times vect "vect_recog_widen_sum_pattern: detected(?:(?!failed)(?!Re-trying).)*succeeded" 1
FAIL: gcc.dg/vect/vect-reduc-pattern-2a.c -flto -ffat-lto-objects  scan-tree-dump-times vect "vect_recog_widen_sum_pattern: detected(?:(?!failed)(?!Re-trying).)*succeeded" 1
FAIL: gcc.dg/vect/vect-reduc-pattern-2a.c scan-tree-dump-times vect "vect_recog_widen_sum_pattern: detected(?:(?!failed)(?!Re-trying).)*succeeded" 1
FAIL: gcc.dg/vect/vect-reduc-pattern-2b-big-array.c -flto -ffat-lto-objects  scan-tree-dump-times vect "vect_recog_widen_sum_pattern: detected(?:(?!failed)(?!Re-trying).)*succeeded" 1
FAIL: gcc.dg/vect/vect-reduc-pattern-2b-big-array.c scan-tree-dump-times vect "vect_recog_widen_sum_pattern: detected(?:(?!failed)(?!Re-trying).)*succeeded" 1
FAIL: gcc.dg/vect/wrapv-vect-reduc-dot-s8b.c scan-tree-dump-times vect "vect_recog_dot_prod_pattern: detected(?:(?!failed)(?!Re-trying).)*succeeded" 1
FAIL: gcc.dg/vect/wrapv-vect-reduc-dot-s8b.c scan-tree-dump-times vect "vect_recog_widen_mult_pattern: detected(?:(?!failed)(?!Re-trying).)*succeeded" 1

		=== gcc Summary for unix ===

# of expected passes		150950
# of unexpected failures	120
# of unexpected successes	14
# of expected failures		1299
# of unsupported tests		4329

Running target unix/-m32
FAIL: gcc.dg/analyzer/fd-accept.c (test for excess errors)
FAIL: gcc.dg/analyzer/fd-accept.c final event at line 58 (test for warnings, line 57)
FAIL: gcc.dg/analyzer/fd-accept.c warning (test for warnings, line 57)
FAIL: gcc.dg/analyzer/fd-access-mode-target-headers.c  (test for warnings, line 20)
FAIL: gcc.dg/analyzer/fd-access-mode-target-headers.c  (test for warnings, line 28)
FAIL: gcc.dg/analyzer/fd-access-mode-target-headers.c  (test for warnings, line 33)
FAIL: gcc.dg/analyzer/fd-access-mode-target-headers.c  (test for warnings, line 40)
FAIL: gcc.dg/analyzer/fd-access-mode-target-headers.c  (test for warnings, line 56)
FAIL: gcc.dg/analyzer/fd-access-mode-target-headers.c (test for excess errors)
FAIL: gcc.dg/analyzer/fd-connect.c  (test for warnings, line 35)
FAIL: gcc.dg/analyzer/fd-datagram-socket.c  (test for warnings, line 13)
FAIL: gcc.dg/analyzer/fd-datagram-socket.c  (test for warnings, line 32)
FAIL: gcc.dg/analyzer/fd-datagram-socket.c  (test for warnings, line 38)
FAIL: gcc.dg/analyzer/fd-datagram-socket.c  (test for warnings, line 50)
FAIL: gcc.dg/analyzer/fd-datagram-socket.c  (test for warnings, line 72)
FAIL: gcc.dg/analyzer/fd-datagram-socket.c  (test for warnings, line 83)
FAIL: gcc.dg/analyzer/fd-datagram-socket.c  (test for warnings, line 86)
FAIL: gcc.dg/analyzer/fd-datagram-socket.c  (test for warnings, line 94)
FAIL: gcc.dg/analyzer/fd-datagram-socket.c  (test for warnings, line 98)
FAIL: gcc.dg/analyzer/fd-datagram-socket.c (test for excess errors)
FAIL: gcc.dg/analyzer/fd-datagram-socket.c final event at line 110 (test for warnings, line 109)
FAIL: gcc.dg/analyzer/fd-datagram-socket.c final event at line 88 (test for warnings, line 87)
FAIL: gcc.dg/analyzer/fd-datagram-socket.c warning (test for warnings, line 109)
FAIL: gcc.dg/analyzer/fd-datagram-socket.c warning (test for warnings, line 87)
FAIL: gcc.dg/analyzer/fd-listen.c (test for excess errors)
FAIL: gcc.dg/analyzer/fd-listen.c final event at line 55 (test for warnings, line 54)
FAIL: gcc.dg/analyzer/fd-listen.c warning (test for warnings, line 54)
FAIL: gcc.dg/analyzer/fd-socket-misuse.c  (test for warnings, line 18)
FAIL: gcc.dg/analyzer/fd-socket-misuse.c (test for excess errors)
FAIL: gcc.dg/analyzer/fd-socket-misuse.c final event at line 22 (test for warnings, line 21)
FAIL: gcc.dg/analyzer/fd-socket-misuse.c warning (test for warnings, line 21)
FAIL: gcc.dg/analyzer/fd-stream-socket-active-open.c  (test for warnings, line 21)
FAIL: gcc.dg/analyzer/fd-stream-socket-active-open.c  (test for warnings, line 32)
FAIL: gcc.dg/analyzer/fd-stream-socket-active-open.c  (test for warnings, line 39)
FAIL: gcc.dg/analyzer/fd-stream-socket-active-open.c  (test for warnings, line 47)
FAIL: gcc.dg/analyzer/fd-stream-socket-active-open.c (test for excess errors)
FAIL: gcc.dg/analyzer/fd-stream-socket-passive-open.c  (test for warnings, line 27)
FAIL: gcc.dg/analyzer/fd-stream-socket-passive-open.c  (test for warnings, line 35)
FAIL: gcc.dg/analyzer/fd-stream-socket-passive-open.c  (test for warnings, line 41)
FAIL: gcc.dg/analyzer/fd-stream-socket-passive-open.c  (test for warnings, line 46)
FAIL: gcc.dg/analyzer/fd-stream-socket-passive-open.c (test for excess errors)
FAIL: gcc.dg/analyzer/fd-stream-socket.c  (test for warnings, line 13)
FAIL: gcc.dg/analyzer/fd-stream-socket.c  (test for warnings, line 37)
FAIL: gcc.dg/analyzer/fd-stream-socket.c  (test for warnings, line 70)
FAIL: gcc.dg/analyzer/fd-stream-socket.c  (test for warnings, line 81)
FAIL: gcc.dg/analyzer/fd-stream-socket.c  (test for warnings, line 92)
FAIL: c-c++-common/asan/swapcontext-test-1.c   -O0  execution test
FAIL: c-c++-common/asan/swapcontext-test-1.c   -O1  execution test
FAIL: c-c++-common/asan/swapcontext-test-1.c   -O2  execution test
FAIL: c-c++-common/asan/swapcontext-test-1.c   -O2 -flto  execution test
FAIL: c-c++-common/asan/swapcontext-test-1.c   -O2 -flto -flto-partition=none  execution test
FAIL: c-c++-common/asan/swapcontext-test-1.c   -O3 -fomit-frame-pointer -funroll-loops -fpeel-loops -ftracer -finline-functions  execution test
FAIL: c-c++-common/asan/swapcontext-test-1.c   -O3 -g  execution test
FAIL: c-c++-common/asan/swapcontext-test-1.c   -Os  execution test
FAIL: gcc.dg/ipa/ipa-icf-38.c scan-ltrans-tree-dump-not optimized "Function bar"
FAIL: gcc-dg-lto-modref-3-01.exe scan-wpa-ipa-dump modref "parm 1 flags: no_direct_clobber no_direct_escape"
FAIL: gcc-dg-lto-modref-4-01.exe scan-wpa-ipa-dump modref "parm 1 flags: no_direct_clobber no_direct_escape"
FAIL: gcc.dg/lto/modref-3 c_lto_modref-3_0.o-c_lto_modref-3_1.o execute -O2 -flto-partition=max -fdump-ipa-modref -fno-ipa-sra -fno-ipa-cp -flto
FAIL: gcc.dg/lto/modref-4 c_lto_modref-4_0.o-c_lto_modref-4_1.o execute -O2 -flto-partition=max -fdump-ipa-modref -fno-ipa-sra -flto
FAIL: gcc.dg/plugin/crash-test-write-though-null-sarif.c -fplugin=./crash_test_plugin.so  scan-sarif-file "text": "Segmentation fault
FAIL: gcc.dg/simulate-thread/atomic-other-int.c   -O2 -g  thread simulation test
FAIL: gcc.dg/simulate-thread/atomic-other-int.c   -O3 -g  thread simulation test
FAIL: gcc.dg/simulate-thread/speculative-store-4.c   -O0 -g  thread simulation test
FAIL: gcc.dg/simulate-thread/speculative-store-4.c   -O2 -g  thread simulation test
FAIL: gcc.dg/simulate-thread/speculative-store-4.c   -O3 -g  thread simulation test
FAIL: gcc.dg/simulate-thread/speculative-store.c   -O0 -g  thread simulation test
FAIL: gcc.dg/tree-ssa/pr108357.c scan-tree-dump-not threadfull1 "foo"
XPASS: gcc.dg/vect/bb-slp-32.c -flto -ffat-lto-objects  scan-tree-dump slp2 "vectorization is not profitable"
XPASS: gcc.dg/vect/bb-slp-32.c scan-tree-dump slp2 "vectorization is not profitable"
FAIL: gcc.dg/vect/pr37027.c -flto -ffat-lto-objects  scan-tree-dump-times vect "vectorized 1 loops" 1
FAIL: gcc.dg/vect/pr37027.c -flto -ffat-lto-objects  scan-tree-dump-times vect "vectorizing stmts using SLP" 1
FAIL: gcc.dg/vect/pr37027.c scan-tree-dump-times vect "vectorized 1 loops" 1
FAIL: gcc.dg/vect/pr37027.c scan-tree-dump-times vect "vectorizing stmts using SLP" 1
FAIL: gcc.dg/vect/pr67790.c -flto -ffat-lto-objects  scan-tree-dump vect "vectorizing stmts using SLP"
FAIL: gcc.dg/vect/pr67790.c scan-tree-dump vect "vectorizing stmts using SLP"
FAIL: gcc.dg/vect/slp-47.c -flto -ffat-lto-objects  scan-tree-dump-times vect "vectorizing stmts using SLP" 2
FAIL: gcc.dg/vect/slp-47.c scan-tree-dump-times vect "vectorizing stmts using SLP" 2
FAIL: gcc.dg/vect/slp-48.c -flto -ffat-lto-objects  scan-tree-dump-times vect "vectorizing stmts using SLP" 2
FAIL: gcc.dg/vect/slp-48.c scan-tree-dump-times vect "vectorizing stmts using SLP" 2
FAIL: gcc.dg/vect/slp-reduc-1.c -flto -ffat-lto-objects  scan-tree-dump-times vect "vectorized 1 loops" 1
FAIL: gcc.dg/vect/slp-reduc-1.c -flto -ffat-lto-objects  scan-tree-dump-times vect "vectorizing stmts using SLP" 1
FAIL: gcc.dg/vect/slp-reduc-1.c scan-tree-dump-times vect "vectorized 1 loops" 1
FAIL: gcc.dg/vect/slp-reduc-1.c scan-tree-dump-times vect "vectorizing stmts using SLP" 1
FAIL: gcc.dg/vect/slp-reduc-2.c -flto -ffat-lto-objects  scan-tree-dump-times vect "vectorized 1 loops" 1
FAIL: gcc.dg/vect/slp-reduc-2.c -flto -ffat-lto-objects  scan-tree-dump-times vect "vectorizing stmts using SLP" 1
FAIL: gcc.dg/vect/slp-reduc-2.c scan-tree-dump-times vect "vectorized 1 loops" 1
FAIL: gcc.dg/vect/slp-reduc-2.c scan-tree-dump-times vect "vectorizing stmts using SLP" 1
FAIL: gcc.dg/vect/slp-reduc-7.c -flto -ffat-lto-objects  scan-tree-dump-times vect "vectorized 1 loops" 1
FAIL: gcc.dg/vect/slp-reduc-7.c -flto -ffat-lto-objects  scan-tree-dump-times vect "vectorizing stmts using SLP" 1
FAIL: gcc.dg/vect/slp-reduc-7.c scan-tree-dump-times vect "vectorized 1 loops" 1
FAIL: gcc.dg/vect/slp-reduc-7.c scan-tree-dump-times vect "vectorizing stmts using SLP" 1
FAIL: gcc.dg/vect/slp-reduc-8.c -flto -ffat-lto-objects  scan-tree-dump vect "vectorized 1 loops"
FAIL: gcc.dg/vect/slp-reduc-8.c scan-tree-dump vect "vectorized 1 loops"
FAIL: gcc.dg/vect/vect-33.c -flto -ffat-lto-objects  scan-tree-dump-not optimized "Invalid sum"
FAIL: gcc.dg/vect/vect-33.c scan-tree-dump-not optimized "Invalid sum"
XPASS: gcc.dg/vect/vect-alias-check-1.c -flto -ffat-lto-objects  scan-tree-dump vect "using an address-based overlap test"
XPASS: gcc.dg/vect/vect-alias-check-1.c scan-tree-dump vect "using an address-based overlap test"
FAIL: gcc.dg/vect/vect-bic-bitmask-12.c -flto -ffat-lto-objects  scan-tree-dump dce7 "<=\\\\s*.+{ 255,.+}"
FAIL: gcc.dg/vect/vect-bic-bitmask-12.c scan-tree-dump dce7 "<=\\\\s*.+{ 255,.+}"
FAIL: gcc.dg/vect/vect-bic-bitmask-23.c -flto -ffat-lto-objects  scan-tree-dump dce7 "<=\\\\s*.+{ 255, 15, 1, 65535 }"
FAIL: gcc.dg/vect/vect-bic-bitmask-23.c scan-tree-dump dce7 "<=\\\\s*.+{ 255, 15, 1, 65535 }"
FAIL: gcc.dg/vect/vect-cost-model-1.c -flto -ffat-lto-objects  scan-tree-dump vect "LOOP VECTORIZED"
FAIL: gcc.dg/vect/vect-cost-model-1.c scan-tree-dump vect "LOOP VECTORIZED"
FAIL: gcc.dg/vect/vect-cost-model-3.c -flto -ffat-lto-objects  scan-tree-dump vect "LOOP VECTORIZED"
FAIL: gcc.dg/vect/vect-cost-model-3.c scan-tree-dump vect "LOOP VECTORIZED"
FAIL: gcc.dg/vect/vect-cost-model-5.c -flto -ffat-lto-objects  scan-tree-dump vect "LOOP VECTORIZED"
FAIL: gcc.dg/vect/vect-cost-model-5.c scan-tree-dump vect "LOOP VECTORIZED"
FAIL: gcc.dg/vect/vect-multi-peel-gaps.c -flto -ffat-lto-objects  scan-tree-dump vect "LOOP VECTORIZED"
FAIL: gcc.dg/vect/vect-multi-peel-gaps.c scan-tree-dump vect "LOOP VECTORIZED"
FAIL: gcc.dg/vect/vect-outer-4c-big-array.c -flto -ffat-lto-objects  scan-tree-dump-times vect "zero step in outer loop.(?:(?!failed)(?!Re-trying).)*succeeded" 1
FAIL: gcc.dg/vect/vect-outer-4c-big-array.c scan-tree-dump-times vect "zero step in outer loop.(?:(?!failed)(?!Re-trying).)*succeeded" 1
FAIL: gcc.dg/vect/vect-reduc-dot-s16a.c -flto -ffat-lto-objects  scan-tree-dump-times vect "vect_recog_dot_prod_pattern: detected(?:(?!failed)(?!Re-trying).)*succeeded" 1
FAIL: gcc.dg/vect/vect-reduc-dot-s16a.c scan-tree-dump-times vect "vect_recog_dot_prod_pattern: detected(?:(?!failed)(?!Re-trying).)*succeeded" 1
FAIL: gcc.dg/vect/vect-reduc-dot-s8a.c -flto -ffat-lto-objects  scan-tree-dump-times vect "vect_recog_dot_prod_pattern: detected(?:(?!failed)(?!Re-trying).)*succeeded" 1
FAIL: gcc.dg/vect/vect-reduc-dot-s8a.c -flto -ffat-lto-objects  scan-tree-dump-times vect "vect_recog_widen_mult_pattern: detected(?:(?!failed)(?!Re-trying).)*succeeded" 1
FAIL: gcc.dg/vect/vect-reduc-dot-s8a.c scan-tree-dump-times vect "vect_recog_dot_prod_pattern: detected(?:(?!failed)(?!Re-trying).)*succeeded" 1
FAIL: gcc.dg/vect/vect-reduc-dot-s8a.c scan-tree-dump-times vect "vect_recog_widen_mult_pattern: detected(?:(?!failed)(?!Re-trying).)*succeeded" 1
FAIL: gcc.dg/vect/vect-reduc-dot-s8b.c -flto -ffat-lto-objects  scan-tree-dump-times vect "vect_recog_widen_mult_pattern: detected(?:(?!failed)(?!Re-trying).)*succeeded" 1
FAIL: gcc.dg/vect/vect-reduc-dot-s8b.c scan-tree-dump-times vect "vect_recog_widen_mult_pattern: detected(?:(?!failed)(?!Re-trying).)*succeeded" 1
FAIL: gcc.dg/vect/vect-reduc-dot-u16b.c -flto -ffat-lto-objects  scan-tree-dump-times vect "vect_recog_dot_prod_pattern: detected(?:(?!failed)(?!Re-trying).)*succeeded" 1
FAIL: gcc.dg/vect/vect-reduc-dot-u16b.c scan-tree-dump-times vect "vect_recog_dot_prod_pattern: detected(?:(?!failed)(?!Re-trying).)*succeeded" 1
FAIL: gcc.dg/vect/vect-reduc-dot-u8a.c -flto -ffat-lto-objects  scan-tree-dump-times vect "vect_recog_dot_prod_pattern: detected(?:(?!failed)(?!Re-trying).)*succeeded" 1
FAIL: gcc.dg/vect/vect-reduc-dot-u8a.c scan-tree-dump-times vect "vect_recog_dot_prod_pattern: detected(?:(?!failed)(?!Re-trying).)*succeeded" 1
FAIL: gcc.dg/vect/vect-reduc-dot-u8b.c -flto -ffat-lto-objects  scan-tree-dump-times vect "vect_recog_dot_prod_pattern: detected(?:(?!failed)(?!Re-trying).)*succeeded" 1
FAIL: gcc.dg/vect/vect-reduc-dot-u8b.c scan-tree-dump-times vect "vect_recog_dot_prod_pattern: detected(?:(?!failed)(?!Re-trying).)*succeeded" 1
FAIL: gcc.dg/vect/vect-reduc-pattern-1a.c -flto -ffat-lto-objects  scan-tree-dump-times vect "vect_recog_widen_sum_pattern: detected(?:(?!failed)(?!Re-trying).)*succeeded" 1
FAIL: gcc.dg/vect/vect-reduc-pattern-1a.c scan-tree-dump-times vect "vect_recog_widen_sum_pattern: detected(?:(?!failed)(?!Re-trying).)*succeeded" 1
FAIL: gcc.dg/vect/vect-reduc-pattern-1b-big-array.c -flto -ffat-lto-objects  scan-tree-dump-times vect "vect_recog_widen_sum_pattern: detected(?:(?!failed)(?!Re-trying).)*succeeded" 1
FAIL: gcc.dg/vect/vect-reduc-pattern-1b-big-array.c scan-tree-dump-times vect "vect_recog_widen_sum_pattern: detected(?:(?!failed)(?!Re-trying).)*succeeded" 1
FAIL: gcc.dg/vect/vect-reduc-pattern-1c-big-array.c -flto -ffat-lto-objects  scan-tree-dump-times vect "vect_recog_widen_sum_pattern: detected(?:(?!failed)(?!Re-trying).)*succeeded" 1
FAIL: gcc.dg/vect/vect-reduc-pattern-1c-big-array.c scan-tree-dump-times vect "vect_recog_widen_sum_pattern: detected(?:(?!failed)(?!Re-trying).)*succeeded" 1
FAIL: gcc.dg/vect/vect-reduc-pattern-2a.c -flto -ffat-lto-objects  scan-tree-dump-times vect "vect_recog_widen_sum_pattern: detected(?:(?!failed)(?!Re-trying).)*succeeded" 1
FAIL: gcc.dg/vect/vect-reduc-pattern-2a.c scan-tree-dump-times vect "vect_recog_widen_sum_pattern: detected(?:(?!failed)(?!Re-trying).)*succeeded" 1
FAIL: gcc.dg/vect/vect-reduc-pattern-2b-big-array.c -flto -ffat-lto-objects  scan-tree-dump-times vect "vect_recog_widen_sum_pattern: detected(?:(?!failed)(?!Re-trying).)*succeeded" 1
FAIL: gcc.dg/vect/vect-reduc-pattern-2b-big-array.c scan-tree-dump-times vect "vect_recog_widen_sum_pattern: detected(?:(?!failed)(?!Re-trying).)*succeeded" 1
FAIL: gcc.dg/vect/wrapv-vect-reduc-dot-s8b.c scan-tree-dump-times vect "vect_recog_dot_prod_pattern: detected(?:(?!failed)(?!Re-trying).)*succeeded" 1
FAIL: gcc.dg/vect/wrapv-vect-reduc-dot-s8b.c scan-tree-dump-times vect "vect_recog_widen_mult_pattern: detected(?:(?!failed)(?!Re-trying).)*succeeded" 1

		=== gcc Summary for unix/-m32 ===

# of expected passes		151338
# of unexpected failures	133
# of unexpected successes	4
# of expected failures		1323
# of unsupported tests		5101

		=== gcc Summary ===

# of expected passes		302288
# of unexpected failures	253
# of unexpected successes	18
# of expected failures		2622
# of unsupported tests		9430
/var/gcc/regression/master/11.4-gcc-gas-64/build/gcc/xgcc  version 14.0.0 20230915 (experimental) [master 2d38f45bcca62ca0c7afef4b579f82c5c2a01610] (GCC) 

		=== gdc tests ===


Running target unix
FAIL: gdc.test/runnable/inline.d   execution test
FAIL: gdc.test/runnable/inline.d -shared-libphobos   execution test
FAIL: gdc.test/runnable/test42.d   execution test
FAIL: gdc.test/runnable/test42.d -shared-libphobos   execution test

		=== gdc Summary for unix ===

# of expected passes		12211
# of unexpected failures	4
# of unsupported tests		629

Running target unix/-m32

		=== gdc Summary for unix/-m32 ===

# of expected passes		12220
# of unsupported tests		629

		=== gdc Summary ===

# of expected passes		24431
# of unexpected failures	4
# of unsupported tests		1258
/var/gcc/regression/master/11.4-gcc-gas-64/build/gcc/gdc  version 14.0.0 20230915 (experimental) [master 2d38f45bcca62ca0c7afef4b579f82c5c2a01610] (GCC) 

		=== gfortran tests ===


Running target unix

		=== gfortran Summary for unix ===

# of expected passes		68577
# of expected failures		273
# of unsupported tests		198

Running target unix/-m32

		=== gfortran Summary for unix/-m32 ===

# of expected passes		68275
# of expected failures		275
# of unsupported tests		350

		=== gfortran Summary ===

# of expected passes		136852
# of expected failures		548
# of unsupported tests		548
/var/gcc/regression/master/11.4-gcc-gas-64/build/gcc/gfortran  version 14.0.0 20230915 (experimental) [master 2d38f45bcca62ca0c7afef4b579f82c5c2a01610] (GCC) 

		=== gm2 tests ===


Running target unix
FAIL: gm2/extensions/run/pass/vararg2.mod execution,  -O 
FAIL: gm2/extensions/run/pass/vararg2.mod execution,  -O -g 
FAIL: gm2/extensions/run/pass/vararg2.mod execution,  -O3 -fomit-frame-pointer 
FAIL: gm2/extensions/run/pass/vararg2.mod execution,  -O3 -fomit-frame-pointer -finline-functions 
FAIL: gm2/extensions/run/pass/vararg2.mod execution,  -Os 
FAIL: gm2/extensions/run/pass/vararg2.mod execution,  -g 
FAIL: gm2/iso/run/pass/testgeneric.mod compilation, {additional_flags= -Os } timeout=300 (internal compiler error: in output_constructor_regular_field, at varasm.cc:5565)
UNRESOLVED: gm2/iso/run/pass/testgeneric.mod execution, {additional_flags= -Os } timeout=300

		=== gm2 Summary for unix ===

# of expected passes		12646
# of unexpected failures	7
# of unresolved testcases	1

Running target unix/-m32
FAIL: gm2/extensions/run/pass/vararg2.mod execution,  -O 
FAIL: gm2/extensions/run/pass/vararg2.mod execution,  -O -g 
FAIL: gm2/extensions/run/pass/vararg2.mod execution,  -O3 -fomit-frame-pointer 
FAIL: gm2/extensions/run/pass/vararg2.mod execution,  -O3 -fomit-frame-pointer -finline-functions 
FAIL: gm2/extensions/run/pass/vararg2.mod execution,  -Os 
FAIL: gm2/extensions/run/pass/vararg2.mod execution,  -g 
WARNING: gm2/iso/run/pass/m2date.mod execution,  -O  program timed out.
FAIL: gm2/iso/run/pass/m2date.mod execution,  -O 
WARNING: gm2/iso/run/pass/m2date.mod execution,  -O -g  program timed out.
FAIL: gm2/iso/run/pass/m2date.mod execution,  -O -g 
WARNING: gm2/iso/run/pass/m2date.mod execution,  -O3 -fomit-frame-pointer  program timed out.
FAIL: gm2/iso/run/pass/m2date.mod execution,  -O3 -fomit-frame-pointer 
WARNING: gm2/iso/run/pass/m2date.mod execution,  -O3 -fomit-frame-pointer -finline-functions  program timed out.
FAIL: gm2/iso/run/pass/m2date.mod execution,  -O3 -fomit-frame-pointer -finline-functions 
WARNING: gm2/iso/run/pass/m2date.mod execution,  -Os  program timed out.
FAIL: gm2/iso/run/pass/m2date.mod execution,  -Os 
WARNING: gm2/iso/run/pass/m2date.mod execution,  -g  program timed out.
FAIL: gm2/iso/run/pass/m2date.mod execution,  -g 
WARNING: gm2/iso/run/pass/testclock2.mod execution,  -O  program timed out.
FAIL: gm2/iso/run/pass/testclock2.mod execution,  -O 
WARNING: gm2/iso/run/pass/testclock2.mod execution,  -O -g  program timed out.
FAIL: gm2/iso/run/pass/testclock2.mod execution,  -O -g 
WARNING: gm2/iso/run/pass/testclock2.mod execution,  -O3 -fomit-frame-pointer  program timed out.
FAIL: gm2/iso/run/pass/testclock2.mod execution,  -O3 -fomit-frame-pointer 
WARNING: gm2/iso/run/pass/testclock2.mod execution,  -O3 -fomit-frame-pointer -finline-functions  program timed out.
FAIL: gm2/iso/run/pass/testclock2.mod execution,  -O3 -fomit-frame-pointer -finline-functions 
WARNING: gm2/iso/run/pass/testclock2.mod execution,  -Os  program timed out.
FAIL: gm2/iso/run/pass/testclock2.mod execution,  -Os 
WARNING: gm2/iso/run/pass/testclock2.mod execution,  -g  program timed out.
FAIL: gm2/iso/run/pass/testclock2.mod execution,  -g 
FAIL: gm2/iso/run/pass/testgeneric.mod compilation, {additional_flags= -Os } timeout=300 (internal compiler error: in output_constructor_regular_field, at varasm.cc:5565)
UNRESOLVED: gm2/iso/run/pass/testgeneric.mod execution, {additional_flags= -Os } timeout=300
FAIL: gm2/isolib/run/pass/seqappend.mod execution,  -O 
FAIL: gm2/isolib/run/pass/seqappend.mod execution,  -O -g 
FAIL: gm2/isolib/run/pass/seqappend.mod execution,  -O3 -fomit-frame-pointer 
FAIL: gm2/isolib/run/pass/seqappend.mod execution,  -O3 -fomit-frame-pointer -finline-functions 
FAIL: gm2/isolib/run/pass/seqappend.mod execution,  -Os 
FAIL: gm2/isolib/run/pass/seqappend.mod execution,  -g 
FAIL: gm2/pim/pass/TestLong4.mod,  -O  
FAIL: gm2/pim/pass/TestLong4.mod,  -O -g  
FAIL: gm2/pim/pass/TestLong4.mod,  -O3 -fomit-frame-pointer  
FAIL: gm2/pim/pass/TestLong4.mod,  -O3 -fomit-frame-pointer -finline-functions  
FAIL: gm2/pim/pass/TestLong4.mod,  -Os  
FAIL: gm2/pim/pass/TestLong4.mod,  -g  

		=== gm2 Summary for unix/-m32 ===

# of expected passes		12622
# of unexpected failures	31
# of unresolved testcases	1

		=== gm2 Summary ===

# of expected passes		25268
# of unexpected failures	38
# of unresolved testcases	2
		=== gnat tests ===


Running target unix

		=== gnat Summary for unix ===

# of expected passes		3361
# of expected failures		23
# of unsupported tests		33

Running target unix/-m32

		=== gnat Summary for unix/-m32 ===

# of expected passes		3360
# of expected failures		23
# of unsupported tests		35

		=== gnat Summary ===

# of expected passes		6721
# of expected failures		46
# of unsupported tests		68
/var/gcc/regression/master/11.4-gcc-gas-64/build/gcc/gnatmake version 14.0.0 20230915 (experimental) [master 2d38f45bcca62ca0c7afef4b579f82c5c2a01610]

		=== go tests ===


Running target unix
FAIL: ./index0-out.go execution,  -O0 -g -fno-var-tracking-assignments 
WARNING: go.test/test/cmplxdivide.go program timed out.
FAIL: go.test/test/cmplxdivide.go
FAIL: go.test/test/fixedbugs/issue22881.go execution,  -O2 -g 
FAIL: go.test/test/fixedbugs/issue27836.dir/Äfoo.go  -O -I. (test for excess errors)
FAIL: go.test/test/fixedbugs/issue27836.dir/Ämain.go  -O -I. (test for excess errors)
FAIL: issue4458.go   -O   (test for errors, line 19)
FAIL: issue4458.go   -O  (test for excess errors)

		=== go Summary for unix ===

# of expected passes		8874
# of unexpected failures	7
# of untested testcases		11
# of unsupported tests		32

Running target unix/-m32
FAIL: ./index0-out.go execution,  -O0 -g -fno-var-tracking-assignments 
WARNING: go.test/test/cmplxdivide.go program timed out.
FAIL: go.test/test/cmplxdivide.go
FAIL: go.test/test/fixedbugs/issue22881.go execution,  -O2 -g 
FAIL: go.test/test/fixedbugs/issue27836.dir/Äfoo.go  -O -I. (test for excess errors)
FAIL: go.test/test/fixedbugs/issue27836.dir/Ämain.go  -O -I. (test for excess errors)
FAIL: go.test/test/fixedbugs/issue32288.go execution,  -O2 -g 
FAIL: go.test/test/fixedbugs/issue4562.go execution,  -O2 -g 
FAIL: go.test/test/nil.go execution,  -O2 -g 
FAIL: issue4458.go   -O   (test for errors, line 19)
FAIL: issue4458.go   -O  (test for excess errors)

		=== go Summary for unix/-m32 ===

# of expected passes		8989
# of unexpected failures	10
# of untested testcases		11
# of unsupported tests		34

		=== go Summary ===

# of expected passes		17863
# of unexpected failures	17
# of untested testcases		22
# of unsupported tests		66
		=== obj-c++ tests ===


Running target unix/-m32

		=== obj-c++ Summary for unix/-m32 ===

# of expected passes		1510
# of expected failures		2
# of unsupported tests		79

Running target unix

		=== obj-c++ Summary for unix ===

# of expected passes		1502
# of expected failures		10
# of unsupported tests		79

		=== obj-c++ Summary ===

# of expected passes		3012
# of expected failures		12
# of unsupported tests		158
/var/gcc/regression/master/11.4-gcc-gas-64/build/gcc/xg++  version 14.0.0 20230915 (experimental) [master 2d38f45bcca62ca0c7afef4b579f82c5c2a01610] (GCC) 

		=== objc tests ===


Running target unix

		=== objc Summary for unix ===

# of expected passes		2845
# of unsupported tests		70

Running target unix/-m32

		=== objc Summary for unix/-m32 ===

# of expected passes		2845
# of unsupported tests		70

		=== objc Summary ===

# of expected passes		5690
# of unsupported tests		140
/var/gcc/regression/master/11.4-gcc-gas-64/build/gcc/xgcc  version 14.0.0 20230915 (experimental) [master 2d38f45bcca62ca0c7afef4b579f82c5c2a01610] (GCC) 

		=== rust tests ===


Running target unix
FAIL: rust/compile/const-issue1440.rs  at line 50 (test for errors, line 49)
FAIL: rust/compile/const-issue1440.rs  at line 62 (test for errors, line 61)
FAIL: rust/compile/const-issue1440.rs (test for excess errors)
FAIL: rust/compile/torture/issue-1432.rs   -O0  (test for excess errors)
FAIL: rust/compile/torture/issue-1432.rs   -O1  (test for excess errors)
FAIL: rust/compile/torture/issue-1432.rs   -O2  (test for excess errors)
FAIL: rust/compile/torture/issue-1432.rs   -O2 -flto  (test for excess errors)
FAIL: rust/compile/torture/issue-1432.rs   -O2 -flto -flto-partition=none  (test for excess errors)
FAIL: rust/compile/torture/issue-1432.rs   -O3 -g  (test for excess errors)
FAIL: rust/compile/torture/issue-1432.rs   -Os  (test for excess errors)

		=== rust Summary for unix ===

# of expected passes		7398
# of unexpected failures	10
# of expected failures		52
# of unsupported tests		1

Running target unix/-m32
FAIL: rust/compile/const-issue1440.rs  at line 50 (test for errors, line 49)
FAIL: rust/compile/const-issue1440.rs  at line 62 (test for errors, line 61)
FAIL: rust/compile/const-issue1440.rs (test for excess errors)
FAIL: rust/compile/torture/issue-1432.rs   -O0  (test for excess errors)
FAIL: rust/compile/torture/issue-1432.rs   -O1  (test for excess errors)
FAIL: rust/compile/torture/issue-1432.rs   -O2  (test for excess errors)
FAIL: rust/compile/torture/issue-1432.rs   -O2 -flto  (test for excess errors)
FAIL: rust/compile/torture/issue-1432.rs   -O2 -flto -flto-partition=none  (test for excess errors)
FAIL: rust/compile/torture/issue-1432.rs   -O3 -g  (test for excess errors)
FAIL: rust/compile/torture/issue-1432.rs   -Os  (test for excess errors)
FAIL: rust/execute/torture/builtin_macros1.rs   -O0  output pattern test
FAIL: rust/execute/torture/builtin_macros1.rs   -O1  output pattern test
FAIL: rust/execute/torture/builtin_macros1.rs   -O2  output pattern test
FAIL: rust/execute/torture/builtin_macros1.rs   -O2 -flto  output pattern test
FAIL: rust/execute/torture/builtin_macros1.rs   -O2 -flto -flto-partition=none  output pattern test
FAIL: rust/execute/torture/builtin_macros1.rs   -O3 -g  output pattern test
FAIL: rust/execute/torture/builtin_macros1.rs   -Os  output pattern test
FAIL: rust/execute/torture/loop-condition-eval.rs   -O0  output pattern test
FAIL: rust/execute/torture/loop-condition-eval.rs   -O1  output pattern test
FAIL: rust/execute/torture/loop-condition-eval.rs   -O2  output pattern test
FAIL: rust/execute/torture/loop-condition-eval.rs   -O2 -flto  output pattern test
FAIL: rust/execute/torture/loop-condition-eval.rs   -O2 -flto -flto-partition=none  output pattern test
FAIL: rust/execute/torture/loop-condition-eval.rs   -O3 -g  output pattern test
FAIL: rust/execute/torture/loop-condition-eval.rs   -Os  output pattern test

		=== rust Summary for unix/-m32 ===

# of expected passes		7384
# of unexpected failures	24
# of expected failures		52
# of unsupported tests		1

		=== rust Summary ===

# of expected passes		14782
# of unexpected failures	34
# of expected failures		104
# of unsupported tests		2
		=== gotools tests ===

FAIL: TestScript
FAIL: go test cmd/go
FAIL: go test runtime

		=== gotools Summary ===
# of expected passes		161
# of unexpected failures	3
# of untested testcases		65
/var/gcc/regression/master/11.4-gcc-gas-64/build/./gcc/gccgo version 14.0.0 20230915 (experimental) [master 2d38f45bcca62ca0c7afef4b579f82c5c2a01610] (GCC)

		=== libatomic tests ===


Running target unix/-m32

		=== libatomic Summary for unix/-m32 ===

# of expected passes		44
# of unsupported tests		5

Running target unix

		=== libatomic Summary for unix ===

# of expected passes		54

		=== libatomic Summary ===

# of expected passes		98
# of unsupported tests		5
		=== libffi tests ===


Running target unix/-m32
FAIL: libffi.closures/single_entry_structs2.c -W -Wall -Wno-psabi -O0 execution test

		=== libffi Summary for unix/-m32 ===

# of expected passes		1572
# of unexpected failures	1

Running target unix

		=== libffi Summary for unix ===

# of expected passes		1574

		=== libffi Summary ===

# of expected passes		3146
# of unexpected failures	1
		=== libgo tests ===


Running target unix
FAIL: encoding/json
FAIL: runtime
FAIL: sync/atomic

		=== libgo Summary for unix ===

# of expected passes		193
# of unexpected failures	3

Running target unix/-m32
FAIL: go/types
FAIL: net/http/pprof
FAIL: os/signal
FAIL: runtime
FAIL: runtime/pprof
FAIL: sync/atomic

		=== libgo Summary for unix/-m32 ===

# of expected passes		190
# of unexpected failures	6

		=== libgo Summary ===

# of expected passes		383
# of unexpected failures	9
/var/gcc/regression/master/11.4-gcc-gas-64/build/./gcc/gccgo version 14.0.0 20230915 (experimental) [master 2d38f45bcca62ca0c7afef4b579f82c5c2a01610] (GCC)

		=== libgomp tests ===


Running target unix
WARNING: libgomp.c++/task-reduction-10.C execution test program timed out.
FAIL: libgomp.c++/task-reduction-10.C execution test
WARNING: libgomp.c++/task-reduction-13.C execution test program timed out.
FAIL: libgomp.c++/task-reduction-13.C execution test

		=== libgomp Summary for unix ===

# of expected passes		15213
# of unexpected failures	2
# of expected failures		285
# of unsupported tests		682

Running target unix/-m32
WARNING: libgomp.c++/task-reduction-10.C execution test program timed out.
FAIL: libgomp.c++/task-reduction-10.C execution test
WARNING: libgomp.c++/task-reduction-13.C execution test program timed out.
FAIL: libgomp.c++/task-reduction-13.C execution test

		=== libgomp Summary for unix/-m32 ===

# of expected passes		15213
# of unexpected failures	2
# of expected failures		285
# of unsupported tests		682

		=== libgomp Summary ===

# of expected passes		30426
# of unexpected failures	4
# of expected failures		570
# of unsupported tests		1364
		=== libitm tests ===


Running target unix/-m32

		=== libitm Summary for unix/-m32 ===

# of expected passes		44
# of expected failures		3
# of unsupported tests		1

Running target unix

		=== libitm Summary for unix ===

# of expected passes		44
# of expected failures		3
# of unsupported tests		1

		=== libitm Summary ===

# of expected passes		88
# of expected failures		6
# of unsupported tests		2
		=== libphobos tests ===


Running target unix
WARNING: libphobos.gc/startbackgc.d execution test program timed out.
FAIL: libphobos.gc/startbackgc.d execution test
WARNING: libphobos.phobos/std/array.d (test for excess errors) program timed out.
FAIL: libphobos.phobos/std/array.d (test for excess errors)
UNRESOLVED: libphobos.phobos/std/array.d compilation failed to produce executable
FAIL: libphobos.phobos/std/datetime/systime.d execution test
FAIL: libphobos.phobos/std/datetime/timezone.d execution test
FAIL: libphobos.phobos/std/digest/murmurhash.d execution test
FAIL: libphobos.phobos/std/experimental/allocator/building_blocks/region.d execution test
FAIL: libphobos.phobos/std/format/internal/floats.d (test for excess errors)
FAIL: libphobos.phobos/std/internal/math/gammafunction.d execution test
FAIL: libphobos.phobos/std/parallelism.d execution test
FAIL: libphobos.phobos/std/regex/internal/kickstart.d execution test
FAIL: libphobos.phobos/std/regex/internal/tests.d execution test
FAIL: libphobos.phobos/std/regex/internal/tests2.d execution test
FAIL: libphobos.phobos/std/regex/package.d execution test
WARNING: libphobos.phobos_shared/std/array.d (test for excess errors) program timed out.
FAIL: libphobos.phobos_shared/std/array.d (test for excess errors)
UNRESOLVED: libphobos.phobos_shared/std/array.d compilation failed to produce executable
FAIL: libphobos.phobos_shared/std/datetime/systime.d execution test
FAIL: libphobos.phobos_shared/std/datetime/timezone.d execution test
FAIL: libphobos.phobos_shared/std/digest/murmurhash.d execution test
FAIL: libphobos.phobos_shared/std/experimental/allocator/building_blocks/region.d execution test
FAIL: libphobos.phobos_shared/std/format/internal/floats.d (test for excess errors)
FAIL: libphobos.phobos_shared/std/internal/math/gammafunction.d execution test
FAIL: libphobos.phobos_shared/std/parallelism.d execution test
FAIL: libphobos.phobos_shared/std/regex/internal/kickstart.d execution test
FAIL: libphobos.phobos_shared/std/regex/internal/tests.d execution test
FAIL: libphobos.phobos_shared/std/regex/internal/tests2.d execution test
FAIL: libphobos.phobos_shared/std/regex/package.d execution test
WARNING: libphobos.phobos_shared/std/string.d (test for excess errors) program timed out.
FAIL: libphobos.phobos_shared/std/string.d (test for excess errors)
UNRESOLVED: libphobos.phobos_shared/std/string.d compilation failed to produce executable
FAIL: libphobos.shared/finalize.d -shared-libphobos -ldl execution test
FAIL: libphobos.shared/load.d -shared-libphobos -ldl execution test
FAIL: libphobos.shared/load_13414.d -shared-libphobos -ldl execution test

		=== libphobos Summary for unix ===

# of expected passes		1089
# of unexpected failures	29
# of unresolved testcases	3

Running target unix/-m32
FAIL: libphobos.exceptions/assert_fail.d execution test
WARNING: libphobos.gc/startbackgc.d execution test program timed out.
FAIL: libphobos.gc/startbackgc.d execution test
FAIL: libphobos.phobos/std/datetime/date.d execution test
FAIL: libphobos.phobos/std/datetime/systime.d execution test
FAIL: libphobos.phobos/std/datetime/timezone.d execution test
FAIL: libphobos.phobos/std/digest/murmurhash.d execution test
FAIL: libphobos.phobos/std/experimental/allocator/building_blocks/region.d execution test
FAIL: libphobos.phobos/std/format/internal/floats.d (test for excess errors)
FAIL: libphobos.phobos/std/internal/math/gammafunction.d execution test
FAIL: libphobos.phobos/std/mmfile.d execution test
WARNING: libphobos.phobos/std/net/curl.d execution test program timed out.
FAIL: libphobos.phobos/std/net/curl.d execution test
FAIL: libphobos.phobos/std/parallelism.d execution test
FAIL: libphobos.phobos/std/regex/internal/kickstart.d execution test
FAIL: libphobos.phobos/std/regex/internal/tests.d execution test
FAIL: libphobos.phobos/std/regex/internal/tests2.d execution test
FAIL: libphobos.phobos/std/regex/package.d execution test
FAIL: libphobos.phobos_shared/std/datetime/date.d execution test
FAIL: libphobos.phobos_shared/std/datetime/systime.d execution test
FAIL: libphobos.phobos_shared/std/datetime/timezone.d execution test
FAIL: libphobos.phobos_shared/std/digest/murmurhash.d execution test
FAIL: libphobos.phobos_shared/std/experimental/allocator/building_blocks/region.d execution test
FAIL: libphobos.phobos_shared/std/format/internal/floats.d (test for excess errors)
FAIL: libphobos.phobos_shared/std/internal/math/gammafunction.d execution test
FAIL: libphobos.phobos_shared/std/mmfile.d execution test
WARNING: libphobos.phobos_shared/std/net/curl.d execution test program timed out.
FAIL: libphobos.phobos_shared/std/net/curl.d execution test
FAIL: libphobos.phobos_shared/std/parallelism.d execution test
FAIL: libphobos.phobos_shared/std/regex/internal/kickstart.d execution test
FAIL: libphobos.phobos_shared/std/regex/internal/tests.d execution test
FAIL: libphobos.phobos_shared/std/regex/internal/tests2.d execution test
FAIL: libphobos.phobos_shared/std/regex/package.d execution test
FAIL: libphobos.shared/finalize.d -shared-libphobos -ldl execution test
FAIL: libphobos.shared/load.d -shared-libphobos -ldl execution test
FAIL: libphobos.shared/load_13414.d -shared-libphobos -ldl execution test

		=== libphobos Summary for unix/-m32 ===

# of expected passes		1088
# of unexpected failures	33

		=== libphobos Summary ===

# of expected passes		2177
# of unexpected failures	62
# of unresolved testcases	3
		=== libstdc++ tests ===


Running target unix
FAIL: 19_diagnostics/stacktrace/current.cc execution test
FAIL: 19_diagnostics/stacktrace/entry.cc execution test
FAIL: 19_diagnostics/stacktrace/stacktrace.cc execution test
FAIL: 29_atomics/atomic/compare_exchange_padding.cc execution test

		=== libstdc++ Summary for unix ===

# of expected passes		14778
# of unexpected failures	4
# of expected failures		108
# of unsupported tests		780

Running target unix/-m32
FAIL: 19_diagnostics/stacktrace/current.cc execution test
FAIL: 19_diagnostics/stacktrace/entry.cc execution test
FAIL: 19_diagnostics/stacktrace/stacktrace.cc execution test
FAIL: 23_containers/vector/bool/110807.cc (test for excess errors)

		=== libstdc++ Summary for unix/-m32 ===

# of expected passes		14782
# of unexpected failures	4
# of expected failures		108
# of unsupported tests		778

		=== libstdc++ Summary ===

# of expected passes		29560
# of unexpected failures	8
# of expected failures		216
# of unsupported tests		1558

Compiler version: 14.0.0 20230915 (experimental) [master 2d38f45bcca62ca0c7afef4b579f82c5c2a01610] (GCC) 
Platform: sparcv9-sun-solaris2.11
configure flags: --prefix=/vol/gcc --target=sparcv9-sun-solaris2.11 --enable-objc-gc --with-target-bdw-gc-include=/vol/gcc/include --with-target-bdw-gc-lib=/vol/gcc/lib/sparcv9,sparcv8plus=/vol/gcc/lib --with-as=/vol/gcc/bin/sparcv9/gas-2.41 --with-gnu-as --with-gmp-include=/vol/gcc/include --with-gmp-lib=/vol/gcc/lib/sparcv9 --with-mpfr-include=/vol/gcc/include --with-mpfr-lib=/vol/gcc/lib/sparcv9 --with-mpc-include=/vol/gcc/include --with-mpc-lib=/vol/gcc/lib/sparcv9 --enable-languages=all,ada,obj-c++,go --with-isl-include=/vol/gcc/include --with-isl-lib=/vol/gcc/lib/sparcv9 --with-zstd-include=/vol/gcc/include --with-zstd-lib=/vol/gcc/lib/sparcv9 --build=sparcv9-sun-solaris2.11 --host=sparcv9-sun-solaris2.11
BOOT_CFLAGS=-g -O2


More information about the Gcc-testresults mailing list