Results for 14.0.0 20230914 (experimental) [master r14-3999-g3c834d85f2e] (GCC) testsuite on s390x-ibm-linux-gnu arch14

stefansf@linux.ibm.com stefansf@linux.ibm.com
Fri Sep 15 09:25:58 GMT 2023


LAST_UPDATED: Thu Sep 14 17:05:30 UTC 2023 (revision r14-3999-g3c834d85f2e)

		=== acats tests ===
FAIL:	cb1010a

		=== acats Summary ===
# of expected passes		2327
# of unexpected failures	1
Native configuration is s390x-ibm-linux-gnu arch14

		=== gcc tests ===


Running target unix/-m31
FAIL: gcc.c-torture/execute/920501-4.c   -O1  execution test
FAIL: gcc.c-torture/execute/920501-4.c   -O2  execution test
FAIL: gcc.c-torture/execute/920501-4.c   -O2 -flto -fno-use-linker-plugin -flto-partition=none  execution test
FAIL: gcc.c-torture/execute/920501-4.c   -O2 -flto -fuse-linker-plugin -fno-fat-lto-objects  execution test
FAIL: gcc.c-torture/execute/920501-4.c   -O3 -g  execution test
FAIL: gcc.c-torture/execute/920501-4.c   -Os  execution test
FAIL: gcc.c-torture/execute/920501-5.c   -O1  execution test
FAIL: gcc.c-torture/execute/920501-5.c   -O2  execution test
FAIL: gcc.c-torture/execute/920501-5.c   -O2 -flto -fno-use-linker-plugin -flto-partition=none  execution test
FAIL: gcc.c-torture/execute/920501-5.c   -O2 -flto -fuse-linker-plugin -fno-fat-lto-objects  execution test
FAIL: gcc.c-torture/execute/920501-5.c   -O3 -g  execution test
FAIL: gcc.c-torture/execute/920501-5.c   -Os  execution test
FAIL: gcc.c-torture/execute/920721-4.c   -O2  execution test
FAIL: gcc.c-torture/execute/920721-4.c   -O2 -flto -fno-use-linker-plugin -flto-partition=none  execution test
FAIL: gcc.c-torture/execute/920721-4.c   -O2 -flto -fuse-linker-plugin -fno-fat-lto-objects  execution test
FAIL: gcc.c-torture/execute/920721-4.c   -O3 -fomit-frame-pointer -funroll-loops -fpeel-loops -ftracer -finline-functions  execution test
FAIL: gcc.c-torture/execute/920721-4.c   -O3 -g  execution test
FAIL: gcc.c-torture/execute/920721-4.c   -Os  execution test
FAIL: gcc.dg/analyzer/pr93938.c (internal compiler error: in extract_insn, at recog.cc:2791)
FAIL: gcc.dg/analyzer/pr93938.c (test for excess errors)
FAIL: gcc.dg/analyzer/pr94688.c (test for excess errors)
FAIL: gcc.dg/analyzer/pr95152-5.c (test for excess errors)
FAIL: gcc.dg/analyzer/torture/pr59037.c   -O1  (internal compiler error: in extract_insn, at recog.cc:2791)
FAIL: gcc.dg/analyzer/torture/pr59037.c   -O1  (test for excess errors)
FAIL: gcc.dg/analyzer/torture/pr59037.c   -O2  (internal compiler error: in extract_insn, at recog.cc:2791)
FAIL: gcc.dg/analyzer/torture/pr59037.c   -O2  (test for excess errors)
FAIL: gcc.dg/analyzer/torture/pr59037.c   -O2 -flto -fno-use-linker-plugin -flto-partition=none  (internal compiler error: in extract_insn, at recog.cc:2791)
FAIL: gcc.dg/analyzer/torture/pr59037.c   -O2 -flto -fno-use-linker-plugin -flto-partition=none  (test for excess errors)
FAIL: gcc.dg/analyzer/torture/pr59037.c   -O3 -g  (internal compiler error: in extract_insn, at recog.cc:2791)
FAIL: gcc.dg/analyzer/torture/pr59037.c   -O3 -g  (test for excess errors)
FAIL: gcc.dg/analyzer/torture/pr59037.c   -Os  (internal compiler error: in extract_insn, at recog.cc:2791)
FAIL: gcc.dg/analyzer/torture/pr59037.c   -Os  (test for excess errors)
FAIL: c-c++-common/asan/pointer-compare-1.c   -O0  output pattern test
FAIL: c-c++-common/asan/pointer-compare-1.c   -O1  output pattern test
FAIL: c-c++-common/asan/pointer-compare-1.c   -O2  output pattern test
FAIL: c-c++-common/asan/pointer-compare-1.c   -O2 -flto -fno-use-linker-plugin -flto-partition=none  output pattern test
FAIL: c-c++-common/asan/pointer-compare-1.c   -O2 -flto -fuse-linker-plugin -fno-fat-lto-objects  output pattern test
FAIL: c-c++-common/asan/pointer-compare-1.c   -O3 -g  output pattern test
FAIL: c-c++-common/asan/pointer-compare-1.c   -Os  output pattern test
FAIL: c-c++-common/asan/pointer-subtract-3.c   -O0  execution test
FAIL: c-c++-common/asan/pointer-subtract-3.c   -O1  execution test
FAIL: c-c++-common/asan/pointer-subtract-3.c   -O2  execution test
FAIL: c-c++-common/asan/pointer-subtract-3.c   -O2 -flto -fno-use-linker-plugin -flto-partition=none  execution test
FAIL: c-c++-common/asan/pointer-subtract-3.c   -O2 -flto -fuse-linker-plugin -fno-fat-lto-objects  execution test
FAIL: c-c++-common/asan/pointer-subtract-3.c   -O3 -g  execution test
FAIL: c-c++-common/asan/pointer-subtract-3.c   -Os  execution test
FAIL: c-c++-common/asan/pr64820.c   -O0  output pattern test
FAIL: c-c++-common/asan/pr64820.c   -O1  output pattern test
FAIL: c-c++-common/asan/pr64820.c   -O2  output pattern test
FAIL: c-c++-common/asan/pr64820.c   -O2 -flto -fno-use-linker-plugin -flto-partition=none  output pattern test
FAIL: c-c++-common/asan/pr64820.c   -O2 -flto -fuse-linker-plugin -fno-fat-lto-objects  output pattern test
FAIL: c-c++-common/asan/pr64820.c   -O3 -g  output pattern test
FAIL: c-c++-common/asan/pr64820.c   -Os  output pattern test
FAIL: c-c++-common/asan/use-after-return-1.c   -O0  output pattern test
FAIL: c-c++-common/asan/use-after-return-1.c   -O1  output pattern test
FAIL: c-c++-common/asan/use-after-return-1.c   -O2  output pattern test
FAIL: c-c++-common/asan/use-after-return-1.c   -O2 -flto -fno-use-linker-plugin -flto-partition=none  output pattern test
FAIL: c-c++-common/asan/use-after-return-1.c   -O2 -flto -fuse-linker-plugin -fno-fat-lto-objects  output pattern test
FAIL: c-c++-common/asan/use-after-return-1.c   -O3 -g  output pattern test
FAIL: c-c++-common/asan/use-after-return-1.c   -Os  output pattern test
FAIL: c-c++-common/pr59037.c  -Wc++-compat  (internal compiler error: in extract_insn, at recog.cc:2791)
FAIL: c-c++-common/pr59037.c  -Wc++-compat  (test for excess errors)
FAIL: c-c++-common/vector-subscript-4.c  -Wc++-compat   scan-tree-dump-not optimized "vector"
FAIL: gcc.dg/auto-init-uninit-17.c unconditional (test for warnings, line 14)
FAIL: gcc.dg/gcc-have-sync-compare-and-swap.c (test for excess errors)
FAIL: gcc.dg/loop-9.c scan-rtl-dump loop2_invariant "Decided"
FAIL: gcc.dg/loop-9.c scan-rtl-dump loop2_invariant "without introducing a new temporary register"
FAIL: gcc.dg/lower-subreg-1.c scan-rtl-dump subreg1 "Splitting reg"
FAIL: gcc.dg/sms-compare-debug-1.c (test for excess errors)
FAIL: gcc.dg/store_merging_5.c scan-tree-dump-times store-merging "MEM <unsigned int> \\\\[.*\\\\]" 1
FAIL: gcc.dg/uninit-17.c unconditional (test for warnings, line 14)
FAIL: gcc.dg/uninit-pred-9_b.c bogus warning (test for bogus messages, line 20)
FAIL: c-c++-common/goacc/firstprivate-mappings-1.c scan-tree-dump omplower "(?n)#pragma omp target oacc_parallel map\\\\(from:array_so \\\\[len: 4\\\\]\\\\) firstprivate\\\\(array_li.[0-9]+\\\\) map\\\\(tofrom:\\\\(\\\\*array.[0-9]+\\\\) \\\\[len: D\\\\.[0-9]+\\\\]\\\\) map\\\\(firstprivate:array \\\\[pointer assign, bias: 0\\\\]\\\\) \\\\["
XPASS: gcc.dg/guality/example.c   -O0  execution test
XPASS: gcc.dg/guality/guality.c   -O0  execution test
XPASS: gcc.dg/guality/guality.c   -O1  -DPREVENT_OPTIMIZATION  execution test
XPASS: gcc.dg/guality/guality.c   -O2  -DPREVENT_OPTIMIZATION  execution test
XPASS: gcc.dg/guality/guality.c   -O2 -flto -fno-use-linker-plugin -flto-partition=none  -DPREVENT_OPTIMIZATION execution test
XPASS: gcc.dg/guality/guality.c   -O2 -flto -fuse-linker-plugin -fno-fat-lto-objects  -DPREVENT_OPTIMIZATION execution test
XPASS: gcc.dg/guality/guality.c   -O3 -g  -DPREVENT_OPTIMIZATION  execution test
XPASS: gcc.dg/guality/guality.c   -Os  -DPREVENT_OPTIMIZATION  execution test
XPASS: gcc.dg/guality/guality.c  -Og -DPREVENT_OPTIMIZATION  execution test
XPASS: gcc.dg/guality/inline-params.c   -O2  -DPREVENT_OPTIMIZATION  execution test
XPASS: gcc.dg/guality/inline-params.c   -O2 -flto -fno-use-linker-plugin -flto-partition=none  -DPREVENT_OPTIMIZATION execution test
XPASS: gcc.dg/guality/inline-params.c   -O2 -flto -fuse-linker-plugin -fno-fat-lto-objects  -DPREVENT_OPTIMIZATION execution test
XPASS: gcc.dg/guality/inline-params.c   -O3 -g  -DPREVENT_OPTIMIZATION  execution test
XPASS: gcc.dg/guality/inline-params.c   -Os  -DPREVENT_OPTIMIZATION  execution test
XPASS: gcc.dg/guality/ipa-sra-1.c   -O0  line 15 k == 3
XPASS: gcc.dg/guality/ipa-sra-1.c   -O1  -DPREVENT_OPTIMIZATION  line 15 k == 3
XPASS: gcc.dg/guality/ipa-sra-1.c  -Og -DPREVENT_OPTIMIZATION  line 15 k == 3
FAIL: gcc.dg/guality/loop-1.c   -O2  -DPREVENT_OPTIMIZATION  line 20 i == 1
FAIL: gcc.dg/guality/loop-1.c   -O2 -flto -fno-use-linker-plugin -flto-partition=none  -DPREVENT_OPTIMIZATION line 20 i == 1
FAIL: gcc.dg/guality/loop-1.c   -O2 -flto -fuse-linker-plugin -fno-fat-lto-objects  -DPREVENT_OPTIMIZATION line 20 i == 1
FAIL: gcc.dg/guality/loop-1.c   -O3 -fomit-frame-pointer -funroll-loops -fpeel-loops -ftracer -finline-functions  -DPREVENT_OPTIMIZATION  line 20 i == 1
FAIL: gcc.dg/guality/loop-1.c   -O3 -g  -DPREVENT_OPTIMIZATION  line 20 i == 1
FAIL: gcc.dg/guality/param-2.c   -O1  -DPREVENT_OPTIMIZATION  line 20 str.pa == 31415927
FAIL: gcc.dg/guality/param-2.c   -O1  -DPREVENT_OPTIMIZATION  line 20 str.pb == 27182818
FAIL: gcc.dg/guality/param-3.c   -O1  -DPREVENT_OPTIMIZATION  line 20 str.pa == 31415927
FAIL: gcc.dg/guality/param-3.c   -O1  -DPREVENT_OPTIMIZATION  line 20 str.pb == 27182818
FAIL: gcc.dg/guality/pr36728-1.c   -O2  -DPREVENT_OPTIMIZATION  line 16 arg3 == 3
FAIL: gcc.dg/guality/pr36728-1.c   -O2  -DPREVENT_OPTIMIZATION  line 18 arg3 == 3
FAIL: gcc.dg/guality/pr36728-1.c   -O2 -flto -fno-use-linker-plugin -flto-partition=none  -DPREVENT_OPTIMIZATION line 16 arg3 == 3
FAIL: gcc.dg/guality/pr36728-1.c   -O2 -flto -fno-use-linker-plugin -flto-partition=none  -DPREVENT_OPTIMIZATION line 18 arg3 == 3
FAIL: gcc.dg/guality/pr36728-1.c   -O2 -flto -fuse-linker-plugin -fno-fat-lto-objects  -DPREVENT_OPTIMIZATION line 16 arg3 == 3
FAIL: gcc.dg/guality/pr36728-1.c   -O2 -flto -fuse-linker-plugin -fno-fat-lto-objects  -DPREVENT_OPTIMIZATION line 16 arg4 == 4
FAIL: gcc.dg/guality/pr36728-1.c   -O2 -flto -fuse-linker-plugin -fno-fat-lto-objects  -DPREVENT_OPTIMIZATION line 16 arg5 == 5
FAIL: gcc.dg/guality/pr36728-1.c   -O2 -flto -fuse-linker-plugin -fno-fat-lto-objects  -DPREVENT_OPTIMIZATION line 16 arg6 == 6
FAIL: gcc.dg/guality/pr36728-1.c   -O2 -flto -fuse-linker-plugin -fno-fat-lto-objects  -DPREVENT_OPTIMIZATION line 18 arg3 == 3
FAIL: gcc.dg/guality/pr36728-1.c   -O2 -flto -fuse-linker-plugin -fno-fat-lto-objects  -DPREVENT_OPTIMIZATION line 18 arg4 == 4
FAIL: gcc.dg/guality/pr36728-1.c   -O2 -flto -fuse-linker-plugin -fno-fat-lto-objects  -DPREVENT_OPTIMIZATION line 18 arg5 == 5
FAIL: gcc.dg/guality/pr36728-1.c   -O2 -flto -fuse-linker-plugin -fno-fat-lto-objects  -DPREVENT_OPTIMIZATION line 18 arg6 == 6
FAIL: gcc.dg/guality/pr36728-1.c   -O2 -flto -fuse-linker-plugin -fno-fat-lto-objects  -DPREVENT_OPTIMIZATION line 18 arg7 == 30
FAIL: gcc.dg/guality/pr36728-1.c   -O3 -g  -DPREVENT_OPTIMIZATION  line 16 arg3 == 3
FAIL: gcc.dg/guality/pr36728-1.c   -O3 -g  -DPREVENT_OPTIMIZATION  line 16 arg4 == 4
FAIL: gcc.dg/guality/pr36728-1.c   -O3 -g  -DPREVENT_OPTIMIZATION  line 16 arg5 == 5
FAIL: gcc.dg/guality/pr36728-1.c   -O3 -g  -DPREVENT_OPTIMIZATION  line 16 arg6 == 6
FAIL: gcc.dg/guality/pr36728-1.c   -O3 -g  -DPREVENT_OPTIMIZATION  line 18 arg3 == 3
FAIL: gcc.dg/guality/pr36728-1.c   -O3 -g  -DPREVENT_OPTIMIZATION  line 18 arg4 == 4
FAIL: gcc.dg/guality/pr36728-1.c   -O3 -g  -DPREVENT_OPTIMIZATION  line 18 arg5 == 5
FAIL: gcc.dg/guality/pr36728-1.c   -O3 -g  -DPREVENT_OPTIMIZATION  line 18 arg6 == 6
FAIL: gcc.dg/guality/pr36728-2.c   -O2 -flto -fuse-linker-plugin -fno-fat-lto-objects  -DPREVENT_OPTIMIZATION line 16 y == 2
FAIL: gcc.dg/guality/pr36728-2.c   -O2 -flto -fuse-linker-plugin -fno-fat-lto-objects  -DPREVENT_OPTIMIZATION line 18 arg3 == 3
FAIL: gcc.dg/guality/pr36728-2.c   -O2 -flto -fuse-linker-plugin -fno-fat-lto-objects  -DPREVENT_OPTIMIZATION line 18 arg4 == 4
FAIL: gcc.dg/guality/pr36728-2.c   -O2 -flto -fuse-linker-plugin -fno-fat-lto-objects  -DPREVENT_OPTIMIZATION line 18 arg5 == 5
FAIL: gcc.dg/guality/pr36728-2.c   -O2 -flto -fuse-linker-plugin -fno-fat-lto-objects  -DPREVENT_OPTIMIZATION line 18 arg6 == 6
FAIL: gcc.dg/guality/pr36728-2.c   -O2 -flto -fuse-linker-plugin -fno-fat-lto-objects  -DPREVENT_OPTIMIZATION line 18 arg7 == 30
FAIL: gcc.dg/guality/pr36728-2.c   -O3 -g  -DPREVENT_OPTIMIZATION  line 16 arg2 == 2
FAIL: gcc.dg/guality/pr36728-2.c   -O3 -g  -DPREVENT_OPTIMIZATION  line 16 arg3 == 3
FAIL: gcc.dg/guality/pr36728-2.c   -O3 -g  -DPREVENT_OPTIMIZATION  line 16 arg4 == 4
FAIL: gcc.dg/guality/pr36728-2.c   -O3 -g  -DPREVENT_OPTIMIZATION  line 16 arg5 == 5
FAIL: gcc.dg/guality/pr36728-2.c   -O3 -g  -DPREVENT_OPTIMIZATION  line 16 arg6 == 6
FAIL: gcc.dg/guality/pr36728-2.c   -O3 -g  -DPREVENT_OPTIMIZATION  line 16 arg7 == 30
FAIL: gcc.dg/guality/pr36728-2.c   -O3 -g  -DPREVENT_OPTIMIZATION  line 18 arg3 == 3
FAIL: gcc.dg/guality/pr36728-2.c   -O3 -g  -DPREVENT_OPTIMIZATION  line 18 arg4 == 4
FAIL: gcc.dg/guality/pr36728-2.c   -O3 -g  -DPREVENT_OPTIMIZATION  line 18 arg5 == 5
FAIL: gcc.dg/guality/pr36728-2.c   -O3 -g  -DPREVENT_OPTIMIZATION  line 18 arg6 == 6
FAIL: gcc.dg/guality/pr36728-2.c   -O3 -g  -DPREVENT_OPTIMIZATION  line 18 arg7 == 30
FAIL: gcc.dg/guality/pr36728-3.c   -O2  -DPREVENT_OPTIMIZATION  line 14 arg3 == 3
FAIL: gcc.dg/guality/pr36728-3.c   -O2  -DPREVENT_OPTIMIZATION  line 16 arg3 == 3
FAIL: gcc.dg/guality/pr36728-3.c   -O2 -flto -fno-use-linker-plugin -flto-partition=none  -DPREVENT_OPTIMIZATION line 14 arg3 == 3
FAIL: gcc.dg/guality/pr36728-3.c   -O2 -flto -fno-use-linker-plugin -flto-partition=none  -DPREVENT_OPTIMIZATION line 16 arg3 == 3
FAIL: gcc.dg/guality/pr36728-3.c   -O2 -flto -fuse-linker-plugin -fno-fat-lto-objects  -DPREVENT_OPTIMIZATION line 14 arg3 == 3
FAIL: gcc.dg/guality/pr36728-3.c   -O2 -flto -fuse-linker-plugin -fno-fat-lto-objects  -DPREVENT_OPTIMIZATION line 14 arg4 == 4
FAIL: gcc.dg/guality/pr36728-3.c   -O2 -flto -fuse-linker-plugin -fno-fat-lto-objects  -DPREVENT_OPTIMIZATION line 14 arg5 == 5
FAIL: gcc.dg/guality/pr36728-3.c   -O2 -flto -fuse-linker-plugin -fno-fat-lto-objects  -DPREVENT_OPTIMIZATION line 14 arg6 == 6
FAIL: gcc.dg/guality/pr36728-3.c   -O2 -flto -fuse-linker-plugin -fno-fat-lto-objects  -DPREVENT_OPTIMIZATION line 14 arg7 == 30
FAIL: gcc.dg/guality/pr36728-3.c   -O2 -flto -fuse-linker-plugin -fno-fat-lto-objects  -DPREVENT_OPTIMIZATION line 16 arg3 == 3
FAIL: gcc.dg/guality/pr36728-3.c   -O2 -flto -fuse-linker-plugin -fno-fat-lto-objects  -DPREVENT_OPTIMIZATION line 16 arg4 == 4
FAIL: gcc.dg/guality/pr36728-3.c   -O2 -flto -fuse-linker-plugin -fno-fat-lto-objects  -DPREVENT_OPTIMIZATION line 16 arg5 == 5
FAIL: gcc.dg/guality/pr36728-3.c   -O2 -flto -fuse-linker-plugin -fno-fat-lto-objects  -DPREVENT_OPTIMIZATION line 16 arg6 == 6
FAIL: gcc.dg/guality/pr36728-3.c   -O2 -flto -fuse-linker-plugin -fno-fat-lto-objects  -DPREVENT_OPTIMIZATION line 16 arg7 == 30
FAIL: gcc.dg/guality/pr36728-3.c   -O3 -g  -DPREVENT_OPTIMIZATION  line 14 arg3 == 3
FAIL: gcc.dg/guality/pr36728-3.c   -O3 -g  -DPREVENT_OPTIMIZATION  line 14 arg4 == 4
FAIL: gcc.dg/guality/pr36728-3.c   -O3 -g  -DPREVENT_OPTIMIZATION  line 14 arg5 == 5
FAIL: gcc.dg/guality/pr36728-3.c   -O3 -g  -DPREVENT_OPTIMIZATION  line 14 arg6 == 6
FAIL: gcc.dg/guality/pr36728-3.c   -O3 -g  -DPREVENT_OPTIMIZATION  line 14 arg7 == 30
FAIL: gcc.dg/guality/pr36728-3.c   -O3 -g  -DPREVENT_OPTIMIZATION  line 14 y == 2
FAIL: gcc.dg/guality/pr36728-3.c   -O3 -g  -DPREVENT_OPTIMIZATION  line 16 arg3 == 3
FAIL: gcc.dg/guality/pr36728-3.c   -O3 -g  -DPREVENT_OPTIMIZATION  line 16 arg4 == 4
FAIL: gcc.dg/guality/pr36728-3.c   -O3 -g  -DPREVENT_OPTIMIZATION  line 16 arg5 == 5
FAIL: gcc.dg/guality/pr36728-3.c   -O3 -g  -DPREVENT_OPTIMIZATION  line 16 arg6 == 6
FAIL: gcc.dg/guality/pr36728-3.c   -O3 -g  -DPREVENT_OPTIMIZATION  line 16 arg7 == 30
FAIL: gcc.dg/guality/pr36728-3.c   -O3 -g  -DPREVENT_OPTIMIZATION  line 16 y == 2
FAIL: gcc.dg/guality/pr36728-4.c   -O2 -flto -fuse-linker-plugin -fno-fat-lto-objects  -DPREVENT_OPTIMIZATION line 14 arg3 == 3
FAIL: gcc.dg/guality/pr36728-4.c   -O2 -flto -fuse-linker-plugin -fno-fat-lto-objects  -DPREVENT_OPTIMIZATION line 14 arg4 == 4
FAIL: gcc.dg/guality/pr36728-4.c   -O2 -flto -fuse-linker-plugin -fno-fat-lto-objects  -DPREVENT_OPTIMIZATION line 14 arg5 == 5
FAIL: gcc.dg/guality/pr36728-4.c   -O2 -flto -fuse-linker-plugin -fno-fat-lto-objects  -DPREVENT_OPTIMIZATION line 14 arg6 == 6
FAIL: gcc.dg/guality/pr36728-4.c   -O2 -flto -fuse-linker-plugin -fno-fat-lto-objects  -DPREVENT_OPTIMIZATION line 14 arg7 == 30
FAIL: gcc.dg/guality/pr36728-4.c   -O2 -flto -fuse-linker-plugin -fno-fat-lto-objects  -DPREVENT_OPTIMIZATION line 16 arg3 == 3
FAIL: gcc.dg/guality/pr36728-4.c   -O2 -flto -fuse-linker-plugin -fno-fat-lto-objects  -DPREVENT_OPTIMIZATION line 16 arg4 == 4
FAIL: gcc.dg/guality/pr36728-4.c   -O2 -flto -fuse-linker-plugin -fno-fat-lto-objects  -DPREVENT_OPTIMIZATION line 16 arg5 == 5
FAIL: gcc.dg/guality/pr36728-4.c   -O2 -flto -fuse-linker-plugin -fno-fat-lto-objects  -DPREVENT_OPTIMIZATION line 16 arg6 == 6
FAIL: gcc.dg/guality/pr36728-4.c   -O2 -flto -fuse-linker-plugin -fno-fat-lto-objects  -DPREVENT_OPTIMIZATION line 16 arg7 == 30
FAIL: gcc.dg/guality/pr36728-4.c   -O3 -g  -DPREVENT_OPTIMIZATION  line 14 arg3 == 3
FAIL: gcc.dg/guality/pr36728-4.c   -O3 -g  -DPREVENT_OPTIMIZATION  line 14 arg4 == 4
FAIL: gcc.dg/guality/pr36728-4.c   -O3 -g  -DPREVENT_OPTIMIZATION  line 14 arg5 == 5
FAIL: gcc.dg/guality/pr36728-4.c   -O3 -g  -DPREVENT_OPTIMIZATION  line 14 arg6 == 6
FAIL: gcc.dg/guality/pr36728-4.c   -O3 -g  -DPREVENT_OPTIMIZATION  line 14 arg7 == 30
FAIL: gcc.dg/guality/pr36728-4.c   -O3 -g  -DPREVENT_OPTIMIZATION  line 16 arg3 == 3
FAIL: gcc.dg/guality/pr36728-4.c   -O3 -g  -DPREVENT_OPTIMIZATION  line 16 arg4 == 4
FAIL: gcc.dg/guality/pr36728-4.c   -O3 -g  -DPREVENT_OPTIMIZATION  line 16 arg5 == 5
FAIL: gcc.dg/guality/pr36728-4.c   -O3 -g  -DPREVENT_OPTIMIZATION  line 16 arg6 == 6
FAIL: gcc.dg/guality/pr36728-4.c   -O3 -g  -DPREVENT_OPTIMIZATION  line 16 arg7 == 30
FAIL: gcc.dg/guality/pr41447-1.c   -O2  -DPREVENT_OPTIMIZATION  execution test
FAIL: gcc.dg/guality/pr41447-1.c   -O2 -flto -fno-use-linker-plugin -flto-partition=none  -DPREVENT_OPTIMIZATION execution test
FAIL: gcc.dg/guality/pr41447-1.c   -O2 -flto -fuse-linker-plugin -fno-fat-lto-objects  -DPREVENT_OPTIMIZATION execution test
FAIL: gcc.dg/guality/pr41447-1.c   -O3 -g  -DPREVENT_OPTIMIZATION  execution test
FAIL: gcc.dg/guality/pr41447-1.c   -Os  -DPREVENT_OPTIMIZATION  execution test
FAIL: gcc.dg/guality/pr41447-1.c  -Og -DPREVENT_OPTIMIZATION  execution test
FAIL: gcc.dg/guality/pr41616-1.c   -O2 -flto -fuse-linker-plugin -fno-fat-lto-objects  -DPREVENT_OPTIMIZATION execution test
FAIL: gcc.dg/guality/pr43051-1.c   -O1  -DPREVENT_OPTIMIZATION  line 34 c == &a[0]
FAIL: gcc.dg/guality/pr43051-1.c   -O1  -DPREVENT_OPTIMIZATION  line 39 c == &a[0]
FAIL: gcc.dg/guality/pr43051-1.c   -O2  -DPREVENT_OPTIMIZATION  line 34 c == &a[0]
FAIL: gcc.dg/guality/pr43051-1.c   -O2  -DPREVENT_OPTIMIZATION  line 39 c == &a[0]
FAIL: gcc.dg/guality/pr43051-1.c   -O2 -flto -fno-use-linker-plugin -flto-partition=none  -DPREVENT_OPTIMIZATION line 34 c == &a[0]
FAIL: gcc.dg/guality/pr43051-1.c   -O2 -flto -fno-use-linker-plugin -flto-partition=none  -DPREVENT_OPTIMIZATION line 39 c == &a[0]
FAIL: gcc.dg/guality/pr43051-1.c   -O2 -flto -fuse-linker-plugin -fno-fat-lto-objects  -DPREVENT_OPTIMIZATION line 34 c == &a[0]
FAIL: gcc.dg/guality/pr43051-1.c   -O2 -flto -fuse-linker-plugin -fno-fat-lto-objects  -DPREVENT_OPTIMIZATION line 39 c == &a[0]
FAIL: gcc.dg/guality/pr43051-1.c   -O3 -g  -DPREVENT_OPTIMIZATION  line 34 c == &a[0]
FAIL: gcc.dg/guality/pr43051-1.c   -O3 -g  -DPREVENT_OPTIMIZATION  line 39 c == &a[0]
FAIL: gcc.dg/guality/pr54200.c   -O1  -DPREVENT_OPTIMIZATION  line 20 z == 3
FAIL: gcc.dg/guality/pr54519-1.c   -O2 -flto -fno-use-linker-plugin -flto-partition=none  -DPREVENT_OPTIMIZATION line 20 y == 25
FAIL: gcc.dg/guality/pr54519-1.c   -O2 -flto -fno-use-linker-plugin -flto-partition=none  -DPREVENT_OPTIMIZATION line 20 z == 6
FAIL: gcc.dg/guality/pr54519-1.c   -O2 -flto -fno-use-linker-plugin -flto-partition=none  -DPREVENT_OPTIMIZATION line 23 y == 117
FAIL: gcc.dg/guality/pr54519-1.c   -O2 -flto -fno-use-linker-plugin -flto-partition=none  -DPREVENT_OPTIMIZATION line 23 z == 8
FAIL: gcc.dg/guality/pr54519-1.c   -O2 -flto -fuse-linker-plugin -fno-fat-lto-objects  -DPREVENT_OPTIMIZATION line 20 y == 25
FAIL: gcc.dg/guality/pr54519-1.c   -O2 -flto -fuse-linker-plugin -fno-fat-lto-objects  -DPREVENT_OPTIMIZATION line 20 z == 6
FAIL: gcc.dg/guality/pr54519-1.c   -O2 -flto -fuse-linker-plugin -fno-fat-lto-objects  -DPREVENT_OPTIMIZATION line 23 y == 117
FAIL: gcc.dg/guality/pr54519-1.c   -O2 -flto -fuse-linker-plugin -fno-fat-lto-objects  -DPREVENT_OPTIMIZATION line 23 z == 8
FAIL: gcc.dg/guality/pr54519-2.c   -O2 -flto -fno-use-linker-plugin -flto-partition=none  -DPREVENT_OPTIMIZATION line 17 y == 25
FAIL: gcc.dg/guality/pr54519-2.c   -O2 -flto -fuse-linker-plugin -fno-fat-lto-objects  -DPREVENT_OPTIMIZATION line 17 y == 25
FAIL: gcc.dg/guality/pr54519-3.c   -O2 -flto -fno-use-linker-plugin -flto-partition=none  -DPREVENT_OPTIMIZATION line 20 y == 25
FAIL: gcc.dg/guality/pr54519-3.c   -O2 -flto -fno-use-linker-plugin -flto-partition=none  -DPREVENT_OPTIMIZATION line 20 z == 6
FAIL: gcc.dg/guality/pr54519-3.c   -O2 -flto -fno-use-linker-plugin -flto-partition=none  -DPREVENT_OPTIMIZATION line 23 y == 117
FAIL: gcc.dg/guality/pr54519-3.c   -O2 -flto -fno-use-linker-plugin -flto-partition=none  -DPREVENT_OPTIMIZATION line 23 z == 8
FAIL: gcc.dg/guality/pr54519-3.c   -O2 -flto -fuse-linker-plugin -fno-fat-lto-objects  -DPREVENT_OPTIMIZATION line 20 y == 25
FAIL: gcc.dg/guality/pr54519-3.c   -O2 -flto -fuse-linker-plugin -fno-fat-lto-objects  -DPREVENT_OPTIMIZATION line 20 z == 6
FAIL: gcc.dg/guality/pr54519-3.c   -O2 -flto -fuse-linker-plugin -fno-fat-lto-objects  -DPREVENT_OPTIMIZATION line 23 y == 117
FAIL: gcc.dg/guality/pr54519-3.c   -O2 -flto -fuse-linker-plugin -fno-fat-lto-objects  -DPREVENT_OPTIMIZATION line 23 z == 8
FAIL: gcc.dg/guality/pr54519-4.c   -O2 -flto -fno-use-linker-plugin -flto-partition=none  -DPREVENT_OPTIMIZATION line 17 y == 25
FAIL: gcc.dg/guality/pr54519-4.c   -O2 -flto -fuse-linker-plugin -fno-fat-lto-objects  -DPREVENT_OPTIMIZATION line 17 y == 25
FAIL: gcc.dg/guality/pr54519-5.c   -O2 -flto -fno-use-linker-plugin -flto-partition=none  -DPREVENT_OPTIMIZATION line 17 y == 25
FAIL: gcc.dg/guality/pr54519-5.c   -O2 -flto -fuse-linker-plugin -fno-fat-lto-objects  -DPREVENT_OPTIMIZATION line 17 y == 25
FAIL: gcc.dg/guality/pr54519-6.c   -Os  -DPREVENT_OPTIMIZATION  line 11 x == 2
FAIL: gcc.dg/guality/pr54693-2.c   -O1  -DPREVENT_OPTIMIZATION  line 21 i == v + 1
FAIL: gcc.dg/guality/pr54693-2.c   -Os  -DPREVENT_OPTIMIZATION  line 21 y == 20 - 2 * i
FAIL: gcc.dg/guality/pr54693.c   -Os  -DPREVENT_OPTIMIZATION  line 22 i == c - 48
FAIL: gcc.dg/guality/pr54970.c  -Og -DPREVENT_OPTIMIZATION  line 15 *p == 3
FAIL: gcc.dg/guality/pr54970.c  -Og -DPREVENT_OPTIMIZATION  line 15 *q == 2
FAIL: gcc.dg/guality/pr54970.c  -Og -DPREVENT_OPTIMIZATION  line 20 *p == 13
FAIL: gcc.dg/guality/pr54970.c  -Og -DPREVENT_OPTIMIZATION  line 20 *q == 2
FAIL: gcc.dg/guality/pr54970.c  -Og -DPREVENT_OPTIMIZATION  line 25 *p == 13
FAIL: gcc.dg/guality/pr54970.c  -Og -DPREVENT_OPTIMIZATION  line 25 *q == 12
FAIL: gcc.dg/guality/pr54970.c  -Og -DPREVENT_OPTIMIZATION  line 31 *p == 6
FAIL: gcc.dg/guality/pr54970.c  -Og -DPREVENT_OPTIMIZATION  line 31 *q == 5
FAIL: gcc.dg/guality/pr54970.c  -Og -DPREVENT_OPTIMIZATION  line 36 *p == 26
FAIL: gcc.dg/guality/pr54970.c  -Og -DPREVENT_OPTIMIZATION  line 36 *q == 5
FAIL: gcc.dg/guality/pr54970.c  -Og -DPREVENT_OPTIMIZATION  line 45 *p == 26
FAIL: gcc.dg/guality/pr54970.c  -Og -DPREVENT_OPTIMIZATION  line 45 *q == 25
FAIL: gcc.dg/guality/pr54970.c  -Og -DPREVENT_OPTIMIZATION  line 45 p[-1] == 25
FAIL: gcc.dg/guality/pr54970.c  -Og -DPREVENT_OPTIMIZATION  line 45 p[-2] == 4
FAIL: gcc.dg/guality/pr54970.c  -Og -DPREVENT_OPTIMIZATION  line 45 q[-1] == 4
FAIL: gcc.dg/guality/pr54970.c  -Og -DPREVENT_OPTIMIZATION  line 45 q[1] == 26
FAIL: gcc.dg/guality/pr56154-1.c  -Og -DPREVENT_OPTIMIZATION  line pr56154-1.c:20 x.a == 6
FAIL: gcc.dg/guality/pr59776.c  -Og -DPREVENT_OPTIMIZATION  line pr59776.c:17 s1.f == 5.0
FAIL: gcc.dg/guality/pr59776.c  -Og -DPREVENT_OPTIMIZATION  line pr59776.c:17 s1.g == 6.0
FAIL: gcc.dg/guality/pr59776.c  -Og -DPREVENT_OPTIMIZATION  line pr59776.c:17 s2.f == 0.0
FAIL: gcc.dg/guality/pr59776.c  -Og -DPREVENT_OPTIMIZATION  line pr59776.c:20 s1.f == 5.0
FAIL: gcc.dg/guality/pr59776.c  -Og -DPREVENT_OPTIMIZATION  line pr59776.c:20 s1.g == 6.0
FAIL: gcc.dg/guality/pr59776.c  -Og -DPREVENT_OPTIMIZATION  line pr59776.c:20 s2.f == 5.0
FAIL: gcc.dg/guality/pr68860-1.c   -O2  -DPREVENT_OPTIMIZATION  line 14 arg3 == 3
FAIL: gcc.dg/guality/pr68860-1.c   -O2  -DPREVENT_OPTIMIZATION  line 14 arg4 == 4
FAIL: gcc.dg/guality/pr68860-1.c   -O2  -DPREVENT_OPTIMIZATION  line 14 arg5 == 5
FAIL: gcc.dg/guality/pr68860-1.c   -O2  -DPREVENT_OPTIMIZATION  line 14 arg6 == 6
FAIL: gcc.dg/guality/pr68860-1.c   -O2  -DPREVENT_OPTIMIZATION  line 14 arg7 == 30
FAIL: gcc.dg/guality/pr68860-1.c   -O2  -DPREVENT_OPTIMIZATION  line 14 y == 2
FAIL: gcc.dg/guality/pr68860-1.c   -O2  -DPREVENT_OPTIMIZATION  line 16 arg3 == 3
FAIL: gcc.dg/guality/pr68860-1.c   -O2  -DPREVENT_OPTIMIZATION  line 16 arg4 == 4
FAIL: gcc.dg/guality/pr68860-1.c   -O2  -DPREVENT_OPTIMIZATION  line 16 arg5 == 5
FAIL: gcc.dg/guality/pr68860-1.c   -O2  -DPREVENT_OPTIMIZATION  line 16 arg6 == 6
FAIL: gcc.dg/guality/pr68860-1.c   -O2  -DPREVENT_OPTIMIZATION  line 16 arg7 == 30
FAIL: gcc.dg/guality/pr68860-1.c   -O2  -DPREVENT_OPTIMIZATION  line 16 y == 2
FAIL: gcc.dg/guality/pr68860-1.c   -O2 -flto -fno-use-linker-plugin -flto-partition=none  -DPREVENT_OPTIMIZATION line 14 arg3 == 3
FAIL: gcc.dg/guality/pr68860-1.c   -O2 -flto -fno-use-linker-plugin -flto-partition=none  -DPREVENT_OPTIMIZATION line 14 arg4 == 4
FAIL: gcc.dg/guality/pr68860-1.c   -O2 -flto -fno-use-linker-plugin -flto-partition=none  -DPREVENT_OPTIMIZATION line 14 arg5 == 5
FAIL: gcc.dg/guality/pr68860-1.c   -O2 -flto -fno-use-linker-plugin -flto-partition=none  -DPREVENT_OPTIMIZATION line 14 arg6 == 6
FAIL: gcc.dg/guality/pr68860-1.c   -O2 -flto -fno-use-linker-plugin -flto-partition=none  -DPREVENT_OPTIMIZATION line 14 arg7 == 30
FAIL: gcc.dg/guality/pr68860-1.c   -O2 -flto -fno-use-linker-plugin -flto-partition=none  -DPREVENT_OPTIMIZATION line 16 arg3 == 3
FAIL: gcc.dg/guality/pr68860-1.c   -O2 -flto -fno-use-linker-plugin -flto-partition=none  -DPREVENT_OPTIMIZATION line 16 arg4 == 4
FAIL: gcc.dg/guality/pr68860-1.c   -O2 -flto -fno-use-linker-plugin -flto-partition=none  -DPREVENT_OPTIMIZATION line 16 arg5 == 5
FAIL: gcc.dg/guality/pr68860-1.c   -O2 -flto -fno-use-linker-plugin -flto-partition=none  -DPREVENT_OPTIMIZATION line 16 arg6 == 6
FAIL: gcc.dg/guality/pr68860-1.c   -O2 -flto -fno-use-linker-plugin -flto-partition=none  -DPREVENT_OPTIMIZATION line 16 arg7 == 30
FAIL: gcc.dg/guality/pr68860-1.c   -O2 -flto -fuse-linker-plugin -fno-fat-lto-objects  -DPREVENT_OPTIMIZATION line 14 arg3 == 3
FAIL: gcc.dg/guality/pr68860-1.c   -O2 -flto -fuse-linker-plugin -fno-fat-lto-objects  -DPREVENT_OPTIMIZATION line 14 arg4 == 4
FAIL: gcc.dg/guality/pr68860-1.c   -O2 -flto -fuse-linker-plugin -fno-fat-lto-objects  -DPREVENT_OPTIMIZATION line 14 arg5 == 5
FAIL: gcc.dg/guality/pr68860-1.c   -O2 -flto -fuse-linker-plugin -fno-fat-lto-objects  -DPREVENT_OPTIMIZATION line 14 arg6 == 6
FAIL: gcc.dg/guality/pr68860-1.c   -O2 -flto -fuse-linker-plugin -fno-fat-lto-objects  -DPREVENT_OPTIMIZATION line 14 arg7 == 30
FAIL: gcc.dg/guality/pr68860-1.c   -O2 -flto -fuse-linker-plugin -fno-fat-lto-objects  -DPREVENT_OPTIMIZATION line 16 arg3 == 3
FAIL: gcc.dg/guality/pr68860-1.c   -O2 -flto -fuse-linker-plugin -fno-fat-lto-objects  -DPREVENT_OPTIMIZATION line 16 arg4 == 4
FAIL: gcc.dg/guality/pr68860-1.c   -O2 -flto -fuse-linker-plugin -fno-fat-lto-objects  -DPREVENT_OPTIMIZATION line 16 arg5 == 5
FAIL: gcc.dg/guality/pr68860-1.c   -O2 -flto -fuse-linker-plugin -fno-fat-lto-objects  -DPREVENT_OPTIMIZATION line 16 arg6 == 6
FAIL: gcc.dg/guality/pr68860-1.c   -O2 -flto -fuse-linker-plugin -fno-fat-lto-objects  -DPREVENT_OPTIMIZATION line 16 arg7 == 30
FAIL: gcc.dg/guality/pr68860-1.c   -O3 -g  -DPREVENT_OPTIMIZATION  line 14 arg3 == 3
FAIL: gcc.dg/guality/pr68860-1.c   -O3 -g  -DPREVENT_OPTIMIZATION  line 14 arg4 == 4
FAIL: gcc.dg/guality/pr68860-1.c   -O3 -g  -DPREVENT_OPTIMIZATION  line 14 arg5 == 5
FAIL: gcc.dg/guality/pr68860-1.c   -O3 -g  -DPREVENT_OPTIMIZATION  line 14 arg6 == 6
FAIL: gcc.dg/guality/pr68860-1.c   -O3 -g  -DPREVENT_OPTIMIZATION  line 14 arg7 == 30
FAIL: gcc.dg/guality/pr68860-1.c   -O3 -g  -DPREVENT_OPTIMIZATION  line 14 y == 2
FAIL: gcc.dg/guality/pr68860-1.c   -O3 -g  -DPREVENT_OPTIMIZATION  line 16 arg3 == 3
FAIL: gcc.dg/guality/pr68860-1.c   -O3 -g  -DPREVENT_OPTIMIZATION  line 16 arg4 == 4
FAIL: gcc.dg/guality/pr68860-1.c   -O3 -g  -DPREVENT_OPTIMIZATION  line 16 arg5 == 5
FAIL: gcc.dg/guality/pr68860-1.c   -O3 -g  -DPREVENT_OPTIMIZATION  line 16 arg6 == 6
FAIL: gcc.dg/guality/pr68860-1.c   -O3 -g  -DPREVENT_OPTIMIZATION  line 16 arg7 == 30
FAIL: gcc.dg/guality/pr68860-1.c   -O3 -g  -DPREVENT_OPTIMIZATION  line 16 y == 2
FAIL: gcc.dg/guality/pr68860-1.c   -Os  -DPREVENT_OPTIMIZATION  line 14 arg3 == 3
FAIL: gcc.dg/guality/pr68860-1.c   -Os  -DPREVENT_OPTIMIZATION  line 14 arg4 == 4
FAIL: gcc.dg/guality/pr68860-1.c   -Os  -DPREVENT_OPTIMIZATION  line 14 arg5 == 5
FAIL: gcc.dg/guality/pr68860-1.c   -Os  -DPREVENT_OPTIMIZATION  line 14 arg6 == 6
FAIL: gcc.dg/guality/pr68860-1.c   -Os  -DPREVENT_OPTIMIZATION  line 14 arg7 == 30
FAIL: gcc.dg/guality/pr68860-1.c   -Os  -DPREVENT_OPTIMIZATION  line 16 arg3 == 3
FAIL: gcc.dg/guality/pr68860-1.c   -Os  -DPREVENT_OPTIMIZATION  line 16 arg4 == 4
FAIL: gcc.dg/guality/pr68860-1.c   -Os  -DPREVENT_OPTIMIZATION  line 16 arg5 == 5
FAIL: gcc.dg/guality/pr68860-1.c   -Os  -DPREVENT_OPTIMIZATION  line 16 arg6 == 6
FAIL: gcc.dg/guality/pr68860-1.c   -Os  -DPREVENT_OPTIMIZATION  line 16 arg7 == 30
FAIL: gcc.dg/guality/pr68860-2.c   -O2  -DPREVENT_OPTIMIZATION  line 14 arg3 == 3
FAIL: gcc.dg/guality/pr68860-2.c   -O2  -DPREVENT_OPTIMIZATION  line 14 arg4 == 4
FAIL: gcc.dg/guality/pr68860-2.c   -O2  -DPREVENT_OPTIMIZATION  line 16 arg3 == 3
FAIL: gcc.dg/guality/pr68860-2.c   -O2  -DPREVENT_OPTIMIZATION  line 16 arg4 == 4
FAIL: gcc.dg/guality/pr68860-2.c   -O2 -flto -fno-use-linker-plugin -flto-partition=none  -DPREVENT_OPTIMIZATION line 14 arg3 == 3
FAIL: gcc.dg/guality/pr68860-2.c   -O2 -flto -fno-use-linker-plugin -flto-partition=none  -DPREVENT_OPTIMIZATION line 14 arg4 == 4
FAIL: gcc.dg/guality/pr68860-2.c   -O2 -flto -fno-use-linker-plugin -flto-partition=none  -DPREVENT_OPTIMIZATION line 16 arg3 == 3
FAIL: gcc.dg/guality/pr68860-2.c   -O2 -flto -fno-use-linker-plugin -flto-partition=none  -DPREVENT_OPTIMIZATION line 16 arg4 == 4
FAIL: gcc.dg/guality/pr68860-2.c   -O2 -flto -fuse-linker-plugin -fno-fat-lto-objects  -DPREVENT_OPTIMIZATION line 14 arg3 == 3
FAIL: gcc.dg/guality/pr68860-2.c   -O2 -flto -fuse-linker-plugin -fno-fat-lto-objects  -DPREVENT_OPTIMIZATION line 14 arg4 == 4
FAIL: gcc.dg/guality/pr68860-2.c   -O2 -flto -fuse-linker-plugin -fno-fat-lto-objects  -DPREVENT_OPTIMIZATION line 14 arg5 == 5
FAIL: gcc.dg/guality/pr68860-2.c   -O2 -flto -fuse-linker-plugin -fno-fat-lto-objects  -DPREVENT_OPTIMIZATION line 14 arg6 == 6
FAIL: gcc.dg/guality/pr68860-2.c   -O2 -flto -fuse-linker-plugin -fno-fat-lto-objects  -DPREVENT_OPTIMIZATION line 14 arg7 == 30
FAIL: gcc.dg/guality/pr68860-2.c   -O2 -flto -fuse-linker-plugin -fno-fat-lto-objects  -DPREVENT_OPTIMIZATION line 16 arg3 == 3
FAIL: gcc.dg/guality/pr68860-2.c   -O2 -flto -fuse-linker-plugin -fno-fat-lto-objects  -DPREVENT_OPTIMIZATION line 16 arg4 == 4
FAIL: gcc.dg/guality/pr68860-2.c   -O2 -flto -fuse-linker-plugin -fno-fat-lto-objects  -DPREVENT_OPTIMIZATION line 16 arg5 == 5
FAIL: gcc.dg/guality/pr68860-2.c   -O2 -flto -fuse-linker-plugin -fno-fat-lto-objects  -DPREVENT_OPTIMIZATION line 16 arg6 == 6
FAIL: gcc.dg/guality/pr68860-2.c   -O2 -flto -fuse-linker-plugin -fno-fat-lto-objects  -DPREVENT_OPTIMIZATION line 16 arg7 == 30
FAIL: gcc.dg/guality/pr68860-2.c   -O3 -g  -DPREVENT_OPTIMIZATION  line 14 arg3 == 3
FAIL: gcc.dg/guality/pr68860-2.c   -O3 -g  -DPREVENT_OPTIMIZATION  line 14 arg4 == 4
FAIL: gcc.dg/guality/pr68860-2.c   -O3 -g  -DPREVENT_OPTIMIZATION  line 14 arg5 == 5
FAIL: gcc.dg/guality/pr68860-2.c   -O3 -g  -DPREVENT_OPTIMIZATION  line 14 arg6 == 6
FAIL: gcc.dg/guality/pr68860-2.c   -O3 -g  -DPREVENT_OPTIMIZATION  line 14 arg7 == 30
FAIL: gcc.dg/guality/pr68860-2.c   -O3 -g  -DPREVENT_OPTIMIZATION  line 16 arg3 == 3
FAIL: gcc.dg/guality/pr68860-2.c   -O3 -g  -DPREVENT_OPTIMIZATION  line 16 arg4 == 4
FAIL: gcc.dg/guality/pr68860-2.c   -O3 -g  -DPREVENT_OPTIMIZATION  line 16 arg5 == 5
FAIL: gcc.dg/guality/pr68860-2.c   -O3 -g  -DPREVENT_OPTIMIZATION  line 16 arg6 == 6
FAIL: gcc.dg/guality/pr68860-2.c   -O3 -g  -DPREVENT_OPTIMIZATION  line 16 arg7 == 30
FAIL: gcc.dg/guality/pr89463.c   -O1  -DPREVENT_OPTIMIZATION  line 23 i + 1 == 7
FAIL: gcc.dg/guality/pr90074.c   -O1  -DPREVENT_OPTIMIZATION  line 28 c + 1 == 2
FAIL: gcc.dg/guality/pr90074.c   -O1  -DPREVENT_OPTIMIZATION  line 28 i + 1 == 8
FAIL: gcc.dg/guality/pr90074.c   -O2 -flto -fuse-linker-plugin -fno-fat-lto-objects  -DPREVENT_OPTIMIZATION line 28 c + 1 == 2
FAIL: gcc.dg/guality/pr90074.c   -O2 -flto -fuse-linker-plugin -fno-fat-lto-objects  -DPREVENT_OPTIMIZATION line 28 i + 1 == 8
FAIL: gcc.dg/guality/pr90716.c   -O1  -DPREVENT_OPTIMIZATION  line 23 j + 1 == 9
FAIL: gcc.dg/guality/pr90716.c   -O2  -DPREVENT_OPTIMIZATION  line 23 j + 1 == 9
FAIL: gcc.dg/guality/pr90716.c   -O2 -flto -fno-use-linker-plugin -flto-partition=none  -DPREVENT_OPTIMIZATION line 23 j + 1 == 9
FAIL: gcc.dg/guality/pr90716.c   -O2 -flto -fuse-linker-plugin -fno-fat-lto-objects  -DPREVENT_OPTIMIZATION line 23 j + 1 == 9
FAIL: gcc.dg/guality/pr90716.c   -Os  -DPREVENT_OPTIMIZATION  line 23 j + 1 == 9
FAIL: gcc.dg/guality/sra-1.c   -O2 -flto -fuse-linker-plugin -fno-fat-lto-objects  -DPREVENT_OPTIMIZATION line 21 a.i == 4
FAIL: gcc.dg/guality/sra-1.c   -O2 -flto -fuse-linker-plugin -fno-fat-lto-objects  -DPREVENT_OPTIMIZATION line 21 a.j == 14
FAIL: gcc.dg/guality/sra-1.c   -O2 -flto -fuse-linker-plugin -fno-fat-lto-objects  -DPREVENT_OPTIMIZATION line 32 a[0] == 4
FAIL: gcc.dg/guality/sra-1.c   -O2 -flto -fuse-linker-plugin -fno-fat-lto-objects  -DPREVENT_OPTIMIZATION line 32 a[1] == 14
FAIL: gcc.dg/guality/sra-1.c   -O2 -flto -fuse-linker-plugin -fno-fat-lto-objects  -DPREVENT_OPTIMIZATION line 43 a.i == 4
FAIL: gcc.dg/guality/sra-1.c   -O2 -flto -fuse-linker-plugin -fno-fat-lto-objects  -DPREVENT_OPTIMIZATION line 43 a.j == 14
FAIL: gcc.dg/guality/sra-1.c  -Og -DPREVENT_OPTIMIZATION  line 21 a.i == 4
FAIL: gcc.dg/guality/sra-1.c  -Og -DPREVENT_OPTIMIZATION  line 21 a.j == 14
FAIL: gcc.dg/guality/sra-1.c  -Og -DPREVENT_OPTIMIZATION  line 32 a[0] == 4
FAIL: gcc.dg/guality/sra-1.c  -Og -DPREVENT_OPTIMIZATION  line 32 a[1] == 14
FAIL: gcc.dg/guality/sra-1.c  -Og -DPREVENT_OPTIMIZATION  line 43 a.i == 4
FAIL: gcc.dg/guality/sra-1.c  -Og -DPREVENT_OPTIMIZATION  line 43 a.j == 14
FAIL: gcc.dg/guality/vla-1.c  -Og -DPREVENT_OPTIMIZATION  line 17 i == 5
FAIL: gcc.dg/guality/vla-1.c  -Og -DPREVENT_OPTIMIZATION  line 17 sizeof (a) == 6
FAIL: gcc.dg/lto/pr55703 c_lto_pr55703_0.o-c_lto_pr55703_0.o execute  -O2 -flto -fno-tree-copy-prop -fno-tree-dce 
FAIL: gcc.dg/tls/pr78796.c execution test
FAIL: gcc.dg/torture/tls/tls-reload-1.c   -O1  -pie -fPIE  execution test
FAIL: gcc.dg/torture/tls/tls-reload-1.c   -O1  -pie -fpie  execution test
FAIL: gcc.dg/torture/tls/tls-reload-1.c   -O1  execution test
FAIL: gcc.dg/tree-prof/peel-2.c scan-tree-dump cunroll "Peeled loop 2, 1 times"
FAIL: gcc.dg/tree-ssa/clz-char.c scan-tree-dump-times optimized "__builtin_clz|\\\\.CLZ" 1
FAIL: gcc.dg/tree-ssa/clz-complement-char.c scan-tree-dump-times optimized "__builtin_clz|\\\\.CLZ" 1
FAIL: gcc.dg/tree-ssa/clz-complement-int.c scan-tree-dump-times optimized "__builtin_clz|\\\\.CLZ" 1
FAIL: gcc.dg/tree-ssa/clz-complement-long.c scan-tree-dump-times optimized "__builtin_clz|\\\\.CLZ" 1
FAIL: gcc.dg/tree-ssa/clz-int.c scan-tree-dump-times optimized "__builtin_clz|\\\\.CLZ" 1
FAIL: gcc.dg/tree-ssa/clz-long.c scan-tree-dump-times optimized "__builtin_clz|\\\\.CLZ" 1
FAIL: gcc.dg/tree-ssa/copy-headers-8.c scan-tree-dump-times ch2 "Conditional combines static and invariant" 1
FAIL: gcc.dg/tree-ssa/copy-headers-8.c scan-tree-dump-times ch2 "Will duplicate bb" 2
FAIL: gcc.dg/tree-ssa/ctz-char.c scan-tree-dump-times optimized "__builtin_ctz|\\\\.CTZ" 1
FAIL: gcc.dg/tree-ssa/ctz-complement-char.c scan-tree-dump-times optimized "__builtin_ctz|\\\\.CTZ" 1
FAIL: gcc.dg/tree-ssa/ctz-complement-int.c scan-tree-dump-times optimized "__builtin_ctz|\\\\.CTZ" 1
FAIL: gcc.dg/tree-ssa/ctz-complement-long-long.c scan-tree-dump-times optimized "__builtin_ctz|\\\\.CTZ" 1
FAIL: gcc.dg/tree-ssa/ctz-complement-long.c scan-tree-dump-times optimized "__builtin_ctz|\\\\.CTZ" 1
FAIL: gcc.dg/tree-ssa/ctz-int.c scan-tree-dump-times optimized "__builtin_ctz|\\\\.CTZ" 1
FAIL: gcc.dg/tree-ssa/ctz-long-long.c scan-tree-dump-times optimized "__builtin_ctz|\\\\.CTZ" 1
FAIL: gcc.dg/tree-ssa/ctz-long.c scan-tree-dump-times optimized "__builtin_ctz|\\\\.CTZ" 1
FAIL: gcc.dg/tree-ssa/dump-6.c scan-tree-dump store-merging "MEM <unsigned int> \\\\[\\\\(char \\\\*\\\\)\\\\&a8] = "
FAIL: gcc.dg/tree-ssa/forwprop-40.c scan-tree-dump-times optimized "BIT_FIELD_REF" 0
FAIL: gcc.dg/tree-ssa/forwprop-40.c scan-tree-dump-times optimized "BIT_INSERT_EXPR" 0
FAIL: gcc.dg/tree-ssa/forwprop-41.c scan-tree-dump-times optimized "BIT_FIELD_REF" 0
FAIL: gcc.dg/tree-ssa/forwprop-41.c scan-tree-dump-times optimized "BIT_INSERT_EXPR" 1
FAIL: gcc.dg/tree-ssa/loop-interchange-16.c scan-tree-dump linterchange "loops interchanged"
FAIL: gcc.dg/tree-ssa/popcount4ll.c scan-tree-dump-times optimized ".POPCOUNT" 2
FAIL: gcc.dg/tree-ssa/popcount5ll.c scan-tree-dump-times optimized ".POPCOUNT" 2
FAIL: gcc.dg/tree-ssa/range-sincos.c scan-tree-dump-not evrp "link_error"
FAIL: gcc.dg/tree-ssa/update-threading.c scan-tree-dump-times optimized "Invalid sum" 0
FAIL: gcc.dg/tree-ssa/vrp-float-abs-1.c scan-tree-dump-not evrp "link_error"
FAIL: gcc.dg/vect/pr109011-4.c -flto -ffat-lto-objects  scan-tree-dump-times optimized " = .POPCOUNT \\\\(vect" 1
FAIL: gcc.dg/vect/pr109011-4.c scan-tree-dump-times optimized " = .POPCOUNT \\\\(vect" 1
FAIL: gcc.dg/vect/tsvc/vect-tsvc-s112.c -flto -ffat-lto-objects execution test
FAIL: gcc.dg/vect/tsvc/vect-tsvc-s112.c execution test
FAIL: gcc.dg/vect/tsvc/vect-tsvc-s113.c -flto -ffat-lto-objects execution test
FAIL: gcc.dg/vect/tsvc/vect-tsvc-s113.c execution test
FAIL: gcc.dg/vect/tsvc/vect-tsvc-s119.c -flto -ffat-lto-objects execution test
FAIL: gcc.dg/vect/tsvc/vect-tsvc-s119.c execution test
FAIL: gcc.dg/vect/tsvc/vect-tsvc-s121.c -flto -ffat-lto-objects execution test
FAIL: gcc.dg/vect/tsvc/vect-tsvc-s121.c execution test
FAIL: gcc.dg/vect/tsvc/vect-tsvc-s131.c -flto -ffat-lto-objects execution test
FAIL: gcc.dg/vect/tsvc/vect-tsvc-s131.c execution test
FAIL: gcc.dg/vect/tsvc/vect-tsvc-s132.c -flto -ffat-lto-objects execution test
FAIL: gcc.dg/vect/tsvc/vect-tsvc-s132.c execution test
FAIL: gcc.dg/vect/tsvc/vect-tsvc-s2233.c -flto -ffat-lto-objects execution test
FAIL: gcc.dg/vect/tsvc/vect-tsvc-s2233.c execution test
FAIL: gcc.dg/vect/tsvc/vect-tsvc-s421.c -flto -ffat-lto-objects execution test
FAIL: gcc.dg/vect/tsvc/vect-tsvc-s421.c execution test
FAIL: gcc.dg/vect/vect-alias-check-14.c -flto -ffat-lto-objects execution test
FAIL: gcc.dg/vect/vect-alias-check-14.c execution test
UNRESOLVED: gcc.misc-tests/bprob-2.c compilation,  -O2  -fbranch-probabilities
UNRESOLVED: gcc.misc-tests/bprob-2.c compilation,  -O3   -fbranch-probabilities
UNRESOLVED: gcc.misc-tests/bprob-2.c execution,    -O2  -fbranch-probabilities
FAIL: gcc.misc-tests/bprob-2.c execution,    -O2  -fprofile-arcs
UNRESOLVED: gcc.misc-tests/bprob-2.c execution,    -O3   -fbranch-probabilities
FAIL: gcc.misc-tests/bprob-2.c execution,    -O3   -fprofile-arcs
FAIL: gcc.target/s390/arch13/sel-1.c scan-assembler-times \\tselgr(?:h|le)\\t 1
FAIL: gcc.target/s390/arch13/sel-1.c scan-assembler-times \\tselr(?:h|le)\\t 1
FAIL: gcc.target/s390/htm-builtins-1.c execution test
FAIL: gcc.target/s390/htm-builtins-2.c execution test
FAIL: gcc.target/s390/ifcvt-one-insn-bool.c scan-assembler lochinh\\t%r.?,1
FAIL: gcc.target/s390/ifcvt-one-insn-char.c scan-assembler locrnh\\t%r.?,%r.?
FAIL: gcc.target/s390/loc-1.c scan-assembler \\tlochine\\t%r2,-1
FAIL: gcc.target/s390/loc-1.c scan-assembler \\tlocrne\\t%r2,%r4
FAIL: gcc.target/s390/md/rXsbg_mode_sXl.c  -O1 -march=z13   scan-assembler-times rosbg\\t%r.,%r.,32,63,62 1
FAIL: gcc.target/s390/md/rXsbg_mode_sXl.c  -O1 -march=z13   scan-assembler-times rxsbg\\t%r.,%r.,32,63,62 1
FAIL: gcc.target/s390/md/rXsbg_mode_sXl.c  -O2 -march=z13   scan-assembler-times rosbg\\t%r.,%r.,32,63,62 1
FAIL: gcc.target/s390/md/rXsbg_mode_sXl.c  -O2 -march=z13   scan-assembler-times rxsbg\\t%r.,%r.,32,63,62 1
FAIL: gcc.target/s390/md/rXsbg_mode_sXl.c  -O3 -march=z13   scan-assembler-times rosbg\\t%r.,%r.,32,63,62 1
FAIL: gcc.target/s390/md/rXsbg_mode_sXl.c  -O3 -march=z13   scan-assembler-times rxsbg\\t%r.,%r.,32,63,62 1
FAIL: gcc.target/s390/md/rXsbg_mode_sXl.c  -Os -march=z13   scan-assembler-times rosbg\\t%r.,%r.,32,63,62 1
FAIL: gcc.target/s390/md/rXsbg_mode_sXl.c  -Os -march=z13   scan-assembler-times rxsbg\\t%r.,%r.,32,63,62 1
FAIL: gcc.target/s390/nobp-return-mem-z900.c scan-assembler jgle\\t__s390_indirect_jump
FAIL: gcc.target/s390/pr89233.c (internal compiler error: in extract_insn, at recog.cc:2791)
FAIL: gcc.target/s390/pr89233.c (test for excess errors)
FAIL: gcc.target/s390/risbg-ll-1.c scan-assembler f12:\\n\\trisbg\\t%r3,%r2,0,0\\\\+32-1,64-0-32\\n\\tsllg\\t%r2,%r3,2\\n\\tnill\\t%r2,65295
FAIL: gcc.target/s390/risbg-ll-1.c scan-assembler f14:\\n\\trisbg\\t%r3,%r2,56,128\\\\+60,46\\n\\tlhi\\t%r2,0
FAIL: gcc.target/s390/risbg-ll-1.c scan-assembler f18:\\n\\trisbg\\t%r3,%r2,0,0\\\\+32-1,64-0-32\\n\\tlhi\\t%r2,0\\n\\trisbg\\t%r3,%r3,57,128\\\\+62,4
FAIL: gcc.target/s390/risbg-ll-1.c scan-assembler f20:\\n\\trisbg\\t%r3,%r2,0,0\\\\+32-1,64-0-32\\n\\tlhi\\t%r2,0\\n\\tsrag\\t%r3,%r3,60\\n\\tnilf\\t%r3,30
FAIL: gcc.target/s390/risbg-ll-1.c scan-assembler f22:\\n\\trisbg\\t%r3,%r2,60,128\\\\+62,64-28\\n\\tlhi\\t%r2,0
FAIL: gcc.target/s390/risbg-ll-1.c scan-assembler f27:\\n\\trisbg\\t%r3,%r2,0,0\\\\+32-1,64-0-32\\n\\trisbg\\t%r2,%r3,55,128\\\\+52,5
FAIL: gcc.target/s390/risbg-ll-1.c scan-assembler f29:\\n\\trisbg\\t%r[23],%r3,0,128\\\\+13,49\\n\\tlr\\t%r[23],%r[32]\\n\\tsrlg\\t%r2,%r2
FAIL: gcc.target/s390/risbg-ll-1.c scan-assembler f31:\\n\\trisbg\\t%r[23],%r3,0,128\\\\+12,50\\n\\tlr\\t%r[23],%r[32]\\n\\tsrlg\\t%r2,%r2
FAIL: gcc.target/s390/risbg-ll-1.c scan-assembler f33:\\n\\trisbg\\t%r3,%r2,0,0\\\\+32-1,64-0-32\\n\\tsllg\\t%r2,%r3,10\\n\\tnill\\t%r2,58368
FAIL: gcc.target/s390/risbg-ll-1.c scan-assembler f37:\\n(\\t.*\\n)*\\trisbg\\t%r3,%r2,0,0\\\\+32-1,64-0-32\\n\\tsrlg\\t%r2,%r3,1\\n\\tng\\t%r2,
FAIL: gcc.target/s390/risbg-ll-1.c scan-assembler f38:\\n\\trisbg\\t%r3,%r2,0,0\\\\+32-1,64-0-32\\n\\tsrag\\t%r2,%r3,32\\n\\tsllg\\t%r2,%r2,5
FAIL: gcc.target/s390/risbg-ll-1.c scan-assembler f39:\\n\\trisbg\\t%r3,%r2,0,0\\\\+32-1,64-0-32\\n\\tlhi\\t%r2,0\\n\\tsrag\\t%r3,%r3,35\\n(\\t.*\\n)*\\trisbg\\t%r3,%r3,33,128\\\\+61,2
FAIL: gcc.target/s390/risbg-ll-1.c scan-assembler f40:\\n\\trisbg\\t%r3,%r2,0,0\\\\+32-1,64-0-32\\n\\tlhi\\t%r2,0\\n\\tsrag\\t%r3,%r3,36\\n(\\t.*\\n)*\\trisbg\\t%r3,%r3,33,128\\\\+61,2
FAIL: gcc.target/s390/risbg-ll-1.c scan-assembler f41:\\n\\trisbg\\t%r3,%r2,64-28,128\\\\+63,34\\\\+28\\n\\tlhi\\t%r2,0
FAIL: gcc.target/s390/risbg-ll-1.c scan-assembler f42:\\n\\tsllg\\t%r3,%r3,63\\n\\tlhi\\t%r2,0\\n\\tsrag\\t%r3,%r3,63\\n\\tllcr\\t%r3,%r3
FAIL: gcc.target/s390/risbg-ll-1.c scan-assembler f43:\\n\\trisbg\\t%r3,%r2,0,0\\\\+32-1,64-0-32\\n\\trisbg\\t%r2,%r3,32,128\\\\+61,64-12
FAIL: gcc.target/s390/risbg-ll-1.c scan-assembler f44:\\n\\tsrlg\\t%r2,%r3,12\\n\\tnilf\\t%r2,10
FAIL: gcc.target/s390/risbg-ll-1.c scan-assembler f6:\\n\\trisbg\\t%r3,%r2,0,0\\\\+32-1,64-0-32\\n\\trisbg\\t%r2,%r3,2,128\\\\+60,64-2
FAIL: gcc.target/s390/risbg-ll-1.c scan-assembler f8:\\n\\trisbg\\t%r3,%r2,0,0\\\\+32-1,64-0-32\\n\\tsrlg\\t%r2,%r3,2\\n\\tnill\\t%r2,65529
FAIL: gcc.target/s390/risbg-ll-2.c scan-assembler f2:\\n\\trisbg\\t%r3,%r2,0,0\\\\+32-1,64-0-32\\n(\\t.*\\n)*\\trisbg\\t%r[23],%r5,60,62,0
FAIL: gcc.target/s390/risbg-ll-2.c scan-assembler f3:\\n\\trisbg\\t%r2,%r3,64-4,63,\\\\(64-32\\\\)\\\\+4\\\\+20\\n\\tlgfr\\t%r2,%r2
FAIL: gcc.target/s390/risbg-ll-2.c scan-assembler f4:\\n(\\t.*\\n)*\\trisbg\\t%r5,%r5,64-4,128\\\\+63,\\\\(64-64\\\\)\\\\+52\\\\+4
FAIL: gcc.target/s390/risbg-ll-2.c scan-assembler f6:\\n\\trisbg\\t%r5,%r4,0,0\\\\+32-1,64-0-32\\n(\\t.*\\n)*\\trisbg\\t%r[23],%r5,0,64-10-1,10
FAIL: gcc.target/s390/risbg-ll-3.c scan-assembler f1:\\n\\trisbgn\\t%r3,%r2,0,0\\\\+32-1,64-0-32\\n\\trisbgn\\t%r3,%r5,60,62,0\\n
FAIL: gcc.target/s390/vector/align-1.c scan-assembler-times vl\\t%v[0-9]*,[0-9]*\\\\(%r[0-9]*\\\\),3\\n 1
FAIL: gcc.target/s390/vector/align-1.c scan-assembler-times vst\\t%v[0-9]*,[0-9]*\\\\(%r[0-9]*\\\\),3\\n 1
FAIL: gcc.target/s390/vector/vec-abi-vararg-1.c scan-assembler ld\\t%v[0-9]*,224\\\\(%r15\\\\)
FAIL: gcc.target/s390/vector/vec-abi-vararg-1.c scan-assembler ld\\t%v[0-9]*,248\\\\(%r15\\\\)
FAIL: gcc.target/s390/vector/vec-abi-vararg-1.c scan-assembler vl\\t%v[0-9]*,208\\\\(%r15\\\\)
FAIL: gcc.target/s390/vector/vec-abi-vararg-1.c scan-assembler vl\\t%v[0-9]*,232\\\\(%r15\\\\)
FAIL: gcc.target/s390/vector/vec-scalar-cmp-1.c scan-assembler eq:\\n[^:]*\\twfcdb\\t%v[0-9]*,%v[0-9]*\\n\\t[^:]+\\tlochie\\t%r2,1
FAIL: gcc.target/s390/vector/vec-scalar-cmp-1.c scan-assembler ge:\\n[^:]*\\twfkdb\\t%v[0-9]*,%v[0-9]*\\n\\t[^:]+\\tlochihe\\t%r2,1
FAIL: gcc.target/s390/vector/vec-scalar-cmp-1.c scan-assembler gt:\\n[^:]*\\twfkdb\\t%v[0-9]*,%v[0-9]*\\n\\t[^:]+\\tlochih\\t%r2,1
FAIL: gcc.target/s390/vector/vec-scalar-cmp-1.c scan-assembler le:\\n[^:]*\\twfkdb\\t%v[0-9]*,%v[0-9]*\\n\\t[^:]+\\tlochile\\t%r2,1
FAIL: gcc.target/s390/vector/vec-scalar-cmp-1.c scan-assembler lt:\\n[^:]*\\twfkdb\\t%v[0-9]*,%v[0-9]*\\n\\t[^:]+\\tlochil\\t%r2,1
FAIL: gcc.target/s390/vector/vec-scalar-cmp-1.c scan-assembler ne:\\n[^:]*\\twfcdb\\t%v[0-9]*,%v[0-9]*\\n\\t[^:]+\\tlochine\\t%r2,1
FAIL: gcc.target/s390/zvector/autovec-float-signaling-eq.c scan-assembler \\\\n\\\\tvfkhesb\\\\t

		=== gcc Summary for unix/-m31 ===

# of expected passes		170493
# of unexpected failures	450
# of unexpected successes	17
# of expected failures		1516
# of unresolved testcases	4
# of unsupported tests		4261

Running target unix/-m64
FAIL: gcc.c-torture/execute/pr105613.c   -O0  (internal compiler error: in prepare_cmp_insn, at optabs.cc:4633)
FAIL: gcc.c-torture/execute/pr105613.c   -O0  (test for excess errors)
UNRESOLVED: gcc.c-torture/execute/pr105613.c   -O0  compilation failed to produce executable
FAIL: gcc.c-torture/execute/pr105613.c   -O1  (internal compiler error: in prepare_cmp_insn, at optabs.cc:4633)
FAIL: gcc.c-torture/execute/pr105613.c   -O1  (test for excess errors)
UNRESOLVED: gcc.c-torture/execute/pr105613.c   -O1  compilation failed to produce executable
FAIL: gcc.c-torture/execute/pr105613.c   -O2  (internal compiler error: in prepare_cmp_insn, at optabs.cc:4633)
FAIL: gcc.c-torture/execute/pr105613.c   -O2  (test for excess errors)
UNRESOLVED: gcc.c-torture/execute/pr105613.c   -O2  compilation failed to produce executable
FAIL: gcc.c-torture/execute/pr105613.c   -O2 -flto -fno-use-linker-plugin -flto-partition=none  (internal compiler error: in prepare_cmp_insn, at optabs.cc:4633)
FAIL: gcc.c-torture/execute/pr105613.c   -O2 -flto -fno-use-linker-plugin -flto-partition=none  (test for excess errors)
UNRESOLVED: gcc.c-torture/execute/pr105613.c   -O2 -flto -fno-use-linker-plugin -flto-partition=none  compilation failed to produce executable
FAIL: gcc.c-torture/execute/pr105613.c   -O3 -g  (internal compiler error: in prepare_cmp_insn, at optabs.cc:4633)
FAIL: gcc.c-torture/execute/pr105613.c   -O3 -g  (test for excess errors)
UNRESOLVED: gcc.c-torture/execute/pr105613.c   -O3 -g  compilation failed to produce executable
FAIL: gcc.c-torture/execute/pr105613.c   -Os  (internal compiler error: in prepare_cmp_insn, at optabs.cc:4633)
FAIL: gcc.c-torture/execute/pr105613.c   -Os  (test for excess errors)
UNRESOLVED: gcc.c-torture/execute/pr105613.c   -Os  compilation failed to produce executable
FAIL: gcc.dg/analyzer/pr93938.c (internal compiler error: in extract_insn, at recog.cc:2791)
FAIL: gcc.dg/analyzer/pr93938.c (test for excess errors)
FAIL: gcc.dg/analyzer/pr94688.c (test for excess errors)
FAIL: gcc.dg/analyzer/torture/pr59037.c   -O1  (internal compiler error: in extract_insn, at recog.cc:2791)
FAIL: gcc.dg/analyzer/torture/pr59037.c   -O1  (test for excess errors)
FAIL: gcc.dg/analyzer/torture/pr59037.c   -O2  (internal compiler error: in extract_insn, at recog.cc:2791)
FAIL: gcc.dg/analyzer/torture/pr59037.c   -O2  (test for excess errors)
FAIL: gcc.dg/analyzer/torture/pr59037.c   -O2 -flto -fno-use-linker-plugin -flto-partition=none  (internal compiler error: in extract_insn, at recog.cc:2791)
FAIL: gcc.dg/analyzer/torture/pr59037.c   -O2 -flto -fno-use-linker-plugin -flto-partition=none  (test for excess errors)
FAIL: gcc.dg/analyzer/torture/pr59037.c   -O3 -g  (internal compiler error: in extract_insn, at recog.cc:2791)
FAIL: gcc.dg/analyzer/torture/pr59037.c   -O3 -g  (test for excess errors)
FAIL: gcc.dg/analyzer/torture/pr59037.c   -Os  (internal compiler error: in extract_insn, at recog.cc:2791)
FAIL: gcc.dg/analyzer/torture/pr59037.c   -Os  (test for excess errors)
FAIL: c-c++-common/pr59037.c  -Wc++-compat  (internal compiler error: in extract_insn, at recog.cc:2791)
FAIL: c-c++-common/pr59037.c  -Wc++-compat  (test for excess errors)
FAIL: c-c++-common/vector-subscript-4.c  -Wc++-compat   scan-tree-dump-not optimized "vector"
FAIL: gcc.dg/auto-init-uninit-17.c unconditional (test for warnings, line 14)
FAIL: gcc.dg/loop-9.c scan-rtl-dump loop2_invariant "Decided"
FAIL: gcc.dg/loop-9.c scan-rtl-dump loop2_invariant "without introducing a new temporary register"
FAIL: gcc.dg/pr106063.c (internal compiler error: in extract_insn, at recog.cc:2791)
FAIL: gcc.dg/pr106063.c (test for excess errors)
FAIL: gcc.dg/sms-compare-debug-1.c (test for excess errors)
FAIL: gcc.dg/uninit-17.c unconditional (test for warnings, line 14)
FAIL: gcc.dg/uninit-pred-9_b.c bogus warning (test for bogus messages, line 20)
FAIL: gcc.dg/zero_bits_compound-1.c scan-assembler-not \\\\(and:
XPASS: gcc.dg/guality/example.c   -O0  execution test
XPASS: gcc.dg/guality/example.c   -O1  -DPREVENT_OPTIMIZATION  execution test
XPASS: gcc.dg/guality/example.c  -Og -DPREVENT_OPTIMIZATION  execution test
XPASS: gcc.dg/guality/guality.c   -O0  execution test
XPASS: gcc.dg/guality/guality.c   -O1  -DPREVENT_OPTIMIZATION  execution test
XPASS: gcc.dg/guality/guality.c   -O2  -DPREVENT_OPTIMIZATION  execution test
XPASS: gcc.dg/guality/guality.c   -O2 -flto -fno-use-linker-plugin -flto-partition=none  -DPREVENT_OPTIMIZATION execution test
XPASS: gcc.dg/guality/guality.c   -O2 -flto -fuse-linker-plugin -fno-fat-lto-objects  -DPREVENT_OPTIMIZATION execution test
XPASS: gcc.dg/guality/guality.c   -O3 -g  -DPREVENT_OPTIMIZATION  execution test
XPASS: gcc.dg/guality/guality.c   -Os  -DPREVENT_OPTIMIZATION  execution test
XPASS: gcc.dg/guality/guality.c  -Og -DPREVENT_OPTIMIZATION  execution test
XPASS: gcc.dg/guality/inline-params.c   -O2  -DPREVENT_OPTIMIZATION  execution test
XPASS: gcc.dg/guality/inline-params.c   -O2 -flto -fno-use-linker-plugin -flto-partition=none  -DPREVENT_OPTIMIZATION execution test
XPASS: gcc.dg/guality/inline-params.c   -O2 -flto -fuse-linker-plugin -fno-fat-lto-objects  -DPREVENT_OPTIMIZATION execution test
XPASS: gcc.dg/guality/inline-params.c   -O3 -g  -DPREVENT_OPTIMIZATION  execution test
XPASS: gcc.dg/guality/inline-params.c   -Os  -DPREVENT_OPTIMIZATION  execution test
XPASS: gcc.dg/guality/ipa-sra-1.c   -O0  line 15 k == 3
XPASS: gcc.dg/guality/ipa-sra-1.c   -O1  -DPREVENT_OPTIMIZATION  line 15 k == 3
FAIL: gcc.dg/guality/ipa-sra-1.c   -O1  -DPREVENT_OPTIMIZATION  line 27 k == 3
XPASS: gcc.dg/guality/ipa-sra-1.c  -Og -DPREVENT_OPTIMIZATION  line 15 k == 3
FAIL: gcc.dg/guality/loop-1.c   -O2  -DPREVENT_OPTIMIZATION  line 20 i == 1
FAIL: gcc.dg/guality/loop-1.c   -O2 -flto -fno-use-linker-plugin -flto-partition=none  -DPREVENT_OPTIMIZATION line 20 i == 1
FAIL: gcc.dg/guality/loop-1.c   -O2 -flto -fuse-linker-plugin -fno-fat-lto-objects  -DPREVENT_OPTIMIZATION line 20 i == 1
FAIL: gcc.dg/guality/loop-1.c   -O3 -fomit-frame-pointer -funroll-loops -fpeel-loops -ftracer -finline-functions  -DPREVENT_OPTIMIZATION  line 20 i == 1
FAIL: gcc.dg/guality/loop-1.c   -O3 -g  -DPREVENT_OPTIMIZATION  line 20 i == 1
FAIL: gcc.dg/guality/pr36728-2.c   -O2 -flto -fuse-linker-plugin -fno-fat-lto-objects  -DPREVENT_OPTIMIZATION line 16 arg2 == 2
FAIL: gcc.dg/guality/pr36728-2.c   -O2 -flto -fuse-linker-plugin -fno-fat-lto-objects  -DPREVENT_OPTIMIZATION line 16 arg3 == 3
FAIL: gcc.dg/guality/pr36728-2.c   -O2 -flto -fuse-linker-plugin -fno-fat-lto-objects  -DPREVENT_OPTIMIZATION line 16 arg4 == 4
FAIL: gcc.dg/guality/pr36728-2.c   -O2 -flto -fuse-linker-plugin -fno-fat-lto-objects  -DPREVENT_OPTIMIZATION line 16 arg5 == 5
FAIL: gcc.dg/guality/pr36728-2.c   -O2 -flto -fuse-linker-plugin -fno-fat-lto-objects  -DPREVENT_OPTIMIZATION line 16 arg6 == 6
FAIL: gcc.dg/guality/pr36728-2.c   -O2 -flto -fuse-linker-plugin -fno-fat-lto-objects  -DPREVENT_OPTIMIZATION line 16 arg7 == 30
FAIL: gcc.dg/guality/pr36728-2.c   -O2 -flto -fuse-linker-plugin -fno-fat-lto-objects  -DPREVENT_OPTIMIZATION line 16 y == 2
FAIL: gcc.dg/guality/pr36728-2.c   -O2 -flto -fuse-linker-plugin -fno-fat-lto-objects  -DPREVENT_OPTIMIZATION line 18 arg3 == 3
FAIL: gcc.dg/guality/pr36728-2.c   -O2 -flto -fuse-linker-plugin -fno-fat-lto-objects  -DPREVENT_OPTIMIZATION line 18 arg4 == 4
FAIL: gcc.dg/guality/pr36728-2.c   -O2 -flto -fuse-linker-plugin -fno-fat-lto-objects  -DPREVENT_OPTIMIZATION line 18 arg5 == 5
FAIL: gcc.dg/guality/pr36728-2.c   -O2 -flto -fuse-linker-plugin -fno-fat-lto-objects  -DPREVENT_OPTIMIZATION line 18 arg6 == 6
FAIL: gcc.dg/guality/pr36728-2.c   -O2 -flto -fuse-linker-plugin -fno-fat-lto-objects  -DPREVENT_OPTIMIZATION line 18 arg7 == 30
FAIL: gcc.dg/guality/pr36728-2.c   -O3 -g  -DPREVENT_OPTIMIZATION  line 16 arg2 == 2
FAIL: gcc.dg/guality/pr36728-2.c   -O3 -g  -DPREVENT_OPTIMIZATION  line 16 arg3 == 3
FAIL: gcc.dg/guality/pr36728-2.c   -O3 -g  -DPREVENT_OPTIMIZATION  line 16 arg4 == 4
FAIL: gcc.dg/guality/pr36728-2.c   -O3 -g  -DPREVENT_OPTIMIZATION  line 16 arg5 == 5
FAIL: gcc.dg/guality/pr36728-2.c   -O3 -g  -DPREVENT_OPTIMIZATION  line 16 arg6 == 6
FAIL: gcc.dg/guality/pr36728-2.c   -O3 -g  -DPREVENT_OPTIMIZATION  line 16 arg7 == 30
FAIL: gcc.dg/guality/pr36728-2.c   -O3 -g  -DPREVENT_OPTIMIZATION  line 18 arg3 == 3
FAIL: gcc.dg/guality/pr36728-2.c   -O3 -g  -DPREVENT_OPTIMIZATION  line 18 arg4 == 4
FAIL: gcc.dg/guality/pr36728-2.c   -O3 -g  -DPREVENT_OPTIMIZATION  line 18 arg5 == 5
FAIL: gcc.dg/guality/pr36728-2.c   -O3 -g  -DPREVENT_OPTIMIZATION  line 18 arg6 == 6
FAIL: gcc.dg/guality/pr36728-2.c   -O3 -g  -DPREVENT_OPTIMIZATION  line 18 arg7 == 30
FAIL: gcc.dg/guality/pr36728-3.c   -O3 -g  -DPREVENT_OPTIMIZATION  line 14 y == 2
FAIL: gcc.dg/guality/pr36728-3.c   -O3 -g  -DPREVENT_OPTIMIZATION  line 16 y == 2
FAIL: gcc.dg/guality/pr41353-1.c  -Og -DPREVENT_OPTIMIZATION  line 28 i == 37
FAIL: gcc.dg/guality/pr41353-1.c  -Og -DPREVENT_OPTIMIZATION  line 28 i1 == 2 * 37
FAIL: gcc.dg/guality/pr41353-1.c  -Og -DPREVENT_OPTIMIZATION  line 28 i2 == 3 * 37
XPASS: gcc.dg/guality/pr41353-1.c  -Og -DPREVENT_OPTIMIZATION  line 28 j == 28 + 37
FAIL: gcc.dg/guality/pr41447-1.c   -O2  -DPREVENT_OPTIMIZATION  execution test
FAIL: gcc.dg/guality/pr41447-1.c   -O2 -flto -fno-use-linker-plugin -flto-partition=none  -DPREVENT_OPTIMIZATION execution test
FAIL: gcc.dg/guality/pr41447-1.c   -O3 -g  -DPREVENT_OPTIMIZATION  execution test
FAIL: gcc.dg/guality/pr41447-1.c   -Os  -DPREVENT_OPTIMIZATION  execution test
FAIL: gcc.dg/guality/pr43051-1.c   -O2 -flto -fuse-linker-plugin -fno-fat-lto-objects  -DPREVENT_OPTIMIZATION line 34 c == &a[0]
FAIL: gcc.dg/guality/pr43051-1.c   -O2 -flto -fuse-linker-plugin -fno-fat-lto-objects  -DPREVENT_OPTIMIZATION line 39 c == &a[0]
FAIL: gcc.dg/guality/pr54200.c   -O1  -DPREVENT_OPTIMIZATION  line 20 z == 3
FAIL: gcc.dg/guality/pr54519-1.c   -O2 -flto -fno-use-linker-plugin -flto-partition=none  -DPREVENT_OPTIMIZATION line 20 y == 25
FAIL: gcc.dg/guality/pr54519-1.c   -O2 -flto -fno-use-linker-plugin -flto-partition=none  -DPREVENT_OPTIMIZATION line 20 z == 6
FAIL: gcc.dg/guality/pr54519-1.c   -O2 -flto -fno-use-linker-plugin -flto-partition=none  -DPREVENT_OPTIMIZATION line 23 y == 117
FAIL: gcc.dg/guality/pr54519-1.c   -O2 -flto -fno-use-linker-plugin -flto-partition=none  -DPREVENT_OPTIMIZATION line 23 z == 8
FAIL: gcc.dg/guality/pr54519-1.c   -O2 -flto -fuse-linker-plugin -fno-fat-lto-objects  -DPREVENT_OPTIMIZATION line 20 y == 25
FAIL: gcc.dg/guality/pr54519-1.c   -O2 -flto -fuse-linker-plugin -fno-fat-lto-objects  -DPREVENT_OPTIMIZATION line 20 z == 6
FAIL: gcc.dg/guality/pr54519-1.c   -O2 -flto -fuse-linker-plugin -fno-fat-lto-objects  -DPREVENT_OPTIMIZATION line 23 y == 117
FAIL: gcc.dg/guality/pr54519-1.c   -O2 -flto -fuse-linker-plugin -fno-fat-lto-objects  -DPREVENT_OPTIMIZATION line 23 z == 8
FAIL: gcc.dg/guality/pr54519-2.c   -O2 -flto -fno-use-linker-plugin -flto-partition=none  -DPREVENT_OPTIMIZATION line 17 y == 25
FAIL: gcc.dg/guality/pr54519-2.c   -O2 -flto -fuse-linker-plugin -fno-fat-lto-objects  -DPREVENT_OPTIMIZATION line 17 y == 25
FAIL: gcc.dg/guality/pr54519-3.c   -O2 -flto -fno-use-linker-plugin -flto-partition=none  -DPREVENT_OPTIMIZATION line 20 y == 25
FAIL: gcc.dg/guality/pr54519-3.c   -O2 -flto -fno-use-linker-plugin -flto-partition=none  -DPREVENT_OPTIMIZATION line 20 z == 6
FAIL: gcc.dg/guality/pr54519-3.c   -O2 -flto -fno-use-linker-plugin -flto-partition=none  -DPREVENT_OPTIMIZATION line 23 y == 117
FAIL: gcc.dg/guality/pr54519-3.c   -O2 -flto -fno-use-linker-plugin -flto-partition=none  -DPREVENT_OPTIMIZATION line 23 z == 8
FAIL: gcc.dg/guality/pr54519-3.c   -O2 -flto -fuse-linker-plugin -fno-fat-lto-objects  -DPREVENT_OPTIMIZATION line 20 y == 25
FAIL: gcc.dg/guality/pr54519-3.c   -O2 -flto -fuse-linker-plugin -fno-fat-lto-objects  -DPREVENT_OPTIMIZATION line 20 z == 6
FAIL: gcc.dg/guality/pr54519-3.c   -O2 -flto -fuse-linker-plugin -fno-fat-lto-objects  -DPREVENT_OPTIMIZATION line 23 y == 117
FAIL: gcc.dg/guality/pr54519-3.c   -O2 -flto -fuse-linker-plugin -fno-fat-lto-objects  -DPREVENT_OPTIMIZATION line 23 z == 8
FAIL: gcc.dg/guality/pr54519-4.c   -O2 -flto -fno-use-linker-plugin -flto-partition=none  -DPREVENT_OPTIMIZATION line 17 y == 25
FAIL: gcc.dg/guality/pr54519-4.c   -O2 -flto -fuse-linker-plugin -fno-fat-lto-objects  -DPREVENT_OPTIMIZATION line 17 y == 25
FAIL: gcc.dg/guality/pr54519-5.c   -O2 -flto -fno-use-linker-plugin -flto-partition=none  -DPREVENT_OPTIMIZATION line 17 y == 25
FAIL: gcc.dg/guality/pr54519-5.c   -O2 -flto -fuse-linker-plugin -fno-fat-lto-objects  -DPREVENT_OPTIMIZATION line 17 y == 25
FAIL: gcc.dg/guality/pr54519-6.c   -Os  -DPREVENT_OPTIMIZATION  line 11 x == 2
FAIL: gcc.dg/guality/pr54693-2.c   -O1  -DPREVENT_OPTIMIZATION  line 21 i == v + 1
FAIL: gcc.dg/guality/pr54693-2.c   -O2  -DPREVENT_OPTIMIZATION  line 21 i == v + 1
FAIL: gcc.dg/guality/pr54693-2.c   -O2 -flto -fno-use-linker-plugin -flto-partition=none  -DPREVENT_OPTIMIZATION line 21 i == v + 1
FAIL: gcc.dg/guality/pr54693-2.c   -O3 -g  -DPREVENT_OPTIMIZATION  line 21 i == v + 1
FAIL: gcc.dg/guality/pr54693-2.c   -Os  -DPREVENT_OPTIMIZATION  line 21 y == 20 - 2 * i
FAIL: gcc.dg/guality/pr54693.c   -Os  -DPREVENT_OPTIMIZATION  line 22 i == c - 48
FAIL: gcc.dg/guality/pr56154-1.c  -Og -DPREVENT_OPTIMIZATION  line pr56154-1.c:20 x.a == 6
FAIL: gcc.dg/guality/pr59776.c  -Og -DPREVENT_OPTIMIZATION  line pr59776.c:17 s1.f == 5.0
FAIL: gcc.dg/guality/pr59776.c  -Og -DPREVENT_OPTIMIZATION  line pr59776.c:17 s1.g == 6.0
FAIL: gcc.dg/guality/pr59776.c  -Og -DPREVENT_OPTIMIZATION  line pr59776.c:17 s2.f == 0.0
FAIL: gcc.dg/guality/pr59776.c  -Og -DPREVENT_OPTIMIZATION  line pr59776.c:20 s1.f == 5.0
FAIL: gcc.dg/guality/pr59776.c  -Og -DPREVENT_OPTIMIZATION  line pr59776.c:20 s1.g == 6.0
FAIL: gcc.dg/guality/pr59776.c  -Og -DPREVENT_OPTIMIZATION  line pr59776.c:20 s2.f == 5.0
FAIL: gcc.dg/guality/pr68860-1.c   -O2  -DPREVENT_OPTIMIZATION  line 14 y == 2
FAIL: gcc.dg/guality/pr68860-1.c   -O2  -DPREVENT_OPTIMIZATION  line 16 y == 2
FAIL: gcc.dg/guality/pr68860-1.c   -O3 -g  -DPREVENT_OPTIMIZATION  line 14 y == 2
FAIL: gcc.dg/guality/pr68860-1.c   -O3 -g  -DPREVENT_OPTIMIZATION  line 16 y == 2
FAIL: gcc.dg/guality/pr89463.c   -O1  -DPREVENT_OPTIMIZATION  line 23 i + 1 == 7
FAIL: gcc.dg/guality/pr90074.c   -O1  -DPREVENT_OPTIMIZATION  line 28 c + 1 == 2
FAIL: gcc.dg/guality/pr90074.c   -O1  -DPREVENT_OPTIMIZATION  line 28 i + 1 == 8
FAIL: gcc.dg/guality/pr90074.c   -O2 -flto -fuse-linker-plugin -fno-fat-lto-objects  -DPREVENT_OPTIMIZATION line 28 c + 1 == 2
FAIL: gcc.dg/guality/pr90074.c   -O2 -flto -fuse-linker-plugin -fno-fat-lto-objects  -DPREVENT_OPTIMIZATION line 28 i + 1 == 8
FAIL: gcc.dg/guality/pr90716.c   -O1  -DPREVENT_OPTIMIZATION  line 23 j + 1 == 9
FAIL: gcc.dg/guality/pr90716.c   -O2  -DPREVENT_OPTIMIZATION  line 23 j + 1 == 9
FAIL: gcc.dg/guality/pr90716.c   -O2 -flto -fno-use-linker-plugin -flto-partition=none  -DPREVENT_OPTIMIZATION line 23 j + 1 == 9
FAIL: gcc.dg/guality/pr90716.c   -O2 -flto -fuse-linker-plugin -fno-fat-lto-objects  -DPREVENT_OPTIMIZATION line 23 j + 1 == 9
FAIL: gcc.dg/guality/pr90716.c   -Os  -DPREVENT_OPTIMIZATION  line 23 j + 1 == 9
FAIL: gcc.dg/guality/sra-1.c   -O2  -DPREVENT_OPTIMIZATION  line 43 a.j == 14
FAIL: gcc.dg/guality/sra-1.c   -O2 -flto -fno-use-linker-plugin -flto-partition=none  -DPREVENT_OPTIMIZATION line 43 a.j == 14
FAIL: gcc.dg/guality/sra-1.c   -O2 -flto -fuse-linker-plugin -fno-fat-lto-objects  -DPREVENT_OPTIMIZATION line 21 a.i == 4
FAIL: gcc.dg/guality/sra-1.c   -O2 -flto -fuse-linker-plugin -fno-fat-lto-objects  -DPREVENT_OPTIMIZATION line 21 a.j == 14
FAIL: gcc.dg/guality/sra-1.c   -O2 -flto -fuse-linker-plugin -fno-fat-lto-objects  -DPREVENT_OPTIMIZATION line 32 a[0] == 4
FAIL: gcc.dg/guality/sra-1.c   -O2 -flto -fuse-linker-plugin -fno-fat-lto-objects  -DPREVENT_OPTIMIZATION line 32 a[1] == 14
FAIL: gcc.dg/guality/sra-1.c   -O2 -flto -fuse-linker-plugin -fno-fat-lto-objects  -DPREVENT_OPTIMIZATION line 43 a.i == 4
FAIL: gcc.dg/guality/sra-1.c   -O2 -flto -fuse-linker-plugin -fno-fat-lto-objects  -DPREVENT_OPTIMIZATION line 43 a.j == 14
FAIL: gcc.dg/guality/sra-1.c   -O3 -g  -DPREVENT_OPTIMIZATION  line 43 a.j == 14
FAIL: gcc.dg/guality/sra-1.c   -Os  -DPREVENT_OPTIMIZATION  line 43 a.j == 14
FAIL: gcc.dg/guality/sra-1.c  -Og -DPREVENT_OPTIMIZATION  line 21 a.i == 4
FAIL: gcc.dg/guality/sra-1.c  -Og -DPREVENT_OPTIMIZATION  line 21 a.j == 14
FAIL: gcc.dg/guality/sra-1.c  -Og -DPREVENT_OPTIMIZATION  line 32 a[0] == 4
FAIL: gcc.dg/guality/sra-1.c  -Og -DPREVENT_OPTIMIZATION  line 32 a[1] == 14
FAIL: gcc.dg/guality/sra-1.c  -Og -DPREVENT_OPTIMIZATION  line 43 a.i == 4
FAIL: gcc.dg/guality/sra-1.c  -Og -DPREVENT_OPTIMIZATION  line 43 a.j == 14
FAIL: gcc.dg/guality/vla-2.c   -O2 -flto -fuse-linker-plugin -fno-fat-lto-objects  -DPREVENT_OPTIMIZATION line 25 sizeof (a) == 6 * sizeof (int)
FAIL: gcc.dg/tree-prof/peel-2.c scan-tree-dump cunroll "Peeled loop 2, 1 times"
FAIL: gcc.dg/tree-ssa/clz-char.c scan-tree-dump-times optimized "__builtin_clz|\\\\.CLZ" 1
FAIL: gcc.dg/tree-ssa/clz-complement-char.c scan-tree-dump-times optimized "__builtin_clz|\\\\.CLZ" 1
FAIL: gcc.dg/tree-ssa/clz-complement-int.c scan-tree-dump-times optimized "__builtin_clz|\\\\.CLZ" 1
FAIL: gcc.dg/tree-ssa/clz-int.c scan-tree-dump-times optimized "__builtin_clz|\\\\.CLZ" 1
FAIL: gcc.dg/tree-ssa/copy-headers-8.c scan-tree-dump-times ch2 "Conditional combines static and invariant" 1
FAIL: gcc.dg/tree-ssa/copy-headers-8.c scan-tree-dump-times ch2 "Will duplicate bb" 2
FAIL: gcc.dg/tree-ssa/ctz-char.c scan-tree-dump-times optimized "__builtin_ctz|\\\\.CTZ" 1
FAIL: gcc.dg/tree-ssa/ctz-complement-char.c scan-tree-dump-times optimized "__builtin_ctz|\\\\.CTZ" 1
FAIL: gcc.dg/tree-ssa/ctz-complement-int.c scan-tree-dump-times optimized "__builtin_ctz|\\\\.CTZ" 1
FAIL: gcc.dg/tree-ssa/ctz-complement-long-long.c scan-tree-dump-times optimized "__builtin_ctz|\\\\.CTZ" 1
FAIL: gcc.dg/tree-ssa/ctz-complement-long.c scan-tree-dump-times optimized "__builtin_ctz|\\\\.CTZ" 1
FAIL: gcc.dg/tree-ssa/ctz-int.c scan-tree-dump-times optimized "__builtin_ctz|\\\\.CTZ" 1
FAIL: gcc.dg/tree-ssa/ctz-long-long.c scan-tree-dump-times optimized "__builtin_ctz|\\\\.CTZ" 1
FAIL: gcc.dg/tree-ssa/ctz-long.c scan-tree-dump-times optimized "__builtin_ctz|\\\\.CTZ" 1
FAIL: gcc.dg/tree-ssa/forwprop-40.c scan-tree-dump-times optimized "BIT_FIELD_REF" 0
FAIL: gcc.dg/tree-ssa/forwprop-40.c scan-tree-dump-times optimized "BIT_INSERT_EXPR" 0
FAIL: gcc.dg/tree-ssa/forwprop-41.c scan-tree-dump-times optimized "BIT_FIELD_REF" 0
FAIL: gcc.dg/tree-ssa/forwprop-41.c scan-tree-dump-times optimized "BIT_INSERT_EXPR" 1
FAIL: gcc.dg/tree-ssa/loop-interchange-16.c scan-tree-dump linterchange "loops interchanged"
FAIL: gcc.dg/tree-ssa/range-sincos.c scan-tree-dump-not evrp "link_error"
FAIL: gcc.dg/tree-ssa/update-threading.c scan-tree-dump-times optimized "Invalid sum" 0
FAIL: gcc.dg/tree-ssa/vrp-float-abs-1.c scan-tree-dump-not evrp "link_error"
FAIL: c-c++-common/tsan/tls_race.c   -O0  output pattern test
FAIL: c-c++-common/tsan/tls_race.c   -O2  output pattern test
FAIL: gcc.dg/vect/pr109011-4.c -flto -ffat-lto-objects  scan-tree-dump-times optimized " = .POPCOUNT \\\\(vect" 1
FAIL: gcc.dg/vect/pr109011-4.c scan-tree-dump-times optimized " = .POPCOUNT \\\\(vect" 1
FAIL: gcc.dg/vect/pr25413a.c -flto -ffat-lto-objects  scan-tree-dump-times vect "vectorized 2 loops" 1
FAIL: gcc.dg/vect/pr25413a.c scan-tree-dump-times vect "vectorized 2 loops" 1
FAIL: gcc.dg/vect/tsvc/vect-tsvc-s112.c -flto -ffat-lto-objects execution test
FAIL: gcc.dg/vect/tsvc/vect-tsvc-s112.c execution test
FAIL: gcc.dg/vect/tsvc/vect-tsvc-s113.c -flto -ffat-lto-objects execution test
FAIL: gcc.dg/vect/tsvc/vect-tsvc-s113.c execution test
FAIL: gcc.dg/vect/tsvc/vect-tsvc-s119.c -flto -ffat-lto-objects execution test
FAIL: gcc.dg/vect/tsvc/vect-tsvc-s119.c execution test
FAIL: gcc.dg/vect/tsvc/vect-tsvc-s121.c -flto -ffat-lto-objects execution test
FAIL: gcc.dg/vect/tsvc/vect-tsvc-s121.c execution test
FAIL: gcc.dg/vect/tsvc/vect-tsvc-s131.c -flto -ffat-lto-objects execution test
FAIL: gcc.dg/vect/tsvc/vect-tsvc-s131.c execution test
FAIL: gcc.dg/vect/tsvc/vect-tsvc-s132.c -flto -ffat-lto-objects execution test
FAIL: gcc.dg/vect/tsvc/vect-tsvc-s132.c execution test
FAIL: gcc.dg/vect/tsvc/vect-tsvc-s2233.c -flto -ffat-lto-objects execution test
FAIL: gcc.dg/vect/tsvc/vect-tsvc-s2233.c execution test
FAIL: gcc.dg/vect/tsvc/vect-tsvc-s421.c -flto -ffat-lto-objects execution test
FAIL: gcc.dg/vect/tsvc/vect-tsvc-s421.c execution test
FAIL: gcc.dg/vect/vect-alias-check-14.c -flto -ffat-lto-objects execution test
FAIL: gcc.dg/vect/vect-alias-check-14.c execution test
FAIL: gcc.misc-tests/godump-1.c (test for excess errors)
FAIL: gcc.misc-tests/godump-1.c scan-file (?n)^// type _icx_t INVALID-complex-non-real\$
FAIL: gcc.misc-tests/godump-1.c scan-file (?n)^// type _ld_t INVALID-float-[0-9]*\$
FAIL: gcc.misc-tests/godump-1.c scan-file (?n)^// type _ldcx_t INVALID-complex-[0-9]*\$
FAIL: gcc.misc-tests/godump-1.c scan-file (?n)^// var _b33_v INVALID-bitint-33\$
FAIL: gcc.misc-tests/godump-1.c scan-file (?n)^// var _icx_v1 INVALID-complex-non-real\$
FAIL: gcc.misc-tests/godump-1.c scan-file (?n)^// var _icx_v2 INVALID-complex-non-real\$
FAIL: gcc.misc-tests/godump-1.c scan-file (?n)^// var _ld_v1 INVALID-float-[0-9]*\$
FAIL: gcc.misc-tests/godump-1.c scan-file (?n)^// var _ld_v2 INVALID-float-[0-9]*\$
FAIL: gcc.misc-tests/godump-1.c scan-file (?n)^// var _ldcx_v1 INVALID-complex-[0-9]*\$
FAIL: gcc.misc-tests/godump-1.c scan-file (?n)^// var _ldcx_v2 INVALID-complex-[0-9]*\$
FAIL: gcc.misc-tests/godump-1.c scan-file (?n)^const _E11 = 0\$
FAIL: gcc.misc-tests/godump-1.c scan-file (?n)^const _E21 = 0\$
FAIL: gcc.misc-tests/godump-1.c scan-file (?n)^const _E22 = 1\$
FAIL: gcc.misc-tests/godump-1.c scan-file (?n)^const _EN1 = 3\$
FAIL: gcc.misc-tests/godump-1.c scan-file (?n)^const _EN2 = 77\$
FAIL: gcc.misc-tests/godump-1.c scan-file (?n)^const _EN3 = -1\$
FAIL: gcc.misc-tests/godump-1.c scan-file (?n)^const _EN4 = 0\$
FAIL: gcc.misc-tests/godump-1.c scan-file (?n)^const _ET1 = 0\$
FAIL: gcc.misc-tests/godump-1.c scan-file (?n)^const _ET2 = 1\$
FAIL: gcc.misc-tests/godump-1.c scan-file (?n)^const _ETIV1 = 0\$
FAIL: gcc.misc-tests/godump-1.c scan-file (?n)^const _ETIV2 = 0\$
FAIL: gcc.misc-tests/godump-1.c scan-file (?n)^const _ETV1 = 0\$
FAIL: gcc.misc-tests/godump-1.c scan-file (?n)^const _ETV2 = 1\$
FAIL: gcc.misc-tests/godump-1.c scan-file (?n)^const _EV11 = 0\$
FAIL: gcc.misc-tests/godump-1.c scan-file (?n)^const _EV21 = 0\$
FAIL: gcc.misc-tests/godump-1.c scan-file (?n)^const _EV22 = 1\$
FAIL: gcc.misc-tests/godump-1.c scan-file (?n)^func _func1 [(]uint[0-9]*[)] uint[0-9]* __asm__[(]"func1"[)]\$
FAIL: gcc.misc-tests/godump-1.c scan-file (?n)^type _c_t u?int8\$
FAIL: gcc.misc-tests/godump-1.c scan-file (?n)^type _ca_t \\\\[0\\\\]u?int8\$
FAIL: gcc.misc-tests/godump-1.c scan-file (?n)^type _cc_t u?int8\$
FAIL: gcc.misc-tests/godump-1.c scan-file (?n)^type _cx_t complex[0-9]*\$
FAIL: gcc.misc-tests/godump-1.c scan-file (?n)^type _d_t float[0-9]*\$
FAIL: gcc.misc-tests/godump-1.c scan-file (?n)^type _dcx_t complex[0-9]*\$
FAIL: gcc.misc-tests/godump-1.c scan-file (?n)^type _e_t_idem_v1 u?int[0-9]*\$
FAIL: gcc.misc-tests/godump-1.c scan-file (?n)^type _e_t_idem_v2 u?int[0-9]*\$
FAIL: gcc.misc-tests/godump-1.c scan-file (?n)^type _et_t u?int[0-9]*\$
FAIL: gcc.misc-tests/godump-1.c scan-file (?n)^type _f_t float[0-9]*\$
FAIL: gcc.misc-tests/godump-1.c scan-file (?n)^type _fcx_t complex[0-9]*\$
FAIL: gcc.misc-tests/godump-1.c scan-file (?n)^type _func_t func[(]\\\\*byte[)] int[0-9]*\$
FAIL: gcc.misc-tests/godump-1.c scan-file (?n)^type _i16_t int16\$
FAIL: gcc.misc-tests/godump-1.c scan-file (?n)^type _i32_t int32\$
FAIL: gcc.misc-tests/godump-1.c scan-file (?n)^type _i64_t int64\$
FAIL: gcc.misc-tests/godump-1.c scan-file (?n)^type _i8_t int8\$
FAIL: gcc.misc-tests/godump-1.c scan-file (?n)^type _i_t int[0-9]*\$
FAIL: gcc.misc-tests/godump-1.c scan-file (?n)^type _ipp_t \\\\*\\\\*int[0-9]*\$
FAIL: gcc.misc-tests/godump-1.c scan-file (?n)^type _iu16_t uint16\$
FAIL: gcc.misc-tests/godump-1.c scan-file (?n)^type _iu32_t uint32\$
FAIL: gcc.misc-tests/godump-1.c scan-file (?n)^type _iu64_t uint64\$
FAIL: gcc.misc-tests/godump-1.c scan-file (?n)^type _l_t int[0-9]*\$
FAIL: gcc.misc-tests/godump-1.c scan-file (?n)^type _ll_t int[0-9]*\$
FAIL: gcc.misc-tests/godump-1.c scan-file (?n)^type _ni2_t int32\$
FAIL: gcc.misc-tests/godump-1.c scan-file (?n)^type _ni3_t int32\$
FAIL: gcc.misc-tests/godump-1.c scan-file (?n)^type _ni_t int32\$
FAIL: gcc.misc-tests/godump-1.c scan-file (?n)^type _s_fwd struct { }\$
FAIL: gcc.misc-tests/godump-1.c scan-file (?n)^type _s_fwd_p \\\\*_s_fwd\$
FAIL: gcc.misc-tests/godump-1.c scan-file (?n)^type _s_t int[0-9]*\$
FAIL: gcc.misc-tests/godump-1.c scan-file (?n)^type _s_t_idem_v1 struct { }\$
FAIL: gcc.misc-tests/godump-1.c scan-file (?n)^type _s_t_idem_v2 struct { }\$
FAIL: gcc.misc-tests/godump-1.c scan-file (?n)^type _sa2_t \\\\[1\\\\+1\\\\]int[0-9]*\$
FAIL: gcc.misc-tests/godump-1.c scan-file (?n)^type _sc_t int8\$
FAIL: gcc.misc-tests/godump-1.c scan-file (?n)^type _si_t int[0-9]*\$
FAIL: gcc.misc-tests/godump-1.c scan-file (?n)^type _sl_t int[0-9]*\$
FAIL: gcc.misc-tests/godump-1.c scan-file (?n)^type _sll_t int[0-9]*\$
FAIL: gcc.misc-tests/godump-1.c scan-file (?n)^type _ss_t int[0-9]*\$
FAIL: gcc.misc-tests/godump-1.c scan-file (?n)^type _ts0e struct { }\$
FAIL: gcc.misc-tests/godump-1.c scan-file (?n)^type _ts1e struct { e1 int8; }\$
FAIL: gcc.misc-tests/godump-1.c scan-file (?n)^type _ts2eg struct { e1 \\\\*byte; e2 int8; Godump_0_pad \\\\[.\\\\]byte; }\$
FAIL: gcc.misc-tests/godump-1.c scan-file (?n)^type _ts2el struct { e1 int8; e2 \\\\*byte; }\$
FAIL: gcc.misc-tests/godump-1.c scan-file (?n)^type _ts_nested struct { u struct { s int16; Godump_0_pad \\\\[2\\\\]byte; _ \\\\[0\\\\]u?int32; }; }\$
FAIL: gcc.misc-tests/godump-1.c scan-file (?n)^type _ts_nested2 struct { u struct { Godump_0_pad \\\\[4\\\\]byte; Godump_1_pad \\\\[2\\\\]byte; s int16; c int8; Godump_2_pad \\\\[1\\\\]byte; Godump_3_pad \\\\[2\\\\]byte; _ \\\\[0\\\\]u?int32; }; }\$
FAIL: gcc.misc-tests/godump-1.c scan-file (?n)^type _tsae struct { sa \\\\[2\\\\+1\\\\]int16; ca \\\\[2\\\\+1\\\\]int8; Godump_0_pad \\\\[.\\\\]byte; }\$
FAIL: gcc.misc-tests/godump-1.c scan-file (?n)^type _tsbf_18b struct { Godump_0_pad \\\\[3\\\\]byte; }\$
FAIL: gcc.misc-tests/godump-1.c scan-file (?n)^type _tsbf_1b struct { Godump_0_pad \\\\[1\\\\]byte; }\$
FAIL: gcc.misc-tests/godump-1.c scan-file (?n)^type _tsbf_8b struct { Godump_0_pad \\\\[1\\\\]byte; }\$
FAIL: gcc.misc-tests/godump-1.c scan-file (?n)^type _tsbf_9b struct { Godump_0_pad \\\\[2\\\\]byte; }\$
FAIL: gcc.misc-tests/godump-1.c scan-file (?n)^type _tsbf_anon_pad1 struct { c uint8; }\$
FAIL: gcc.misc-tests/godump-1.c scan-file (?n)^type _tsbf_anon_pad2 struct { Godump_0_pad \\\\[1\\\\]byte; c uint8; }\$
FAIL: gcc.misc-tests/godump-1.c scan-file (?n)^type _tsbf_anon_pad3 struct { Godump_0_pad \\\\[1\\\\]byte; c uint8; }\$
FAIL: gcc.misc-tests/godump-1.c scan-file (?n)^type _tsbf_anon_pad4 struct { Godump_0 uint8; c uint8; }\$
FAIL: gcc.misc-tests/godump-1.c scan-file (?n)^type _tsbf_anon_pad5 struct { c uint8; }\$
FAIL: gcc.misc-tests/godump-1.c scan-file (?n)^type _tsbf_anon_pad6 struct { Godump_0_pad \\\\[1\\\\]byte; c uint8; }\$
FAIL: gcc.misc-tests/godump-1.c scan-file (?n)^type _tsbf_anon_pad7 struct { Godump_0_pad \\\\[8\\\\]byte; c uint8; }\$
FAIL: gcc.misc-tests/godump-1.c scan-file (?n)^type _tsbf_anon_pad8 struct { Godump_0 uint64; c uint8; }\$
FAIL: gcc.misc-tests/godump-1.c scan-file (?n)^type _tsbf_gaps struct { bf1 uint8; c uint8; bf2 uint8; Godump_0_pad \\\\[2\\\\]byte; s uint16; _ \\\\[0\\\\]int32; }\$
FAIL: gcc.misc-tests/godump-1.c scan-file (?n)^type _tsbf_pad16_1 struct { Godump_0_pad \\\\[1\\\\]byte; c uint8; _ \\\\[0\\\\]int16; }\$
FAIL: gcc.misc-tests/godump-1.c scan-file (?n)^type _tsbf_pad16_2 struct { Godump_0_pad \\\\[2\\\\]byte; c uint8; Godump_1_pad \\\\[.\\\\]byte; _ \\\\[0\\\\]int16; }\$
FAIL: gcc.misc-tests/godump-1.c scan-file (?n)^type _tsbf_pad16_3 struct { bf uint16; c uint8; Godump_0_pad \\\\[.\\\\]byte; }\$
FAIL: gcc.misc-tests/godump-1.c scan-file (?n)^type _tsbf_pad32_1 struct { Godump_0_pad \\\\[1\\\\]byte; c uint8; Godump_1_pad \\\\[.\\\\]byte; _ \\\\[0\\\\]int32; }\$
FAIL: gcc.misc-tests/godump-1.c scan-file (?n)^type _tsbf_pad32_2 struct { Godump_0_pad \\\\[4\\\\]byte; c uint8; Godump_1_pad \\\\[.\\\\]byte; _ \\\\[0\\\\]int32; }\$
FAIL: gcc.misc-tests/godump-1.c scan-file (?n)^type _tsbf_pad32_3 struct { bf uint32; c uint8; Godump_0_pad \\\\[.\\\\]byte; }\$
FAIL: gcc.misc-tests/godump-1.c scan-file (?n)^type _tsbf_pad64_1 struct { Godump_0_pad \\\\[1\\\\]byte; c uint8; Godump_1_pad \\\\[.\\\\]byte; _ \\\\[0\\\\]int64; }\$
FAIL: gcc.misc-tests/godump-1.c scan-file (?n)^type _tsbf_pad64_2 struct { Godump_0_pad \\\\[8\\\\]byte; c uint8; Godump_1_pad \\\\[.\\\\]byte; _ \\\\[0\\\\]int64; }\$
FAIL: gcc.misc-tests/godump-1.c scan-file (?n)^type _tsbf_pad64_3 struct { bf uint[0-9]*; c uint8; Godump_0_pad \\\\[.\\\\]byte; }\$
FAIL: gcc.misc-tests/godump-1.c scan-file (?n)^type _tsbf_pad8_1 struct { Godump_0_pad \\\\[1\\\\]byte; c uint8; }\$
FAIL: gcc.misc-tests/godump-1.c scan-file (?n)^type _tsbf_pad8_2 struct { Godump_0_pad \\\\[1\\\\]byte; c uint8; }\$
FAIL: gcc.misc-tests/godump-1.c scan-file (?n)^type _tsbf_pad8_3 struct { bf uint8; c uint8; }\$
FAIL: gcc.misc-tests/godump-1.c scan-file (?n)^type _tsd_equiv struct { d float[0-9]*; }\$
FAIL: gcc.misc-tests/godump-1.c scan-file (?n)^type _tsd_not_equiv struct { d float[0-9]*; }\$
FAIL: gcc.misc-tests/godump-1.c scan-file (?n)^type _tsf_equiv struct { f float[0-9]*; }\$
FAIL: gcc.misc-tests/godump-1.c scan-file (?n)^type _tsf_not_equiv struct { f float[0-9]*; }\$
FAIL: gcc.misc-tests/godump-1.c scan-file (?n)^type _tsme struct { l int64; c int8; i int32; s int16; Godump_0_pad \\\\[.\\\\]byte; }\$
FAIL: gcc.misc-tests/godump-1.c scan-file (?n)^type _tsn struct { s struct { ca \\\\[2\\\\+1\\\\]uint8; }; i uint32; }\$
FAIL: gcc.misc-tests/godump-1.c scan-file (?n)^type _tsn_anon struct { a uint8; s uint16; b uint8; Godump_0_pad \\\\[.\\\\]byte; _ \\\\[0\\\\]int16; }\$
FAIL: gcc.misc-tests/godump-1.c scan-file (?n)^type _tsu_anon struct { c uint8; Godump_0_pad \\\\[7\\\\]byte; _ \\\\[0\\\\]u?int64; }\$
FAIL: gcc.misc-tests/godump-1.c scan-file (?n)^type _tu1 struct { c uint8; Godump_0_pad \\\\[.\\\\]byte; _ \\\\[0\\\\]u?int64; }\$
FAIL: gcc.misc-tests/godump-1.c scan-file (?n)^type _tu2 struct { l uint64; }\$
FAIL: gcc.misc-tests/godump-1.c scan-file (?n)^type _tu2_size struct { ca \\\\[4\\\\+1\\\\]uint8; }\$
FAIL: gcc.misc-tests/godump-1.c scan-file (?n)^type _tu3 struct { l \\\\[2\\\\+1\\\\]uint64; }\$
FAIL: gcc.misc-tests/godump-1.c scan-file (?n)^type _tu3_size struct { ca \\\\[4\\\\+1\\\\]uint8; Godump_0_pad \\\\[.\\\\]byte; _ \\\\[0\\\\]u?int64; }\$
FAIL: gcc.misc-tests/godump-1.c scan-file (?n)^type _tu_nested struct { u struct { s int16; Godump_0_pad \\\\[2\\\\]byte; _ \\\\[0\\\\]u?int32; }; }\$
FAIL: gcc.misc-tests/godump-1.c scan-file (?n)^type _tu_nested2 struct { u struct { Godump_0_pad \\\\[4\\\\]byte; Godump_1_pad \\\\[2\\\\]byte; s int16; c int8; Godump_2_pad \\\\[1\\\\]byte; Godump_3_pad \\\\[2\\\\]byte; _ \\\\[0\\\\]u?int32; }; }\$
FAIL: gcc.misc-tests/godump-1.c scan-file (?n)^type _tu_size struct { ca \\\\[4\\\\+1\\\\]uint8; Godump_0_pad \\\\[.\\\\]byte; _ \\\\[0\\\\]u?int64; }\$
FAIL: gcc.misc-tests/godump-1.c scan-file (?n)^type _tue struct { }\$
FAIL: gcc.misc-tests/godump-1.c scan-file (?n)^type _u_t_idem_v1 struct { }\$
FAIL: gcc.misc-tests/godump-1.c scan-file (?n)^type _u_t_idem_v2 struct { }\$
FAIL: gcc.misc-tests/godump-1.c scan-file (?n)^type _uc_t uint8\$
FAIL: gcc.misc-tests/godump-1.c scan-file (?n)^type _ui8_t uint8\$
FAIL: gcc.misc-tests/godump-1.c scan-file (?n)^type _ui_t uint[0-9]*\$
FAIL: gcc.misc-tests/godump-1.c scan-file (?n)^type _ul_t uint[0-9]*\$
FAIL: gcc.misc-tests/godump-1.c scan-file (?n)^type _ull_t uint[0-9]*\$
FAIL: gcc.misc-tests/godump-1.c scan-file (?n)^type _us_t uint[0-9]*\$
FAIL: gcc.misc-tests/godump-1.c scan-file (?n)^type _vp_t \\\\*byte\$
FAIL: gcc.misc-tests/godump-1.c scan-file (?n)^var _b32_v int32\$
FAIL: gcc.misc-tests/godump-1.c scan-file (?n)^var _b32u_v uint32\$
FAIL: gcc.misc-tests/godump-1.c scan-file (?n)^var _b64_v int64\$
FAIL: gcc.misc-tests/godump-1.c scan-file (?n)^var _c_v1 u?int[0-9]*\$
FAIL: gcc.misc-tests/godump-1.c scan-file (?n)^var _c_v2 _c_t\$
FAIL: gcc.misc-tests/godump-1.c scan-file (?n)^var _ca_v1 \\\\[0\\\\+1\\\\]u?int8\$
FAIL: gcc.misc-tests/godump-1.c scan-file (?n)^var _ca_v1b \\\\[1\\\\+1\\\\]u?int8\$
FAIL: gcc.misc-tests/godump-1.c scan-file (?n)^var _ca_v2 \\\\[0\\\\+1\\\\]u?int8\$
FAIL: gcc.misc-tests/godump-1.c scan-file (?n)^var _cc_v1 u?int8\$
FAIL: gcc.misc-tests/godump-1.c scan-file (?n)^var _cc_v2 _cc_t\$
FAIL: gcc.misc-tests/godump-1.c scan-file (?n)^var _cx_v1 complex[0-9]*\$
FAIL: gcc.misc-tests/godump-1.c scan-file (?n)^var _cx_v2 _cx_t\$
FAIL: gcc.misc-tests/godump-1.c scan-file (?n)^var _d_v1 float[0-9]*\$
FAIL: gcc.misc-tests/godump-1.c scan-file (?n)^var _d_v2 _d_t\$
FAIL: gcc.misc-tests/godump-1.c scan-file (?n)^var _dcx_v1 complex[0-9]*\$
FAIL: gcc.misc-tests/godump-1.c scan-file (?n)^var _dcx_v2 _dcx_t\$
FAIL: gcc.misc-tests/godump-1.c scan-file (?n)^var _e1_v1 u?int[0-9]*\$
FAIL: gcc.misc-tests/godump-1.c scan-file (?n)^var _e2_v1 u?int[0-9]*\$
FAIL: gcc.misc-tests/godump-1.c scan-file (?n)^var _et_v1 u?int[0-9]*\$
FAIL: gcc.misc-tests/godump-1.c scan-file (?n)^var _et_v2 _et_t\$
FAIL: gcc.misc-tests/godump-1.c scan-file (?n)^var _f_v1 float[0-9]*\$
FAIL: gcc.misc-tests/godump-1.c scan-file (?n)^var _f_v2 _f_t\$
FAIL: gcc.misc-tests/godump-1.c scan-file (?n)^var _fcx_v1 complex[0-9]*\$
FAIL: gcc.misc-tests/godump-1.c scan-file (?n)^var _fcx_v2 _fcx_t\$
FAIL: gcc.misc-tests/godump-1.c scan-file (?n)^var _i16_v1 _int16_t\$
FAIL: gcc.misc-tests/godump-1.c scan-file (?n)^var _i16_v2 _i16_t\$
FAIL: gcc.misc-tests/godump-1.c scan-file (?n)^var _i32_v1 _int32_t\$
FAIL: gcc.misc-tests/godump-1.c scan-file (?n)^var _i32_v2 _i32_t\$
FAIL: gcc.misc-tests/godump-1.c scan-file (?n)^var _i64_v1 _int64_t\$
FAIL: gcc.misc-tests/godump-1.c scan-file (?n)^var _i64_v2 _i64_t\$
FAIL: gcc.misc-tests/godump-1.c scan-file (?n)^var _i8_v1 _int8_t\$
FAIL: gcc.misc-tests/godump-1.c scan-file (?n)^var _i8_v2 _i8_t\$
FAIL: gcc.misc-tests/godump-1.c scan-file (?n)^var _i_v1 int[0-9]*\$
FAIL: gcc.misc-tests/godump-1.c scan-file (?n)^var _i_v2 _i_t\$
FAIL: gcc.misc-tests/godump-1.c scan-file (?n)^var _ipp_v1 \\\\*\\\\*int[0-9]*\$
FAIL: gcc.misc-tests/godump-1.c scan-file (?n)^var _ipp_v2 _ipp_t\$
FAIL: gcc.misc-tests/godump-1.c scan-file (?n)^var _iu16_v1 _uint16_t\$
FAIL: gcc.misc-tests/godump-1.c scan-file (?n)^var _iu16_v2 _iu16_t\$
FAIL: gcc.misc-tests/godump-1.c scan-file (?n)^var _iu32_v1 _uint32_t\$
FAIL: gcc.misc-tests/godump-1.c scan-file (?n)^var _iu32_v2 _iu32_t\$
FAIL: gcc.misc-tests/godump-1.c scan-file (?n)^var _iu64_v1 _uint64_t\$
FAIL: gcc.misc-tests/godump-1.c scan-file (?n)^var _iu64_v2 _iu64_t\$
FAIL: gcc.misc-tests/godump-1.c scan-file (?n)^var _l_v1 int[0-9]*\$
FAIL: gcc.misc-tests/godump-1.c scan-file (?n)^var _l_v2 _l_t\$
FAIL: gcc.misc-tests/godump-1.c scan-file (?n)^var _ll_v1 int[0-9]*\$
FAIL: gcc.misc-tests/godump-1.c scan-file (?n)^var _ll_v2 _ll_t\$
FAIL: gcc.misc-tests/godump-1.c scan-file (?n)^var _ni2_v2 _ni2_t\$
FAIL: gcc.misc-tests/godump-1.c scan-file (?n)^var _ni3_v2 _ni3_t\$
FAIL: gcc.misc-tests/godump-1.c scan-file (?n)^var _s0e struct { }\$
FAIL: gcc.misc-tests/godump-1.c scan-file (?n)^var _s1e struct { e1 int8; }\$
FAIL: gcc.misc-tests/godump-1.c scan-file (?n)^var _s2eg struct { e1 \\\\*byte; e2 int8; Godump_0_pad \\\\[.\\\\]byte; }\$
FAIL: gcc.misc-tests/godump-1.c scan-file (?n)^var _s2el struct { e1 int8; e2 \\\\*byte; }\$
FAIL: gcc.misc-tests/godump-1.c scan-file (?n)^var _s_nested struct { u struct { s int16; Godump_0_pad \\\\[2\\\\]byte; _ \\\\[0\\\\]u?int32; }; }\$
FAIL: gcc.misc-tests/godump-1.c scan-file (?n)^var _s_nested2 struct { u struct { Godump_0_pad \\\\[4\\\\]byte; Godump_1_pad \\\\[2\\\\]byte; s int16; c int8; Godump_2_pad \\\\[1\\\\]byte; Godump_3_pad \\\\[2\\\\]byte; _ \\\\[0\\\\]u?int32; }; }\$
FAIL: gcc.misc-tests/godump-1.c scan-file (?n)^var _s_v1 int[0-9]*\$
FAIL: gcc.misc-tests/godump-1.c scan-file (?n)^var _s_v2 _s_t\$
FAIL: gcc.misc-tests/godump-1.c scan-file (?n)^var _sa2_v1 \\\\[1\\\\+1\\\\]int[0-9]*\$
FAIL: gcc.misc-tests/godump-1.c scan-file (?n)^var _sa2_v2 _sa2_t\$
FAIL: gcc.misc-tests/godump-1.c scan-file (?n)^var _sae struct { sa \\\\[2\\\\+1\\\\]int16; ca \\\\[2\\\\+1\\\\]int8; Godump_0_pad \\\\[.\\\\]byte; }\$
FAIL: gcc.misc-tests/godump-1.c scan-file (?n)^var _sbf_18b struct { Godump_0_pad \\\\[3\\\\]byte; }\$
FAIL: gcc.misc-tests/godump-1.c scan-file (?n)^var _sbf_1b struct { Godump_0_pad \\\\[1\\\\]byte; }\$
FAIL: gcc.misc-tests/godump-1.c scan-file (?n)^var _sbf_8b struct { Godump_0_pad \\\\[1\\\\]byte; }\$
FAIL: gcc.misc-tests/godump-1.c scan-file (?n)^var _sbf_9b struct { Godump_0_pad \\\\[2\\\\]byte; }\$
FAIL: gcc.misc-tests/godump-1.c scan-file (?n)^var _sbf_anon_pad1 struct { c uint8; }\$
FAIL: gcc.misc-tests/godump-1.c scan-file (?n)^var _sbf_anon_pad2 struct { Godump_0_pad \\\\[1\\\\]byte; c uint8; }\$
FAIL: gcc.misc-tests/godump-1.c scan-file (?n)^var _sbf_anon_pad3 struct { Godump_0_pad \\\\[1\\\\]byte; c uint8; }\$
FAIL: gcc.misc-tests/godump-1.c scan-file (?n)^var _sbf_anon_pad4 struct { Godump_0 uint8; c uint8; }\$
FAIL: gcc.misc-tests/godump-1.c scan-file (?n)^var _sbf_anon_pad5 struct { c uint8; }\$
FAIL: gcc.misc-tests/godump-1.c scan-file (?n)^var _sbf_anon_pad6 struct { Godump_0_pad \\\\[1\\\\]byte; c uint8; }\$
FAIL: gcc.misc-tests/godump-1.c scan-file (?n)^var _sbf_anon_pad7 struct { Godump_0_pad \\\\[8\\\\]byte; c uint8; }\$
FAIL: gcc.misc-tests/godump-1.c scan-file (?n)^var _sbf_anon_pad8 struct { Godump_0 uint64; c uint8; }\$
FAIL: gcc.misc-tests/godump-1.c scan-file (?n)^var _sbf_gaps struct { bf1 uint8; c uint8; bf2 uint8; Godump_0_pad \\\\[2\\\\]byte; s uint16; _ \\\\[0\\\\]int32; }\$
FAIL: gcc.misc-tests/godump-1.c scan-file (?n)^var _sbf_pad16_1 struct { Godump_0_pad \\\\[1\\\\]byte; c uint8; _ \\\\[0\\\\]int16; }\$
FAIL: gcc.misc-tests/godump-1.c scan-file (?n)^var _sbf_pad16_2 struct { Godump_0_pad \\\\[2\\\\]byte; c uint8; Godump_1_pad \\\\[.\\\\]byte; _ \\\\[0\\\\]int16; }\$
FAIL: gcc.misc-tests/godump-1.c scan-file (?n)^var _sbf_pad16_3 struct { bf uint16; c uint8; Godump_0_pad \\\\[.\\\\]byte; }\$
FAIL: gcc.misc-tests/godump-1.c scan-file (?n)^var _sbf_pad32_1 struct { Godump_0_pad \\\\[1\\\\]byte; c uint8; Godump_1_pad \\\\[.\\\\]byte; _ \\\\[0\\\\]int32; }\$
FAIL: gcc.misc-tests/godump-1.c scan-file (?n)^var _sbf_pad32_2 struct { Godump_0_pad \\\\[4\\\\]byte; c uint8; Godump_1_pad \\\\[.\\\\]byte; _ \\\\[0\\\\]int32; }\$
FAIL: gcc.misc-tests/godump-1.c scan-file (?n)^var _sbf_pad32_3 struct { bf uint32; c uint8; Godump_0_pad \\\\[.\\\\]byte; }\$
FAIL: gcc.misc-tests/godump-1.c scan-file (?n)^var _sbf_pad64_1 struct { Godump_0_pad \\\\[1\\\\]byte; c uint8; Godump_1_pad \\\\[.\\\\]byte; _ \\\\[0\\\\]int64; }\$
FAIL: gcc.misc-tests/godump-1.c scan-file (?n)^var _sbf_pad64_2 struct { Godump_0_pad \\\\[8\\\\]byte; c uint8; Godump_1_pad \\\\[.\\\\]byte; _ \\\\[0\\\\]int64; }\$
FAIL: gcc.misc-tests/godump-1.c scan-file (?n)^var _sbf_pad64_3 struct { bf uint[0-9]*; c uint8; Godump_0_pad \\\\[.\\\\]byte; }\$
FAIL: gcc.misc-tests/godump-1.c scan-file (?n)^var _sbf_pad8_1 struct { Godump_0_pad \\\\[1\\\\]byte; c uint8; }\$
FAIL: gcc.misc-tests/godump-1.c scan-file (?n)^var _sbf_pad8_2 struct { Godump_0_pad \\\\[1\\\\]byte; c uint8; }\$
FAIL: gcc.misc-tests/godump-1.c scan-file (?n)^var _sbf_pad8_3 struct { bf uint8; c uint8; }\$
FAIL: gcc.misc-tests/godump-1.c scan-file (?n)^var _sc_v1 int[0-9]*\$
FAIL: gcc.misc-tests/godump-1.c scan-file (?n)^var _sc_v2 _sc_t\$
FAIL: gcc.misc-tests/godump-1.c scan-file (?n)^var _sd_equiv struct { d float[0-9]*; }\$
FAIL: gcc.misc-tests/godump-1.c scan-file (?n)^var _sd_not_equiv struct { d float[0-9]*; }\$
FAIL: gcc.misc-tests/godump-1.c scan-file (?n)^var _sf_equiv struct { f float[0-9]*; }\$
FAIL: gcc.misc-tests/godump-1.c scan-file (?n)^var _sf_not_equiv struct { f float[0-9]*; }\$
FAIL: gcc.misc-tests/godump-1.c scan-file (?n)^var _si_v1 int[0-9]*\$
FAIL: gcc.misc-tests/godump-1.c scan-file (?n)^var _si_v2 _si_t\$
FAIL: gcc.misc-tests/godump-1.c scan-file (?n)^var _sl_v1 int[0-9]*\$
FAIL: gcc.misc-tests/godump-1.c scan-file (?n)^var _sl_v2 _sl_t\$
FAIL: gcc.misc-tests/godump-1.c scan-file (?n)^var _sll_v1 int[0-9]*\$
FAIL: gcc.misc-tests/godump-1.c scan-file (?n)^var _sll_v2 _sll_t\$
FAIL: gcc.misc-tests/godump-1.c scan-file (?n)^var _sme struct { l int64; c int8; i int32; s int16; Godump_0_pad \\\\[.\\\\]byte; }\$
FAIL: gcc.misc-tests/godump-1.c scan-file (?n)^var _sn struct { s struct { ca \\\\[2\\\\+1\\\\]uint8; }; i uint32; }\$
FAIL: gcc.misc-tests/godump-1.c scan-file (?n)^var _sn_anon struct { a uint8; s uint16; b uint8; Godump_0_pad \\\\[.\\\\]byte; _ \\\\[0\\\\]int16; }\$
FAIL: gcc.misc-tests/godump-1.c scan-file (?n)^var _ss_v1 int[0-9]*\$
FAIL: gcc.misc-tests/godump-1.c scan-file (?n)^var _ss_v2 _ss_t\$
FAIL: gcc.misc-tests/godump-1.c scan-file (?n)^var _su_anon struct { c uint8; Godump_0_pad \\\\[7\\\\]byte; _ \\\\[0\\\\]u?int64; }\$
FAIL: gcc.misc-tests/godump-1.c scan-file (?n)^var _u1 struct { c uint8; Godump_0_pad \\\\[.\\\\]byte; _ \\\\[0\\\\]u?int64; }\$
FAIL: gcc.misc-tests/godump-1.c scan-file (?n)^var _u2 struct { l uint64; }\$
FAIL: gcc.misc-tests/godump-1.c scan-file (?n)^var _u2_size struct { ca \\\\[4\\\\+1\\\\]uint8; }\$
FAIL: gcc.misc-tests/godump-1.c scan-file (?n)^var _u3 struct { l \\\\[2\\\\+1\\\\]uint64; }\$
FAIL: gcc.misc-tests/godump-1.c scan-file (?n)^var _u3_size struct { ca \\\\[4\\\\+1\\\\]uint8; Godump_0_pad \\\\[.\\\\]byte; _ \\\\[0\\\\]u?int64; }\$
FAIL: gcc.misc-tests/godump-1.c scan-file (?n)^var _u_nested struct { u struct { s int16; Godump_0_pad \\\\[2\\\\]byte; _ \\\\[0\\\\]u?int32; }; }\$
FAIL: gcc.misc-tests/godump-1.c scan-file (?n)^var _u_nested2 struct { u struct { Godump_0_pad \\\\[4\\\\]byte; Godump_1_pad \\\\[2\\\\]byte; s int16; c int8; Godump_2_pad \\\\[1\\\\]byte; Godump_3_pad \\\\[2\\\\]byte; _ \\\\[0\\\\]u?int32; }; }\$
FAIL: gcc.misc-tests/godump-1.c scan-file (?n)^var _u_size struct { ca \\\\[4\\\\+1\\\\]uint8; Godump_0_pad \\\\[.\\\\]byte; _ \\\\[0\\\\]u?int64; }\$
FAIL: gcc.misc-tests/godump-1.c scan-file (?n)^var _uc_v1 uint[0-9]*\$
FAIL: gcc.misc-tests/godump-1.c scan-file (?n)^var _uc_v2 _uc_t\$
FAIL: gcc.misc-tests/godump-1.c scan-file (?n)^var _ue struct { }\$
FAIL: gcc.misc-tests/godump-1.c scan-file (?n)^var _ui8_v1 _uint8_t\$
FAIL: gcc.misc-tests/godump-1.c scan-file (?n)^var _ui8_v2 _ui8_t\$
FAIL: gcc.misc-tests/godump-1.c scan-file (?n)^var _ui_v1 uint[0-9]*\$
FAIL: gcc.misc-tests/godump-1.c scan-file (?n)^var _ui_v2 _ui_t\$
FAIL: gcc.misc-tests/godump-1.c scan-file (?n)^var _ul_v1 uint[0-9]*\$
FAIL: gcc.misc-tests/godump-1.c scan-file (?n)^var _ul_v2 _ul_t\$
FAIL: gcc.misc-tests/godump-1.c scan-file (?n)^var _ull_v1 uint[0-9]*\$
FAIL: gcc.misc-tests/godump-1.c scan-file (?n)^var _ull_v2 _ull_t\$
FAIL: gcc.misc-tests/godump-1.c scan-file (?n)^var _us_v1 uint[0-9]*\$
FAIL: gcc.misc-tests/godump-1.c scan-file (?n)^var _us_v2 _us_t\$
FAIL: gcc.misc-tests/godump-1.c scan-file (?n)^var _v_fwd _s_fwd
FAIL: gcc.misc-tests/godump-1.c scan-file (?n)^var _vp_v1 \\\\*byte\$
FAIL: gcc.misc-tests/godump-1.c scan-file (?n)^var _vp_v2 _vp_t\$
FAIL: gcc.target/s390/arch13/sel-1.c scan-assembler-times \\tselgr(?:h|le)\\t 1
FAIL: gcc.target/s390/arch13/sel-1.c scan-assembler-times \\tselr(?:h|le)\\t 1
FAIL: gcc.target/s390/htm-builtins-1.c execution test
FAIL: gcc.target/s390/htm-builtins-2.c execution test
FAIL: gcc.target/s390/ifcvt-one-insn-bool.c scan-assembler lochinh\\t%r.?,1
FAIL: gcc.target/s390/ifcvt-one-insn-char.c scan-assembler locrnh\\t%r.?,%r.?
FAIL: gcc.target/s390/loc-1.c scan-assembler \\tlocghine\\t%r2,-1
FAIL: gcc.target/s390/loc-1.c scan-assembler \\tlocgrne\\t%r2,%r4
FAIL: gcc.target/s390/md/rXsbg_mode_sXl.c  -O1 -march=z13   scan-assembler-times rosbg\\t%r.,%r.,2,63,62 1
FAIL: gcc.target/s390/md/rXsbg_mode_sXl.c  -O1 -march=z13   scan-assembler-times rosbg\\t%r.,%r.,32,63,62 1
FAIL: gcc.target/s390/md/rXsbg_mode_sXl.c  -O1 -march=z13   scan-assembler-times rxsbg\\t%r.,%r.,2,63,62 1
FAIL: gcc.target/s390/md/rXsbg_mode_sXl.c  -O1 -march=z13   scan-assembler-times rxsbg\\t%r.,%r.,32,63,62 1
FAIL: gcc.target/s390/md/rXsbg_mode_sXl.c  -O2 -march=z13   scan-assembler-times rosbg\\t%r.,%r.,2,63,62 1
FAIL: gcc.target/s390/md/rXsbg_mode_sXl.c  -O2 -march=z13   scan-assembler-times rosbg\\t%r.,%r.,32,63,62 1
FAIL: gcc.target/s390/md/rXsbg_mode_sXl.c  -O2 -march=z13   scan-assembler-times rxsbg\\t%r.,%r.,2,63,62 1
FAIL: gcc.target/s390/md/rXsbg_mode_sXl.c  -O2 -march=z13   scan-assembler-times rxsbg\\t%r.,%r.,32,63,62 1
FAIL: gcc.target/s390/md/rXsbg_mode_sXl.c  -O3 -march=z13   scan-assembler-times rosbg\\t%r.,%r.,2,63,62 1
FAIL: gcc.target/s390/md/rXsbg_mode_sXl.c  -O3 -march=z13   scan-assembler-times rosbg\\t%r.,%r.,32,63,62 1
FAIL: gcc.target/s390/md/rXsbg_mode_sXl.c  -O3 -march=z13   scan-assembler-times rxsbg\\t%r.,%r.,2,63,62 1
FAIL: gcc.target/s390/md/rXsbg_mode_sXl.c  -O3 -march=z13   scan-assembler-times rxsbg\\t%r.,%r.,32,63,62 1
FAIL: gcc.target/s390/md/rXsbg_mode_sXl.c  -Os -march=z13   scan-assembler-times rosbg\\t%r.,%r.,2,63,62 1
FAIL: gcc.target/s390/md/rXsbg_mode_sXl.c  -Os -march=z13   scan-assembler-times rosbg\\t%r.,%r.,32,63,62 1
FAIL: gcc.target/s390/md/rXsbg_mode_sXl.c  -Os -march=z13   scan-assembler-times rxsbg\\t%r.,%r.,2,63,62 1
FAIL: gcc.target/s390/md/rXsbg_mode_sXl.c  -Os -march=z13   scan-assembler-times rxsbg\\t%r.,%r.,32,63,62 1
FAIL: gcc.target/s390/pr89233.c (internal compiler error: in extract_insn, at recog.cc:2791)
FAIL: gcc.target/s390/pr89233.c (test for excess errors)
FAIL: gcc.target/s390/risbg-ll-1.c scan-assembler f42:\\n\\tsllg\\t%r2,%r2,63\\n\\tsrag\\t%r2,%r2,63\\n\\tllgcr\\t%r2,%r2
FAIL: gcc.target/s390/risbg-ll-2.c scan-assembler f10:\\n\\tsrlg\\t%r2,%r2,48\\n\\trosbg\\t%r2,%r3,32,39,0
FAIL: gcc.target/s390/vector/align-1.c scan-assembler-times vl\\t%v[0-9]*,[0-9]*\\\\(%r[0-9]*\\\\),3\\n 1
FAIL: gcc.target/s390/vector/align-1.c scan-assembler-times vst\\t%v[0-9]*,[0-9]*\\\\(%r[0-9]*\\\\),3\\n 1
FAIL: gcc.target/s390/vector/partial/s390-vec-length-epil-run-1.c execution test
FAIL: gcc.target/s390/vector/partial/s390-vec-length-epil-run-3.c execution test
FAIL: gcc.target/s390/vector/partial/s390-vec-length-full-run-3.c execution test
FAIL: gcc.target/s390/vector/vec-abi-vararg-1.c scan-assembler ld\\t%v[0-9]*,368\\\\(%r15\\\\)
FAIL: gcc.target/s390/vector/vec-abi-vararg-1.c scan-assembler ld\\t%v[0-9]*,392\\\\(%r15\\\\)
FAIL: gcc.target/s390/vector/vec-abi-vararg-1.c scan-assembler vl\\t%v[0-9]*,352\\\\(%r15\\\\)
FAIL: gcc.target/s390/vector/vec-abi-vararg-1.c scan-assembler vl\\t%v[0-9]*,376\\\\(%r15\\\\)
FAIL: gcc.target/s390/vector/vec-scalar-cmp-1.c scan-assembler eq:\\n[^:]*\\twfcdb\\t%v[0-9]*,%v[0-9]*\\n\\t[^:]+\\tlocghie\\t%r2,1
FAIL: gcc.target/s390/vector/vec-scalar-cmp-1.c scan-assembler ge:\\n[^:]*\\twfkdb\\t%v[0-9]*,%v[0-9]*\\n\\t[^:]+\\tlocghihe\\t%r2,1
FAIL: gcc.target/s390/vector/vec-scalar-cmp-1.c scan-assembler gt:\\n[^:]*\\twfkdb\\t%v[0-9]*,%v[0-9]*\\n\\t[^:]+\\tlocghih\\t%r2,1
FAIL: gcc.target/s390/vector/vec-scalar-cmp-1.c scan-assembler le:\\n[^:]*\\twfkdb\\t%v[0-9]*,%v[0-9]*\\n\\t[^:]+\\tlocghile\\t%r2,1
FAIL: gcc.target/s390/vector/vec-scalar-cmp-1.c scan-assembler lt:\\n[^:]*\\twfkdb\\t%v[0-9]*,%v[0-9]*\\n\\t[^:]+\\tlocghil\\t%r2,1
FAIL: gcc.target/s390/vector/vec-scalar-cmp-1.c scan-assembler ne:\\n[^:]*\\twfcdb\\t%v[0-9]*,%v[0-9]*\\n\\t[^:]+\\tlocghine\\t%r2,1
FAIL: gcc.target/s390/zvector/autovec-float-signaling-eq.c scan-assembler \\\\n\\\\tvfkhesb\\\\t

		=== gcc Summary for unix/-m64 ===

# of expected passes		173494
# of unexpected failures	485
# of unexpected successes	20
# of expected failures		1515
# of unresolved testcases	6
# of unsupported tests		3640

		=== gcc Summary ===

# of expected passes		343987
# of unexpected failures	935
# of unexpected successes	37
# of expected failures		3031
# of unresolved testcases	10
# of unsupported tests		7901
-arch14/gcc/xgcc  version 14.0.0 20230914 (experimental) [master r14-3999-g3c834d85f2e] (GCC) 

		=== gdc tests ===


Running target unix/-m31
FAIL: gdc.test/runnable/sdtor.d -O2   execution test
FAIL: gdc.test/runnable/sdtor.d -O2 -finline-functions   execution test
FAIL: gdc.test/runnable/sdtor.d -O2 -finline-functions -frelease -funittest   execution test
FAIL: gdc.test/runnable/sdtor.d -O2 -finline-functions -frelease -funittest -g   execution test
FAIL: gdc.test/runnable/sdtor.d -O2 -finline-functions -frelease -funittest -g -shared-libphobos   execution test
FAIL: gdc.test/runnable/sdtor.d -O2 -finline-functions -frelease -funittest -shared-libphobos   execution test
FAIL: gdc.test/runnable/sdtor.d -O2 -finline-functions -funittest   execution test
FAIL: gdc.test/runnable/sdtor.d -O2 -finline-functions -funittest -g   execution test
FAIL: gdc.test/runnable/sdtor.d -O2 -finline-functions -funittest -g -shared-libphobos   execution test
FAIL: gdc.test/runnable/sdtor.d -O2 -finline-functions -funittest -shared-libphobos   execution test
FAIL: gdc.test/runnable/sdtor.d -O2 -finline-functions -g   execution test
FAIL: gdc.test/runnable/sdtor.d -O2 -finline-functions -g -shared-libphobos   execution test
FAIL: gdc.test/runnable/sdtor.d -O2 -finline-functions -shared-libphobos   execution test
FAIL: gdc.test/runnable/sdtor.d -O2 -frelease -funittest   execution test
FAIL: gdc.test/runnable/sdtor.d -O2 -frelease -funittest -g   execution test
FAIL: gdc.test/runnable/sdtor.d -O2 -frelease -funittest -g -shared-libphobos   execution test
FAIL: gdc.test/runnable/sdtor.d -O2 -frelease -funittest -shared-libphobos   execution test
FAIL: gdc.test/runnable/sdtor.d -O2 -funittest   execution test
FAIL: gdc.test/runnable/sdtor.d -O2 -funittest -g   execution test
FAIL: gdc.test/runnable/sdtor.d -O2 -funittest -g -shared-libphobos   execution test
FAIL: gdc.test/runnable/sdtor.d -O2 -funittest -shared-libphobos   execution test
FAIL: gdc.test/runnable/sdtor.d -O2 -g   execution test
FAIL: gdc.test/runnable/sdtor.d -O2 -g -shared-libphobos   execution test
FAIL: gdc.test/runnable/sdtor.d -O2 -shared-libphobos   execution test
UNRESOLVED: gdc.test/runnable_cxx/cpp_stdlib.d   compilation failed to produce executable
UNRESOLVED: gdc.test/runnable_cxx/cpp_stdlib.d -shared-libphobos   compilation failed to produce executable
FAIL: gdc.test/runnable_cxx/cppa.d   execution test
FAIL: gdc.test/runnable_cxx/cppa.d -g   execution test
FAIL: gdc.test/runnable_cxx/cppa.d -g -shared-libphobos   execution test
FAIL: gdc.test/runnable_cxx/cppa.d -shared-libphobos   execution test
UNRESOLVED: gdc.test/runnable_cxx/externmangle.d   compilation failed to produce executable
UNRESOLVED: gdc.test/runnable_cxx/externmangle.d -shared-libphobos   compilation failed to produce executable

		=== gdc Summary for unix/-m31 ===

# of expected passes		12188
# of unexpected failures	28
# of unresolved testcases	4
# of unsupported tests		629

Running target unix/-m64
FAIL: gdc.test/runnable/bug11155.d   execution test
FAIL: gdc.test/runnable/bug11155.d -shared-libphobos   execution test
FAIL: gdc.test/runnable_cxx/cppa.d   execution test
FAIL: gdc.test/runnable_cxx/cppa.d -g   execution test
FAIL: gdc.test/runnable_cxx/cppa.d -g -shared-libphobos   execution test
FAIL: gdc.test/runnable_cxx/cppa.d -shared-libphobos   execution test

		=== gdc Summary for unix/-m64 ===

# of expected passes		12214
# of unexpected failures	6
# of unsupported tests		629

		=== gdc Summary ===

# of expected passes		24402
# of unexpected failures	34
# of unresolved testcases	4
# of unsupported tests		1258
-arch14/gcc/gdc  version 14.0.0 20230914 (experimental) [master r14-3999-g3c834d85f2e] (GCC) 

		=== gfortran tests ===


Running target unix/-m31

		=== gfortran Summary for unix/-m31 ===

# of expected passes		67735
# of expected failures		265
# of unsupported tests		299

Running target unix/-m64

		=== gfortran Summary for unix/-m64 ===

# of expected passes		68051
# of expected failures		263
# of unsupported tests		147

		=== gfortran Summary ===

# of expected passes		135786
# of expected failures		528
# of unsupported tests		446
-arch14/gcc/gfortran  version 14.0.0 20230914 (experimental) [master r14-3999-g3c834d85f2e] (GCC) 

		=== g++ tests ===


Running target unix/-m31
FAIL: c-c++-common/analyzer/compound-assignment-1.c  -std=c++14  (test for warnings, line 72)
FAIL: c-c++-common/analyzer/compound-assignment-1.c  -std=c++14 (test for excess errors)
FAIL: c-c++-common/analyzer/compound-assignment-1.c  -std=c++17  (test for warnings, line 72)
FAIL: c-c++-common/analyzer/compound-assignment-1.c  -std=c++17 (test for excess errors)
FAIL: c-c++-common/analyzer/compound-assignment-1.c  -std=c++20  (test for warnings, line 72)
FAIL: c-c++-common/analyzer/compound-assignment-1.c  -std=c++20 (test for excess errors)
FAIL: c-c++-common/analyzer/compound-assignment-1.c  -std=c++98  (test for warnings, line 72)
FAIL: c-c++-common/analyzer/compound-assignment-1.c  -std=c++98 (test for excess errors)
FAIL: c-c++-common/asan/pointer-compare-1.c   -O0  output pattern test
FAIL: c-c++-common/asan/pointer-compare-1.c   -O1  output pattern test
FAIL: c-c++-common/asan/pointer-compare-1.c   -O2  output pattern test
FAIL: c-c++-common/asan/pointer-compare-1.c   -O2 -flto -fno-use-linker-plugin -flto-partition=none  output pattern test
FAIL: c-c++-common/asan/pointer-compare-1.c   -O2 -flto -fuse-linker-plugin -fno-fat-lto-objects  output pattern test
FAIL: c-c++-common/asan/pointer-compare-1.c   -O3 -g  output pattern test
FAIL: c-c++-common/asan/pointer-compare-1.c   -Os  output pattern test
FAIL: c-c++-common/asan/pointer-subtract-3.c   -O0  execution test
FAIL: c-c++-common/asan/pointer-subtract-3.c   -O1  execution test
FAIL: c-c++-common/asan/pointer-subtract-3.c   -O2  execution test
FAIL: c-c++-common/asan/pointer-subtract-3.c   -O2 -flto -fno-use-linker-plugin -flto-partition=none  execution test
FAIL: c-c++-common/asan/pointer-subtract-3.c   -O2 -flto -fuse-linker-plugin -fno-fat-lto-objects  execution test
FAIL: c-c++-common/asan/pointer-subtract-3.c   -O3 -g  execution test
FAIL: c-c++-common/asan/pointer-subtract-3.c   -Os  execution test
FAIL: c-c++-common/asan/pr64820.c   -O0  output pattern test
FAIL: c-c++-common/asan/pr64820.c   -O1  output pattern test
FAIL: c-c++-common/asan/pr64820.c   -O2  output pattern test
FAIL: c-c++-common/asan/pr64820.c   -O2 -flto -fno-use-linker-plugin -flto-partition=none  output pattern test
FAIL: c-c++-common/asan/pr64820.c   -O2 -flto -fuse-linker-plugin -fno-fat-lto-objects  output pattern test
FAIL: c-c++-common/asan/pr64820.c   -O3 -g  output pattern test
FAIL: c-c++-common/asan/pr64820.c   -Os  output pattern test
FAIL: c-c++-common/asan/use-after-return-1.c   -O0  output pattern test
FAIL: c-c++-common/asan/use-after-return-1.c   -O1  output pattern test
FAIL: c-c++-common/asan/use-after-return-1.c   -O2  output pattern test
FAIL: c-c++-common/asan/use-after-return-1.c   -O2 -flto -fno-use-linker-plugin -flto-partition=none  output pattern test
FAIL: c-c++-common/asan/use-after-return-1.c   -O2 -flto -fuse-linker-plugin -fno-fat-lto-objects  output pattern test
FAIL: c-c++-common/asan/use-after-return-1.c   -O3 -g  output pattern test
FAIL: c-c++-common/asan/use-after-return-1.c   -Os  output pattern test
FAIL: c-c++-common/pr59037.c  -std=gnu++14 (internal compiler error: in extract_insn, at recog.cc:2791)
FAIL: c-c++-common/pr59037.c  -std=gnu++14 (test for excess errors)
FAIL: c-c++-common/pr59037.c  -std=gnu++17 (internal compiler error: in extract_insn, at recog.cc:2791)
FAIL: c-c++-common/pr59037.c  -std=gnu++17 (test for excess errors)
FAIL: c-c++-common/pr59037.c  -std=gnu++20 (internal compiler error: in extract_insn, at recog.cc:2791)
FAIL: c-c++-common/pr59037.c  -std=gnu++20 (test for excess errors)
FAIL: c-c++-common/pr59037.c  -std=gnu++98 (internal compiler error: in extract_insn, at recog.cc:2791)
FAIL: c-c++-common/pr59037.c  -std=gnu++98 (test for excess errors)
FAIL: c-c++-common/vector-subscript-4.c  -std=gnu++14  scan-tree-dump-not optimized "vector"
FAIL: c-c++-common/vector-subscript-4.c  -std=gnu++17  scan-tree-dump-not optimized "vector"
FAIL: c-c++-common/vector-subscript-4.c  -std=gnu++20  scan-tree-dump-not optimized "vector"
FAIL: c-c++-common/vector-subscript-4.c  -std=gnu++98  scan-tree-dump-not optimized "vector"
FAIL: g++.dg/contracts/contracts-tmpl-spec2.C   output pattern test
FAIL: g++.dg/guality/pr55665.C   -O2 -flto -fno-use-linker-plugin -flto-partition=none  line 23 p == 40
FAIL: g++.dg/modules/xtreme-header-2_c.C -std=c++2b (test for excess errors)
FAIL: g++.dg/modules/xtreme-header-5_c.C -std=c++2a (test for excess errors)
FAIL: g++.dg/modules/xtreme-header-5_c.C -std=c++2b (test for excess errors)
FAIL: g++.dg/tls/thread_local-cse.C  -std=gnu++14 execution test
FAIL: g++.dg/tls/thread_local-cse.C  -std=gnu++17 execution test
FAIL: g++.dg/tls/thread_local-cse.C  -std=gnu++20 execution test

		=== g++ Summary for unix/-m31 ===

# of expected passes		239347
# of unexpected failures	56
# of expected failures		2581
# of unsupported tests		11321

Running target unix/-m64
FAIL: c-c++-common/analyzer/compound-assignment-1.c  -std=c++14  (test for warnings, line 72)
FAIL: c-c++-common/analyzer/compound-assignment-1.c  -std=c++14 (test for excess errors)
FAIL: c-c++-common/analyzer/compound-assignment-1.c  -std=c++17  (test for warnings, line 72)
FAIL: c-c++-common/analyzer/compound-assignment-1.c  -std=c++17 (test for excess errors)
FAIL: c-c++-common/analyzer/compound-assignment-1.c  -std=c++20  (test for warnings, line 72)
FAIL: c-c++-common/analyzer/compound-assignment-1.c  -std=c++20 (test for excess errors)
FAIL: c-c++-common/analyzer/compound-assignment-1.c  -std=c++98  (test for warnings, line 72)
FAIL: c-c++-common/analyzer/compound-assignment-1.c  -std=c++98 (test for excess errors)
FAIL: c-c++-common/pr59037.c  -std=gnu++14 (internal compiler error: in extract_insn, at recog.cc:2791)
FAIL: c-c++-common/pr59037.c  -std=gnu++14 (test for excess errors)
FAIL: c-c++-common/pr59037.c  -std=gnu++17 (internal compiler error: in extract_insn, at recog.cc:2791)
FAIL: c-c++-common/pr59037.c  -std=gnu++17 (test for excess errors)
FAIL: c-c++-common/pr59037.c  -std=gnu++20 (internal compiler error: in extract_insn, at recog.cc:2791)
FAIL: c-c++-common/pr59037.c  -std=gnu++20 (test for excess errors)
FAIL: c-c++-common/pr59037.c  -std=gnu++98 (internal compiler error: in extract_insn, at recog.cc:2791)
FAIL: c-c++-common/pr59037.c  -std=gnu++98 (test for excess errors)
FAIL: c-c++-common/vector-subscript-4.c  -std=gnu++14  scan-tree-dump-not optimized "vector"
FAIL: c-c++-common/vector-subscript-4.c  -std=gnu++17  scan-tree-dump-not optimized "vector"
FAIL: c-c++-common/vector-subscript-4.c  -std=gnu++20  scan-tree-dump-not optimized "vector"
FAIL: c-c++-common/vector-subscript-4.c  -std=gnu++98  scan-tree-dump-not optimized "vector"
FAIL: g++.dg/contracts/contracts-tmpl-spec2.C   output pattern test
FAIL: g++.dg/guality/pr55665.C   -O2 -flto -fno-use-linker-plugin -flto-partition=none  line 23 p == 40
FAIL: c-c++-common/tsan/tls_race.c   -O0  output pattern test
FAIL: c-c++-common/tsan/tls_race.c   -O2  output pattern test

		=== g++ Summary for unix/-m64 ===

# of expected passes		242432
# of unexpected failures	24
# of expected failures		2589
# of unsupported tests		11177

		=== g++ Summary ===

# of expected passes		481779
# of unexpected failures	80
# of expected failures		5170
# of unsupported tests		22498
-arch14/gcc/xg++  version 14.0.0 20230914 (experimental) [master r14-3999-g3c834d85f2e] (GCC) 

		=== gm2 tests ===


Running target unix/-m31
FAIL: gm2/extensions/run/pass/vararg2.mod execution,  -O 
FAIL: gm2/extensions/run/pass/vararg2.mod execution,  -O -g 
FAIL: gm2/extensions/run/pass/vararg2.mod execution,  -O3 -fomit-frame-pointer 
FAIL: gm2/extensions/run/pass/vararg2.mod execution,  -O3 -fomit-frame-pointer -finline-functions 
FAIL: gm2/extensions/run/pass/vararg2.mod execution,  -Os 
FAIL: gm2/extensions/run/pass/vararg2.mod execution,  -g 
WARNING: gm2/iso/run/pass/m2date.mod execution,  -O  program timed out.
FAIL: gm2/iso/run/pass/m2date.mod execution,  -O 
WARNING: gm2/iso/run/pass/m2date.mod execution,  -O -g  program timed out.
FAIL: gm2/iso/run/pass/m2date.mod execution,  -O -g 
WARNING: gm2/iso/run/pass/m2date.mod execution,  -O3 -fomit-frame-pointer  program timed out.
FAIL: gm2/iso/run/pass/m2date.mod execution,  -O3 -fomit-frame-pointer 
WARNING: gm2/iso/run/pass/m2date.mod execution,  -O3 -fomit-frame-pointer -finline-functions  program timed out.
FAIL: gm2/iso/run/pass/m2date.mod execution,  -O3 -fomit-frame-pointer -finline-functions 
WARNING: gm2/iso/run/pass/m2date.mod execution,  -Os  program timed out.
FAIL: gm2/iso/run/pass/m2date.mod execution,  -Os 
WARNING: gm2/iso/run/pass/m2date.mod execution,  -g  program timed out.
FAIL: gm2/iso/run/pass/m2date.mod execution,  -g 
WARNING: gm2/iso/run/pass/testclock2.mod execution,  -O  program timed out.
FAIL: gm2/iso/run/pass/testclock2.mod execution,  -O 
WARNING: gm2/iso/run/pass/testclock2.mod execution,  -O -g  program timed out.
FAIL: gm2/iso/run/pass/testclock2.mod execution,  -O -g 
WARNING: gm2/iso/run/pass/testclock2.mod execution,  -O3 -fomit-frame-pointer  program timed out.
FAIL: gm2/iso/run/pass/testclock2.mod execution,  -O3 -fomit-frame-pointer 
WARNING: gm2/iso/run/pass/testclock2.mod execution,  -O3 -fomit-frame-pointer -finline-functions  program timed out.
FAIL: gm2/iso/run/pass/testclock2.mod execution,  -O3 -fomit-frame-pointer -finline-functions 
WARNING: gm2/iso/run/pass/testclock2.mod execution,  -Os  program timed out.
FAIL: gm2/iso/run/pass/testclock2.mod execution,  -Os 
WARNING: gm2/iso/run/pass/testclock2.mod execution,  -g  program timed out.
FAIL: gm2/iso/run/pass/testclock2.mod execution,  -g 
FAIL: gm2/isolib/run/pass/seqappend.mod execution,  -O 
FAIL: gm2/isolib/run/pass/seqappend.mod execution,  -O -g 
FAIL: gm2/isolib/run/pass/seqappend.mod execution,  -O3 -fomit-frame-pointer 
FAIL: gm2/isolib/run/pass/seqappend.mod execution,  -O3 -fomit-frame-pointer -finline-functions 
FAIL: gm2/isolib/run/pass/seqappend.mod execution,  -Os 
FAIL: gm2/isolib/run/pass/seqappend.mod execution,  -g 
FAIL: gm2/pim/pass/TestLong4.mod,  -O  
FAIL: gm2/pim/pass/TestLong4.mod,  -O -g  
FAIL: gm2/pim/pass/TestLong4.mod,  -O3 -fomit-frame-pointer  
FAIL: gm2/pim/pass/TestLong4.mod,  -O3 -fomit-frame-pointer -finline-functions  
FAIL: gm2/pim/pass/TestLong4.mod,  -Os  
FAIL: gm2/pim/pass/TestLong4.mod,  -g  

		=== gm2 Summary for unix/-m31 ===

# of expected passes		12559
# of unexpected failures	30

Running target unix/-m64
FAIL: gm2/extensions/run/pass/vararg2.mod execution,  -O 
FAIL: gm2/extensions/run/pass/vararg2.mod execution,  -O -g 
FAIL: gm2/extensions/run/pass/vararg2.mod execution,  -O3 -fomit-frame-pointer 
FAIL: gm2/extensions/run/pass/vararg2.mod execution,  -O3 -fomit-frame-pointer -finline-functions 
FAIL: gm2/extensions/run/pass/vararg2.mod execution,  -Os 
FAIL: gm2/extensions/run/pass/vararg2.mod execution,  -g 

		=== gm2 Summary for unix/-m64 ===

# of expected passes		12583
# of unexpected failures	6

		=== gm2 Summary ===

# of expected passes		25142
# of unexpected failures	36
		=== gnat tests ===


Running target unix/-m31
FAIL: gnat.dg/frame_overflow.adb  (test for errors, line 14)
FAIL: gnat.dg/frame_overflow.adb  (test for errors, line 5)
FAIL: gnat.dg/frame_overflow.adb (test for excess errors)
FAIL: gnat.dg/frame_overflow2.adb  (test for errors, line 5)
FAIL: gnat.dg/frame_overflow2.adb (test for excess errors)
FAIL: gnat.dg/prot7.adb (test for excess errors)
FAIL: gnat.dg/stack_check1.adb execution test
FAIL: gnat.dg/stack_check2.adb execution test
FAIL: gnat.dg/specs/atomic1.ads  (test for errors, line 13)
FAIL: gnat.dg/specs/atomic1.ads  (test for errors, line 9)

		=== gnat Summary for unix/-m31 ===

# of expected passes		3367
# of unexpected failures	10
# of expected failures		23
# of unsupported tests		26

Running target unix/-m64
FAIL: gnat.dg/opt39.adb scan-tree-dump-not optimized "tmp"
FAIL: gnat.dg/prot7.adb (test for excess errors)
FAIL: gnat.dg/stack_check1.adb execution test
FAIL: gnat.dg/stack_check2.adb execution test

		=== gnat Summary for unix/-m64 ===

# of expected passes		3374
# of unexpected failures	4
# of expected failures		23
# of unsupported tests		24

		=== gnat Summary ===

# of expected passes		6741
# of unexpected failures	14
# of expected failures		46
# of unsupported tests		50
-arch14/gcc/gnatmake version 14.0.0 20230914 (experimental) [master r14-3999-g3c834d85f2e]

		=== go tests ===


Running target unix/-m31
FAIL: ./index0-out.go execution,  -O0 -g -fno-var-tracking-assignments 
FAIL: go.test/test/fixedbugs/issue16016.go execution,  -O2 -g 
FAIL: go.test/test/fixedbugs/issue32288.go execution,  -O2 -g 
FAIL: go.test/test/fixedbugs/issue6036.go   -O  (test for excess errors)
FAIL: issue22200b.go   -O  (test for excess errors)

		=== go Summary for unix/-m31 ===

# of expected passes		9004
# of unexpected failures	5
# of untested testcases		7
# of unsupported tests		32

Running target unix/-m64
FAIL: ./index0-out.go execution,  -O0 -g -fno-var-tracking-assignments 
FAIL: go.test/test/fixedbugs/issue32288.go execution,  -O2 -g 

		=== go Summary for unix/-m64 ===

# of expected passes		8887
# of unexpected failures	2
# of untested testcases		7
# of unsupported tests		32

		=== go Summary ===

# of expected passes		17891
# of unexpected failures	7
# of untested testcases		14
# of unsupported tests		64
-arch14/gcc/gccgo  version 14.0.0 20230914 (experimental) [master r14-3999-g3c834d85f2e] (GCC) 

		=== obj-c++ tests ===


Running target unix/-m31

		=== obj-c++ Summary for unix/-m31 ===

# of expected passes		1510
# of expected failures		2
# of unsupported tests		79

Running target unix/-m64

		=== obj-c++ Summary for unix/-m64 ===

# of expected passes		1502
# of expected failures		10
# of unsupported tests		79

		=== obj-c++ Summary ===

# of expected passes		3012
# of expected failures		12
# of unsupported tests		158
-arch14/gcc/xg++  version 14.0.0 20230914 (experimental) [master r14-3999-g3c834d85f2e] (GCC) 

		=== objc tests ===


Running target unix/-m31

		=== objc Summary for unix/-m31 ===

# of expected passes		2845
# of unsupported tests		70

Running target unix/-m64

		=== objc Summary for unix/-m64 ===

# of expected passes		2845
# of unsupported tests		70

		=== objc Summary ===

# of expected passes		5690
# of unsupported tests		140
-arch14/gcc/xgcc  version 14.0.0 20230914 (experimental) [master r14-3999-g3c834d85f2e] (GCC) 

		=== rust tests ===


Running target unix/-m31
FAIL: rust/compile/const-issue1440.rs  at line 50 (test for errors, line 49)
FAIL: rust/compile/const-issue1440.rs  at line 62 (test for errors, line 61)
FAIL: rust/compile/const-issue1440.rs (test for excess errors)
FAIL: rust/compile/torture/issue-1432.rs   -O0  (test for excess errors)
FAIL: rust/compile/torture/issue-1432.rs   -O1  (test for excess errors)
FAIL: rust/compile/torture/issue-1432.rs   -O2  (test for excess errors)
FAIL: rust/compile/torture/issue-1432.rs   -O2 -flto -fno-use-linker-plugin -flto-partition=none  (test for excess errors)
FAIL: rust/compile/torture/issue-1432.rs   -O2 -flto -fuse-linker-plugin -fno-fat-lto-objects  (test for excess errors)
FAIL: rust/compile/torture/issue-1432.rs   -O3 -g  (test for excess errors)
FAIL: rust/compile/torture/issue-1432.rs   -Os  (test for excess errors)
FAIL: rust/execute/torture/loop-condition-eval.rs   -O0  output pattern test
FAIL: rust/execute/torture/loop-condition-eval.rs   -O1  output pattern test
FAIL: rust/execute/torture/loop-condition-eval.rs   -O2  output pattern test
FAIL: rust/execute/torture/loop-condition-eval.rs   -O2 -flto -fno-use-linker-plugin -flto-partition=none  output pattern test
FAIL: rust/execute/torture/loop-condition-eval.rs   -O2 -flto -fuse-linker-plugin -fno-fat-lto-objects  output pattern test
FAIL: rust/execute/torture/loop-condition-eval.rs   -O3 -g  output pattern test
FAIL: rust/execute/torture/loop-condition-eval.rs   -Os  output pattern test

		=== rust Summary for unix/-m31 ===

# of expected passes		7391
# of unexpected failures	17
# of expected failures		52
# of unsupported tests		1

Running target unix/-m64
FAIL: rust/compile/builtin_macro_eager1.rs scan-tree-dump-times gimple ""test1canary"" 1
FAIL: rust/compile/builtin_macro_recurse2.rs scan-tree-dump-times gimple ""abheyho"" 1
FAIL: rust/compile/const-issue1440.rs  at line 50 (test for errors, line 49)
FAIL: rust/compile/const-issue1440.rs  at line 62 (test for errors, line 61)
FAIL: rust/compile/const-issue1440.rs (test for excess errors)
FAIL: rust/compile/torture/issue-1432.rs   -O0  (test for excess errors)
FAIL: rust/compile/torture/issue-1432.rs   -O1  (test for excess errors)
FAIL: rust/compile/torture/issue-1432.rs   -O2  (test for excess errors)
FAIL: rust/compile/torture/issue-1432.rs   -O2 -flto -fno-use-linker-plugin -flto-partition=none  (test for excess errors)
FAIL: rust/compile/torture/issue-1432.rs   -O2 -flto -fuse-linker-plugin -fno-fat-lto-objects  (test for excess errors)
FAIL: rust/compile/torture/issue-1432.rs   -O3 -g  (test for excess errors)
FAIL: rust/compile/torture/issue-1432.rs   -Os  (test for excess errors)
FAIL: rust/execute/torture/builtin_macros1.rs   -O0  output pattern test
FAIL: rust/execute/torture/builtin_macros1.rs   -O1  output pattern test
FAIL: rust/execute/torture/builtin_macros1.rs   -O2  output pattern test
FAIL: rust/execute/torture/builtin_macros1.rs   -O2 -flto -fno-use-linker-plugin -flto-partition=none  output pattern test
FAIL: rust/execute/torture/builtin_macros1.rs   -O2 -flto -fuse-linker-plugin -fno-fat-lto-objects  output pattern test
FAIL: rust/execute/torture/builtin_macros1.rs   -O3 -g  output pattern test
FAIL: rust/execute/torture/builtin_macros1.rs   -Os  output pattern test

		=== rust Summary for unix/-m64 ===

# of expected passes		7389
# of unexpected failures	19
# of expected failures		52
# of unsupported tests		1

		=== rust Summary ===

# of expected passes		14780
# of unexpected failures	36
# of expected failures		104
# of unsupported tests		2
		=== gotools tests ===

FAIL: go test cmd/go
FAIL: TestScript
FAIL: go test embed/internal/embedtest

		=== gotools Summary ===
# of expected passes		408
# of unexpected failures	3
# of untested testcases		130
-arch14/./gcc/gccgo version 14.0.0 20230914 (experimental) [master r14-3999-g3c834d85f2e] (GCC)

		=== libatomic tests ===


Running target unix/-m31

		=== libatomic Summary for unix/-m31 ===

# of expected passes		44
# of unsupported tests		5

Running target unix/-m64

		=== libatomic Summary for unix/-m64 ===

# of expected passes		54

		=== libatomic Summary ===

# of expected passes		98
# of unsupported tests		5
		=== libffi tests ===


Running target unix/-m31

		=== libffi Summary for unix/-m31 ===

# of expected passes		1574

Running target unix/-m64

		=== libffi Summary for unix/-m64 ===

# of expected passes		1574

		=== libffi Summary ===

# of expected passes		3148
		=== libgo tests ===


Running target unix
FAIL: archive/zip
FAIL: go/printer
FAIL: html/template
FAIL: internal/cpu
FAIL: io/fs
FAIL: math/big
FAIL: net/http
FAIL: os
FAIL: path/filepath
FAIL: testing/fstest
FAIL: text/template

		=== libgo Summary for unix ===

# of expected passes		185
# of unexpected failures	11

Running target unix/-m31
FAIL: archive/zip
FAIL: go/printer
FAIL: go/types
FAIL: html/template
FAIL: io/fs
FAIL: math/big
FAIL: net
FAIL: net/http
FAIL: os
FAIL: path/filepath
FAIL: runtime
FAIL: runtime/debug
FAIL: runtime/pprof
FAIL: sync/atomic
FAIL: testing/fstest
FAIL: text/template

		=== libgo Summary for unix/-m31 ===

# of expected passes		180
# of unexpected failures	16

		=== libgo Summary ===

# of expected passes		365
# of unexpected failures	27
-arch14/./gcc/gccgo version 14.0.0 20230914 (experimental) [master r14-3999-g3c834d85f2e] (GCC)

		=== libgomp tests ===


Running target unix/-m31
FAIL: libgomp.fortran/threadprivate2.f90   -O1  execution test
FAIL: libgomp.fortran/threadprivate3.f90   -O1  execution test

		=== libgomp Summary for unix/-m31 ===

# of expected passes		15175
# of unexpected failures	2
# of expected failures		284
# of unsupported tests		678

Running target unix/-m64
FAIL: libgomp.fortran/threadprivate3.f90   -O1  execution test

		=== libgomp Summary for unix/-m64 ===

# of expected passes		15176
# of unexpected failures	1
# of expected failures		284
# of unsupported tests		678

		=== libgomp Summary ===

# of expected passes		30351
# of unexpected failures	3
# of expected failures		568
# of unsupported tests		1356
		=== libitm tests ===


Running target unix/-m31

		=== libitm Summary for unix/-m31 ===

# of expected passes		44
# of expected failures		3
# of unsupported tests		1

Running target unix/-m64

		=== libitm Summary for unix/-m64 ===

# of expected passes		44
# of expected failures		3
# of unsupported tests		1

		=== libitm Summary ===

# of expected passes		88
# of expected failures		6
# of unsupported tests		2
		=== libphobos tests ===


Running target unix/-m31
FAIL: libphobos.druntime/object.d execution test
FAIL: libphobos.druntime_shared/object.d execution test
FAIL: libphobos.exceptions/assert_fail.d execution test
FAIL: libphobos.phobos/std/digest/murmurhash.d execution test
FAIL: libphobos.phobos/std/experimental/allocator/building_blocks/region.d execution test
FAIL: libphobos.phobos/std/experimental/allocator/package.d execution test
FAIL: libphobos.phobos/std/format/internal/floats.d (test for excess errors)
FAIL: libphobos.phobos/std/internal/math/gammafunction.d execution test
FAIL: libphobos.phobos/std/random.d execution test
FAIL: libphobos.phobos/std/regex/internal/kickstart.d execution test
FAIL: libphobos.phobos/std/regex/internal/tests.d execution test
FAIL: libphobos.phobos/std/regex/internal/tests2.d execution test
FAIL: libphobos.phobos/std/regex/package.d execution test
FAIL: libphobos.phobos_shared/std/digest/murmurhash.d execution test
FAIL: libphobos.phobos_shared/std/experimental/allocator/building_blocks/region.d execution test
FAIL: libphobos.phobos_shared/std/experimental/allocator/package.d execution test
FAIL: libphobos.phobos_shared/std/format/internal/floats.d (test for excess errors)
FAIL: libphobos.phobos_shared/std/internal/math/gammafunction.d execution test
FAIL: libphobos.phobos_shared/std/random.d execution test
FAIL: libphobos.phobos_shared/std/regex/internal/kickstart.d execution test
FAIL: libphobos.phobos_shared/std/regex/internal/tests.d execution test
FAIL: libphobos.phobos_shared/std/regex/internal/tests2.d execution test
FAIL: libphobos.phobos_shared/std/regex/package.d execution test

		=== libphobos Summary for unix/-m31 ===

# of expected passes		1054
# of unexpected failures	23
# of unsupported tests		2

Running target unix/-m64
FAIL: libphobos.druntime/core/atomic.d execution test
FAIL: libphobos.druntime_shared/core/atomic.d execution test
FAIL: libphobos.phobos/std/digest/murmurhash.d execution test
FAIL: libphobos.phobos/std/format/internal/floats.d (test for excess errors)
FAIL: libphobos.phobos/std/internal/math/gammafunction.d execution test
FAIL: libphobos.phobos/std/regex/internal/kickstart.d execution test
FAIL: libphobos.phobos/std/regex/internal/tests.d execution test
FAIL: libphobos.phobos/std/regex/internal/tests2.d execution test
FAIL: libphobos.phobos/std/regex/package.d execution test
FAIL: libphobos.phobos_shared/std/digest/murmurhash.d execution test
FAIL: libphobos.phobos_shared/std/format/internal/floats.d (test for excess errors)
FAIL: libphobos.phobos_shared/std/internal/math/gammafunction.d execution test
FAIL: libphobos.phobos_shared/std/regex/internal/kickstart.d execution test
FAIL: libphobos.phobos_shared/std/regex/internal/tests.d execution test
FAIL: libphobos.phobos_shared/std/regex/internal/tests2.d execution test
FAIL: libphobos.phobos_shared/std/regex/package.d execution test

		=== libphobos Summary for unix/-m64 ===

# of expected passes		1061
# of unexpected failures	16
# of unsupported tests		2

		=== libphobos Summary ===

# of expected passes		2115
# of unexpected failures	39
# of unsupported tests		4
		=== libstdc++ tests ===


Running target unix/-m31
FAIL: libstdc++-abi/abi_check
FAIL: 17_intro/names.cc (test for excess errors)
FAIL: 23_containers/vector/bool/110807.cc (test for excess errors)
FAIL: 29_atomics/atomic_float/1.cc (test for excess errors)
UNRESOLVED: 29_atomics/atomic_float/1.cc compilation failed to produce executable
FAIL: 29_atomics/atomic_ref/float.cc (test for excess errors)
UNRESOLVED: 29_atomics/atomic_ref/float.cc compilation failed to produce executable
FAIL: experimental/names.cc (test for excess errors)
WARNING: experimental/simd/pr109261_constexpr_simd.cc --param min-vect-loop-bound=1 --param max-unrolled-insns=200 --param max-unroll-times=8 --param max-completely-peeled-insns=200 --param max-completely-peel-times=16 -march=z15 -mzarch -O2 -Wno-psabi (test for excess errors) program timed out.
FAIL: experimental/simd/pr109261_constexpr_simd.cc --param min-vect-loop-bound=1 --param max-unrolled-insns=200 --param max-unroll-times=8 --param max-completely-peeled-insns=200 --param max-completely-peel-times=16 -march=z15 -mzarch -O2 -Wno-psabi (test for excess errors)
FAIL: std/ranges/access/ssize.cc (test for excess errors)
UNRESOLVED: std/ranges/access/ssize.cc compilation failed to produce executable

		=== libstdc++ Summary for unix/-m31 ===

# of expected passes		16130
# of unexpected failures	8
# of expected failures		107
# of unresolved testcases	3
# of unsupported tests		671

Running target unix/-m64
FAIL: 17_intro/names.cc (test for excess errors)
FAIL: 29_atomics/atomic_float/1.cc (test for excess errors)
UNRESOLVED: 29_atomics/atomic_float/1.cc compilation failed to produce executable
FAIL: 29_atomics/atomic_ref/float.cc (test for excess errors)
UNRESOLVED: 29_atomics/atomic_ref/float.cc compilation failed to produce executable
FAIL: experimental/names.cc (test for excess errors)
WARNING: experimental/simd/pr109261_constexpr_simd.cc --param min-vect-loop-bound=1 --param max-unrolled-insns=200 --param max-unroll-times=8 --param max-completely-peeled-insns=200 --param max-completely-peel-times=16 -march=z15 -mzarch -O2 -Wno-psabi (test for excess errors) program timed out.
FAIL: experimental/simd/pr109261_constexpr_simd.cc --param min-vect-loop-bound=1 --param max-unrolled-insns=200 --param max-unroll-times=8 --param max-completely-peeled-insns=200 --param max-completely-peel-times=16 -march=z15 -mzarch -O2 -Wno-psabi (test for excess errors)

		=== libstdc++ Summary for unix/-m64 ===

# of expected passes		16130
# of unexpected failures	5
# of expected failures		107
# of unresolved testcases	2
# of unsupported tests		673

		=== libstdc++ Summary ===

# of expected passes		32260
# of unexpected failures	13
# of expected failures		214
# of unresolved testcases	5
# of unsupported tests		1344

Compiler version: 14.0.0 20230914 (experimental) [master r14-3999-g3c834d85f2e] (GCC) 
Platform: s390x-ibm-linux-gnu arch14
configure flags: --enable-shared --with-system-zlib --enable-threads=posix --enable-__cxa_atexit --enable-checking=all --disable-werror --with-diagnostics-color=never --prefix=/home/dailybuild/gnu-dailybuild/arena/20230914/gcc-master/install-s390x-arch14 --enable-languages=all --with-mode=zarch --with-arch=arch14


More information about the Gcc-testresults mailing list