Results for 14.0.0 20230913 (experimental) [src r14-3921-g635a34e2be6] (GCC) testsuite on powerpc-ibm-aix7.2.5.0

David Edelsohn edelsohn@p980aix1.watson.ibm.com
Wed Sep 13 20:31:31 GMT 2023


LAST_UPDATED: Wed Sep 13 12:05:56 UTC 2023 (revision r14-3921-g635a34e2be6)

Native configuration is powerpc-ibm-aix7.2.5.0

		=== g++ tests ===


Running target unix
FAIL: c-c++-common/analyzer/compound-assignment-1.c  -std=c++14  (test for warnings, line 72)
FAIL: c-c++-common/analyzer/compound-assignment-1.c  -std=c++14 (test for excess errors)
FAIL: c-c++-common/analyzer/compound-assignment-1.c  -std=c++17  (test for warnings, line 72)
FAIL: c-c++-common/analyzer/compound-assignment-1.c  -std=c++17 (test for excess errors)
FAIL: c-c++-common/analyzer/compound-assignment-1.c  -std=c++20  (test for warnings, line 72)
FAIL: c-c++-common/analyzer/compound-assignment-1.c  -std=c++20 (test for excess errors)
FAIL: c-c++-common/analyzer/compound-assignment-1.c  -std=c++98  (test for warnings, line 72)
FAIL: c-c++-common/analyzer/compound-assignment-1.c  -std=c++98 (test for excess errors)
FAIL: g++.dg/compat/eh/new1 cp_compat_x_tst.o-cp_compat_y_tst.o execute 
XPASS: g++.dg/debug/pr46583.C -gdwarf-2 (test for excess errors)
XPASS: g++.dg/debug/pr46583.C -gdwarf-2 -O2 (test for excess errors)
XPASS: g++.dg/debug/pr46583.C -gdwarf-2 -O3 (test for excess errors)
XPASS: g++.dg/debug/pr46583.C -gdwarf-2 -g1 (test for excess errors)
XPASS: g++.dg/debug/pr46583.C -gdwarf-2 -g1 -O2 (test for excess errors)
XPASS: g++.dg/debug/pr46583.C -gdwarf-2 -g1 -O3 (test for excess errors)
XPASS: g++.dg/debug/pr46583.C -gdwarf-2 -g3 (test for excess errors)
XPASS: g++.dg/debug/pr46583.C -gdwarf-2 -g3 -O2 (test for excess errors)
XPASS: g++.dg/debug/pr46583.C -gdwarf-2 -g3 -O3 (test for excess errors)
XPASS: g++.dg/debug/pr56294.C -gdwarf-2 (test for excess errors)
XPASS: g++.dg/debug/pr56294.C -gdwarf-2 -O2 (test for excess errors)
XPASS: g++.dg/debug/pr56294.C -gdwarf-2 -O3 (test for excess errors)
XPASS: g++.dg/debug/pr56294.C -gdwarf-2 -g1 (test for excess errors)
XPASS: g++.dg/debug/pr56294.C -gdwarf-2 -g1 -O2 (test for excess errors)
XPASS: g++.dg/debug/pr56294.C -gdwarf-2 -g1 -O3 (test for excess errors)
XPASS: g++.dg/debug/pr56294.C -gdwarf-2 -g3 (test for excess errors)
XPASS: g++.dg/debug/pr56294.C -gdwarf-2 -g3 -O2 (test for excess errors)
XPASS: g++.dg/debug/pr56294.C -gdwarf-2 -g3 -O3 (test for excess errors)
XPASS: g++.dg/debug/pr56819.C -gdwarf-2 (test for excess errors)
XPASS: g++.dg/debug/pr56819.C -gdwarf-2 -O2 (test for excess errors)
XPASS: g++.dg/debug/pr56819.C -gdwarf-2 -O3 (test for excess errors)
XPASS: g++.dg/debug/pr56819.C -gdwarf-2 -g1 (test for excess errors)
XPASS: g++.dg/debug/pr56819.C -gdwarf-2 -g1 -O2 (test for excess errors)
XPASS: g++.dg/debug/pr56819.C -gdwarf-2 -g1 -O3 (test for excess errors)
XPASS: g++.dg/debug/pr56819.C -gdwarf-2 -g3 (test for excess errors)
XPASS: g++.dg/debug/pr56819.C -gdwarf-2 -g3 -O2 (test for excess errors)
XPASS: g++.dg/debug/pr56819.C -gdwarf-2 -g3 -O3 (test for excess errors)
XPASS: g++.dg/debug/pr71432.C -gdwarf-2 (test for excess errors)
XPASS: g++.dg/debug/pr71432.C -gdwarf-2 -O2 (test for excess errors)
XPASS: g++.dg/debug/pr71432.C -gdwarf-2 -O3 (test for excess errors)
XPASS: g++.dg/debug/pr71432.C -gdwarf-2 -g1 (test for excess errors)
XPASS: g++.dg/debug/pr71432.C -gdwarf-2 -g1 -O2 (test for excess errors)
XPASS: g++.dg/debug/pr71432.C -gdwarf-2 -g1 -O3 (test for excess errors)
XPASS: g++.dg/debug/pr71432.C -gdwarf-2 -g3 (test for excess errors)
XPASS: g++.dg/debug/pr71432.C -gdwarf-2 -g3 -O2 (test for excess errors)
XPASS: g++.dg/debug/pr71432.C -gdwarf-2 -g3 -O3 (test for excess errors)
XPASS: g++.dg/debug/pr84704.C -gdwarf-2 (test for excess errors)
XPASS: g++.dg/debug/pr84704.C -gdwarf-2 -O2 (test for excess errors)
XPASS: g++.dg/debug/pr84704.C -gdwarf-2 -O3 (test for excess errors)
XPASS: g++.dg/debug/pr84704.C -gdwarf-2 -g1 (test for excess errors)
XPASS: g++.dg/debug/pr84704.C -gdwarf-2 -g1 -O2 (test for excess errors)
XPASS: g++.dg/debug/pr84704.C -gdwarf-2 -g1 -O3 (test for excess errors)
XPASS: g++.dg/debug/pr84704.C -gdwarf-2 -g3 (test for excess errors)
XPASS: g++.dg/debug/pr84704.C -gdwarf-2 -g3 -O2 (test for excess errors)
XPASS: g++.dg/debug/pr84704.C -gdwarf-2 -g3 -O3 (test for excess errors)
XPASS: g++.dg/debug/pr94272.C -gdwarf-2 (test for excess errors)
XPASS: g++.dg/debug/pr94272.C -gdwarf-2 -O2 (test for excess errors)
XPASS: g++.dg/debug/pr94272.C -gdwarf-2 -O3 (test for excess errors)
XPASS: g++.dg/debug/pr94272.C -gdwarf-2 -g1 (test for excess errors)
XPASS: g++.dg/debug/pr94272.C -gdwarf-2 -g1 -O2 (test for excess errors)
XPASS: g++.dg/debug/pr94272.C -gdwarf-2 -g1 -O3 (test for excess errors)
XPASS: g++.dg/debug/pr94272.C -gdwarf-2 -g3 (test for excess errors)
XPASS: g++.dg/debug/pr94272.C -gdwarf-2 -g3 -O2 (test for excess errors)
XPASS: g++.dg/debug/pr94272.C -gdwarf-2 -g3 -O3 (test for excess errors)
XPASS: g++.dg/debug/pr94281.C -gdwarf-2 (test for excess errors)
XPASS: g++.dg/debug/pr94281.C -gdwarf-2 -O2 (test for excess errors)
XPASS: g++.dg/debug/pr94281.C -gdwarf-2 -O3 (test for excess errors)
XPASS: g++.dg/debug/pr94281.C -gdwarf-2 -g1 (test for excess errors)
XPASS: g++.dg/debug/pr94281.C -gdwarf-2 -g1 -O2 (test for excess errors)
XPASS: g++.dg/debug/pr94281.C -gdwarf-2 -g1 -O3 (test for excess errors)
XPASS: g++.dg/debug/pr94281.C -gdwarf-2 -g3 (test for excess errors)
XPASS: g++.dg/debug/pr94281.C -gdwarf-2 -g3 -O2 (test for excess errors)
XPASS: g++.dg/debug/pr94281.C -gdwarf-2 -g3 -O3 (test for excess errors)
XPASS: g++.dg/debug/pr94323.C -gdwarf-2 (test for excess errors)
XPASS: g++.dg/debug/pr94323.C -gdwarf-2 -O2 (test for excess errors)
XPASS: g++.dg/debug/pr94323.C -gdwarf-2 -O3 (test for excess errors)
XPASS: g++.dg/debug/pr94323.C -gdwarf-2 -g1 (test for excess errors)
XPASS: g++.dg/debug/pr94323.C -gdwarf-2 -g1 -O2 (test for excess errors)
XPASS: g++.dg/debug/pr94323.C -gdwarf-2 -g1 -O3 (test for excess errors)
XPASS: g++.dg/debug/pr94323.C -gdwarf-2 -g3 (test for excess errors)
XPASS: g++.dg/debug/pr94323.C -gdwarf-2 -g3 -O2 (test for excess errors)
XPASS: g++.dg/debug/pr94323.C -gdwarf-2 -g3 -O3 (test for excess errors)
XPASS: g++.dg/debug/dwarf2/constexpr-var-1.C   scan-assembler-times  DW_AT_const_expr 2
XPASS: g++.dg/debug/dwarf2/deleted-member-function.C   scan-assembler-times  DW_AT_deleted 2
FAIL: g++.dg/contracts/contracts-tmpl-spec2.C   output pattern test
FAIL: g++.dg/cpp0x/udlit-extended-id-1.C  -std=c++14 (test for excess errors)
UNRESOLVED: g++.dg/cpp0x/udlit-extended-id-1.C  -std=c++14 compilation failed to produce executable
FAIL: g++.dg/cpp0x/udlit-extended-id-1.C  -std=c++17 (test for excess errors)
UNRESOLVED: g++.dg/cpp0x/udlit-extended-id-1.C  -std=c++17 compilation failed to produce executable
FAIL: g++.dg/cpp0x/udlit-extended-id-1.C  -std=c++20 (test for excess errors)
UNRESOLVED: g++.dg/cpp0x/udlit-extended-id-1.C  -std=c++20 compilation failed to produce executable
FAIL: g++.dg/cpp23/ext-floating2.C  -std=gnu++23 (test for excess errors)
FAIL: g++.dg/cpp23/ext-floating2.C  -std=gnu++26 (test for excess errors)
FAIL: g++.dg/cpp2a/nontype-float1.C  -std=c++20 (test for excess errors)
XPASS: g++.dg/eh/new1.C  -std=c++98 execution test
FAIL: g++.dg/pr99966.C  -std=gnu++17  scan-tree-dump-not vrp1 "throw"
FAIL: g++.dg/pr99966.C  -std=gnu++20  scan-tree-dump-not vrp1 "throw"
XPASS: g++.dg/template/linkage1.C  -std=c++98  scan-assembler-not (weak|glob)[^\\n]*_Z3fooIXadL_ZL11static_funcvEEEvv
XPASS: g++.dg/tls/thread_local1.C  -std=c++14  scan-assembler-not .comm
XPASS: g++.dg/tls/thread_local1.C  -std=c++17  scan-assembler-not .comm
XPASS: g++.dg/tls/thread_local1.C  -std=c++20  scan-assembler-not .comm
XPASS: g++.dg/torture/pr101373.C   -O0  execution test
XPASS: g++.dg/torture/pr101373.C   -O1  execution test
XPASS: g++.dg/torture/pr101373.C   -O2  execution test
XPASS: g++.dg/torture/pr101373.C   -O3 -g  execution test
XPASS: g++.dg/torture/pr101373.C   -Os  execution test
FAIL: g++.dg/torture/tail-padding1.C   -Os  (internal compiler error: in cxx_eval_call_expression, at cp/constexpr.cc:2918)
FAIL: g++.dg/torture/tail-padding1.C   -Os  (test for excess errors)
UNRESOLVED: g++.dg/torture/tail-padding1.C   -Os  compilation failed to produce executable
XPASS: g++.old-deja/g++.eh/new2.C  -std=gnu++98 execution test
XPASS: g++.old-deja/g++.mike/p755a.C  -std=c++98 execution test

		=== g++ Summary ===

# of expected passes		218496
# of unexpected failures	20
# of unexpected successes	86
# of expected failures		2529
# of unresolved testcases	4
# of unsupported tests		11307
/tmp/GCC/gcc/xg++  version 14.0.0 20230913 (experimental) [src r14-3921-g635a34e2be6] (GCC) 

		=== gcc tests ===


Running target unix
FAIL: gcc.dg/analyzer/out-of-bounds-diagram-17.c (test for excess errors)
FAIL: gcc.dg/analyzer/out-of-bounds-diagram-17.c 2 blank line(s) in output
FAIL: gcc.dg/analyzer/out-of-bounds-diagram-17.c expected multiline pattern lines 14-33
FAIL: gcc.dg/analyzer/out-of-bounds-diagram-18.c (test for excess errors)
FAIL: gcc.dg/analyzer/out-of-bounds-diagram-18.c 2 blank line(s) in output
FAIL: gcc.dg/analyzer/out-of-bounds-diagram-18.c expected multiline pattern lines 14-37
XPASS: gcc.dg/autopar/pr46799.c (test for excess errors)
XPASS: gcc.dg/debug/dwarf2/inline5.c scan-assembler-not \\\\(DIE \\\\(0x([0-9a-f]*)\\\\) DW_TAG_lexical_block\\\\)[^#/!@;\\\\|]*[#/!@;\\\\|]+ +DW_AT.*DW_TAG_lexical_block\\\\)[^#/!@;\\\\|x]*x\\\\1[^#/!@;\\\\|]*[#/!@;\\\\|] +DW_AT_abstract_origin
FAIL: gcc.dg/asm-names.c scan-assembler-not ____frob14
FAIL: gcc.dg/nextafter-2.c execution test
XPASS: gcc.dg/pr41345.c (test for excess errors)
XPASS: gcc.dg/pr42631.c (test for excess errors)
FAIL: gcc.dg/stack-usage-1.c scan-stack-usage foo\\t(256|264)\\tstatic
FAIL: gcc.dg/strlenopt-58.c scan-tree-dump-times optimized "call_in_true_branch_not_eliminated" 0
FAIL: c-c++-common/goacc/firstprivate-mappings-1.c scan-tree-dump omplower "(?n)#pragma omp target oacc_parallel map\\\\(from:array_so \\\\[len: 4\\\\]\\\\) firstprivate\\\\(array_li.[0-9]+\\\\) map\\\\(tofrom:\\\\(\\\\*array.[0-9]+\\\\) \\\\[len: D\\\\.[0-9]+\\\\]\\\\) map\\\\(firstprivate:array \\\\[pointer assign, bias: 0\\\\]\\\\) \\\\["
XPASS: gcc.dg/graphite/pr42729.c (test for excess errors)
XPASS: gcc.dg/graphite/pr42917.c (test for excess errors)
FAIL: gcc.dg/tls/alias-1.c (test for excess errors)
XPASS: gcc.dg/torture/pr59166.c   -O0  (test for excess errors)
XPASS: gcc.dg/torture/pr59166.c   -O1  (test for excess errors)
XPASS: gcc.dg/torture/pr59166.c   -O2  (test for excess errors)
XPASS: gcc.dg/torture/pr59166.c   -O3 -fomit-frame-pointer -funroll-loops -fpeel-loops -ftracer -finline-functions  (test for excess errors)
XPASS: gcc.dg/torture/pr59166.c   -O3 -g  (test for excess errors)
XPASS: gcc.dg/torture/pr59166.c   -Os  (test for excess errors)
FAIL: gcc.dg/tree-ssa/copy-headers-8.c scan-tree-dump-times ch2 "Conditional combines static and invariant" 1
FAIL: gcc.dg/tree-ssa/copy-headers-8.c scan-tree-dump-times ch2 "Will duplicate bb" 2
XPASS: gcc.dg/tree-ssa/cunroll-15.c scan-tree-dump optimized "return 1;"
FAIL: gcc.dg/tree-ssa/update-threading.c scan-tree-dump-times optimized "Invalid sum" 0
XPASS: gcc.dg/vect/costmodel/ppc/costmodel-fast-math-vect-pr29925.c scan-tree-dump-times vect "vectorization not profitable" 1
FAIL: gcc.dg/vect/costmodel/ppc/costmodel-vect-76b.c scan-tree-dump-times vect "vectorized 1 loops" 1
FAIL: gcc.dg/vect/slp-21.c scan-tree-dump-times vect "vectorizing stmts using SLP" 2
XPASS: gcc.dg/vect/slp-24-big-array.c scan-tree-dump-times vect "vectorized 1 loops" 1
XPASS: gcc.dg/vect/slp-24-big-array.c scan-tree-dump-times vect "vectorizing stmts using SLP" 2
XPASS: gcc.dg/vect/slp-24.c scan-tree-dump-times vect "vectorized 1 loops" 1
XPASS: gcc.dg/vect/slp-24.c scan-tree-dump-times vect "vectorizing stmts using SLP" 2
UNRESOLVED: gcc.target/powerpc/dfmode_off.c object-size text == 320
UNRESOLVED: gcc.target/powerpc/dimode_off.c object-size text <= 640
FAIL: gcc.target/powerpc/savres.c  -O2  execution test
FAIL: gcc.target/powerpc/savres.c  -O2 -mno-multiple  execution test
FAIL: gcc.target/powerpc/savres.c  -Os  execution test
FAIL: gcc.target/powerpc/savres.c  -Os -mno-multiple  execution test
FAIL: gcc.target/powerpc/savres.c execution test
XPASS: gcc.target/powerpc/vsx-vectorize-4.c scan-tree-dump-times vect "Alignment of access forced using peeling" 0
XPASS: gcc.target/powerpc/vsx-vectorize-6.c scan-tree-dump-times vect "Alignment of access forced using peeling" 0

		=== gcc Summary ===

# of expected passes		126638
# of unexpected failures	22
# of unexpected successes	20
# of expected failures		1295
# of unresolved testcases	2
# of unsupported tests		3795
/tmp/GCC/gcc/xgcc  version 14.0.0 20230913 (experimental) [src r14-3921-g635a34e2be6] (GCC) 

		=== gfortran tests ===


Running target unix
XPASS: gfortran.dg/nint_2.f90   -O0  execution test
FAIL: gfortran.dg/vect/fast-math-mgrid-resid.f   -O   scan-tree-dump pcom "vectp_u.*__lsm.* = PHI <.*vectp_u.*__lsm"

		=== gfortran Summary ===

# of expected passes		67200
# of unexpected failures	1
# of unexpected successes	1
# of expected failures		275
# of unsupported tests		502
/tmp/GCC/gcc/gfortran  version 14.0.0 20230913 (experimental) [src r14-3921-g635a34e2be6] (GCC) 

		=== libatomic tests ===


Running target unix

		=== libatomic Summary ===

# of expected passes		44
# of unsupported tests		5
		=== libgomp tests ===


Running target unix
FAIL: libgomp.fortran/appendix-a/a.28.2.f90   -O3 -g  execution test
FAIL: libgomp.fortran/async_io_2.f90   -O  execution test
FAIL: libgomp.fortran/async_io_3.f90   -O0  execution test
FAIL: libgomp.fortran/async_io_3.f90   -O1  execution test
FAIL: libgomp.fortran/async_io_3.f90   -O2  execution test
FAIL: libgomp.fortran/async_io_3.f90   -O3 -fomit-frame-pointer -funroll-loops -fpeel-loops -ftracer -finline-functions  execution test
FAIL: libgomp.fortran/async_io_3.f90   -O3 -g  execution test
FAIL: libgomp.fortran/async_io_3.f90   -Os  execution test
FAIL: libgomp.fortran/async_io_9.f90   -O0  execution test
FAIL: libgomp.fortran/async_io_9.f90   -O1  execution test
FAIL: libgomp.fortran/async_io_9.f90   -O2  execution test
FAIL: libgomp.fortran/async_io_9.f90   -O3 -fomit-frame-pointer -funroll-loops -fpeel-loops -ftracer -finline-functions  execution test
FAIL: libgomp.fortran/async_io_9.f90   -O3 -g  execution test
FAIL: libgomp.fortran/async_io_9.f90   -Os  execution test
FAIL: libgomp.fortran/omp_workshare1.f   -O  execution test
FAIL: libgomp.fortran/omp_workshare2.f   -O  execution test
FAIL: libgomp.fortran/recursion1.f90   -O0  execution test
FAIL: libgomp.fortran/recursion1.f90   -O1  execution test
FAIL: libgomp.fortran/recursion1.f90   -O2  execution test
WARNING: libgomp.fortran/recursion1.f90   -O3 -fomit-frame-pointer -funroll-loops -fpeel-loops -ftracer -finline-functions  execution test program timed out.
FAIL: libgomp.fortran/recursion1.f90   -O3 -fomit-frame-pointer -funroll-loops -fpeel-loops -ftracer -finline-functions  execution test
FAIL: libgomp.fortran/recursion1.f90   -O3 -g  execution test
WARNING: libgomp.fortran/recursion1.f90   -Os  execution test program timed out.
FAIL: libgomp.fortran/recursion1.f90   -Os  execution test
FAIL: libgomp.fortran/strassen.f90   -O  execution test
FAIL: libgomp.graphite/force-parallel-7.c execution test

		=== libgomp Summary ===

# of expected passes		15156
# of unexpected failures	24
# of expected failures		285
# of unsupported tests		697
		=== libstdc++ tests ===


Running target unix
FAIL: 17_intro/static.cc execution test
FAIL: 23_containers/vector/bool/110807.cc (test for excess errors)
FAIL: 26_numerics/headers/cmath/nextafter_c++23.cc execution test

		=== libstdc++ Summary ===

# of expected passes		13662
# of unexpected failures	3
# of expected failures		116
# of unsupported tests		965

Compiler version: 14.0.0 20230913 (experimental) [src r14-3921-g635a34e2be6] (GCC) 
Platform: powerpc-ibm-aix7.2.5.0
configure flags: --disable-werror --enable-languages=c,c++,fortran --with-gmp=/nasfarm/edelsohn/install --with-isl=/nasfarm/edelsohn/install --with-libiconv-prefix=/nasfarm/edelsohn/install --disable-libstdcxx-pch --with-included-gettext --prefix=/nasfarm/edelsohn/install/GCC


More information about the Gcc-testresults mailing list