C/C++ results under Intel SDE for 14.0.0 20230913 (experimental) [native/master r14-3924-gd03773c8efe] (GCC) testsuite on x86_64-pc-linux-gnu

H. J. Lu hjl@gnu-clx-1.sc.intel.com
Wed Sep 13 15:31:36 GMT 2023


LAST_UPDATED: Wed Sep 13 13:40:04 UTC 2023 (revision r14-3924-gd03773c8efe)

Native configuration is x86_64-pc-linux-gnu

		=== gcc tests ===


Running target sde
FAIL: gcc.target/i386/avx-loadu2-m128-1.c scan-assembler \\tvinsertf128\\t
FAIL: gcc.target/i386/avx-loadu2-m128d-1.c scan-assembler \\tvinsertf128\\t
FAIL: gcc.target/i386/avx-loadu2-m128i-1.c scan-assembler \\tvinsert[fi]128\\t
FAIL: gcc.target/i386/avx-storeu2-m128d-1.c scan-assembler \\tvextractf128\\t
FAIL: gcc.target/i386/avx2-vbroadcastss_ps256-1.c scan-assembler vbroadcastss[ \\\\t]+[^\\n]*%xmm[0-9]
FAIL: gcc.target/i386/avx2-vextracti128-1.c scan-assembler vextracti128[ \\\\t]+[^\\n]*%ymm[0-9]
FAIL: gcc.target/i386/avx2-vinserti128-1.c scan-assembler vinserti128[ \\\\t]+[^\\n]
FAIL: gcc.target/i386/avx256-unaligned-load-3.c scan-assembler (sse2_loadupd|vmovupd[^\\n\\r]*movv2df_internal)
FAIL: gcc.target/i386/avx256-unaligned-load-3.c scan-assembler vinsertf128
FAIL: gcc.target/i386/avx512er-vrcp28ps-4.c scan-assembler-times vrcp28ps[^\\n\\r]*zmm[0-9]+(?:\\n|[ \\\\t]+#) 1
FAIL: gcc.target/i386/avx512er-vrsqrt28ps-4.c scan-assembler-times vrsqrt28ps[^\\n\\r]*zmm[0-9]+(?:\\n|[ \\\\t]+#) 1
FAIL: gcc.target/i386/avx512er-vrsqrt28ps-6.c scan-assembler-times vrcp28ps[^\\n\\r]*zmm[0-9]+(?:\\n|[ \\\\t]+#) 1
FAIL: gcc.target/i386/avx512er-vrsqrt28ps-6.c scan-assembler-times vrsqrt28ps[^\\n\\r]*zmm[0-9]+(?:\\n|[ \\\\t]+#) 1
FAIL: gcc.target/i386/avx512f-ceil-sfix-vec-2.c scan-assembler-times vcvttpd2dq[^\\n]*zmm[0-9].{7}(?:\\n|[ \\\\t]+#) 2
FAIL: gcc.target/i386/avx512f-ceil-sfix-vec-2.c scan-assembler-times vrndscalepd[^\\n]*zmm[0-9](?:\\n|[ \\\\t]+#) 2
FAIL: gcc.target/i386/avx512f-ceil-vec-2.c scan-assembler-times vrndscalepd[^\\n]+zmm[0-9](?:\\n|[ \\\\t]+#) 1
FAIL: gcc.target/i386/avx512f-ceilf-sfix-vec-2.c scan-assembler-times vcvttps2dq[^\\n]+zmm[0-9].{7}(?:\\n|[ \\\\t]+#) 1
FAIL: gcc.target/i386/avx512f-ceilf-sfix-vec-2.c scan-assembler-times vrndscaleps[^\\n]+zmm[0-9](?:\\n|[ \\\\t]+#) 1
FAIL: gcc.target/i386/avx512f-ceilf-vec-2.c scan-assembler-times vrndscaleps[^\\n]+zmm[0-9](?:\\n|[ \\\\t]+#) 1
FAIL: gcc.target/i386/avx512f-floor-sfix-vec-2.c scan-assembler-times vcvttpd2dq[^\\n]*zmm[0-9].{7}(?:\\n|[ \\\\t]+#) 2
FAIL: gcc.target/i386/avx512f-floor-sfix-vec-2.c scan-assembler-times vrndscalepd[^\\n]*zmm[0-9](?:\\n|[ \\\\t]+#) 2
FAIL: gcc.target/i386/avx512f-floor-vec-2.c scan-assembler-times vrndscalepd[^\\n]+zmm[0-9](?:\\n|[ \\\\t]+#) 1
FAIL: gcc.target/i386/avx512f-floorf-sfix-vec-2.c scan-assembler-times vcvttps2dq[^\\n]+zmm[0-9].{7}(?:\\n|[ \\\\t]+#) 1
FAIL: gcc.target/i386/avx512f-floorf-sfix-vec-2.c scan-assembler-times vrndscaleps[^\\n]+zmm[0-9](?:\\n|[ \\\\t]+#) 1
FAIL: gcc.target/i386/avx512f-floorf-vec-2.c scan-assembler-times vrndscaleps[^\\n]+zmm[0-9](?:\\n|[ \\\\t]+#) 1
FAIL: gcc.target/i386/avx512f-rint-sfix-vec-2.c scan-assembler-times vcvtpd2dq[^\\n]+ymm[0-9](?:\\n|[ \\\\t]+#) 2
FAIL: gcc.target/i386/avx512f-rint-sfix-vec-2.c scan-assembler-times vinserti64x4[^\\n]+zmm[0-9](?:\\n|[ \\\\t]+#) 1
FAIL: gcc.target/i386/avx512f-rintf-sfix-vec-2.c scan-assembler-times vcvtps2dq[^\\n]+zmm[0-9](?:\\n|[ \\\\t]+#) 1
FAIL: gcc.target/i386/avx512f-round-sfix-vec-2.c scan-assembler-times vcvttpd2dq[^\\n]+zmm[0-9].{7}(?:\\n|[ \\\\t]+#) 2
FAIL: gcc.target/i386/avx512f-round-sfix-vec-2.c scan-assembler-times vrndscalepd[^\\n]+zmm[0-9](?:\\n|[ \\\\t]+#) 2
FAIL: gcc.target/i386/avx512f-roundf-sfix-vec-2.c scan-assembler-times vcvttps2dq[^\\n]+zmm[0-9].{7}(?:\\n|[ \\\\t]+#) 1
FAIL: gcc.target/i386/avx512f-roundf-sfix-vec-2.c scan-assembler-times vrndscaleps[^\\n]+zmm[0-9](?:\\n|[ \\\\t]+#) 1
FAIL: gcc.target/i386/avx512f-trunc-vec-2.c scan-assembler-times vrndscalepd[^\\n]+zmm[0-9](?:\\n|[ \\\\t]+#) 1
FAIL: gcc.target/i386/avx512f-truncf-vec-2.c scan-assembler-times vrndscaleps[^\\n]+zmm[0-9](?:\\n|[ \\\\t]+#) 1
FAIL: gcc.target/i386/avx512f-vec-init.c scan-assembler-times vpbroadcastb[ \\\\t]+[^{\\n]*%ymm[0-9]+(?:\\n|[ \\\\t]+#) 2
FAIL: gcc.target/i386/avx512f-vec-init.c scan-assembler-times vpbroadcastw[ \\\\t]+[^{\\n]*%ymm[0-9]+(?:\\n|[ \\\\t]+#) 2
FAIL: gcc.target/i386/fma4-256-vector.c scan-assembler vfmaddpd
FAIL: gcc.target/i386/fma4-256-vector.c scan-assembler vfmaddps
FAIL: gcc.target/i386/fma4-256-vector.c scan-assembler vfmsubpd
FAIL: gcc.target/i386/fma4-256-vector.c scan-assembler vfmsubps
FAIL: gcc.target/i386/fma4-256-vector.c scan-assembler vfnmaddpd
FAIL: gcc.target/i386/fma4-256-vector.c scan-assembler vfnmaddps
FAIL: gcc.target/i386/fma4-builtin-2.c scan-assembler-times vfmaddpd 1
FAIL: gcc.target/i386/fma4-builtin-2.c scan-assembler-times vfmaddps 1
FAIL: gcc.target/i386/fma4-builtin-2.c scan-assembler-times vfmsubpd 1
FAIL: gcc.target/i386/fma4-builtin-2.c scan-assembler-times vfmsubps 1
FAIL: gcc.target/i386/fma4-builtin-2.c scan-assembler-times vfnmaddpd 1
FAIL: gcc.target/i386/fma4-builtin-2.c scan-assembler-times vfnmaddps 1
FAIL: gcc.target/i386/fma4-builtin-2.c scan-assembler-times vfnmsubpd 1
FAIL: gcc.target/i386/fma4-builtin-2.c scan-assembler-times vfnmsubps 1
FAIL: gcc.target/i386/fma4-vector-2.c scan-assembler vfmaddps
FAIL: gcc.target/i386/fma4-vector-2.c scan-assembler vfmsubps
FAIL: gcc.target/i386/fma4-vector.c scan-assembler vfmaddpd
FAIL: gcc.target/i386/fma4-vector.c scan-assembler vfmaddps
FAIL: gcc.target/i386/fma4-vector.c scan-assembler vfmsubpd
FAIL: gcc.target/i386/fma4-vector.c scan-assembler vfmsubps
FAIL: gcc.target/i386/fma4-vector.c scan-assembler vfnmaddpd
FAIL: gcc.target/i386/fma4-vector.c scan-assembler vfnmaddps
FAIL: gcc.target/i386/mask-unpack.c scan-tree-dump-times vect "vectorized 1 loops" 10
FAIL: gcc.target/i386/minmax-9.c scan-assembler-times test 3
FAIL: gcc.target/i386/pr101395-2.c execution test
FAIL: gcc.target/i386/pr106910-1.c scan-assembler-times roundps 9
FAIL: gcc.target/i386/pr42542-5a.c scan-assembler pcmpgtq
FAIL: gcc.target/i386/pr43644-2.c scan-assembler-times movq 1
FAIL: gcc.target/i386/pr49168-1.c scan-assembler movups[\\t ]*%xmm[0-9]+,[^,]*
FAIL: gcc.target/i386/pr53652-1.c scan-assembler-not vpternlogq[ \\\\t]
FAIL: gcc.target/i386/pr53652-1.c scan-assembler-times pandn[ \\\\t] 2
XPASS: gcc.target/i386/pr54855-9.c scan-assembler-not movaps
FAIL: gcc.target/i386/pr57233.c scan-assembler vpslld[^\\n\\r]*2
FAIL: gcc.target/i386/pr57233.c scan-assembler vpsrld[^\\n\\r]*30
FAIL: gcc.target/i386/pr59390.c scan-assembler-not vfmadd
FAIL: gcc.target/i386/pr70325.c  (test for warnings, line 11)
FAIL: gcc.target/i386/pr70325.c (test for excess errors)
FAIL: gcc.target/i386/pr80846-1.c scan-assembler-times vextracti 2
FAIL: gcc.target/i386/pr82580.c scan-assembler-not \\\\mmovzb
FAIL: gcc.target/i386/pr84876.c  (test for errors, line 6)
FAIL: gcc.target/i386/pr85950.c scan-assembler-times roundsd 4
FAIL: gcc.target/i386/pr91333.c scan-assembler-times vmovapd|vmovsd 3
FAIL: gcc.target/i386/pr91897.c scan-assembler-times movapd 8
FAIL: gcc.target/i386/pr92645.c scan-tree-dump-times optimized "vec_unpack_" 4
FAIL: gcc.target/i386/recip-vec-divf-avx.c scan-assembler vrcpps[ \\\\t]+[^\\n]*%ymm
FAIL: gcc.target/i386/recip-vec-sqrtf-avx.c scan-assembler-times vrsqrtps[ \\\\t]+[^\\n]*%ymm 3
FAIL: gcc.target/i386/sse2-v1ti-vne.c scan-assembler-times pxor 3
FAIL: gcc.target/i386/sse4_1-round-roundeven-1.c scan-assembler-times roundsd[^\\n\\r]*xmm 1
FAIL: gcc.target/i386/sse4_1-round-roundeven-1.c scan-assembler-times roundss[^\\n\\r]*xmm 1
FAIL: gcc.target/i386/vect-pack-trunc-1.c scan-assembler-times vpmovwb[ \\\\t]+[^\\n]*%zmm 2
FAIL: gcc.target/i386/vect-pack-trunc-2.c scan-assembler-times vperm[it]2w[ \\\\t]+[^\\n]*%zmm 1
FAIL: gcc.target/i386/vect-perm-even-1.c scan-assembler-times vpmovwb[ \\\\t]+[^\\n]*%zmm 2
FAIL: gcc.target/i386/vect-perm-odd-1.c scan-assembler-times vpmovwb[ \\\\t]+[^\\n]*%zmm 4
FAIL: gcc.target/i386/vect-unpack-1.c scan-assembler-times vpmovzxbw[ \\\\t]+[^\\n]*%zmm 2
FAIL: gcc.target/i386/vect-unpack-2.c scan-assembler-times vpmovsxbw[ \\\\t]+[^\\n]*%zmm 2
FAIL: gcc.target/i386/vectorize4-avx.c scan-assembler vsqrtpd[ \\\\t]+[^\\n]*%ymm
FAIL: gcc.target/i386/vectorize7.c scan-assembler cvtdq2ps

		=== gcc Summary for sde ===

# of expected passes		24930
# of unexpected failures	92
# of unexpected successes	1
# of expected failures		25
# of unsupported tests		400

Running target sde/-m32
FAIL: gcc.target/i386/avx-loadu2-m128-1.c scan-assembler \\tvinsertf128\\t
FAIL: gcc.target/i386/avx-loadu2-m128d-1.c scan-assembler \\tvinsertf128\\t
FAIL: gcc.target/i386/avx-loadu2-m128i-1.c scan-assembler \\tvinsert[fi]128\\t
FAIL: gcc.target/i386/avx-storeu2-m128d-1.c scan-assembler \\tvextractf128\\t
FAIL: gcc.target/i386/avx2-vbroadcastss_ps256-1.c scan-assembler vbroadcastss[ \\\\t]+[^\\n]*%xmm[0-9]
FAIL: gcc.target/i386/avx2-vextracti128-1.c scan-assembler vextracti128[ \\\\t]+[^\\n]*%ymm[0-9]
FAIL: gcc.target/i386/avx2-vinserti128-1.c scan-assembler vinserti128[ \\\\t]+[^\\n]
FAIL: gcc.target/i386/avx256-unaligned-load-3.c scan-assembler (sse2_loadupd|vmovupd[^\\n\\r]*movv2df_internal)
FAIL: gcc.target/i386/avx256-unaligned-load-3.c scan-assembler vinsertf128
FAIL: gcc.target/i386/avx512er-vrcp28ps-4.c scan-assembler-times vrcp28ps[^\\n\\r]*zmm[0-9]+(?:\\n|[ \\\\t]+#) 1
FAIL: gcc.target/i386/avx512er-vrsqrt28ps-4.c scan-assembler-times vrsqrt28ps[^\\n\\r]*zmm[0-9]+(?:\\n|[ \\\\t]+#) 1
FAIL: gcc.target/i386/avx512er-vrsqrt28ps-6.c scan-assembler-times vrcp28ps[^\\n\\r]*zmm[0-9]+(?:\\n|[ \\\\t]+#) 1
FAIL: gcc.target/i386/avx512er-vrsqrt28ps-6.c scan-assembler-times vrsqrt28ps[^\\n\\r]*zmm[0-9]+(?:\\n|[ \\\\t]+#) 1
FAIL: gcc.target/i386/avx512f-ceil-sfix-vec-2.c scan-assembler-times vcvttpd2dq[^\\n]*zmm[0-9].{7}(?:\\n|[ \\\\t]+#) 2
FAIL: gcc.target/i386/avx512f-ceil-sfix-vec-2.c scan-assembler-times vrndscalepd[^\\n]*zmm[0-9](?:\\n|[ \\\\t]+#) 2
FAIL: gcc.target/i386/avx512f-ceil-vec-2.c scan-assembler-times vrndscalepd[^\\n]+zmm[0-9](?:\\n|[ \\\\t]+#) 1
FAIL: gcc.target/i386/avx512f-ceilf-sfix-vec-2.c scan-assembler-times vcvttps2dq[^\\n]+zmm[0-9].{7}(?:\\n|[ \\\\t]+#) 1
FAIL: gcc.target/i386/avx512f-ceilf-sfix-vec-2.c scan-assembler-times vrndscaleps[^\\n]+zmm[0-9](?:\\n|[ \\\\t]+#) 1
FAIL: gcc.target/i386/avx512f-ceilf-vec-2.c scan-assembler-times vrndscaleps[^\\n]+zmm[0-9](?:\\n|[ \\\\t]+#) 1
FAIL: gcc.target/i386/avx512f-floor-sfix-vec-2.c scan-assembler-times vcvttpd2dq[^\\n]*zmm[0-9].{7}(?:\\n|[ \\\\t]+#) 2
FAIL: gcc.target/i386/avx512f-floor-sfix-vec-2.c scan-assembler-times vrndscalepd[^\\n]*zmm[0-9](?:\\n|[ \\\\t]+#) 2
FAIL: gcc.target/i386/avx512f-floor-vec-2.c scan-assembler-times vrndscalepd[^\\n]+zmm[0-9](?:\\n|[ \\\\t]+#) 1
FAIL: gcc.target/i386/avx512f-floorf-sfix-vec-2.c scan-assembler-times vcvttps2dq[^\\n]+zmm[0-9].{7}(?:\\n|[ \\\\t]+#) 1
FAIL: gcc.target/i386/avx512f-floorf-sfix-vec-2.c scan-assembler-times vrndscaleps[^\\n]+zmm[0-9](?:\\n|[ \\\\t]+#) 1
FAIL: gcc.target/i386/avx512f-floorf-vec-2.c scan-assembler-times vrndscaleps[^\\n]+zmm[0-9](?:\\n|[ \\\\t]+#) 1
FAIL: gcc.target/i386/avx512f-rint-sfix-vec-2.c scan-assembler-times vcvtpd2dq[^\\n]+ymm[0-9](?:\\n|[ \\\\t]+#) 2
FAIL: gcc.target/i386/avx512f-rint-sfix-vec-2.c scan-assembler-times vinserti64x4[^\\n]+zmm[0-9](?:\\n|[ \\\\t]+#) 1
FAIL: gcc.target/i386/avx512f-rintf-sfix-vec-2.c scan-assembler-times vcvtps2dq[^\\n]+zmm[0-9](?:\\n|[ \\\\t]+#) 1
FAIL: gcc.target/i386/avx512f-round-sfix-vec-2.c scan-assembler-times vcvttpd2dq[^\\n]+zmm[0-9].{7}(?:\\n|[ \\\\t]+#) 2
FAIL: gcc.target/i386/avx512f-round-sfix-vec-2.c scan-assembler-times vrndscalepd[^\\n]+zmm[0-9](?:\\n|[ \\\\t]+#) 2
FAIL: gcc.target/i386/avx512f-roundf-sfix-vec-2.c scan-assembler-times vcvttps2dq[^\\n]+zmm[0-9].{7}(?:\\n|[ \\\\t]+#) 1
FAIL: gcc.target/i386/avx512f-roundf-sfix-vec-2.c scan-assembler-times vrndscaleps[^\\n]+zmm[0-9](?:\\n|[ \\\\t]+#) 1
FAIL: gcc.target/i386/avx512f-trunc-vec-2.c scan-assembler-times vrndscalepd[^\\n]+zmm[0-9](?:\\n|[ \\\\t]+#) 1
FAIL: gcc.target/i386/avx512f-truncf-vec-2.c scan-assembler-times vrndscaleps[^\\n]+zmm[0-9](?:\\n|[ \\\\t]+#) 1
FAIL: gcc.target/i386/avx512f-vec-init.c scan-assembler-times vpbroadcastb[ \\\\t]+[^{\\n]*%ymm[0-9]+(?:\\n|[ \\\\t]+#) 2
FAIL: gcc.target/i386/avx512f-vec-init.c scan-assembler-times vpbroadcastw[ \\\\t]+[^{\\n]*%ymm[0-9]+(?:\\n|[ \\\\t]+#) 2
XPASS: gcc.target/i386/bitwise_mask_op-3.c scan-assembler-times kmovb[\\t ] 4
XPASS: gcc.target/i386/bitwise_mask_op-3.c scan-assembler-times korb[\\t ] 1
XPASS: gcc.target/i386/bitwise_mask_op-3.c scan-assembler-times kxorb[\\t ] 1
FAIL: gcc.target/i386/fma4-builtin-2.c scan-assembler-times vfmaddpd 1
FAIL: gcc.target/i386/fma4-builtin-2.c scan-assembler-times vfmaddps 1
FAIL: gcc.target/i386/fma4-builtin-2.c scan-assembler-times vfmsubpd 1
FAIL: gcc.target/i386/fma4-builtin-2.c scan-assembler-times vfmsubps 1
FAIL: gcc.target/i386/fma4-builtin-2.c scan-assembler-times vfnmaddpd 1
FAIL: gcc.target/i386/fma4-builtin-2.c scan-assembler-times vfnmaddps 1
FAIL: gcc.target/i386/fma4-builtin-2.c scan-assembler-times vfnmsubpd 1
FAIL: gcc.target/i386/fma4-builtin-2.c scan-assembler-times vfnmsubps 1
FAIL: gcc.target/i386/mask-unpack.c scan-tree-dump-times vect "vectorized 1 loops" 10
FAIL: gcc.target/i386/pr100711-1.c scan-assembler-times pandn 2
FAIL: gcc.target/i386/pr100711-2.c scan-assembler-times vpandn 8
FAIL: gcc.target/i386/pr42542-5a.c scan-assembler pcmpgtq
FAIL: gcc.target/i386/pr49168-1.c scan-assembler movups[\\t ]*%xmm[0-9]+,[^,]*
FAIL: gcc.target/i386/pr53652-1.c scan-assembler-not vpternlogq[ \\\\t]
FAIL: gcc.target/i386/pr53652-1.c scan-assembler-times pandn[ \\\\t] 2
XPASS: gcc.target/i386/pr54855-9.c scan-assembler-not movaps
FAIL: gcc.target/i386/pr57233.c scan-assembler vpslld[^\\n\\r]*2
FAIL: gcc.target/i386/pr57233.c scan-assembler vpsrld[^\\n\\r]*30
FAIL: gcc.target/i386/pr59390.c scan-assembler-not vfmadd
FAIL: gcc.target/i386/pr70322-3.c scan-assembler pxor
FAIL: gcc.target/i386/pr70325.c  (test for warnings, line 11)
FAIL: gcc.target/i386/pr70325.c (test for excess errors)
FAIL: gcc.target/i386/pr78904-4.c scan-assembler [ \\t]movb[\\t ]+%.h, t
FAIL: gcc.target/i386/pr80846-1.c scan-assembler-times vextracti 2
FAIL: gcc.target/i386/pr85950.c scan-assembler-times roundsd 2
FAIL: gcc.target/i386/pr91897.c scan-assembler-times movapd 8
FAIL: gcc.target/i386/pr92645.c scan-tree-dump-times optimized "vec_unpack_" 4
FAIL: gcc.target/i386/pr97873-1.c scan-assembler pabsq
FAIL: gcc.target/i386/recip-vec-divf-avx.c scan-assembler vrcpps[ \\\\t]+[^\\n]*%ymm
FAIL: gcc.target/i386/recip-vec-sqrtf-avx.c scan-assembler-times vrsqrtps[ \\\\t]+[^\\n]*%ymm 3
FAIL: gcc.target/i386/sse4_1-round-roundeven-1.c scan-assembler-times roundsd[^\\n\\r]*xmm 1
FAIL: gcc.target/i386/sse4_1-round-roundeven-1.c scan-assembler-times roundss[^\\n\\r]*xmm 1
FAIL: gcc.target/i386/vect-pack-trunc-1.c scan-assembler-times vpmovwb[ \\\\t]+[^\\n]*%zmm 2
FAIL: gcc.target/i386/vect-pack-trunc-2.c scan-assembler-times vperm[it]2w[ \\\\t]+[^\\n]*%zmm 1
FAIL: gcc.target/i386/vect-perm-even-1.c scan-assembler-times vpmovwb[ \\\\t]+[^\\n]*%zmm 2
FAIL: gcc.target/i386/vect-perm-odd-1.c scan-assembler-times vpmovwb[ \\\\t]+[^\\n]*%zmm 4
FAIL: gcc.target/i386/vect-unpack-1.c scan-assembler-times vpmovzxbw[ \\\\t]+[^\\n]*%zmm 2
FAIL: gcc.target/i386/vect-unpack-2.c scan-assembler-times vpmovsxbw[ \\\\t]+[^\\n]*%zmm 2
FAIL: gcc.target/i386/vectorize4-avx.c scan-assembler vsqrtpd[ \\\\t]+[^\\n]*%ymm
FAIL: gcc.target/i386/vectorize7.c scan-assembler cvtdq2ps
FAIL: gcc.target/i386/xchg-2.c scan-assembler xchgb

		=== gcc Summary for sde/-m32 ===

# of expected passes		23095
# of unexpected failures	76
# of unexpected successes	4
# of expected failures		31
# of unsupported tests		935

		=== gcc Summary ===

# of expected passes		48025
# of unexpected failures	168
# of unexpected successes	5
# of expected failures		56
# of unsupported tests		1335
/export/gnu/import/git/gcc-test-master-intel64-native/bld/gcc/xgcc  version 14.0.0 20230913 (experimental) [native/master r14-3924-gd03773c8efe] (GCC) 

		=== g++ tests ===


Running target sde
FAIL: g++.target/i386/mv28.C  -std=c++14  (test for errors, line 10)
FAIL: g++.target/i386/mv28.C  -std=c++14  (test for errors, line 11)
FAIL: g++.target/i386/mv28.C  -std=c++14  (test for errors, line 12)
FAIL: g++.target/i386/mv28.C  -std=c++14  (test for errors, line 13)
FAIL: g++.target/i386/mv28.C  -std=c++14  (test for errors, line 14)
FAIL: g++.target/i386/mv28.C  -std=c++14  (test for errors, line 15)
FAIL: g++.target/i386/mv28.C  -std=c++14  (test for errors, line 16)
FAIL: g++.target/i386/mv28.C  -std=c++14  (test for errors, line 17)
FAIL: g++.target/i386/mv28.C  -std=c++14  (test for errors, line 18)
FAIL: g++.target/i386/mv28.C  -std=c++14  (test for errors, line 19)
FAIL: g++.target/i386/mv28.C  -std=c++14  (test for errors, line 4)
FAIL: g++.target/i386/mv28.C  -std=c++14  (test for errors, line 5)
FAIL: g++.target/i386/mv28.C  -std=c++14  (test for errors, line 6)
FAIL: g++.target/i386/mv28.C  -std=c++14  (test for errors, line 7)
FAIL: g++.target/i386/mv28.C  -std=c++14  (test for errors, line 8)
FAIL: g++.target/i386/mv28.C  -std=c++14  (test for errors, line 9)
FAIL: g++.target/i386/mv28.C  -std=c++17  (test for errors, line 10)
FAIL: g++.target/i386/mv28.C  -std=c++17  (test for errors, line 11)
FAIL: g++.target/i386/mv28.C  -std=c++17  (test for errors, line 12)
FAIL: g++.target/i386/mv28.C  -std=c++17  (test for errors, line 13)
FAIL: g++.target/i386/mv28.C  -std=c++17  (test for errors, line 14)
FAIL: g++.target/i386/mv28.C  -std=c++17  (test for errors, line 15)
FAIL: g++.target/i386/mv28.C  -std=c++17  (test for errors, line 16)
FAIL: g++.target/i386/mv28.C  -std=c++17  (test for errors, line 17)
FAIL: g++.target/i386/mv28.C  -std=c++17  (test for errors, line 18)
FAIL: g++.target/i386/mv28.C  -std=c++17  (test for errors, line 19)
FAIL: g++.target/i386/mv28.C  -std=c++17  (test for errors, line 4)
FAIL: g++.target/i386/mv28.C  -std=c++17  (test for errors, line 5)
FAIL: g++.target/i386/mv28.C  -std=c++17  (test for errors, line 6)
FAIL: g++.target/i386/mv28.C  -std=c++17  (test for errors, line 7)
FAIL: g++.target/i386/mv28.C  -std=c++17  (test for errors, line 8)
FAIL: g++.target/i386/mv28.C  -std=c++17  (test for errors, line 9)
FAIL: g++.target/i386/mv28.C  -std=c++20  (test for errors, line 10)
FAIL: g++.target/i386/mv28.C  -std=c++20  (test for errors, line 11)
FAIL: g++.target/i386/mv28.C  -std=c++20  (test for errors, line 12)
FAIL: g++.target/i386/mv28.C  -std=c++20  (test for errors, line 13)
FAIL: g++.target/i386/mv28.C  -std=c++20  (test for errors, line 14)
FAIL: g++.target/i386/mv28.C  -std=c++20  (test for errors, line 15)
FAIL: g++.target/i386/mv28.C  -std=c++20  (test for errors, line 16)
FAIL: g++.target/i386/mv28.C  -std=c++20  (test for errors, line 17)
FAIL: g++.target/i386/mv28.C  -std=c++20  (test for errors, line 18)
FAIL: g++.target/i386/mv28.C  -std=c++20  (test for errors, line 19)
FAIL: g++.target/i386/mv28.C  -std=c++20  (test for errors, line 4)
FAIL: g++.target/i386/mv28.C  -std=c++20  (test for errors, line 5)
FAIL: g++.target/i386/mv28.C  -std=c++20  (test for errors, line 6)
FAIL: g++.target/i386/mv28.C  -std=c++20  (test for errors, line 7)
FAIL: g++.target/i386/mv28.C  -std=c++20  (test for errors, line 8)
FAIL: g++.target/i386/mv28.C  -std=c++20  (test for errors, line 9)
FAIL: g++.target/i386/mv28.C  -std=c++98  (test for errors, line 10)
FAIL: g++.target/i386/mv28.C  -std=c++98  (test for errors, line 11)
FAIL: g++.target/i386/mv28.C  -std=c++98  (test for errors, line 12)
FAIL: g++.target/i386/mv28.C  -std=c++98  (test for errors, line 13)
FAIL: g++.target/i386/mv28.C  -std=c++98  (test for errors, line 14)
FAIL: g++.target/i386/mv28.C  -std=c++98  (test for errors, line 15)
FAIL: g++.target/i386/mv28.C  -std=c++98  (test for errors, line 16)
FAIL: g++.target/i386/mv28.C  -std=c++98  (test for errors, line 17)
FAIL: g++.target/i386/mv28.C  -std=c++98  (test for errors, line 18)
FAIL: g++.target/i386/mv28.C  -std=c++98  (test for errors, line 19)
FAIL: g++.target/i386/mv28.C  -std=c++98  (test for errors, line 4)
FAIL: g++.target/i386/mv28.C  -std=c++98  (test for errors, line 5)
FAIL: g++.target/i386/mv28.C  -std=c++98  (test for errors, line 6)
FAIL: g++.target/i386/mv28.C  -std=c++98  (test for errors, line 7)
FAIL: g++.target/i386/mv28.C  -std=c++98  (test for errors, line 8)
FAIL: g++.target/i386/mv28.C  -std=c++98  (test for errors, line 9)
FAIL: g++.target/i386/pr82625.C  -std=gnu++14  scan-tree-dump-times optimized "return 4096;" 1
FAIL: g++.target/i386/pr82625.C  -std=gnu++14  scan-tree-dump-times optimized "return 8192;" 1
FAIL: g++.target/i386/pr82625.C  -std=gnu++17  scan-tree-dump-times optimized "return 4096;" 1
FAIL: g++.target/i386/pr82625.C  -std=gnu++17  scan-tree-dump-times optimized "return 8192;" 1
FAIL: g++.target/i386/pr82625.C  -std=gnu++20  scan-tree-dump-times optimized "return 4096;" 1
FAIL: g++.target/i386/pr82625.C  -std=gnu++20  scan-tree-dump-times optimized "return 8192;" 1
FAIL: g++.target/i386/pr82625.C  -std=gnu++98  scan-tree-dump-times optimized "return 4096;" 1
FAIL: g++.target/i386/pr82625.C  -std=gnu++98  scan-tree-dump-times optimized "return 8192;" 1
FAIL: g++.target/i386/pr98218-1.C  -std=gnu++14  scan-assembler-times cmpltps 3
FAIL: g++.target/i386/pr98218-1.C  -std=gnu++14  scan-assembler-times pcmpgtd 2
FAIL: g++.target/i386/pr98218-1.C  -std=gnu++17  scan-assembler-times cmpltps 3
FAIL: g++.target/i386/pr98218-1.C  -std=gnu++17  scan-assembler-times pcmpgtd 2
FAIL: g++.target/i386/pr98218-1.C  -std=gnu++20  scan-assembler-times cmpltps 3
FAIL: g++.target/i386/pr98218-1.C  -std=gnu++20  scan-assembler-times pcmpgtd 2
FAIL: g++.target/i386/pr98218-1.C  -std=gnu++98  scan-assembler-times cmpltps 3
FAIL: g++.target/i386/pr98218-1.C  -std=gnu++98  scan-assembler-times pcmpgtd 2

		=== g++ Summary for sde ===

# of expected passes		1078
# of unexpected failures	80
# of unsupported tests		64

Running target sde/-m32
FAIL: g++.target/i386/mv28.C  -std=c++14  (test for errors, line 10)
FAIL: g++.target/i386/mv28.C  -std=c++14  (test for errors, line 11)
FAIL: g++.target/i386/mv28.C  -std=c++14  (test for errors, line 12)
FAIL: g++.target/i386/mv28.C  -std=c++14  (test for errors, line 13)
FAIL: g++.target/i386/mv28.C  -std=c++14  (test for errors, line 14)
FAIL: g++.target/i386/mv28.C  -std=c++14  (test for errors, line 15)
FAIL: g++.target/i386/mv28.C  -std=c++14  (test for errors, line 16)
FAIL: g++.target/i386/mv28.C  -std=c++14  (test for errors, line 17)
FAIL: g++.target/i386/mv28.C  -std=c++14  (test for errors, line 18)
FAIL: g++.target/i386/mv28.C  -std=c++14  (test for errors, line 19)
FAIL: g++.target/i386/mv28.C  -std=c++14  (test for errors, line 4)
FAIL: g++.target/i386/mv28.C  -std=c++14  (test for errors, line 5)
FAIL: g++.target/i386/mv28.C  -std=c++14  (test for errors, line 6)
FAIL: g++.target/i386/mv28.C  -std=c++14  (test for errors, line 7)
FAIL: g++.target/i386/mv28.C  -std=c++14  (test for errors, line 8)
FAIL: g++.target/i386/mv28.C  -std=c++14  (test for errors, line 9)
FAIL: g++.target/i386/mv28.C  -std=c++17  (test for errors, line 10)
FAIL: g++.target/i386/mv28.C  -std=c++17  (test for errors, line 11)
FAIL: g++.target/i386/mv28.C  -std=c++17  (test for errors, line 12)
FAIL: g++.target/i386/mv28.C  -std=c++17  (test for errors, line 13)
FAIL: g++.target/i386/mv28.C  -std=c++17  (test for errors, line 14)
FAIL: g++.target/i386/mv28.C  -std=c++17  (test for errors, line 15)
FAIL: g++.target/i386/mv28.C  -std=c++17  (test for errors, line 16)
FAIL: g++.target/i386/mv28.C  -std=c++17  (test for errors, line 17)
FAIL: g++.target/i386/mv28.C  -std=c++17  (test for errors, line 18)
FAIL: g++.target/i386/mv28.C  -std=c++17  (test for errors, line 19)
FAIL: g++.target/i386/mv28.C  -std=c++17  (test for errors, line 4)
FAIL: g++.target/i386/mv28.C  -std=c++17  (test for errors, line 5)
FAIL: g++.target/i386/mv28.C  -std=c++17  (test for errors, line 6)
FAIL: g++.target/i386/mv28.C  -std=c++17  (test for errors, line 7)
FAIL: g++.target/i386/mv28.C  -std=c++17  (test for errors, line 8)
FAIL: g++.target/i386/mv28.C  -std=c++17  (test for errors, line 9)
FAIL: g++.target/i386/mv28.C  -std=c++20  (test for errors, line 10)
FAIL: g++.target/i386/mv28.C  -std=c++20  (test for errors, line 11)
FAIL: g++.target/i386/mv28.C  -std=c++20  (test for errors, line 12)
FAIL: g++.target/i386/mv28.C  -std=c++20  (test for errors, line 13)
FAIL: g++.target/i386/mv28.C  -std=c++20  (test for errors, line 14)
FAIL: g++.target/i386/mv28.C  -std=c++20  (test for errors, line 15)
FAIL: g++.target/i386/mv28.C  -std=c++20  (test for errors, line 16)
FAIL: g++.target/i386/mv28.C  -std=c++20  (test for errors, line 17)
FAIL: g++.target/i386/mv28.C  -std=c++20  (test for errors, line 18)
FAIL: g++.target/i386/mv28.C  -std=c++20  (test for errors, line 19)
FAIL: g++.target/i386/mv28.C  -std=c++20  (test for errors, line 4)
FAIL: g++.target/i386/mv28.C  -std=c++20  (test for errors, line 5)
FAIL: g++.target/i386/mv28.C  -std=c++20  (test for errors, line 6)
FAIL: g++.target/i386/mv28.C  -std=c++20  (test for errors, line 7)
FAIL: g++.target/i386/mv28.C  -std=c++20  (test for errors, line 8)
FAIL: g++.target/i386/mv28.C  -std=c++20  (test for errors, line 9)
FAIL: g++.target/i386/mv28.C  -std=c++98  (test for errors, line 10)
FAIL: g++.target/i386/mv28.C  -std=c++98  (test for errors, line 11)
FAIL: g++.target/i386/mv28.C  -std=c++98  (test for errors, line 12)
FAIL: g++.target/i386/mv28.C  -std=c++98  (test for errors, line 13)
FAIL: g++.target/i386/mv28.C  -std=c++98  (test for errors, line 14)
FAIL: g++.target/i386/mv28.C  -std=c++98  (test for errors, line 15)
FAIL: g++.target/i386/mv28.C  -std=c++98  (test for errors, line 16)
FAIL: g++.target/i386/mv28.C  -std=c++98  (test for errors, line 17)
FAIL: g++.target/i386/mv28.C  -std=c++98  (test for errors, line 18)
FAIL: g++.target/i386/mv28.C  -std=c++98  (test for errors, line 19)
FAIL: g++.target/i386/mv28.C  -std=c++98  (test for errors, line 4)
FAIL: g++.target/i386/mv28.C  -std=c++98  (test for errors, line 5)
FAIL: g++.target/i386/mv28.C  -std=c++98  (test for errors, line 6)
FAIL: g++.target/i386/mv28.C  -std=c++98  (test for errors, line 7)
FAIL: g++.target/i386/mv28.C  -std=c++98  (test for errors, line 8)
FAIL: g++.target/i386/mv28.C  -std=c++98  (test for errors, line 9)
FAIL: g++.target/i386/pr82625.C  -std=gnu++14  scan-tree-dump-times optimized "return 4096;" 1
FAIL: g++.target/i386/pr82625.C  -std=gnu++14  scan-tree-dump-times optimized "return 8192;" 1
FAIL: g++.target/i386/pr82625.C  -std=gnu++17  scan-tree-dump-times optimized "return 4096;" 1
FAIL: g++.target/i386/pr82625.C  -std=gnu++17  scan-tree-dump-times optimized "return 8192;" 1
FAIL: g++.target/i386/pr82625.C  -std=gnu++20  scan-tree-dump-times optimized "return 4096;" 1
FAIL: g++.target/i386/pr82625.C  -std=gnu++20  scan-tree-dump-times optimized "return 8192;" 1
FAIL: g++.target/i386/pr82625.C  -std=gnu++98  scan-tree-dump-times optimized "return 4096;" 1
FAIL: g++.target/i386/pr82625.C  -std=gnu++98  scan-tree-dump-times optimized "return 8192;" 1

		=== g++ Summary for sde/-m32 ===

# of expected passes		1003
# of unexpected failures	72
# of unsupported tests		87

		=== g++ Summary ===

# of expected passes		2081
# of unexpected failures	152
# of unsupported tests		151
/export/gnu/import/git/gcc-test-master-intel64-native/bld/gcc/xg++  version 14.0.0 20230913 (experimental) [native/master r14-3924-gd03773c8efe] (GCC) 


Compiler version: 14.0.0 20230913 (experimental) [native/master r14-3924-gd03773c8efe] (GCC) 
Platform: x86_64-pc-linux-gnu
configure flags: --with-arch=native --with-cpu=native --prefix=/usr/14.0.0 --enable-clocale=gnu --with-system-zlib --enable-shared --enable-cet --with-demangler-in-ld --enable-libmpx --with-multilib-list=m32,m64,mx32 --with-fpmath=sse
Intel SDE: sde-external-9.7.0-2022-05-09-lin
From: https://www.intel.com/content/www/us/en/developer/articles/tool/software-development-emulator.html


More information about the Gcc-testresults mailing list