Results for 14.0.0 20230912 (experimental) [master revision 701b9309b68:05e949c5e63:fcf66bceb4670fcd6ed8efef7f64003354e609f1] (GCC) testsuite on pru-unknown-elf

The GnuPru BuildBot gnupru.buildbot@gmail.com
Wed Sep 13 00:22:05 GMT 2023


LAST_UPDATED: 13.09.2023 (ср)  0:00:13 UTC (revision )

Target is pru-unknown-elf
Host   is x86_64-pc-linux-gnu

		=== gcc tests ===


Running target pru-sim
FAIL: c-c++-common/analyzer/out-of-bounds-diagram-11.c (test for excess errors)
FAIL: c-c++-common/analyzer/out-of-bounds-diagram-11.c 2 blank line(s) in output
FAIL: c-c++-common/analyzer/out-of-bounds-diagram-11.c expected multiline pattern lines 46-61
FAIL: c-c++-common/analyzer/out-of-bounds-diagram-8.c (test for excess errors)
FAIL: c-c++-common/analyzer/out-of-bounds-diagram-8.c 2 blank line(s) in output
FAIL: c-c++-common/analyzer/out-of-bounds-diagram-8.c expected multiline pattern lines 19-34
FAIL: gcc.dg/analyzer/out-of-bounds-diagram-10.c (test for excess errors)
FAIL: gcc.dg/analyzer/out-of-bounds-diagram-10.c 2 blank line(s) in output
FAIL: gcc.dg/analyzer/out-of-bounds-diagram-10.c expected multiline pattern lines 13-28
FAIL: c-c++-common/pr103798-2.c  -Wc++-compat   scan-assembler-not memchr
FAIL: c-c++-common/pr103798-3.c  -Wc++-compat   scan-assembler-not memchr
FAIL: c-c++-common/pr103798-4.c  -Wc++-compat   scan-assembler-not memchr
FAIL: gcc.dg/20141029-1.c scan-rtl-dump-times final "mem/v(/.)*:HI" 4
XPASS: gcc.dg/attr-alloc_size-11.c missing range info for short (test for warnings, line 51)
XPASS: gcc.dg/attr-alloc_size-11.c missing range info for signed char (test for warnings, line 50)
FAIL: gcc.dg/c2x-nullptr-1.c (test for excess errors)
UNRESOLVED: gcc.dg/c2x-nullptr-1.c compilation failed to produce executable
FAIL: gcc.dg/loop-9.c scan-rtl-dump loop2_invariant "Decided"
FAIL: gcc.dg/loop-9.c scan-rtl-dump loop2_invariant "without introducing a new temporary register"
FAIL: gcc.dg/pr23623.c scan-rtl-dump-times final "mem/v(/.)*:SI" 12
FAIL: gcc.dg/pr82929-2.c scan-tree-dump-times store-merging "Merging successful" 1
FAIL: gcc.dg/pr82929.c scan-tree-dump-times store-merging "Merging successful" 1
FAIL: gcc.dg/pr84877.c execution test
FAIL: gcc.dg/store_merging_1.c scan-tree-dump-times store-merging "Merging successful" 2
FAIL: gcc.dg/store_merging_10.c scan-tree-dump-times store-merging "Merging successful" 2
FAIL: gcc.dg/store_merging_11.c scan-tree-dump-times store-merging "Merging successful" 2
FAIL: gcc.dg/store_merging_13.c scan-tree-dump-times store-merging "Merging successful" 13
FAIL: gcc.dg/store_merging_14.c scan-tree-dump-times store-merging "Merging successful" 9
FAIL: gcc.dg/store_merging_15.c scan-tree-dump-times store-merging "Merging successful" 2
FAIL: gcc.dg/store_merging_2.c scan-tree-dump-times store-merging "Merging successful" 2
FAIL: gcc.dg/store_merging_20.c scan-tree-dump-times store-merging "Merging successful" 3
FAIL: gcc.dg/store_merging_21.c scan-tree-dump-times store-merging "Merging successful" 4
FAIL: gcc.dg/store_merging_22.c scan-tree-dump-times store-merging "Merging successful" 1
FAIL: gcc.dg/store_merging_22.c scan-tree-dump-times store-merging "New sequence of 1 stores to replace old one of 3 stores" 1
FAIL: gcc.dg/store_merging_26.c scan-tree-dump store-merging "New sequence of 1 stores to replace old one of 2 stores"
FAIL: gcc.dg/store_merging_27.c scan-tree-dump store-merging "New sequence of [12] stores to replace old one of 3 stores"
FAIL: gcc.dg/store_merging_28.c scan-tree-dump-times store-merging "New sequence of [24] stores to replace old one of 6 stores" 1
FAIL: gcc.dg/store_merging_29.c scan-tree-dump store-merging "New sequence of 3 stores to replace old one of 6 stores"
FAIL: gcc.dg/store_merging_4.c scan-tree-dump-times store-merging "Merging successful" 2
FAIL: gcc.dg/store_merging_5.c scan-tree-dump-times store-merging "MEM <unsigned int> \\\\[.*\\\\]" 1
FAIL: gcc.dg/store_merging_5.c scan-tree-dump-times store-merging "Merging successful" 1
FAIL: gcc.dg/store_merging_7.c scan-tree-dump-times store-merging "Merging successful" 1
FAIL: gcc.dg/store_merging_8.c scan-tree-dump-times store-merging "Merging successful" 2
FAIL: gcc.dg/store_merging_9.c scan-tree-dump-times store-merging "Merging successful" 2
FAIL: gcc.dg/uninit-pred-9_b.c bogus warning (test for bogus messages, line 20)
FAIL: gcc.dg/tree-ssa/copy-headers-8.c scan-tree-dump-times ch2 "Conditional combines static and invariant" 1
FAIL: gcc.dg/tree-ssa/copy-headers-8.c scan-tree-dump-times ch2 "Will duplicate bb" 2
FAIL: gcc.dg/tree-ssa/ctz-char.c scan-tree-dump-times optimized "__builtin_ctz|\\\\.CTZ" 1
FAIL: gcc.dg/tree-ssa/ctz-complement-char.c scan-tree-dump-times optimized "__builtin_ctz|\\\\.CTZ" 1
FAIL: gcc.dg/tree-ssa/ctz-complement-int.c scan-tree-dump-times optimized "__builtin_ctz|\\\\.CTZ" 1
FAIL: gcc.dg/tree-ssa/ctz-complement-long.c scan-tree-dump-times optimized "__builtin_ctz|\\\\.CTZ" 1
FAIL: gcc.dg/tree-ssa/ctz-int.c scan-tree-dump-times optimized "__builtin_ctz|\\\\.CTZ" 1
FAIL: gcc.dg/tree-ssa/ctz-long.c scan-tree-dump-times optimized "__builtin_ctz|\\\\.CTZ" 1
FAIL: gcc.dg/tree-ssa/dump-6.c scan-tree-dump store-merging "MEM <unsigned int> \\\\[\\\\(char \\\\*\\\\)\\\\&a4] = "
FAIL: gcc.dg/tree-ssa/dump-6.c scan-tree-dump store-merging "MEM <unsigned int> \\\\[\\\\(char \\\\*\\\\)\\\\&a8] = "
FAIL: gcc.dg/tree-ssa/dump-6.c scan-tree-dump store-merging "MEM <unsigned short> \\\\[\\\\(char \\\\*\\\\)\\\\&a2] = "
FAIL: gcc.dg/tree-ssa/if-to-switch-1.c scan-tree-dump iftoswitch "Condition chain with [^\\n\\r]* BBs transformed into a switch statement."
FAIL: gcc.dg/tree-ssa/if-to-switch-10.c scan-tree-dump iftoswitch "Condition chain with [^\\n\\r]* BBs transformed into a switch statement."
FAIL: gcc.dg/tree-ssa/if-to-switch-3.c scan-tree-dump iftoswitch "Condition chain with [^\\n\\r]* BBs transformed into a switch statement."
FAIL: gcc.dg/tree-ssa/if-to-switch-9.c scan-tree-dump iftoswitch "Condition chain with [^\\n\\r]* BBs transformed into a switch statement."
FAIL: gcc.dg/tree-ssa/pr103281-1.c scan-tree-dump-not optimized "foo "
FAIL: gcc.dg/tree-ssa/ssa-dom-thread-7.c scan-tree-dump thread2 "Jumps threaded: 9"
FAIL: gcc.dg/tree-ssa/update-threading.c scan-tree-dump-times optimized "Invalid sum" 0
FAIL: outputs-22 exe savetmp namedb-2: outputs.ld1_args
FAIL: outputs-23 exe savetmp named2-2: outputs.ld1_args
FAIL: outputs-24 exe savetmp named2-3: outputs.ld1_args
FAIL: outputs-25 exe savetmp named2-4: outputs.ld1_args
FAIL: outputs-294 lto sing unnamed-3: a.ld1_args
FAIL: outputs-294 lto sing unnamed-3: a.ld_args

		=== gcc Summary ===

# of expected passes		126703
# of unexpected failures	66
# of unexpected successes	2
# of expected failures		873
# of unresolved testcases	1
# of unsupported tests		4257
/home/dinux/projects/pru/testbot-workspace/pru-gcc-build/gcc/xgcc  version 14.0.0 20230912 (experimental) [master revision 701b9309b68:05e949c5e63:fcf66bceb4670fcd6ed8efef7f64003354e609f1] (GCC) 

Host   is x86_64-pc-linux-gnu

		=== g++ tests ===


Running target pru-sim
FAIL: c-c++-common/analyzer/fileno-1.c  -std=c++14 (test for excess errors)
FAIL: c-c++-common/analyzer/fileno-1.c  -std=c++17 (test for excess errors)
FAIL: c-c++-common/analyzer/fileno-1.c  -std=c++20 (test for excess errors)
FAIL: c-c++-common/analyzer/fileno-1.c  -std=c++98 (test for excess errors)
XPASS: c-c++-common/analyzer/flex-with-call-summaries.c  -std=c++14  (test for bogus messages, line 1211)
XPASS: c-c++-common/analyzer/flex-with-call-summaries.c  -std=c++14  (test for bogus messages, line 888)
FAIL: c-c++-common/analyzer/flex-with-call-summaries.c  -std=c++14  (test for warnings, line 881)
FAIL: c-c++-common/analyzer/flex-with-call-summaries.c  -std=c++14 (test for excess errors)
XPASS: c-c++-common/analyzer/flex-with-call-summaries.c  -std=c++17  (test for bogus messages, line 1211)
XPASS: c-c++-common/analyzer/flex-with-call-summaries.c  -std=c++17  (test for bogus messages, line 888)
FAIL: c-c++-common/analyzer/flex-with-call-summaries.c  -std=c++17  (test for warnings, line 881)
FAIL: c-c++-common/analyzer/flex-with-call-summaries.c  -std=c++17 (test for excess errors)
XPASS: c-c++-common/analyzer/flex-with-call-summaries.c  -std=c++20  (test for bogus messages, line 1211)
XPASS: c-c++-common/analyzer/flex-with-call-summaries.c  -std=c++20  (test for bogus messages, line 888)
FAIL: c-c++-common/analyzer/flex-with-call-summaries.c  -std=c++20  (test for warnings, line 881)
FAIL: c-c++-common/analyzer/flex-with-call-summaries.c  -std=c++20 (test for excess errors)
XPASS: c-c++-common/analyzer/flex-with-call-summaries.c  -std=c++98  (test for bogus messages, line 1211)
XPASS: c-c++-common/analyzer/flex-with-call-summaries.c  -std=c++98  (test for bogus messages, line 888)
FAIL: c-c++-common/analyzer/flex-with-call-summaries.c  -std=c++98  (test for warnings, line 881)
FAIL: c-c++-common/analyzer/flex-with-call-summaries.c  -std=c++98 (test for excess errors)
XPASS: c-c++-common/analyzer/flex-without-call-summaries.c  -std=c++14  (test for bogus messages, line 889)
FAIL: c-c++-common/analyzer/flex-without-call-summaries.c  -std=c++14  at line 882 (test for warnings, line 881)
FAIL: c-c++-common/analyzer/flex-without-call-summaries.c  -std=c++14 (test for excess errors)
XPASS: c-c++-common/analyzer/flex-without-call-summaries.c  -std=c++17  (test for bogus messages, line 889)
FAIL: c-c++-common/analyzer/flex-without-call-summaries.c  -std=c++17  at line 882 (test for warnings, line 881)
FAIL: c-c++-common/analyzer/flex-without-call-summaries.c  -std=c++17 (test for excess errors)
XPASS: c-c++-common/analyzer/flex-without-call-summaries.c  -std=c++20  (test for bogus messages, line 889)
FAIL: c-c++-common/analyzer/flex-without-call-summaries.c  -std=c++20  at line 882 (test for warnings, line 881)
FAIL: c-c++-common/analyzer/flex-without-call-summaries.c  -std=c++20 (test for excess errors)
XPASS: c-c++-common/analyzer/flex-without-call-summaries.c  -std=c++98  (test for bogus messages, line 889)
FAIL: c-c++-common/analyzer/flex-without-call-summaries.c  -std=c++98  at line 882 (test for warnings, line 881)
FAIL: c-c++-common/analyzer/flex-without-call-summaries.c  -std=c++98 (test for excess errors)
FAIL: c-c++-common/analyzer/out-of-bounds-diagram-11.c  -std=c++14  2 blank line(s) in output
FAIL: c-c++-common/analyzer/out-of-bounds-diagram-11.c  -std=c++14  expected multiline pattern lines 46-61
FAIL: c-c++-common/analyzer/out-of-bounds-diagram-11.c  -std=c++14 (test for excess errors)
FAIL: c-c++-common/analyzer/out-of-bounds-diagram-11.c  -std=c++17  2 blank line(s) in output
FAIL: c-c++-common/analyzer/out-of-bounds-diagram-11.c  -std=c++17  expected multiline pattern lines 46-61
FAIL: c-c++-common/analyzer/out-of-bounds-diagram-11.c  -std=c++17 (test for excess errors)
FAIL: c-c++-common/analyzer/out-of-bounds-diagram-11.c  -std=c++20  2 blank line(s) in output
FAIL: c-c++-common/analyzer/out-of-bounds-diagram-11.c  -std=c++20  expected multiline pattern lines 46-61
FAIL: c-c++-common/analyzer/out-of-bounds-diagram-11.c  -std=c++20 (test for excess errors)
FAIL: c-c++-common/analyzer/out-of-bounds-diagram-11.c  -std=c++98  2 blank line(s) in output
FAIL: c-c++-common/analyzer/out-of-bounds-diagram-11.c  -std=c++98  expected multiline pattern lines 46-61
FAIL: c-c++-common/analyzer/out-of-bounds-diagram-11.c  -std=c++98 (test for excess errors)
FAIL: c-c++-common/analyzer/out-of-bounds-diagram-8.c  -std=c++14  2 blank line(s) in output
FAIL: c-c++-common/analyzer/out-of-bounds-diagram-8.c  -std=c++14  expected multiline pattern lines 19-34
FAIL: c-c++-common/analyzer/out-of-bounds-diagram-8.c  -std=c++14 (test for excess errors)
FAIL: c-c++-common/analyzer/out-of-bounds-diagram-8.c  -std=c++17  2 blank line(s) in output
FAIL: c-c++-common/analyzer/out-of-bounds-diagram-8.c  -std=c++17  expected multiline pattern lines 19-34
FAIL: c-c++-common/analyzer/out-of-bounds-diagram-8.c  -std=c++17 (test for excess errors)
FAIL: c-c++-common/analyzer/out-of-bounds-diagram-8.c  -std=c++20  2 blank line(s) in output
FAIL: c-c++-common/analyzer/out-of-bounds-diagram-8.c  -std=c++20  expected multiline pattern lines 19-34
FAIL: c-c++-common/analyzer/out-of-bounds-diagram-8.c  -std=c++20 (test for excess errors)
FAIL: c-c++-common/analyzer/out-of-bounds-diagram-8.c  -std=c++98  2 blank line(s) in output
FAIL: c-c++-common/analyzer/out-of-bounds-diagram-8.c  -std=c++98  expected multiline pattern lines 19-34
FAIL: c-c++-common/analyzer/out-of-bounds-diagram-8.c  -std=c++98 (test for excess errors)
FAIL: g++.dg/analyzer/placement-new-size.C  -std=c++14  (test for warnings, line 11)
FAIL: g++.dg/analyzer/placement-new-size.C  -std=c++14  (test for warnings, line 19)
FAIL: g++.dg/analyzer/placement-new-size.C  -std=c++14  (test for warnings, line 26)
FAIL: g++.dg/analyzer/placement-new-size.C  -std=c++14  (test for warnings, line 34)
FAIL: g++.dg/analyzer/placement-new-size.C  -std=c++14  (test for warnings, line 35)
FAIL: g++.dg/analyzer/placement-new-size.C  -std=c++14  at line 12 (test for warnings, line 11)
FAIL: g++.dg/analyzer/placement-new-size.C  -std=c++14 (test for excess errors)
FAIL: g++.dg/analyzer/placement-new-size.C  -std=c++17  (test for warnings, line 11)
FAIL: g++.dg/analyzer/placement-new-size.C  -std=c++17  (test for warnings, line 19)
FAIL: g++.dg/analyzer/placement-new-size.C  -std=c++17  (test for warnings, line 26)
FAIL: g++.dg/analyzer/placement-new-size.C  -std=c++17  (test for warnings, line 34)
FAIL: g++.dg/analyzer/placement-new-size.C  -std=c++17  (test for warnings, line 35)
FAIL: g++.dg/analyzer/placement-new-size.C  -std=c++17  at line 12 (test for warnings, line 11)
FAIL: g++.dg/analyzer/placement-new-size.C  -std=c++17 (test for excess errors)
FAIL: g++.dg/analyzer/placement-new-size.C  -std=c++20  (test for warnings, line 11)
FAIL: g++.dg/analyzer/placement-new-size.C  -std=c++20  (test for warnings, line 19)
FAIL: g++.dg/analyzer/placement-new-size.C  -std=c++20  (test for warnings, line 26)
FAIL: g++.dg/analyzer/placement-new-size.C  -std=c++20  (test for warnings, line 34)
FAIL: g++.dg/analyzer/placement-new-size.C  -std=c++20  (test for warnings, line 35)
FAIL: g++.dg/analyzer/placement-new-size.C  -std=c++20  at line 12 (test for warnings, line 11)
FAIL: g++.dg/analyzer/placement-new-size.C  -std=c++20 (test for excess errors)
FAIL: g++.dg/analyzer/placement-new-size.C  -std=c++98  (test for warnings, line 11)
FAIL: g++.dg/analyzer/placement-new-size.C  -std=c++98  (test for warnings, line 19)
FAIL: g++.dg/analyzer/placement-new-size.C  -std=c++98  (test for warnings, line 26)
FAIL: g++.dg/analyzer/placement-new-size.C  -std=c++98  (test for warnings, line 34)
FAIL: g++.dg/analyzer/placement-new-size.C  -std=c++98  (test for warnings, line 35)
FAIL: g++.dg/analyzer/placement-new-size.C  -std=c++98  at line 12 (test for warnings, line 11)
FAIL: g++.dg/analyzer/placement-new-size.C  -std=c++98 (test for excess errors)
FAIL: c-c++-common/pr103798-2.c  -std=gnu++14  scan-assembler-not memchr
FAIL: c-c++-common/pr103798-2.c  -std=gnu++17  scan-assembler-not memchr
FAIL: c-c++-common/pr103798-2.c  -std=gnu++20  scan-assembler-not memchr
FAIL: c-c++-common/pr103798-2.c  -std=gnu++98  scan-assembler-not memchr
FAIL: c-c++-common/pr103798-3.c  -std=gnu++14  scan-assembler-not memchr
FAIL: c-c++-common/pr103798-3.c  -std=gnu++17  scan-assembler-not memchr
FAIL: c-c++-common/pr103798-3.c  -std=gnu++20  scan-assembler-not memchr
FAIL: c-c++-common/pr103798-3.c  -std=gnu++98  scan-assembler-not memchr
FAIL: c-c++-common/pr103798-4.c  -std=gnu++14  scan-assembler-not memchr
FAIL: c-c++-common/pr103798-4.c  -std=gnu++17  scan-assembler-not memchr
FAIL: c-c++-common/pr103798-4.c  -std=gnu++20  scan-assembler-not memchr
FAIL: c-c++-common/pr103798-4.c  -std=gnu++98  scan-assembler-not memchr
FAIL: g++.dg/Wno-frame-address.C  -std=gnu++14 (test for excess errors)
FAIL: g++.dg/Wno-frame-address.C  -std=gnu++17 (test for excess errors)
FAIL: g++.dg/Wno-frame-address.C  -std=gnu++20 (test for excess errors)
FAIL: g++.dg/Wno-frame-address.C  -std=gnu++98 (test for excess errors)
FAIL: g++.dg/abi/nsdmi-aggr1.C  -std=c++14  at line 11 (test for warnings, line 10)
FAIL: g++.dg/abi/nsdmi-aggr1.C  -std=c++14  at line 20 (test for warnings, line 19)
FAIL: g++.dg/abi/nsdmi-aggr1.C  -std=c++17  at line 11 (test for warnings, line 10)
FAIL: g++.dg/abi/nsdmi-aggr1.C  -std=c++17  at line 20 (test for warnings, line 19)
FAIL: g++.dg/abi/nsdmi-aggr1.C  -std=c++20  at line 11 (test for warnings, line 10)
FAIL: g++.dg/abi/nsdmi-aggr1.C  -std=c++20  at line 20 (test for warnings, line 19)
FAIL: g++.dg/abi/nsdmi-aggr1.C  -std=c++20  at line 29 (test for warnings, line 28)
FAIL: g++.dg/abi/nsdmi-aggr1.C  -std=c++20  at line 35 (test for warnings, line 34)
FAIL: g++.dg/abi/nsdmi-aggr1a.C  -std=c++14  at line 11 (test for warnings, line 10)
FAIL: g++.dg/abi/nsdmi-aggr1a.C  -std=c++14  at line 19 (test for warnings, line 18)
FAIL: g++.dg/abi/nsdmi-aggr1a.C  -std=c++14 (test for excess errors)
FAIL: g++.dg/abi/nsdmi-aggr1a.C  -std=c++17  at line 11 (test for warnings, line 10)
FAIL: g++.dg/abi/nsdmi-aggr1a.C  -std=c++17  at line 19 (test for warnings, line 18)
FAIL: g++.dg/abi/nsdmi-aggr1a.C  -std=c++17 (test for excess errors)
FAIL: g++.dg/abi/nsdmi-aggr1a.C  -std=c++20  at line 11 (test for warnings, line 10)
FAIL: g++.dg/abi/nsdmi-aggr1a.C  -std=c++20  at line 19 (test for warnings, line 18)
FAIL: g++.dg/abi/nsdmi-aggr1a.C  -std=c++20  at line 27 (test for warnings, line 26)
FAIL: g++.dg/abi/nsdmi-aggr1a.C  -std=c++20  at line 32 (test for warnings, line 31)
FAIL: g++.dg/abi/nsdmi-aggr1a.C  -std=c++20 (test for excess errors)
FAIL: g++.dg/abi/nullptr-align2.C  -std=gnu++14  (test for warnings, line 19)
FAIL: g++.dg/abi/nullptr-align2.C  -std=gnu++17  (test for warnings, line 19)
FAIL: g++.dg/abi/nullptr-align2.C  -std=gnu++20  (test for warnings, line 19)
FAIL: g++.dg/cpp0x/gen-attrs-17.2.C  -std=c++14  (test for errors, line 19)
FAIL: g++.dg/cpp0x/gen-attrs-17.2.C  -std=c++17  (test for errors, line 19)
FAIL: g++.dg/cpp0x/gen-attrs-17.2.C  -std=c++20  (test for errors, line 19)
FAIL: g++.dg/cpp1z/aligned-new9.C  -std=c++17 execution test
FAIL: g++.dg/cpp1z/aligned-new9.C  -std=c++20 execution test
FAIL: g++.dg/cpp2a/bit-cast5.C  -std=c++20  (test for errors, line 24)
FAIL: g++.dg/cpp2a/bit-cast5.C  -std=c++20 (test for excess errors)
FAIL: g++.dg/cpp2a/is-constant-evaluated13.C  -std=c++14 (test for excess errors)
FAIL: g++.dg/cpp2a/is-constant-evaluated13.C  -std=c++17 (test for excess errors)
FAIL: g++.dg/cpp2a/is-constant-evaluated13.C  -std=c++20 (test for excess errors)
FAIL: g++.dg/cpp2a/no_unique_address4.C  -std=c++20 (test for excess errors)
FAIL: g++.dg/init/array54.C  -std=c++14 (test for excess errors)
UNRESOLVED: g++.dg/init/array54.C  -std=c++14 compilation failed to produce executable
FAIL: g++.dg/init/array54.C  -std=c++17 (test for excess errors)
UNRESOLVED: g++.dg/init/array54.C  -std=c++17 compilation failed to produce executable
FAIL: g++.dg/init/array54.C  -std=c++20 (test for excess errors)
UNRESOLVED: g++.dg/init/array54.C  -std=c++20 compilation failed to produce executable
FAIL: g++.dg/ipa/pr60640-4.C  -std=gnu++14  scan-ipa-dump-times cp "Thunk fixed offset" 2
FAIL: g++.dg/ipa/pr60640-4.C  -std=gnu++17  scan-ipa-dump-times cp "Thunk fixed offset" 2
FAIL: g++.dg/ipa/pr60640-4.C  -std=gnu++20  scan-ipa-dump-times cp "Thunk fixed offset" 2
FAIL: g++.dg/ipa/pr60640-4.C  -std=gnu++98  scan-ipa-dump-times cp "Thunk fixed offset" 2
FAIL: g++.dg/ipa/pr67056.C   scan-ipa-dump cp "Speculative outer type:struct CompositeClass"
FAIL: g++.dg/ipa/pr83549.C  -std=gnu++14 (test for excess errors)
FAIL: g++.dg/ipa/pr83549.C  -std=gnu++17 (test for excess errors)
FAIL: g++.dg/ipa/pr83549.C  -std=gnu++20 (test for excess errors)
FAIL: g++.dg/ipa/pr83549.C  -std=gnu++98 (test for excess errors)
UNRESOLVED: g++.dg/ipa/pr83667.C  -std=gnu++14  scan-ipa-dump inline "summary for void c::[^\\\\n]*THUNK\\\\.*0"
FAIL: g++.dg/ipa/pr83667.C  -std=gnu++14 (test for excess errors)
UNRESOLVED: g++.dg/ipa/pr83667.C  -std=gnu++17  scan-ipa-dump inline "summary for void c::[^\\\\n]*THUNK\\\\.*0"
FAIL: g++.dg/ipa/pr83667.C  -std=gnu++17 (test for excess errors)
UNRESOLVED: g++.dg/ipa/pr83667.C  -std=gnu++20  scan-ipa-dump inline "summary for void c::[^\\\\n]*THUNK\\\\.*0"
FAIL: g++.dg/ipa/pr83667.C  -std=gnu++20 (test for excess errors)
UNRESOLVED: g++.dg/ipa/pr83667.C  -std=gnu++98  scan-ipa-dump inline "summary for void c::[^\\\\n]*THUNK\\\\.*0"
FAIL: g++.dg/ipa/pr83667.C  -std=gnu++98 (test for excess errors)
FAIL: g++.dg/no-stack-protector-attr-3.C  -std=gnu++14  scan-assembler-times stack_chk_fail 1
FAIL: g++.dg/no-stack-protector-attr-3.C  -std=gnu++14 (test for excess errors)
FAIL: g++.dg/no-stack-protector-attr-3.C  -std=gnu++17  scan-assembler-times stack_chk_fail 1
FAIL: g++.dg/no-stack-protector-attr-3.C  -std=gnu++17 (test for excess errors)
FAIL: g++.dg/no-stack-protector-attr-3.C  -std=gnu++20  scan-assembler-times stack_chk_fail 1
FAIL: g++.dg/no-stack-protector-attr-3.C  -std=gnu++20 (test for excess errors)
FAIL: g++.dg/no-stack-protector-attr-3.C  -std=gnu++98  scan-assembler-times stack_chk_fail 1
FAIL: g++.dg/no-stack-protector-attr-3.C  -std=gnu++98 (test for excess errors)
FAIL: g++.dg/no-stack-protector-attr.C  -std=gnu++14 (test for excess errors)
FAIL: g++.dg/no-stack-protector-attr.C  -std=gnu++17 (test for excess errors)
FAIL: g++.dg/no-stack-protector-attr.C  -std=gnu++20 (test for excess errors)
FAIL: g++.dg/no-stack-protector-attr.C  -std=gnu++98 (test for excess errors)
FAIL: g++.dg/opt/pr36449.C  -std=gnu++14 execution test
FAIL: g++.dg/opt/pr36449.C  -std=gnu++17 execution test
FAIL: g++.dg/opt/pr36449.C  -std=gnu++20 execution test
FAIL: g++.dg/opt/pr36449.C  -std=gnu++98 execution test
FAIL: g++.dg/opt/store-merging-1.C  -std=gnu++14  scan-tree-dump store-merging "New sequence of [12] stores to replace old one of 2 stores"
FAIL: g++.dg/opt/store-merging-1.C  -std=gnu++17  scan-tree-dump store-merging "New sequence of [12] stores to replace old one of 2 stores"
FAIL: g++.dg/opt/store-merging-1.C  -std=gnu++20  scan-tree-dump store-merging "New sequence of [12] stores to replace old one of 2 stores"
FAIL: g++.dg/opt/store-merging-1.C  -std=gnu++98  scan-tree-dump store-merging "New sequence of [12] stores to replace old one of 2 stores"
FAIL: g++.dg/opt/store-merging-2.C  -std=gnu++14  scan-tree-dump store-merging "New sequence of 2 stores to replace old one of 3 stores"
FAIL: g++.dg/opt/store-merging-2.C  -std=gnu++17  scan-tree-dump store-merging "New sequence of 2 stores to replace old one of 3 stores"
FAIL: g++.dg/opt/store-merging-2.C  -std=gnu++20  scan-tree-dump store-merging "New sequence of 2 stores to replace old one of 3 stores"
FAIL: g++.dg/opt/store-merging-2.C  -std=gnu++98  scan-tree-dump store-merging "New sequence of 2 stores to replace old one of 3 stores"
FAIL: g++.dg/parse/parens3.C  -std=gnu++14 (test for excess errors)
FAIL: g++.dg/parse/parens3.C  -std=gnu++17 (test for excess errors)
FAIL: g++.dg/parse/parens3.C  -std=gnu++20 (test for excess errors)
FAIL: g++.dg/parse/parens3.C  -std=gnu++98 (test for excess errors)
FAIL: g++.dg/pr53037-1.C  -std=gnu++14  (test for warnings, line 38)
FAIL: g++.dg/pr53037-1.C  -std=gnu++14  (test for warnings, line 71)
FAIL: g++.dg/pr53037-1.C  -std=gnu++14 (test for excess errors)
FAIL: g++.dg/pr53037-1.C  -std=gnu++17  (test for warnings, line 38)
FAIL: g++.dg/pr53037-1.C  -std=gnu++17  (test for warnings, line 71)
FAIL: g++.dg/pr53037-1.C  -std=gnu++17 (test for excess errors)
FAIL: g++.dg/pr53037-1.C  -std=gnu++20  (test for warnings, line 38)
FAIL: g++.dg/pr53037-1.C  -std=gnu++20  (test for warnings, line 71)
FAIL: g++.dg/pr53037-1.C  -std=gnu++20 (test for excess errors)
FAIL: g++.dg/pr53037-1.C  -std=gnu++98  (test for warnings, line 38)
FAIL: g++.dg/pr53037-1.C  -std=gnu++98  (test for warnings, line 71)
FAIL: g++.dg/pr53037-1.C  -std=gnu++98 (test for excess errors)
FAIL: g++.dg/tree-ssa/pr107876.C  -std=gnu++14  scan-tree-dump unswitch "unswitching loop 1 on .switch. with condition: i_[0-9]+\\\\(D\\\\) == 2"
FAIL: g++.dg/tree-ssa/pr107876.C  -std=gnu++17  scan-tree-dump unswitch "unswitching loop 1 on .switch. with condition: i_[0-9]+\\\\(D\\\\) == 2"
FAIL: g++.dg/tree-ssa/pr107876.C  -std=gnu++20  scan-tree-dump unswitch "unswitching loop 1 on .switch. with condition: i_[0-9]+\\\\(D\\\\) == 2"
FAIL: g++.dg/warn/Wpadded-1.C  -std=gnu++14  (test for warnings, line 6)
FAIL: g++.dg/warn/Wpadded-1.C  -std=gnu++17  (test for warnings, line 6)
FAIL: g++.dg/warn/Wpadded-1.C  -std=gnu++20  (test for warnings, line 6)
FAIL: g++.dg/warn/Wpadded-1.C  -std=gnu++98  (test for warnings, line 6)
UNRESOLVED: g++.dg/modules/global-3 -std=c++17 execute
FAIL: g++.dg/modules/global-3 -std=c++17 link
UNRESOLVED: g++.dg/modules/global-3 -std=c++2a execute
FAIL: g++.dg/modules/global-3 -std=c++2a link
UNRESOLVED: g++.dg/modules/global-3 -std=c++2b execute
FAIL: g++.dg/modules/global-3 -std=c++2b link
UNRESOLVED: g++.dg/modules/hello-1 -std=c++17 execute
FAIL: g++.dg/modules/hello-1 -std=c++17 link
UNRESOLVED: g++.dg/modules/hello-1 -std=c++2a execute
FAIL: g++.dg/modules/hello-1 -std=c++2a link
UNRESOLVED: g++.dg/modules/hello-1 -std=c++2b execute
FAIL: g++.dg/modules/hello-1 -std=c++2b link
UNRESOLVED: g++.dg/modules/iostream-1 -std=c++17 execute
FAIL: g++.dg/modules/iostream-1 -std=c++17 link
UNRESOLVED: g++.dg/modules/iostream-1 -std=c++2a execute
FAIL: g++.dg/modules/iostream-1 -std=c++2a link
UNRESOLVED: g++.dg/modules/iostream-1 -std=c++2b execute
FAIL: g++.dg/modules/iostream-1 -std=c++2b link
FAIL: g++.dg/modules/nsdmi-2.C -std=c++17  scan-lang-dump module "Cluster members:\\\\n  \\\\[0\\\\]=decl definition '::directory_entry'\\\\n  \\\\[1\\\\]=decl definition '::directory_entry::__as_base '\\\\n  \\\\[2\\\\]=decl declaration '::directory_entry::__ct '\\\\n"
FAIL: g++.dg/modules/nsdmi-2.C -std=c++2a  scan-lang-dump module "Cluster members:\\\\n  \\\\[0\\\\]=decl definition '::directory_entry'\\\\n  \\\\[1\\\\]=decl definition '::directory_entry::__as_base '\\\\n  \\\\[2\\\\]=decl declaration '::directory_entry::__ct '\\\\n"
FAIL: g++.dg/modules/nsdmi-2.C -std=c++2b  scan-lang-dump module "Cluster members:\\\\n  \\\\[0\\\\]=decl definition '::directory_entry'\\\\n  \\\\[1\\\\]=decl definition '::directory_entry::__as_base '\\\\n  \\\\[2\\\\]=decl declaration '::directory_entry::__ct '\\\\n"
FAIL: g++.dg/torture/pr81812.C   -O0  (test for excess errors)
FAIL: g++.dg/torture/pr81812.C   -O1  (test for excess errors)
FAIL: g++.dg/torture/pr81812.C   -O2  (test for excess errors)
FAIL: g++.dg/torture/pr81812.C   -O2 -flto -fno-use-linker-plugin -flto-partition=none  (test for excess errors)
FAIL: g++.dg/torture/pr81812.C   -O2 -flto -fuse-linker-plugin -fno-fat-lto-objects  (test for excess errors)
FAIL: g++.dg/torture/pr81812.C   -O3 -g  (test for excess errors)
FAIL: g++.dg/torture/pr81812.C   -Os  (test for excess errors)
FAIL: g++.old-deja/g++.jason/thunk3.C  -std=c++14 (test for excess errors)
UNRESOLVED: g++.old-deja/g++.jason/thunk3.C  -std=c++14 compilation failed to produce executable
FAIL: g++.old-deja/g++.jason/thunk3.C  -std=c++17 (test for excess errors)
UNRESOLVED: g++.old-deja/g++.jason/thunk3.C  -std=c++17 compilation failed to produce executable
FAIL: g++.old-deja/g++.jason/thunk3.C  -std=c++20 (test for excess errors)
UNRESOLVED: g++.old-deja/g++.jason/thunk3.C  -std=c++20 compilation failed to produce executable
FAIL: g++.old-deja/g++.jason/thunk3.C  -std=c++98 (test for excess errors)
UNRESOLVED: g++.old-deja/g++.jason/thunk3.C  -std=c++98 compilation failed to produce executable
FAIL: g++.old-deja/g++.pt/ptrmem6.C  -std=c++14  (test for errors, line 28)
FAIL: g++.old-deja/g++.pt/ptrmem6.C  -std=c++17  (test for errors, line 28)
FAIL: g++.old-deja/g++.pt/ptrmem6.C  -std=c++20  (test for errors, line 28)

		=== g++ Summary ===

# of expected passes		195024
# of unexpected failures	210
# of unexpected successes	12
# of expected failures		1480
# of unresolved testcases	20
# of unsupported tests		11522
/home/dinux/projects/pru/testbot-workspace/pru-gcc-build/gcc/xg++  version 14.0.0 20230912 (experimental) [master revision 701b9309b68:05e949c5e63:fcf66bceb4670fcd6ed8efef7f64003354e609f1] (GCC) 


Compiler version: 14.0.0 20230912 (experimental) [master revision 701b9309b68:05e949c5e63:fcf66bceb4670fcd6ed8efef7f64003354e609f1] (GCC) 
Platform: pru-unknown-elf
configure flags: --prefix=/home/dinux/projects/pru/testbot-workspace/pru-opt --target=pru --with-newlib --enable-languages=c,c++ --enable-checking=yes,rtl


More information about the Gcc-testresults mailing list