Results for 13.2.1 20230912 [releases/gcc-13 r13-7793-gf435805] (GCC) testsuite on powerpc64-unknown-linux-gnu

Bill Seurer (POWER8 BE) seurer@linux.ibm.com
Tue Sep 12 09:29:25 GMT 2023


git commit g:f4358054dbaf7fb361e603e3693d9410312b88e7
gcc-descr r13-7793-gf4358054dbaf7f

power8 BE
Linux 3.10.0-1160.83.1.el7.ppc64 ppc64
GNU Make 3.82

DejaGnu:
	Expect version is	5.45
	Tcl version is		8.5
	Framework version is	1.5.1

64-bit

LAST_UPDATED: Tue Sep 12 07:25:42 UTC 2023 (revision r13-7793-gf435805)

Native configuration is powerpc64-unknown-linux-gnu

		=== gcc tests ===


Running target unix/-m32
FAIL: gcc.dg/torture/pr52451.c   -O0  execution test
FAIL: gcc.dg/torture/pr52451.c   -O1  execution test
FAIL: gcc.dg/torture/pr52451.c   -O2  execution test
FAIL: gcc.dg/torture/pr52451.c   -O2 -flto -fno-use-linker-plugin -flto-partition=none  execution test
FAIL: gcc.dg/torture/pr52451.c   -O2 -flto -fuse-linker-plugin -fno-fat-lto-objects  execution test
FAIL: gcc.dg/torture/pr52451.c   -O3 -g  execution test
FAIL: gcc.dg/torture/pr52451.c   -Os  execution test
FAIL: gcc.dg/torture/pr91323.c   -O0  execution test
FAIL: gcc.dg/torture/pr91323.c   -O1  execution test
FAIL: gcc.dg/torture/pr91323.c   -O2  execution test
FAIL: gcc.dg/torture/pr91323.c   -O2 -flto -fno-use-linker-plugin -flto-partition=none  execution test
FAIL: gcc.dg/torture/pr91323.c   -O2 -flto -fuse-linker-plugin -fno-fat-lto-objects  execution test
FAIL: gcc.dg/torture/pr91323.c   -O3 -g  execution test
FAIL: gcc.dg/torture/pr91323.c   -Os  execution test
XPASS: gcc.dg/vect/slp-24-big-array.c -flto -ffat-lto-objects  scan-tree-dump-times vect "vectorized 1 loops" 1
XPASS: gcc.dg/vect/slp-24-big-array.c -flto -ffat-lto-objects  scan-tree-dump-times vect "vectorizing stmts using SLP" 2
XPASS: gcc.dg/vect/slp-24-big-array.c scan-tree-dump-times vect "vectorized 1 loops" 1
XPASS: gcc.dg/vect/slp-24-big-array.c scan-tree-dump-times vect "vectorizing stmts using SLP" 2
XPASS: gcc.dg/vect/slp-24.c -flto -ffat-lto-objects  scan-tree-dump-times vect "vectorized 1 loops" 1
XPASS: gcc.dg/vect/slp-24.c -flto -ffat-lto-objects  scan-tree-dump-times vect "vectorizing stmts using SLP" 2
XPASS: gcc.dg/vect/slp-24.c scan-tree-dump-times vect "vectorized 1 loops" 1
XPASS: gcc.dg/vect/slp-24.c scan-tree-dump-times vect "vectorizing stmts using SLP" 2
FAIL: gcc.target/powerpc/fold-vec-extract-char.p7.c scan-assembler-times \\\\maddi\\\\M 9
FAIL: gcc.target/powerpc/fold-vec-extract-double.p7.c scan-assembler-times \\\\maddi\\\\M|\\\\madd\\\\M 3
FAIL: gcc.target/powerpc/fold-vec-extract-float.p7.c scan-assembler-times \\\\maddi\\\\M|\\\\madd\\\\M 3
FAIL: gcc.target/powerpc/fold-vec-extract-float.p8.c scan-assembler-times \\\\maddi\\\\M 2
FAIL: gcc.target/powerpc/fold-vec-extract-int.p7.c scan-assembler-times \\\\maddi\\\\M|\\\\madd\\\\M 12
FAIL: gcc.target/powerpc/fold-vec-extract-int.p8.c scan-assembler-times \\\\maddi\\\\M 9
FAIL: gcc.target/powerpc/fold-vec-extract-short.p7.c scan-assembler-times \\\\maddi\\\\M|\\\\madd\\\\M 12
FAIL: gcc.target/powerpc/fold-vec-extract-short.p8.c scan-assembler-times \\\\maddi\\\\M 9
FAIL: gcc.target/powerpc/pr106550.c scan-assembler-times \\\\mrldimi\\\\M 2
FAIL: gcc.target/powerpc/pr106550_1.c (internal compiler error: maximum number of generated reload insns per insn achieved (90))
FAIL: gcc.target/powerpc/pr106550_1.c (test for excess errors)
UNRESOLVED: gcc.target/powerpc/pr106550_1.c scan-assembler-times \\\\mori\\\\M 2
UNRESOLVED: gcc.target/powerpc/pr106550_1.c scan-assembler-times \\\\moris\\\\M 2
UNRESOLVED: gcc.target/powerpc/pr106550_1.c scan-assembler-times \\\\mpli\\\\M 3
UNRESOLVED: gcc.target/powerpc/pr106550_1.c scan-assembler-times \\\\msldi\\\\M 3
FAIL: gcc.target/powerpc/rs6000-fpint.c scan-assembler-not stfiwx
XPASS: gcc.target/powerpc/ppc-fortran/ieee128-math.f90   -O  (test for excess errors)

		=== gcc Summary for unix/-m32 ===


Running target unix/-m64
FAIL: c-c++-common/asan/swapcontext-test-1.c   -O0  execution test
FAIL: c-c++-common/asan/swapcontext-test-1.c   -O1  execution test
FAIL: c-c++-common/asan/swapcontext-test-1.c   -O2  execution test
FAIL: c-c++-common/asan/swapcontext-test-1.c   -O2 -flto -fno-use-linker-plugin -flto-partition=none  execution test
FAIL: c-c++-common/asan/swapcontext-test-1.c   -O2 -flto -fuse-linker-plugin -fno-fat-lto-objects  execution test
FAIL: c-c++-common/asan/swapcontext-test-1.c   -O3 -fomit-frame-pointer -funroll-loops -fpeel-loops -ftracer -finline-functions  execution test
FAIL: c-c++-common/asan/swapcontext-test-1.c   -O3 -g  execution test
FAIL: c-c++-common/asan/swapcontext-test-1.c   -Os  execution test
FAIL: gcc.dg/torture/pr52451.c   -O0  execution test
FAIL: gcc.dg/torture/pr52451.c   -O1  execution test
FAIL: gcc.dg/torture/pr52451.c   -O2  execution test
FAIL: gcc.dg/torture/pr52451.c   -O2 -flto -fno-use-linker-plugin -flto-partition=none  execution test
FAIL: gcc.dg/torture/pr52451.c   -O2 -flto -fuse-linker-plugin -fno-fat-lto-objects  execution test
FAIL: gcc.dg/torture/pr52451.c   -O3 -g  execution test
FAIL: gcc.dg/torture/pr52451.c   -Os  execution test
FAIL: gcc.dg/torture/pr91323.c   -O0  execution test
FAIL: gcc.dg/torture/pr91323.c   -O1  execution test
FAIL: gcc.dg/torture/pr91323.c   -O2  execution test
FAIL: gcc.dg/torture/pr91323.c   -O2 -flto -fno-use-linker-plugin -flto-partition=none  execution test
FAIL: gcc.dg/torture/pr91323.c   -O2 -flto -fuse-linker-plugin -fno-fat-lto-objects  execution test
FAIL: gcc.dg/torture/pr91323.c   -O3 -g  execution test
FAIL: gcc.dg/torture/pr91323.c   -Os  execution test
XPASS: gcc.dg/tree-ssa/ssa-dom-cse-2.c scan-tree-dump optimized "return 28;"
WARNING: ThreadSanitizer: data race (pid=21880)
WARNING: ThreadSanitizer: data race (pid=22415)
FAIL: c-c++-common/tsan/race_on_mutex.c   -O0  output pattern test, is ==================
FAIL: c-c++-common/tsan/race_on_mutex.c   -O2  output pattern test, is ==================
FAIL: gcc.target/powerpc/20050603-3.c scan-assembler-not \\\\mrldic
FAIL: gcc.target/powerpc/rlwimi-2.c scan-assembler-times (?n)^\\\\s+[a-z] 20217
FAIL: gcc.target/powerpc/rs6000-fpint.c scan-assembler-not stfiwx
XPASS: gcc.target/powerpc/ppc-fortran/ieee128-math.f90   -O  (test for excess errors)

		=== gcc Summary for unix/-m64 ===


		=== gcc Summary ===

/home/gccbuild/build/nightly/build-gcc-13/gcc/xgcc  version 13.2.1 20230912 [releases/gcc-13 r13-7793-gf435805] (GCC) 

		=== gfortran tests ===


Running target unix/-m32
FAIL: gfortran.dg/ieee/large_2.f90   -O0  execution test
FAIL: gfortran.dg/ieee/large_2.f90   -O1  execution test
FAIL: gfortran.dg/ieee/large_2.f90   -O2  execution test
FAIL: gfortran.dg/ieee/large_2.f90   -O3 -fomit-frame-pointer -funroll-loops -fpeel-loops -ftracer -finline-functions  execution test
FAIL: gfortran.dg/ieee/large_2.f90   -O3 -g  execution test
FAIL: gfortran.dg/ieee/large_2.f90   -Os  execution test

		=== gfortran Summary for unix/-m32 ===

# of expected passes		4050

Running target unix/-m64
FAIL: gfortran.dg/ieee/large_2.f90   -O0  execution test
FAIL: gfortran.dg/ieee/large_2.f90   -O1  execution test
FAIL: gfortran.dg/ieee/large_2.f90   -O2  execution test
FAIL: gfortran.dg/ieee/large_2.f90   -O3 -fomit-frame-pointer -funroll-loops -fpeel-loops -ftracer -finline-functions  execution test
FAIL: gfortran.dg/ieee/large_2.f90   -O3 -g  execution test
FAIL: gfortran.dg/ieee/large_2.f90   -Os  execution test

		=== gfortran Summary for unix/-m64 ===

# of expected passes		4050

		=== gfortran Summary ===

# of expected passes		8100
/home/gccbuild/build/nightly/build-gcc-13/gcc/testsuite/gfortran/../../gfortran  version 13.2.1 20230912 [releases/gcc-13 r13-7793-gf435805] (GCC) 

		=== g++ tests ===


Running target unix/-m32
FAIL: g++.dg/contracts/contracts-tmpl-spec2.C   output pattern test, is contract violation in function body<int> at g++.dg/contracts/contracts-tmpl-spec2.C:9: a > 0
FAIL: g++.dg/modules/xtreme-header-5_c.C -std=c++2a (test for excess errors)
FAIL: g++.dg/modules/xtreme-header-5_c.C -std=c++2b (test for excess errors)
FAIL: g++.dg/tls/thread_local-order2.C  -std=c++14 execution test
FAIL: g++.dg/tls/thread_local-order2.C  -std=c++17 execution test
FAIL: g++.dg/tls/thread_local-order2.C  -std=c++20 execution test

		=== g++ Summary for unix/-m32 ===


Running target unix/-m64
FAIL: c-c++-common/asan/swapcontext-test-1.c   -O0  execution test
FAIL: c-c++-common/asan/swapcontext-test-1.c   -O1  execution test
FAIL: c-c++-common/asan/swapcontext-test-1.c   -O2  execution test
FAIL: c-c++-common/asan/swapcontext-test-1.c   -O2 -flto -fno-use-linker-plugin -flto-partition=none  execution test
FAIL: c-c++-common/asan/swapcontext-test-1.c   -O2 -flto -fuse-linker-plugin -fno-fat-lto-objects  execution test
FAIL: c-c++-common/asan/swapcontext-test-1.c   -O3 -fomit-frame-pointer -funroll-loops -fpeel-loops -ftracer -finline-functions  execution test
FAIL: c-c++-common/asan/swapcontext-test-1.c   -O3 -g  execution test
FAIL: c-c++-common/asan/swapcontext-test-1.c   -Os  execution test
FAIL: g++.dg/contracts/contracts-tmpl-spec2.C   output pattern test, is contract violation in function body<int> at g++.dg/contracts/contracts-tmpl-spec2.C:9: a > 0
FAIL: g++.dg/tls/thread_local-order2.C  -std=c++14 execution test
FAIL: g++.dg/tls/thread_local-order2.C  -std=c++17 execution test
FAIL: g++.dg/tls/thread_local-order2.C  -std=c++20 execution test
WARNING: ThreadSanitizer: data race (pid=23811)
WARNING: ThreadSanitizer: data race (pid=24232)
FAIL: c-c++-common/tsan/race_on_mutex.c   -O0  output pattern test, is ==================
FAIL: c-c++-common/tsan/race_on_mutex.c   -O2  output pattern test, is ==================
FAIL: g++.dg/tsan/pthread_cond_clockwait.C   -O0  (test for excess errors)
UNRESOLVED: g++.dg/tsan/pthread_cond_clockwait.C   -O0  compilation failed to produce executable
FAIL: g++.dg/tsan/pthread_cond_clockwait.C   -O2  (test for excess errors)
UNRESOLVED: g++.dg/tsan/pthread_cond_clockwait.C   -O2  compilation failed to produce executable

		=== g++ Summary for unix/-m64 ===


		=== g++ Summary ===

/home/gccbuild/build/nightly/build-gcc-13/gcc/testsuite/g++/../../xg++  version 13.2.1 20230912 [releases/gcc-13 r13-7793-gf435805] (GCC) 

		=== obj-c++ tests ===


Running target unix/-m32

		=== obj-c++ Summary for unix/-m32 ===

# of expected passes		56

Running target unix/-m64

		=== obj-c++ Summary for unix/-m64 ===

# of expected passes		56

		=== obj-c++ Summary ===

# of expected passes		3012
# of expected failures		12
# of unsupported tests		158
/home/gccbuild/build/nightly/build-gcc-13/gcc/testsuite/obj-c++/../../xg++  version 13.2.1 20230912 [releases/gcc-13 r13-7793-gf435805] (GCC) 

		=== objc tests ===


Running target unix/-m32

		=== objc Summary for unix/-m32 ===

# of expected passes		56

Running target unix/-m64

		=== objc Summary for unix/-m64 ===

# of expected passes		56

		=== objc Summary ===

# of expected passes		112
/home/gccbuild/build/nightly/build-gcc-13/gcc/xgcc  version 13.2.1 20230912 [releases/gcc-13 r13-7793-gf435805] (GCC) 

		=== libatomic tests ===


Running target unix/-m32

		=== libatomic Summary for unix/-m32 ===

# of expected passes		44
# of unsupported tests		5

Running target unix/-m64

		=== libatomic Summary for unix/-m64 ===

# of expected passes		54

		=== libatomic Summary ===

# of expected passes		98
# of unsupported tests		5
		=== libgomp tests ===


Running target unix/-m32

		=== libgomp Summary for unix/-m32 ===

# of expected passes		5811
# of expected failures		234
# of unsupported tests		158

Running target unix/-m64

		=== libgomp Summary for unix/-m64 ===

# of expected passes		5811
# of expected failures		234
# of unsupported tests		158

		=== libgomp Summary ===

# of expected passes		11622
# of expected failures		468
# of unsupported tests		316
		=== libitm tests ===


Running target unix/-m32

		=== libitm Summary for unix/-m32 ===

# of expected passes		18
# of expected failures		1
# of unsupported tests		1

Running target unix/-m64

		=== libitm Summary for unix/-m64 ===

# of expected passes		18
# of expected failures		1
# of unsupported tests		1

		=== libitm Summary ===

# of expected passes		88
# of expected failures		6
# of unsupported tests		2
		=== libstdc++ tests ===


Running target unix/-m32
FAIL: libstdc++-abi/abi_check
FAIL: 23_containers/vector/bool/110807.cc (test for excess errors)

		=== libstdc++ Summary for unix/-m32 ===

# of unsupported tests		1

Running target unix/-m64
FAIL: libstdc++-abi/abi_check

		=== libstdc++ Summary for unix/-m64 ===

# of unsupported tests		1

		=== libstdc++ Summary ===

# of unsupported tests		2

Compiler version: 13.2.1 20230912 [releases/gcc-13 r13-7793-gf435805] (GCC) 
Platform: powerpc64-unknown-linux-gnu
configure flags: --prefix=/opt/gcc-nightly/13 --enable-languages=c,c++,fortran,objc,obj-c++ --with-cpu=power8 --enable-multilib --enable-secureplt


More information about the Gcc-testresults mailing list