Results for 13.2.1 20230909 [releases/gcc-13 r13-7786-g5d950cc6d7] (GCC) testsuite on powerpc64le-unknown-linux-gnu

Bill Seurer (POWER9 IEEE128) seurer@linux.ibm.com
Sat Sep 9 10:55:29 GMT 2023


git commit g:5d950cc6d7a918666acf1ad74caad15a6d725128
gcc-descr r13-7786-g5d950cc6d7a918

power9 IEEE128
Linux 6.2.14-100.fc36.ppc64le ppc64le
GNU Make 4.3

DejaGnu:
	DejaGnu version	1.6.3
	Expect version	5.45.4
	Tcl version	8.6

64-bit

LAST_UPDATED: Sat Sep  9 09:23:12 UTC 2023 (revision r13-7786-g5d950cc6d7)

Native configuration is powerpc64le-unknown-linux-gnu

		=== gcc tests ===


Running target unix
XPASS: gcc.dg/Wtrampolines.c standard descriptors (test for warnings, line 29)
XPASS: gcc.dg/guality/example.c   -O0  execution test
XPASS: gcc.dg/guality/example.c   -O1  -DPREVENT_OPTIMIZATION  execution test
XPASS: gcc.dg/guality/example.c  -Og -DPREVENT_OPTIMIZATION  execution test
XPASS: gcc.dg/guality/guality.c   -O0  execution test
XPASS: gcc.dg/guality/guality.c   -O1  -DPREVENT_OPTIMIZATION  execution test
XPASS: gcc.dg/guality/guality.c   -O2  -DPREVENT_OPTIMIZATION  execution test
XPASS: gcc.dg/guality/guality.c   -O2 -flto -fno-use-linker-plugin -flto-partition=none  -DPREVENT_OPTIMIZATION execution test
XPASS: gcc.dg/guality/guality.c   -O2 -flto -fuse-linker-plugin -fno-fat-lto-objects  -DPREVENT_OPTIMIZATION execution test
XPASS: gcc.dg/guality/guality.c   -O3 -g  -DPREVENT_OPTIMIZATION  execution test
XPASS: gcc.dg/guality/guality.c   -Os  -DPREVENT_OPTIMIZATION  execution test
XPASS: gcc.dg/guality/guality.c  -Og -DPREVENT_OPTIMIZATION  execution test
XPASS: gcc.dg/guality/inline-params.c   -O2  -DPREVENT_OPTIMIZATION  execution test
XPASS: gcc.dg/guality/inline-params.c   -O2 -flto -fno-use-linker-plugin -flto-partition=none  -DPREVENT_OPTIMIZATION execution test
XPASS: gcc.dg/guality/inline-params.c   -O2 -flto -fuse-linker-plugin -fno-fat-lto-objects  -DPREVENT_OPTIMIZATION execution test
XPASS: gcc.dg/guality/inline-params.c   -O3 -g  -DPREVENT_OPTIMIZATION  execution test
XPASS: gcc.dg/guality/inline-params.c   -Os  -DPREVENT_OPTIMIZATION  execution test
XPASS: gcc.dg/guality/ipa-sra-1.c   -O0  line 15 k == 3
XPASS: gcc.dg/guality/ipa-sra-1.c   -O1  -DPREVENT_OPTIMIZATION  line 15 k == 3
XPASS: gcc.dg/guality/ipa-sra-1.c  -Og -DPREVENT_OPTIMIZATION  line 15 k == 3
FAIL: gcc.dg/guality/loop-1.c   -O2  -DPREVENT_OPTIMIZATION  line 20 i == 1
FAIL: gcc.dg/guality/loop-1.c   -O2 -flto -fno-use-linker-plugin -flto-partition=none  -DPREVENT_OPTIMIZATION line 20 i == 1
FAIL: gcc.dg/guality/loop-1.c   -O2 -flto -fuse-linker-plugin -fno-fat-lto-objects  -DPREVENT_OPTIMIZATION line 20 i == 1
FAIL: gcc.dg/guality/loop-1.c   -O3 -fomit-frame-pointer -funroll-loops -fpeel-loops -ftracer -finline-functions  -DPREVENT_OPTIMIZATION  line 20 i == 1
FAIL: gcc.dg/guality/loop-1.c   -O3 -g  -DPREVENT_OPTIMIZATION  line 20 i == 1
FAIL: gcc.dg/guality/pr36728-1.c   -O2 -flto -fuse-linker-plugin -fno-fat-lto-objects  -DPREVENT_OPTIMIZATION line 18 y == 2
FAIL: gcc.dg/guality/pr36728-1.c   -O3 -g  -DPREVENT_OPTIMIZATION  line 18 y == 2
FAIL: gcc.dg/guality/pr36728-2.c   -O2 -flto -fuse-linker-plugin -fno-fat-lto-objects  -DPREVENT_OPTIMIZATION line 18 y == 2
FAIL: gcc.dg/guality/pr36728-3.c   -O2 -flto -fuse-linker-plugin -fno-fat-lto-objects  -DPREVENT_OPTIMIZATION line 16 y == 2
FAIL: gcc.dg/guality/pr36728-3.c   -O3 -g  -DPREVENT_OPTIMIZATION  line 16 y == 2
FAIL: gcc.dg/guality/pr41353-1.c  -Og -DPREVENT_OPTIMIZATION  line 28 i == 37
FAIL: gcc.dg/guality/pr41353-1.c  -Og -DPREVENT_OPTIMIZATION  line 28 i1 == 2 * 37
FAIL: gcc.dg/guality/pr41353-1.c  -Og -DPREVENT_OPTIMIZATION  line 28 i2 == 3 * 37
XPASS: gcc.dg/guality/pr41353-1.c  -Og -DPREVENT_OPTIMIZATION  line 28 j == 28 + 37
FAIL: gcc.dg/guality/pr54200.c   -O1  -DPREVENT_OPTIMIZATION  line 20 z == 3
FAIL: gcc.dg/guality/pr54200.c   -O2  -DPREVENT_OPTIMIZATION  line 20 z == 3
FAIL: gcc.dg/guality/pr54200.c   -O2 -flto -fno-use-linker-plugin -flto-partition=none  -DPREVENT_OPTIMIZATION line 20 z == 3
FAIL: gcc.dg/guality/pr54200.c   -O3 -g  -DPREVENT_OPTIMIZATION  line 20 z == 3
FAIL: gcc.dg/guality/pr54200.c   -Os  -DPREVENT_OPTIMIZATION  line 20 z == 3
FAIL: gcc.dg/guality/pr54519-1.c   -O2 -flto -fno-use-linker-plugin -flto-partition=none  -DPREVENT_OPTIMIZATION line 20 y == 25
FAIL: gcc.dg/guality/pr54519-1.c   -O2 -flto -fno-use-linker-plugin -flto-partition=none  -DPREVENT_OPTIMIZATION line 20 z == 6
FAIL: gcc.dg/guality/pr54519-1.c   -O2 -flto -fno-use-linker-plugin -flto-partition=none  -DPREVENT_OPTIMIZATION line 23 y == 117
FAIL: gcc.dg/guality/pr54519-1.c   -O2 -flto -fno-use-linker-plugin -flto-partition=none  -DPREVENT_OPTIMIZATION line 23 z == 8
FAIL: gcc.dg/guality/pr54519-1.c   -O2 -flto -fuse-linker-plugin -fno-fat-lto-objects  -DPREVENT_OPTIMIZATION line 20 y == 25
FAIL: gcc.dg/guality/pr54519-1.c   -O2 -flto -fuse-linker-plugin -fno-fat-lto-objects  -DPREVENT_OPTIMIZATION line 20 z == 6
FAIL: gcc.dg/guality/pr54519-1.c   -O2 -flto -fuse-linker-plugin -fno-fat-lto-objects  -DPREVENT_OPTIMIZATION line 23 y == 117
FAIL: gcc.dg/guality/pr54519-1.c   -O2 -flto -fuse-linker-plugin -fno-fat-lto-objects  -DPREVENT_OPTIMIZATION line 23 z == 8
FAIL: gcc.dg/guality/pr54519-2.c   -O2 -flto -fno-use-linker-plugin -flto-partition=none  -DPREVENT_OPTIMIZATION line 17 y == 25
FAIL: gcc.dg/guality/pr54519-2.c   -O2 -flto -fuse-linker-plugin -fno-fat-lto-objects  -DPREVENT_OPTIMIZATION line 17 y == 25
FAIL: gcc.dg/guality/pr54519-3.c   -O1  -DPREVENT_OPTIMIZATION  line 20 x == 36
FAIL: gcc.dg/guality/pr54519-3.c   -O1  -DPREVENT_OPTIMIZATION  line 20 z == 6
FAIL: gcc.dg/guality/pr54519-3.c   -O1  -DPREVENT_OPTIMIZATION  line 23 x == 98
FAIL: gcc.dg/guality/pr54519-3.c   -O1  -DPREVENT_OPTIMIZATION  line 23 z == 8
FAIL: gcc.dg/guality/pr54519-3.c   -O2  -DPREVENT_OPTIMIZATION  line 20 z == 6
FAIL: gcc.dg/guality/pr54519-3.c   -O2  -DPREVENT_OPTIMIZATION  line 23 z == 8
FAIL: gcc.dg/guality/pr54519-3.c   -O2 -flto -fno-use-linker-plugin -flto-partition=none  -DPREVENT_OPTIMIZATION line 20 y == 25
FAIL: gcc.dg/guality/pr54519-3.c   -O2 -flto -fno-use-linker-plugin -flto-partition=none  -DPREVENT_OPTIMIZATION line 20 z == 6
FAIL: gcc.dg/guality/pr54519-3.c   -O2 -flto -fno-use-linker-plugin -flto-partition=none  -DPREVENT_OPTIMIZATION line 23 y == 117
FAIL: gcc.dg/guality/pr54519-3.c   -O2 -flto -fno-use-linker-plugin -flto-partition=none  -DPREVENT_OPTIMIZATION line 23 z == 8
FAIL: gcc.dg/guality/pr54519-3.c   -O2 -flto -fuse-linker-plugin -fno-fat-lto-objects  -DPREVENT_OPTIMIZATION line 20 y == 25
FAIL: gcc.dg/guality/pr54519-3.c   -O2 -flto -fuse-linker-plugin -fno-fat-lto-objects  -DPREVENT_OPTIMIZATION line 20 z == 6
FAIL: gcc.dg/guality/pr54519-3.c   -O2 -flto -fuse-linker-plugin -fno-fat-lto-objects  -DPREVENT_OPTIMIZATION line 23 y == 117
FAIL: gcc.dg/guality/pr54519-3.c   -O2 -flto -fuse-linker-plugin -fno-fat-lto-objects  -DPREVENT_OPTIMIZATION line 23 z == 8
FAIL: gcc.dg/guality/pr54519-3.c   -O3 -g  -DPREVENT_OPTIMIZATION  line 20 z == 6
FAIL: gcc.dg/guality/pr54519-3.c   -O3 -g  -DPREVENT_OPTIMIZATION  line 23 z == 8
FAIL: gcc.dg/guality/pr54519-3.c   -Os  -DPREVENT_OPTIMIZATION  line 20 z == 6
FAIL: gcc.dg/guality/pr54519-3.c   -Os  -DPREVENT_OPTIMIZATION  line 23 z == 8
FAIL: gcc.dg/guality/pr54519-3.c  -Og -DPREVENT_OPTIMIZATION  line 20 x == 36
FAIL: gcc.dg/guality/pr54519-3.c  -Og -DPREVENT_OPTIMIZATION  line 20 z == 6
FAIL: gcc.dg/guality/pr54519-3.c  -Og -DPREVENT_OPTIMIZATION  line 23 x == 98
FAIL: gcc.dg/guality/pr54519-3.c  -Og -DPREVENT_OPTIMIZATION  line 23 z == 8
FAIL: gcc.dg/guality/pr54519-4.c   -O1  -DPREVENT_OPTIMIZATION  line 17 y == 25
FAIL: gcc.dg/guality/pr54519-4.c   -O2  -DPREVENT_OPTIMIZATION  line 17 y == 25
FAIL: gcc.dg/guality/pr54519-4.c   -O2 -flto -fno-use-linker-plugin -flto-partition=none  -DPREVENT_OPTIMIZATION line 17 y == 25
FAIL: gcc.dg/guality/pr54519-4.c   -O2 -flto -fuse-linker-plugin -fno-fat-lto-objects  -DPREVENT_OPTIMIZATION line 17 y == 25
FAIL: gcc.dg/guality/pr54519-4.c   -O3 -g  -DPREVENT_OPTIMIZATION  line 17 y == 25
FAIL: gcc.dg/guality/pr54519-4.c   -Os  -DPREVENT_OPTIMIZATION  line 17 y == 25
FAIL: gcc.dg/guality/pr54519-4.c  -Og -DPREVENT_OPTIMIZATION  line 17 y == 25
FAIL: gcc.dg/guality/pr54519-5.c   -O2 -flto -fno-use-linker-plugin -flto-partition=none  -DPREVENT_OPTIMIZATION line 17 y == 25
FAIL: gcc.dg/guality/pr54519-5.c   -O2 -flto -fuse-linker-plugin -fno-fat-lto-objects  -DPREVENT_OPTIMIZATION line 17 y == 25
FAIL: gcc.dg/guality/pr54519-6.c   -Os  -DPREVENT_OPTIMIZATION  line 11 x == 2
FAIL: gcc.dg/guality/pr54693-2.c   -O2 -flto -fuse-linker-plugin -fno-fat-lto-objects  -DPREVENT_OPTIMIZATION line 21 x == 10 - i
FAIL: gcc.dg/guality/pr54693-2.c   -O2 -flto -fuse-linker-plugin -fno-fat-lto-objects  -DPREVENT_OPTIMIZATION line 21 y == 20 - 2 * i
FAIL: gcc.dg/guality/pr54693-2.c   -O2 -flto -fuse-linker-plugin -fno-fat-lto-objects  -DPREVENT_OPTIMIZATION line 21 z == 30 - 3 * i
FAIL: gcc.dg/guality/pr54693-2.c   -Os  -DPREVENT_OPTIMIZATION  line 21 y == 20 - 2 * i
FAIL: gcc.dg/guality/pr54693-2.c   -Os  -DPREVENT_OPTIMIZATION  line 21 z == 30 - 3 * i
FAIL: gcc.dg/guality/pr56154-1.c  -Og -DPREVENT_OPTIMIZATION  line pr56154-1.c:20 x.a == 6
FAIL: gcc.dg/guality/pr59776.c  -Og -DPREVENT_OPTIMIZATION  line pr59776.c:17 s1.f == 5.0
FAIL: gcc.dg/guality/pr59776.c  -Og -DPREVENT_OPTIMIZATION  line pr59776.c:17 s1.g == 6.0
FAIL: gcc.dg/guality/pr59776.c  -Og -DPREVENT_OPTIMIZATION  line pr59776.c:17 s2.f == 0.0
FAIL: gcc.dg/guality/pr59776.c  -Og -DPREVENT_OPTIMIZATION  line pr59776.c:20 s1.f == 5.0
FAIL: gcc.dg/guality/pr59776.c  -Og -DPREVENT_OPTIMIZATION  line pr59776.c:20 s1.g == 6.0
FAIL: gcc.dg/guality/pr59776.c  -Og -DPREVENT_OPTIMIZATION  line pr59776.c:20 s2.f == 5.0
FAIL: gcc.dg/guality/pr68860-1.c   -O2  -DPREVENT_OPTIMIZATION  line 16 y == 2
FAIL: gcc.dg/guality/pr68860-1.c   -O2 -flto -fno-use-linker-plugin -flto-partition=none  -DPREVENT_OPTIMIZATION line 16 y == 2
FAIL: gcc.dg/guality/pr68860-1.c   -O2 -flto -fuse-linker-plugin -fno-fat-lto-objects  -DPREVENT_OPTIMIZATION line 16 y == 2
FAIL: gcc.dg/guality/pr68860-1.c   -O3 -g  -DPREVENT_OPTIMIZATION  line 16 y == 2
FAIL: gcc.dg/guality/pr68860-1.c   -Os  -DPREVENT_OPTIMIZATION  line 16 y == 2
FAIL: gcc.dg/guality/pr68860-2.c   -O2 -flto -fuse-linker-plugin -fno-fat-lto-objects  -DPREVENT_OPTIMIZATION line 16 y == 2
FAIL: gcc.dg/guality/pr68860-2.c   -O3 -g  -DPREVENT_OPTIMIZATION  line 16 y == 2
FAIL: gcc.dg/guality/sra-1.c   -O2 -flto -fuse-linker-plugin -fno-fat-lto-objects  -DPREVENT_OPTIMIZATION line 21 a.i == 4
FAIL: gcc.dg/guality/sra-1.c   -O2 -flto -fuse-linker-plugin -fno-fat-lto-objects  -DPREVENT_OPTIMIZATION line 21 a.j == 14
FAIL: gcc.dg/guality/sra-1.c   -O2 -flto -fuse-linker-plugin -fno-fat-lto-objects  -DPREVENT_OPTIMIZATION line 32 a[0] == 4
FAIL: gcc.dg/guality/sra-1.c   -O2 -flto -fuse-linker-plugin -fno-fat-lto-objects  -DPREVENT_OPTIMIZATION line 32 a[1] == 14
FAIL: gcc.dg/guality/sra-1.c   -O2 -flto -fuse-linker-plugin -fno-fat-lto-objects  -DPREVENT_OPTIMIZATION line 43 a.i == 4
FAIL: gcc.dg/guality/sra-1.c   -O2 -flto -fuse-linker-plugin -fno-fat-lto-objects  -DPREVENT_OPTIMIZATION line 43 a.j == 14
FAIL: gcc.dg/guality/sra-1.c  -Og -DPREVENT_OPTIMIZATION  line 21 a.i == 4
FAIL: gcc.dg/guality/sra-1.c  -Og -DPREVENT_OPTIMIZATION  line 21 a.j == 14
FAIL: gcc.dg/guality/sra-1.c  -Og -DPREVENT_OPTIMIZATION  line 32 a[0] == 4
FAIL: gcc.dg/guality/sra-1.c  -Og -DPREVENT_OPTIMIZATION  line 32 a[1] == 14
FAIL: gcc.dg/guality/sra-1.c  -Og -DPREVENT_OPTIMIZATION  line 43 a.i == 4
FAIL: gcc.dg/guality/sra-1.c  -Og -DPREVENT_OPTIMIZATION  line 43 a.j == 14
FAIL: gcc.dg/guality/vla-2.c   -O2 -flto -fuse-linker-plugin -fno-fat-lto-objects  -DPREVENT_OPTIMIZATION line 25 sizeof (a) == 6 * sizeof (int)
FAIL: gcc.dg/torture/float128-cmp-invalid.c   -O0  execution test
FAIL: gcc.dg/torture/float128-cmp-invalid.c   -O1  execution test
FAIL: gcc.dg/torture/float128-cmp-invalid.c   -O2  execution test
FAIL: gcc.dg/torture/float128-cmp-invalid.c   -O2 -flto -fno-use-linker-plugin -flto-partition=none  execution test
FAIL: gcc.dg/torture/float128-cmp-invalid.c   -O2 -flto -fuse-linker-plugin -fno-fat-lto-objects  execution test
FAIL: gcc.dg/torture/float128-cmp-invalid.c   -O3 -g  execution test
FAIL: gcc.dg/torture/float128-cmp-invalid.c   -Os  execution test
FAIL: gcc.dg/torture/pr52451.c   -O0  execution test
FAIL: gcc.dg/torture/pr52451.c   -O1  execution test
FAIL: gcc.dg/torture/pr52451.c   -O2  execution test
FAIL: gcc.dg/torture/pr52451.c   -O2 -flto -fno-use-linker-plugin -flto-partition=none  execution test
FAIL: gcc.dg/torture/pr52451.c   -O2 -flto -fuse-linker-plugin -fno-fat-lto-objects  execution test
FAIL: gcc.dg/torture/pr52451.c   -O3 -g  execution test
FAIL: gcc.dg/torture/pr52451.c   -Os  execution test
FAIL: gcc.dg/torture/pr91323.c   -O0  execution test
FAIL: gcc.dg/torture/pr91323.c   -O1  execution test
FAIL: gcc.dg/torture/pr91323.c   -O2  execution test
FAIL: gcc.dg/torture/pr91323.c   -O2 -flto -fno-use-linker-plugin -flto-partition=none  execution test
FAIL: gcc.dg/torture/pr91323.c   -O2 -flto -fuse-linker-plugin -fno-fat-lto-objects  execution test
FAIL: gcc.dg/torture/pr91323.c   -O3 -g  execution test
FAIL: gcc.dg/torture/pr91323.c   -Os  execution test
XPASS: gcc.dg/tree-ssa/ssa-dom-cse-2.c scan-tree-dump optimized "return 28;"
FAIL: gcc.target/powerpc/pr105334.c (test for excess errors)
FAIL: gcc.target/powerpc/rlwimi-2.c scan-assembler-times (?n)^\\\\s+[a-z] 20217
FAIL: gcc.target/powerpc/rs6000-fpint.c scan-assembler-not stfiwx
XPASS: gcc.target/powerpc/ppc-fortran/ieee128-math.f90   -O  (test for excess errors)

		=== gcc Summary ===

# of expected passes		169380
# of unexpected failures	116
# of unexpected successes	23
# of expected failures		1542
# of unsupported tests		3187
/home/gccbuild/build/nightly/build-gcc-13/gcc/xgcc  version 13.2.1 20230909 [releases/gcc-13 r13-7786-g5d950cc6d7] (GCC) 

		=== gfortran tests ===


Running target unix
XPASS: gfortran.dg/default_format_2.f90   -O0  execution test
XPASS: gfortran.dg/default_format_2.f90   -O1  execution test
XPASS: gfortran.dg/default_format_2.f90   -O2  execution test
XPASS: gfortran.dg/default_format_2.f90   -O3 -fomit-frame-pointer -funroll-loops -fpeel-loops -ftracer -finline-functions  execution test
XPASS: gfortran.dg/default_format_2.f90   -O3 -g  execution test
XPASS: gfortran.dg/default_format_2.f90   -Os  execution test
XPASS: gfortran.dg/default_format_denormal_2.f90   -O0  execution test
XPASS: gfortran.dg/default_format_denormal_2.f90   -O1  execution test
XPASS: gfortran.dg/default_format_denormal_2.f90   -O2  execution test
XPASS: gfortran.dg/default_format_denormal_2.f90   -O3 -fomit-frame-pointer -funroll-loops -fpeel-loops -ftracer -finline-functions  execution test
XPASS: gfortran.dg/default_format_denormal_2.f90   -O3 -g  execution test
XPASS: gfortran.dg/default_format_denormal_2.f90   -Os  execution test
XPASS: gfortran.dg/large_real_kind_form_io_2.f90   -O0  execution test
XPASS: gfortran.dg/large_real_kind_form_io_2.f90   -O1  execution test
XPASS: gfortran.dg/large_real_kind_form_io_2.f90   -O2  execution test
XPASS: gfortran.dg/large_real_kind_form_io_2.f90   -O3 -fomit-frame-pointer -funroll-loops -fpeel-loops -ftracer -finline-functions  execution test
XPASS: gfortran.dg/large_real_kind_form_io_2.f90   -O3 -g  execution test
XPASS: gfortran.dg/large_real_kind_form_io_2.f90   -Os  execution test

		=== gfortran Summary ===

# of expected passes		67884
# of unexpected successes	18
# of expected failures		259
# of unsupported tests		174
/home/gccbuild/build/nightly/build-gcc-13/gcc/gfortran  version 13.2.1 20230909 [releases/gcc-13 r13-7786-g5d950cc6d7] (GCC) 

		=== g++ tests ===


Running target unix
FAIL: g++.dg/contracts/contracts-tmpl-spec2.C   output pattern test
FAIL: g++.dg/modules/binding-1_a.H -std=c++17 (internal compiler error: in type_node, at cp/module.cc:8897)
FAIL: g++.dg/modules/binding-1_a.H -std=c++17 (test for excess errors)
FAIL: g++.dg/modules/binding-1_a.H -std=c++2a (internal compiler error: in type_node, at cp/module.cc:8897)
FAIL: g++.dg/modules/binding-1_a.H -std=c++2a (test for excess errors)
FAIL: g++.dg/modules/binding-1_a.H -std=c++2b (internal compiler error: in type_node, at cp/module.cc:8897)
FAIL: g++.dg/modules/binding-1_a.H -std=c++2b (test for excess errors)
FAIL: g++.dg/modules/binding-1_a.H module-cmi  (gcm.cache/\$srcdir/g++.dg/modules/binding-1_a.H.gcm)
FAIL: g++.dg/modules/binding-1_a.H module-cmi  (gcm.cache/\$srcdir/g++.dg/modules/binding-1_a.H.gcm)
FAIL: g++.dg/modules/binding-1_a.H module-cmi  (gcm.cache/\$srcdir/g++.dg/modules/binding-1_a.H.gcm)
FAIL: g++.dg/modules/binding-1_b.H -std=c++17 (internal compiler error: in type_node, at cp/module.cc:8897)
FAIL: g++.dg/modules/binding-1_b.H -std=c++17 (test for excess errors)
FAIL: g++.dg/modules/binding-1_b.H -std=c++2a (internal compiler error: in type_node, at cp/module.cc:8897)
FAIL: g++.dg/modules/binding-1_b.H -std=c++2a (test for excess errors)
FAIL: g++.dg/modules/binding-1_b.H -std=c++2b (internal compiler error: in type_node, at cp/module.cc:8897)
FAIL: g++.dg/modules/binding-1_b.H -std=c++2b (test for excess errors)
FAIL: g++.dg/modules/binding-1_b.H module-cmi  (gcm.cache/\$srcdir/g++.dg/modules/binding-1_b.H.gcm)
FAIL: g++.dg/modules/binding-1_b.H module-cmi  (gcm.cache/\$srcdir/g++.dg/modules/binding-1_b.H.gcm)
FAIL: g++.dg/modules/binding-1_b.H module-cmi  (gcm.cache/\$srcdir/g++.dg/modules/binding-1_b.H.gcm)
FAIL: g++.dg/modules/binding-1_c.C -std=c++17 (test for excess errors)
FAIL: g++.dg/modules/binding-1_c.C -std=c++2a (test for excess errors)
FAIL: g++.dg/modules/binding-1_c.C -std=c++2b (test for excess errors)
FAIL: g++.dg/modules/binding-1_c.C module-cmi hello (gcm.cache/hello.gcm)
FAIL: g++.dg/modules/binding-1_c.C module-cmi hello (gcm.cache/hello.gcm)
FAIL: g++.dg/modules/binding-1_c.C module-cmi hello (gcm.cache/hello.gcm)
UNRESOLVED: g++.dg/modules/global-3 -std=c++17 execute
UNRESOLVED: g++.dg/modules/global-3 -std=c++17 link
UNRESOLVED: g++.dg/modules/global-3 -std=c++2a execute
UNRESOLVED: g++.dg/modules/global-3 -std=c++2a link
UNRESOLVED: g++.dg/modules/global-3 -std=c++2b execute
UNRESOLVED: g++.dg/modules/global-3 -std=c++2b link
FAIL: g++.dg/modules/global-3_a.C -std=c++17 (internal compiler error: in type_node, at cp/module.cc:8897)
FAIL: g++.dg/modules/global-3_a.C -std=c++17 (test for excess errors)
FAIL: g++.dg/modules/global-3_a.C -std=c++2a (internal compiler error: in type_node, at cp/module.cc:8897)
FAIL: g++.dg/modules/global-3_a.C -std=c++2a (test for excess errors)
FAIL: g++.dg/modules/global-3_a.C -std=c++2b (internal compiler error: in type_node, at cp/module.cc:8897)
FAIL: g++.dg/modules/global-3_a.C -std=c++2b (test for excess errors)
FAIL: g++.dg/modules/global-3_a.C module-cmi logger (gcm.cache/logger.gcm)
FAIL: g++.dg/modules/global-3_a.C module-cmi logger (gcm.cache/logger.gcm)
FAIL: g++.dg/modules/global-3_a.C module-cmi logger (gcm.cache/logger.gcm)
FAIL: g++.dg/modules/global-3_b.C -std=c++17 (test for excess errors)
FAIL: g++.dg/modules/global-3_b.C -std=c++2a (test for excess errors)
FAIL: g++.dg/modules/global-3_b.C -std=c++2b (test for excess errors)
UNRESOLVED: g++.dg/modules/hello-1 -std=c++17 execute
UNRESOLVED: g++.dg/modules/hello-1 -std=c++17 link
UNRESOLVED: g++.dg/modules/hello-1 -std=c++2a execute
UNRESOLVED: g++.dg/modules/hello-1 -std=c++2a link
UNRESOLVED: g++.dg/modules/hello-1 -std=c++2b execute
UNRESOLVED: g++.dg/modules/hello-1 -std=c++2b link
FAIL: g++.dg/modules/hello-1_a.C -std=c++17 (internal compiler error: in type_node, at cp/module.cc:8897)
FAIL: g++.dg/modules/hello-1_a.C -std=c++17 (test for excess errors)
FAIL: g++.dg/modules/hello-1_a.C -std=c++2a (internal compiler error: in type_node, at cp/module.cc:8897)
FAIL: g++.dg/modules/hello-1_a.C -std=c++2a (test for excess errors)
FAIL: g++.dg/modules/hello-1_a.C -std=c++2b (internal compiler error: in type_node, at cp/module.cc:8897)
FAIL: g++.dg/modules/hello-1_a.C -std=c++2b (test for excess errors)
FAIL: g++.dg/modules/hello-1_a.C module-cmi hello (gcm.cache/hello.gcm)
FAIL: g++.dg/modules/hello-1_a.C module-cmi hello (gcm.cache/hello.gcm)
FAIL: g++.dg/modules/hello-1_a.C module-cmi hello (gcm.cache/hello.gcm)
FAIL: g++.dg/modules/hello-1_b.C -std=c++17 (test for excess errors)
FAIL: g++.dg/modules/hello-1_b.C -std=c++2a (test for excess errors)
FAIL: g++.dg/modules/hello-1_b.C -std=c++2b (test for excess errors)
UNRESOLVED: g++.dg/modules/iostream-1 -std=c++17 execute
UNRESOLVED: g++.dg/modules/iostream-1 -std=c++17 link
UNRESOLVED: g++.dg/modules/iostream-1 -std=c++2a execute
UNRESOLVED: g++.dg/modules/iostream-1 -std=c++2a link
UNRESOLVED: g++.dg/modules/iostream-1 -std=c++2b execute
UNRESOLVED: g++.dg/modules/iostream-1 -std=c++2b link
FAIL: g++.dg/modules/iostream-1_a.H -std=c++17 (internal compiler error: in type_node, at cp/module.cc:8897)
FAIL: g++.dg/modules/iostream-1_a.H -std=c++17 (test for excess errors)
FAIL: g++.dg/modules/iostream-1_a.H -std=c++2a (internal compiler error: in type_node, at cp/module.cc:8897)
FAIL: g++.dg/modules/iostream-1_a.H -std=c++2a (test for excess errors)
FAIL: g++.dg/modules/iostream-1_a.H -std=c++2b (internal compiler error: in type_node, at cp/module.cc:8897)
FAIL: g++.dg/modules/iostream-1_a.H -std=c++2b (test for excess errors)
FAIL: g++.dg/modules/iostream-1_a.H module-cmi  (gcm.cache/\$srcdir/g++.dg/modules/iostream-1_a.H.gcm)
FAIL: g++.dg/modules/iostream-1_a.H module-cmi  (gcm.cache/\$srcdir/g++.dg/modules/iostream-1_a.H.gcm)
FAIL: g++.dg/modules/iostream-1_a.H module-cmi  (gcm.cache/\$srcdir/g++.dg/modules/iostream-1_a.H.gcm)
FAIL: g++.dg/modules/iostream-1_b.C -std=c++17 (test for excess errors)
FAIL: g++.dg/modules/iostream-1_b.C -std=c++2a (test for excess errors)
FAIL: g++.dg/modules/iostream-1_b.C -std=c++2b (test for excess errors)
FAIL: g++.dg/modules/pr99023_b.X -std=c++17 (internal compiler error: in type_node, at cp/module.cc:8897)
FAIL: g++.dg/modules/pr99023_b.X -std=c++17 (test for excess errors)
FAIL: g++.dg/modules/pr99023_b.X -std=c++2a (internal compiler error: in type_node, at cp/module.cc:8897)
FAIL: g++.dg/modules/pr99023_b.X -std=c++2a (test for excess errors)
FAIL: g++.dg/modules/pr99023_b.X -std=c++2b (internal compiler error: in type_node, at cp/module.cc:8897)
FAIL: g++.dg/modules/pr99023_b.X -std=c++2b (test for excess errors)
FAIL: g++.dg/modules/pr99166_a.X -std=c++17 (internal compiler error: in type_node, at cp/module.cc:8897)
FAIL: g++.dg/modules/pr99166_a.X -std=c++17 (test for excess errors)
FAIL: g++.dg/modules/pr99166_a.X -std=c++2a (internal compiler error: in type_node, at cp/module.cc:8897)
FAIL: g++.dg/modules/pr99166_a.X -std=c++2a (test for excess errors)
FAIL: g++.dg/modules/pr99166_a.X -std=c++2b (internal compiler error: in type_node, at cp/module.cc:8897)
FAIL: g++.dg/modules/pr99166_a.X -std=c++2b (test for excess errors)
FAIL: g++.dg/modules/pr99166_b.C -std=c++17 (test for excess errors)
FAIL: g++.dg/modules/pr99166_b.C -std=c++2a (test for excess errors)
FAIL: g++.dg/modules/pr99166_b.C -std=c++2b (test for excess errors)
FAIL: g++.dg/modules/pr99166_c.C -std=c++17 (test for excess errors)
FAIL: g++.dg/modules/pr99166_c.C -std=c++2a (test for excess errors)
FAIL: g++.dg/modules/pr99166_c.C -std=c++2b (test for excess errors)
FAIL: g++.dg/modules/pr99166_d.C -std=c++17  dg-regexp 6 not found: "In module imported at [^\\n]*pr99166_b.C:[0-9:]*,\\nof module Foo, imported at [^\\n]*pr99166_d.C:[0-9:]:\\n[^\\n]*iostream: note: reading CMI 'gcm.cache/[^[\\n]*iostream.gcm'\\n"
FAIL: g++.dg/modules/pr99166_d.C -std=c++17 (test for excess errors)
FAIL: g++.dg/modules/pr99166_d.C -std=c++2a  dg-regexp 6 not found: "In module imported at [^\\n]*pr99166_b.C:[0-9:]*,\\nof module Foo, imported at [^\\n]*pr99166_d.C:[0-9:]:\\n[^\\n]*iostream: note: reading CMI 'gcm.cache/[^[\\n]*iostream.gcm'\\n"
FAIL: g++.dg/modules/pr99166_d.C -std=c++2a (test for excess errors)
FAIL: g++.dg/modules/pr99166_d.C -std=c++2b  dg-regexp 6 not found: "In module imported at [^\\n]*pr99166_b.C:[0-9:]*,\\nof module Foo, imported at [^\\n]*pr99166_d.C:[0-9:]:\\n[^\\n]*iostream: note: reading CMI 'gcm.cache/[^[\\n]*iostream.gcm'\\n"
FAIL: g++.dg/modules/pr99166_d.C -std=c++2b (test for excess errors)
FAIL: g++.dg/modules/pr99425-2_a.X -std=c++17 (internal compiler error: in type_node, at cp/module.cc:8897)
FAIL: g++.dg/modules/pr99425-2_a.X -std=c++17 (test for excess errors)
FAIL: g++.dg/modules/pr99425-2_a.X -std=c++2a (internal compiler error: in type_node, at cp/module.cc:8897)
FAIL: g++.dg/modules/pr99425-2_a.X -std=c++2a (test for excess errors)
FAIL: g++.dg/modules/pr99425-2_a.X -std=c++2b (internal compiler error: in type_node, at cp/module.cc:8897)
FAIL: g++.dg/modules/pr99425-2_a.X -std=c++2b (test for excess errors)
FAIL: g++.dg/modules/pr99425-2_b.X -std=c++17 (internal compiler error: in type_node, at cp/module.cc:8897)
FAIL: g++.dg/modules/pr99425-2_b.X -std=c++17 (test for excess errors)
FAIL: g++.dg/modules/pr99425-2_b.X -std=c++2a (internal compiler error: in type_node, at cp/module.cc:8897)
FAIL: g++.dg/modules/pr99425-2_b.X -std=c++2a (test for excess errors)
FAIL: g++.dg/modules/pr99425-2_b.X -std=c++2b (internal compiler error: in type_node, at cp/module.cc:8897)
FAIL: g++.dg/modules/pr99425-2_b.X -std=c++2b (test for excess errors)
FAIL: g++.dg/modules/string-1_a.H -std=c++17 (internal compiler error: in type_node, at cp/module.cc:8897)
FAIL: g++.dg/modules/string-1_a.H -std=c++17 (test for excess errors)
FAIL: g++.dg/modules/string-1_a.H -std=c++2a (internal compiler error: in type_node, at cp/module.cc:8897)
FAIL: g++.dg/modules/string-1_a.H -std=c++2a (test for excess errors)
FAIL: g++.dg/modules/string-1_a.H -std=c++2b (internal compiler error: in type_node, at cp/module.cc:8897)
FAIL: g++.dg/modules/string-1_a.H -std=c++2b (test for excess errors)
FAIL: g++.dg/modules/string-1_a.H module-cmi  (gcm.cache/\$srcdir/g++.dg/modules/string-1_a.H.gcm)
FAIL: g++.dg/modules/string-1_a.H module-cmi  (gcm.cache/\$srcdir/g++.dg/modules/string-1_a.H.gcm)
FAIL: g++.dg/modules/string-1_a.H module-cmi  (gcm.cache/\$srcdir/g++.dg/modules/string-1_a.H.gcm)
FAIL: g++.dg/modules/string-1_b.C -std=c++17 (test for excess errors)
FAIL: g++.dg/modules/string-1_b.C -std=c++2a (test for excess errors)
FAIL: g++.dg/modules/string-1_b.C -std=c++2b (test for excess errors)
FAIL: g++.dg/modules/xtreme-header-1_a.H -std=c++17 (internal compiler error: in type_node, at cp/module.cc:8897)
FAIL: g++.dg/modules/xtreme-header-1_a.H -std=c++17 (test for excess errors)
FAIL: g++.dg/modules/xtreme-header-1_a.H -std=c++2a (internal compiler error: in type_node, at cp/module.cc:8897)
FAIL: g++.dg/modules/xtreme-header-1_a.H -std=c++2a (test for excess errors)
FAIL: g++.dg/modules/xtreme-header-1_a.H -std=c++2b (internal compiler error: in type_node, at cp/module.cc:8897)
FAIL: g++.dg/modules/xtreme-header-1_a.H -std=c++2b (test for excess errors)
FAIL: g++.dg/modules/xtreme-header-1_a.H module-cmi  (gcm.cache/\$srcdir/g++.dg/modules/xtreme-header-1_a.H.gcm)
FAIL: g++.dg/modules/xtreme-header-1_a.H module-cmi  (gcm.cache/\$srcdir/g++.dg/modules/xtreme-header-1_a.H.gcm)
FAIL: g++.dg/modules/xtreme-header-1_a.H module-cmi  (gcm.cache/\$srcdir/g++.dg/modules/xtreme-header-1_a.H.gcm)
FAIL: g++.dg/modules/xtreme-header-1_b.C -std=c++17 (test for excess errors)
FAIL: g++.dg/modules/xtreme-header-1_b.C -std=c++2a (test for excess errors)
FAIL: g++.dg/modules/xtreme-header-1_b.C -std=c++2b (test for excess errors)
FAIL: g++.dg/modules/xtreme-header-1_c.C -std=c++17 (test for excess errors)
FAIL: g++.dg/modules/xtreme-header-1_c.C -std=c++2a (test for excess errors)
FAIL: g++.dg/modules/xtreme-header-1_c.C -std=c++2b (test for excess errors)
FAIL: g++.dg/modules/xtreme-header-2_a.H -std=c++17 (internal compiler error: in type_node, at cp/module.cc:8897)
FAIL: g++.dg/modules/xtreme-header-2_a.H -std=c++17 (test for excess errors)
FAIL: g++.dg/modules/xtreme-header-2_a.H -std=c++2a (internal compiler error: in type_node, at cp/module.cc:8897)
FAIL: g++.dg/modules/xtreme-header-2_a.H -std=c++2a (test for excess errors)
FAIL: g++.dg/modules/xtreme-header-2_a.H -std=c++2b (internal compiler error: in type_node, at cp/module.cc:8897)
FAIL: g++.dg/modules/xtreme-header-2_a.H -std=c++2b (test for excess errors)
FAIL: g++.dg/modules/xtreme-header-2_a.H module-cmi  (gcm.cache/\$srcdir/g++.dg/modules/xtreme-header-2_a.H.gcm)
FAIL: g++.dg/modules/xtreme-header-2_a.H module-cmi  (gcm.cache/\$srcdir/g++.dg/modules/xtreme-header-2_a.H.gcm)
FAIL: g++.dg/modules/xtreme-header-2_a.H module-cmi  (gcm.cache/\$srcdir/g++.dg/modules/xtreme-header-2_a.H.gcm)
FAIL: g++.dg/modules/xtreme-header-2_b.C -std=c++17 (test for excess errors)
FAIL: g++.dg/modules/xtreme-header-2_b.C -std=c++2a (test for excess errors)
FAIL: g++.dg/modules/xtreme-header-2_b.C -std=c++2b (test for excess errors)
FAIL: g++.dg/modules/xtreme-header-2_c.C -std=c++17 (test for excess errors)
FAIL: g++.dg/modules/xtreme-header-2_c.C -std=c++2a (test for excess errors)
FAIL: g++.dg/modules/xtreme-header-2_c.C -std=c++2b (test for excess errors)
FAIL: g++.dg/modules/xtreme-header-3_a.H -std=c++17 (internal compiler error: in type_node, at cp/module.cc:8897)
FAIL: g++.dg/modules/xtreme-header-3_a.H -std=c++17 (test for excess errors)
FAIL: g++.dg/modules/xtreme-header-3_a.H -std=c++2a (internal compiler error: in type_node, at cp/module.cc:8897)
FAIL: g++.dg/modules/xtreme-header-3_a.H -std=c++2a (test for excess errors)
FAIL: g++.dg/modules/xtreme-header-3_a.H -std=c++2b (internal compiler error: in type_node, at cp/module.cc:8897)
FAIL: g++.dg/modules/xtreme-header-3_a.H -std=c++2b (test for excess errors)
FAIL: g++.dg/modules/xtreme-header-3_a.H module-cmi  (gcm.cache/\$srcdir/g++.dg/modules/xtreme-header-3_a.H.gcm)
FAIL: g++.dg/modules/xtreme-header-3_a.H module-cmi  (gcm.cache/\$srcdir/g++.dg/modules/xtreme-header-3_a.H.gcm)
FAIL: g++.dg/modules/xtreme-header-3_a.H module-cmi  (gcm.cache/\$srcdir/g++.dg/modules/xtreme-header-3_a.H.gcm)
FAIL: g++.dg/modules/xtreme-header-3_b.C -std=c++17 (test for excess errors)
FAIL: g++.dg/modules/xtreme-header-3_b.C -std=c++2a (test for excess errors)
FAIL: g++.dg/modules/xtreme-header-3_b.C -std=c++2b (test for excess errors)
FAIL: g++.dg/modules/xtreme-header-3_c.C -std=c++17 (test for excess errors)
FAIL: g++.dg/modules/xtreme-header-3_c.C -std=c++2a (test for excess errors)
FAIL: g++.dg/modules/xtreme-header-3_c.C -std=c++2b (test for excess errors)
FAIL: g++.dg/modules/xtreme-header-4_a.H -std=c++17 (internal compiler error: in type_node, at cp/module.cc:8897)
FAIL: g++.dg/modules/xtreme-header-4_a.H -std=c++17 (test for excess errors)
FAIL: g++.dg/modules/xtreme-header-4_a.H -std=c++2a (internal compiler error: in type_node, at cp/module.cc:8897)
FAIL: g++.dg/modules/xtreme-header-4_a.H -std=c++2a (test for excess errors)
FAIL: g++.dg/modules/xtreme-header-4_a.H -std=c++2b (internal compiler error: in type_node, at cp/module.cc:8897)
FAIL: g++.dg/modules/xtreme-header-4_a.H -std=c++2b (test for excess errors)
FAIL: g++.dg/modules/xtreme-header-4_a.H module-cmi  (gcm.cache/\$srcdir/g++.dg/modules/xtreme-header-4_a.H.gcm)
FAIL: g++.dg/modules/xtreme-header-4_a.H module-cmi  (gcm.cache/\$srcdir/g++.dg/modules/xtreme-header-4_a.H.gcm)
FAIL: g++.dg/modules/xtreme-header-4_a.H module-cmi  (gcm.cache/\$srcdir/g++.dg/modules/xtreme-header-4_a.H.gcm)
FAIL: g++.dg/modules/xtreme-header-4_b.C -std=c++17 (test for excess errors)
FAIL: g++.dg/modules/xtreme-header-4_b.C -std=c++2a (test for excess errors)
FAIL: g++.dg/modules/xtreme-header-4_b.C -std=c++2b (test for excess errors)
FAIL: g++.dg/modules/xtreme-header-4_c.C -std=c++17 (test for excess errors)
FAIL: g++.dg/modules/xtreme-header-4_c.C -std=c++2a (test for excess errors)
FAIL: g++.dg/modules/xtreme-header-4_c.C -std=c++2b (test for excess errors)
FAIL: g++.dg/modules/xtreme-header-5_a.H -std=c++17 (internal compiler error: in type_node, at cp/module.cc:8897)
FAIL: g++.dg/modules/xtreme-header-5_a.H -std=c++17 (test for excess errors)
FAIL: g++.dg/modules/xtreme-header-5_a.H -std=c++2a (internal compiler error: in type_node, at cp/module.cc:8897)
FAIL: g++.dg/modules/xtreme-header-5_a.H -std=c++2a (test for excess errors)
FAIL: g++.dg/modules/xtreme-header-5_a.H -std=c++2b (internal compiler error: in type_node, at cp/module.cc:8897)
FAIL: g++.dg/modules/xtreme-header-5_a.H -std=c++2b (test for excess errors)
FAIL: g++.dg/modules/xtreme-header-5_a.H module-cmi  (gcm.cache/\$srcdir/g++.dg/modules/xtreme-header-5_a.H.gcm)
FAIL: g++.dg/modules/xtreme-header-5_a.H module-cmi  (gcm.cache/\$srcdir/g++.dg/modules/xtreme-header-5_a.H.gcm)
FAIL: g++.dg/modules/xtreme-header-5_a.H module-cmi  (gcm.cache/\$srcdir/g++.dg/modules/xtreme-header-5_a.H.gcm)
FAIL: g++.dg/modules/xtreme-header-5_b.C -std=c++17 (test for excess errors)
FAIL: g++.dg/modules/xtreme-header-5_b.C -std=c++2a (test for excess errors)
FAIL: g++.dg/modules/xtreme-header-5_b.C -std=c++2b (test for excess errors)
FAIL: g++.dg/modules/xtreme-header-5_c.C -std=c++17 (test for excess errors)
FAIL: g++.dg/modules/xtreme-header-5_c.C -std=c++2a (test for excess errors)
FAIL: g++.dg/modules/xtreme-header-5_c.C -std=c++2b (test for excess errors)
FAIL: g++.dg/modules/xtreme-header-6_a.H -std=c++2a (internal compiler error: in type_node, at cp/module.cc:8897)
FAIL: g++.dg/modules/xtreme-header-6_a.H -std=c++2a (test for excess errors)
FAIL: g++.dg/modules/xtreme-header-6_a.H -std=c++2b (internal compiler error: in type_node, at cp/module.cc:8897)
FAIL: g++.dg/modules/xtreme-header-6_a.H -std=c++2b (test for excess errors)
FAIL: g++.dg/modules/xtreme-header-6_a.H module-cmi  (gcm.cache/\$srcdir/g++.dg/modules/xtreme-header-6_a.H.gcm)
FAIL: g++.dg/modules/xtreme-header-6_a.H module-cmi  (gcm.cache/\$srcdir/g++.dg/modules/xtreme-header-6_a.H.gcm)
FAIL: g++.dg/modules/xtreme-header-6_b.C -std=c++2a (test for excess errors)
FAIL: g++.dg/modules/xtreme-header-6_b.C -std=c++2b (test for excess errors)
FAIL: g++.dg/modules/xtreme-header-6_c.C -std=c++2a (test for excess errors)
FAIL: g++.dg/modules/xtreme-header-6_c.C -std=c++2b (test for excess errors)
FAIL: g++.dg/modules/xtreme-header_a.H -std=c++17 (internal compiler error: in type_node, at cp/module.cc:8897)
FAIL: g++.dg/modules/xtreme-header_a.H -std=c++17 (test for excess errors)
FAIL: g++.dg/modules/xtreme-header_a.H -std=c++2a (internal compiler error: in type_node, at cp/module.cc:8897)
FAIL: g++.dg/modules/xtreme-header_a.H -std=c++2a (test for excess errors)
FAIL: g++.dg/modules/xtreme-header_a.H -std=c++2b (internal compiler error: in type_node, at cp/module.cc:8897)
FAIL: g++.dg/modules/xtreme-header_a.H -std=c++2b (test for excess errors)
FAIL: g++.dg/modules/xtreme-header_a.H module-cmi  (gcm.cache/\$srcdir/g++.dg/modules/xtreme-header_a.H.gcm)
FAIL: g++.dg/modules/xtreme-header_a.H module-cmi  (gcm.cache/\$srcdir/g++.dg/modules/xtreme-header_a.H.gcm)
FAIL: g++.dg/modules/xtreme-header_a.H module-cmi  (gcm.cache/\$srcdir/g++.dg/modules/xtreme-header_a.H.gcm)
FAIL: g++.dg/modules/xtreme-header_b.C -std=c++17 (test for excess errors)
FAIL: g++.dg/modules/xtreme-header_b.C -std=c++2a (test for excess errors)
FAIL: g++.dg/modules/xtreme-header_b.C -std=c++2b (test for excess errors)
FAIL: g++.dg/modules/xtreme-tr1_a.H -std=c++17 (internal compiler error: in type_node, at cp/module.cc:8897)
FAIL: g++.dg/modules/xtreme-tr1_a.H -std=c++17 (test for excess errors)
FAIL: g++.dg/modules/xtreme-tr1_a.H -std=c++2a (internal compiler error: in type_node, at cp/module.cc:8897)
FAIL: g++.dg/modules/xtreme-tr1_a.H -std=c++2a (test for excess errors)
FAIL: g++.dg/modules/xtreme-tr1_a.H -std=c++2b (internal compiler error: in type_node, at cp/module.cc:8897)
FAIL: g++.dg/modules/xtreme-tr1_a.H -std=c++2b (test for excess errors)
FAIL: g++.dg/modules/xtreme-tr1_a.H module-cmi  (gcm.cache/\$srcdir/g++.dg/modules/xtreme-tr1_a.H.gcm)
FAIL: g++.dg/modules/xtreme-tr1_a.H module-cmi  (gcm.cache/\$srcdir/g++.dg/modules/xtreme-tr1_a.H.gcm)
FAIL: g++.dg/modules/xtreme-tr1_a.H module-cmi  (gcm.cache/\$srcdir/g++.dg/modules/xtreme-tr1_a.H.gcm)
FAIL: g++.dg/modules/xtreme-tr1_b.C -std=c++17 (test for excess errors)
FAIL: g++.dg/modules/xtreme-tr1_b.C -std=c++2a (test for excess errors)
FAIL: g++.dg/modules/xtreme-tr1_b.C -std=c++2b (test for excess errors)

		=== g++ Summary ===

# of expected passes		234555
# of unexpected failures	218
# of expected failures		1937
# of unresolved testcases	18
# of unsupported tests		10996
/home/gccbuild/build/nightly/build-gcc-13/gcc/xg++  version 13.2.1 20230909 [releases/gcc-13 r13-7786-g5d950cc6d7] (GCC) 

		=== obj-c++ tests ===


Running target unix

		=== obj-c++ Summary ===

# of expected passes		1502
# of expected failures		10
# of unsupported tests		79
/home/gccbuild/build/nightly/build-gcc-13/gcc/xg++  version 13.2.1 20230909 [releases/gcc-13 r13-7786-g5d950cc6d7] (GCC) 

		=== objc tests ===


Running target unix

		=== objc Summary ===

# of expected passes		2846
# of unsupported tests		70
/home/gccbuild/build/nightly/build-gcc-13/gcc/xgcc  version 13.2.1 20230909 [releases/gcc-13 r13-7786-g5d950cc6d7] (GCC) 

		=== libatomic tests ===


Running target unix

		=== libatomic Summary ===

# of expected passes		54
		=== libgomp tests ===


Running target unix

		=== libgomp Summary ===

# of expected passes		15145
# of expected failures		285
# of unsupported tests		673
		=== libitm tests ===


Running target unix

		=== libitm Summary ===

# of expected passes		44
# of expected failures		3
# of unsupported tests		1
		=== libstdc++ tests ===


Running target unix

		=== libstdc++ Summary ===

# of expected passes		16079
# of expected failures		106
# of unsupported tests		667

Compiler version: 13.2.1 20230909 [releases/gcc-13 r13-7786-g5d950cc6d7] (GCC) 
Platform: powerpc64le-unknown-linux-gnu
configure flags: --prefix=/opt/gcc-nightly/13 --enable-languages=c,c++,fortran,objc,obj-c++ --with-cpu=power9 --with-long-double-format=ieee --enable-secureplt


More information about the Gcc-testresults mailing list