Results for 13.2.0 (Debian 13.2.0-3) testsuite on riscv64-unknown-linux-gnu

Matthias Klose doko@debian.org
Wed Sep 6 17:54:12 GMT 2023


LAST_UPDATED: Obtained from git: releases/gcc-13.2.0 revision c891d8dc23e1a46ad9f3e757d09e57b500d40044

		=== acats tests ===

		=== acats Summary ===
# of expected passes		2328
# of unexpected failures	0
Native configuration is riscv64-unknown-linux-gnu

		=== g++ tests ===


Running target unix
WARNING: c-c++-common/asan/pr59063-2.c   -O0  (test for excess errors) program timed out.
FAIL: c-c++-common/asan/pr59063-2.c   -O0  (test for excess errors)
FAIL: c-c++-common/asan/pr59063-2.c   -O0  execution test
WARNING: c-c++-common/asan/pr59063-2.c   -O1  (test for excess errors) program timed out.
FAIL: c-c++-common/asan/pr59063-2.c   -O1  (test for excess errors)
FAIL: c-c++-common/asan/pr59063-2.c   -O1  execution test
WARNING: c-c++-common/asan/pr59063-2.c   -O2  (test for excess errors) program timed out.
FAIL: c-c++-common/asan/pr59063-2.c   -O2  (test for excess errors)
FAIL: c-c++-common/asan/pr59063-2.c   -O2  execution test
WARNING: c-c++-common/asan/pr59063-2.c   -O3 -g  (test for excess errors) program timed out.
FAIL: c-c++-common/asan/pr59063-2.c   -O3 -g  (test for excess errors)
FAIL: c-c++-common/asan/pr59063-2.c   -O3 -g  execution test
WARNING: c-c++-common/asan/pr59063-2.c   -Os  (test for excess errors) program timed out.
FAIL: c-c++-common/asan/pr59063-2.c   -Os  (test for excess errors)
FAIL: c-c++-common/asan/pr59063-2.c   -Os  execution test
WARNING: c-c++-common/asan/pr59063-2.c   -O2 -flto -fno-use-linker-plugin -flto-partition=none  (test for excess errors) program timed out.
FAIL: c-c++-common/asan/pr59063-2.c   -O2 -flto -fno-use-linker-plugin -flto-partition=none  (test for excess errors)
FAIL: c-c++-common/asan/pr59063-2.c   -O2 -flto -fno-use-linker-plugin -flto-partition=none  execution test
WARNING: c-c++-common/asan/pr59063-2.c   -O2 -flto -fuse-linker-plugin -fno-fat-lto-objects  (test for excess errors) program timed out.
FAIL: c-c++-common/asan/pr59063-2.c   -O2 -flto -fuse-linker-plugin -fno-fat-lto-objects  (test for excess errors)
FAIL: c-c++-common/asan/pr59063-2.c   -O2 -flto -fuse-linker-plugin -fno-fat-lto-objects  execution test
FAIL: c-c++-common/spec-barrier-1.c  -std=gnu++98 (test for excess errors)
FAIL: c-c++-common/spec-barrier-1.c  -std=gnu++14 (test for excess errors)
FAIL: c-c++-common/spec-barrier-1.c  -std=gnu++17 (test for excess errors)
FAIL: c-c++-common/spec-barrier-1.c  -std=gnu++20 (test for excess errors)
FAIL: g++.dg/contracts/contracts-tmpl-spec2.C   output pattern test
FAIL: g++.dg/cpp0x/vt-88982.C  -std=c++14 (test for excess errors)
FAIL: g++.dg/cpp0x/vt-88982.C  -std=c++17 (test for excess errors)
FAIL: g++.dg/cpp0x/vt-88982.C  -std=c++20 (test for excess errors)
FAIL: g++.dg/cpp1y/auto-fn61.C  -std=c++14 (test for excess errors)
FAIL: g++.dg/cpp1y/auto-fn61.C  -std=c++17 (test for excess errors)
FAIL: g++.dg/cpp1y/auto-fn61.C  -std=c++20 (test for excess errors)
FAIL: c-c++-common/goacc/kernels-decompose-pr100400-1-3.c  -std=c++98 (test for excess errors)
FAIL: c-c++-common/goacc/kernels-decompose-pr100400-1-3.c  -std=c++14 (test for excess errors)
FAIL: c-c++-common/goacc/kernels-decompose-pr100400-1-3.c  -std=c++17 (test for excess errors)
FAIL: c-c++-common/goacc/kernels-decompose-pr100400-1-3.c  -std=c++20 (test for excess errors)
FAIL: c-c++-common/goacc/kernels-decompose-pr100400-1-4.c  -std=c++98 (test for excess errors)
FAIL: c-c++-common/goacc/kernels-decompose-pr100400-1-4.c  -std=c++14 (test for excess errors)
FAIL: c-c++-common/goacc/kernels-decompose-pr100400-1-4.c  -std=c++17 (test for excess errors)
FAIL: c-c++-common/goacc/kernels-decompose-pr100400-1-4.c  -std=c++20 (test for excess errors)

		=== g++ Summary for unix ===

# of expected passes		232449
# of unexpected failures	33
# of expected failures		1932
# of unsupported tests		10985

Running target unix/-fstack-protector
WARNING: c-c++-common/asan/pr59063-2.c   -O0  (test for excess errors) program timed out.
FAIL: c-c++-common/asan/pr59063-2.c   -O0  (test for excess errors)
FAIL: c-c++-common/asan/pr59063-2.c   -O0  execution test
WARNING: c-c++-common/asan/pr59063-2.c   -O1  (test for excess errors) program timed out.
FAIL: c-c++-common/asan/pr59063-2.c   -O1  (test for excess errors)
FAIL: c-c++-common/asan/pr59063-2.c   -O1  execution test
WARNING: c-c++-common/asan/pr59063-2.c   -O2  (test for excess errors) program timed out.
FAIL: c-c++-common/asan/pr59063-2.c   -O2  (test for excess errors)
FAIL: c-c++-common/asan/pr59063-2.c   -O2  execution test
WARNING: c-c++-common/asan/pr59063-2.c   -O3 -g  (test for excess errors) program timed out.
FAIL: c-c++-common/asan/pr59063-2.c   -O3 -g  (test for excess errors)
FAIL: c-c++-common/asan/pr59063-2.c   -O3 -g  execution test
WARNING: c-c++-common/asan/pr59063-2.c   -Os  (test for excess errors) program timed out.
FAIL: c-c++-common/asan/pr59063-2.c   -Os  (test for excess errors)
FAIL: c-c++-common/asan/pr59063-2.c   -Os  execution test
WARNING: c-c++-common/asan/pr59063-2.c   -O2 -flto -fno-use-linker-plugin -flto-partition=none  (test for excess errors) program timed out.
FAIL: c-c++-common/asan/pr59063-2.c   -O2 -flto -fno-use-linker-plugin -flto-partition=none  (test for excess errors)
FAIL: c-c++-common/asan/pr59063-2.c   -O2 -flto -fno-use-linker-plugin -flto-partition=none  execution test
WARNING: c-c++-common/asan/pr59063-2.c   -O2 -flto -fuse-linker-plugin -fno-fat-lto-objects  (test for excess errors) program timed out.
FAIL: c-c++-common/asan/pr59063-2.c   -O2 -flto -fuse-linker-plugin -fno-fat-lto-objects  (test for excess errors)
FAIL: c-c++-common/asan/pr59063-2.c   -O2 -flto -fuse-linker-plugin -fno-fat-lto-objects  execution test
FAIL: c-c++-common/spec-barrier-1.c  -std=gnu++98 (test for excess errors)
FAIL: c-c++-common/spec-barrier-1.c  -std=gnu++14 (test for excess errors)
FAIL: c-c++-common/spec-barrier-1.c  -std=gnu++17 (test for excess errors)
FAIL: c-c++-common/spec-barrier-1.c  -std=gnu++20 (test for excess errors)
FAIL: g++.dg/contracts/contracts-tmpl-spec2.C   output pattern test
FAIL: g++.dg/cpp0x/vt-88982.C  -std=c++14 (test for excess errors)
FAIL: g++.dg/cpp0x/vt-88982.C  -std=c++17 (test for excess errors)
FAIL: g++.dg/cpp0x/vt-88982.C  -std=c++20 (test for excess errors)
FAIL: g++.dg/cpp1y/auto-fn61.C  -std=c++14 (test for excess errors)
FAIL: g++.dg/cpp1y/auto-fn61.C  -std=c++17 (test for excess errors)
FAIL: g++.dg/cpp1y/auto-fn61.C  -std=c++20 (test for excess errors)
FAIL: c-c++-common/goacc/kernels-decompose-pr100400-1-3.c  -std=c++98 (test for excess errors)
FAIL: c-c++-common/goacc/kernels-decompose-pr100400-1-3.c  -std=c++14 (test for excess errors)
FAIL: c-c++-common/goacc/kernels-decompose-pr100400-1-3.c  -std=c++17 (test for excess errors)
FAIL: c-c++-common/goacc/kernels-decompose-pr100400-1-3.c  -std=c++20 (test for excess errors)
FAIL: c-c++-common/goacc/kernels-decompose-pr100400-1-4.c  -std=c++98 (test for excess errors)
FAIL: c-c++-common/goacc/kernels-decompose-pr100400-1-4.c  -std=c++14 (test for excess errors)
FAIL: c-c++-common/goacc/kernels-decompose-pr100400-1-4.c  -std=c++17 (test for excess errors)
FAIL: c-c++-common/goacc/kernels-decompose-pr100400-1-4.c  -std=c++20 (test for excess errors)

		=== g++ Summary for unix/-fstack-protector ===

# of expected passes		232449
# of unexpected failures	33
# of expected failures		1932
# of unsupported tests		10985

		=== g++ Summary ===

# of expected passes		464898
# of unexpected failures	66
# of expected failures		3864
# of unsupported tests		21970
/build/reproducible-path/gcc-13-13.2.0/build/gcc/xg++  version 13.2.0 (Debian 13.2.0-3) 

		=== gcc tests ===


Running target unix
WARNING: c-c++-common/asan/pr59063-2.c   -O0  (test for excess errors) program timed out.
FAIL: c-c++-common/asan/pr59063-2.c   -O0  (test for excess errors)
FAIL: c-c++-common/asan/pr59063-2.c   -O0  execution test
WARNING: c-c++-common/asan/pr59063-2.c   -O1  (test for excess errors) program timed out.
FAIL: c-c++-common/asan/pr59063-2.c   -O1  (test for excess errors)
FAIL: c-c++-common/asan/pr59063-2.c   -O1  execution test
WARNING: c-c++-common/asan/pr59063-2.c   -O2  (test for excess errors) program timed out.
FAIL: c-c++-common/asan/pr59063-2.c   -O2  (test for excess errors)
FAIL: c-c++-common/asan/pr59063-2.c   -O2  execution test
WARNING: c-c++-common/asan/pr59063-2.c   -O3 -g  (test for excess errors) program timed out.
FAIL: c-c++-common/asan/pr59063-2.c   -O3 -g  (test for excess errors)
FAIL: c-c++-common/asan/pr59063-2.c   -O3 -g  execution test
WARNING: c-c++-common/asan/pr59063-2.c   -Os  (test for excess errors) program timed out.
FAIL: c-c++-common/asan/pr59063-2.c   -Os  (test for excess errors)
FAIL: c-c++-common/asan/pr59063-2.c   -Os  execution test
WARNING: c-c++-common/asan/pr59063-2.c   -O2 -flto -fno-use-linker-plugin -flto-partition=none  (test for excess errors) program timed out.
FAIL: c-c++-common/asan/pr59063-2.c   -O2 -flto -fno-use-linker-plugin -flto-partition=none  (test for excess errors)
FAIL: c-c++-common/asan/pr59063-2.c   -O2 -flto -fno-use-linker-plugin -flto-partition=none  execution test
WARNING: c-c++-common/asan/pr59063-2.c   -O2 -flto -fuse-linker-plugin -fno-fat-lto-objects  (test for excess errors) program timed out.
FAIL: c-c++-common/asan/pr59063-2.c   -O2 -flto -fuse-linker-plugin -fno-fat-lto-objects  (test for excess errors)
FAIL: c-c++-common/asan/pr59063-2.c   -O2 -flto -fuse-linker-plugin -fno-fat-lto-objects  execution test
FAIL: c-c++-common/spec-barrier-1.c  -Wc++-compat  (test for excess errors)
XPASS: gcc.dg/attr-alloc_size-11.c missing range info for signed char (test for warnings, line 50)
XPASS: gcc.dg/attr-alloc_size-11.c missing range info for short (test for warnings, line 51)
FAIL: gcc.dg/pr90838.c scan-assembler-times andi\\t 2
FAIL: gcc.dg/pr91441.c  at line 11 (test for warnings, line )
FAIL: gcc.dg/plugin/crash-test-ice-sarif.c -fplugin=./crash_test_plugin.so (test for excess errors)
FAIL: gcc.dg/plugin/crash-test-ice-stderr.c -fplugin=./crash_test_plugin.so (test for excess errors)
FAIL: gcc.dg/plugin/crash-test-write-though-null-sarif.c -fplugin=./crash_test_plugin.so (test for excess errors)
FAIL: gcc.dg/plugin/crash-test-write-though-null-stderr.c -fplugin=./crash_test_plugin.so (test for excess errors)
WARNING: gcc.dg/plugin/poly-int-03_plugin.c compilation program timed out.
FAIL: gcc.dg/plugin/poly-int-03_plugin.c compilation
WARNING: gcc.dg/plugin/poly-int-05_plugin.c compilation program timed out.
FAIL: gcc.dg/plugin/poly-int-05_plugin.c compilation
XPASS: gcc.dg/tree-ssa/ssa-fre-3.c scan-tree-dump fre1 "Replaced \\\\(int\\\\) aa_.*with a_"
FAIL: gcc.target/riscv/fmax-snan.c   -O0   scan-assembler \\t(call|tail)\\tfmax\\t
FAIL: gcc.target/riscv/fmax-snan.c   -O1   scan-assembler \\t(call|tail)\\tfmax\\t
FAIL: gcc.target/riscv/fmax-snan.c   -O2   scan-assembler \\t(call|tail)\\tfmax\\t
FAIL: gcc.target/riscv/fmax-snan.c   -O3 -g   scan-assembler \\t(call|tail)\\tfmax\\t
FAIL: gcc.target/riscv/fmax-snan.c   -Os   scan-assembler \\t(call|tail)\\tfmax\\t
FAIL: gcc.target/riscv/fmax-snan.c   -O2 -flto -fno-use-linker-plugin -flto-partition=none   scan-assembler \\t(call|tail)\\tfmax\\t
FAIL: gcc.target/riscv/fmax-snan.c   -O2 -flto -fuse-linker-plugin -fno-fat-lto-objects   scan-assembler \\t(call|tail)\\tfmax\\t
FAIL: gcc.target/riscv/fmaxf-snan.c   -O0   scan-assembler \\t(call|tail)\\tfmaxf\\t
FAIL: gcc.target/riscv/fmaxf-snan.c   -O1   scan-assembler \\t(call|tail)\\tfmaxf\\t
FAIL: gcc.target/riscv/fmaxf-snan.c   -O2   scan-assembler \\t(call|tail)\\tfmaxf\\t
FAIL: gcc.target/riscv/fmaxf-snan.c   -O3 -g   scan-assembler \\t(call|tail)\\tfmaxf\\t
FAIL: gcc.target/riscv/fmaxf-snan.c   -Os   scan-assembler \\t(call|tail)\\tfmaxf\\t
FAIL: gcc.target/riscv/fmaxf-snan.c   -O2 -flto -fno-use-linker-plugin -flto-partition=none   scan-assembler \\t(call|tail)\\tfmaxf\\t
FAIL: gcc.target/riscv/fmaxf-snan.c   -O2 -flto -fuse-linker-plugin -fno-fat-lto-objects   scan-assembler \\t(call|tail)\\tfmaxf\\t
FAIL: gcc.target/riscv/fmin-snan.c   -O0   scan-assembler \\t(call|tail)\\tfmin\\t
FAIL: gcc.target/riscv/fmin-snan.c   -O1   scan-assembler \\t(call|tail)\\tfmin\\t
FAIL: gcc.target/riscv/fmin-snan.c   -O2   scan-assembler \\t(call|tail)\\tfmin\\t
FAIL: gcc.target/riscv/fmin-snan.c   -O3 -g   scan-assembler \\t(call|tail)\\tfmin\\t
FAIL: gcc.target/riscv/fmin-snan.c   -Os   scan-assembler \\t(call|tail)\\tfmin\\t
FAIL: gcc.target/riscv/fmin-snan.c   -O2 -flto -fno-use-linker-plugin -flto-partition=none   scan-assembler \\t(call|tail)\\tfmin\\t
FAIL: gcc.target/riscv/fmin-snan.c   -O2 -flto -fuse-linker-plugin -fno-fat-lto-objects   scan-assembler \\t(call|tail)\\tfmin\\t
FAIL: gcc.target/riscv/fminf-snan.c   -O0   scan-assembler \\t(call|tail)\\tfminf\\t
FAIL: gcc.target/riscv/fminf-snan.c   -O1   scan-assembler \\t(call|tail)\\tfminf\\t
FAIL: gcc.target/riscv/fminf-snan.c   -O2   scan-assembler \\t(call|tail)\\tfminf\\t
FAIL: gcc.target/riscv/fminf-snan.c   -O3 -g   scan-assembler \\t(call|tail)\\tfminf\\t
FAIL: gcc.target/riscv/fminf-snan.c   -Os   scan-assembler \\t(call|tail)\\tfminf\\t
FAIL: gcc.target/riscv/fminf-snan.c   -O2 -flto -fno-use-linker-plugin -flto-partition=none   scan-assembler \\t(call|tail)\\tfminf\\t
FAIL: gcc.target/riscv/fminf-snan.c   -O2 -flto -fuse-linker-plugin -fno-fat-lto-objects   scan-assembler \\t(call|tail)\\tfminf\\t
UNRESOLVED: gcc.target/riscv/mcpu-6.c   -O0   scan-rtl-dump sched2 "simple_return[ ]+:alu"
UNRESOLVED: gcc.target/riscv/mcpu-6.c   -O1   scan-rtl-dump sched2 "simple_return[ ]+:alu"
UNRESOLVED: gcc.target/riscv/mcpu-7.c   -O0   scan-rtl-dump sched2 "simple_return[ ]+:sifive_7_B"
UNRESOLVED: gcc.target/riscv/mcpu-7.c   -O1   scan-rtl-dump sched2 "simple_return[ ]+:sifive_7_B"
FAIL: gcc.target/riscv/predef-1.c   -O0  (test for excess errors)
FAIL: gcc.target/riscv/predef-1.c   -O1  (test for excess errors)
FAIL: gcc.target/riscv/predef-1.c   -O2  (test for excess errors)
FAIL: gcc.target/riscv/predef-1.c   -O3 -g  (test for excess errors)
FAIL: gcc.target/riscv/predef-1.c   -Os  (test for excess errors)
FAIL: gcc.target/riscv/predef-1.c   -O2 -flto -fno-use-linker-plugin -flto-partition=none  (test for excess errors)
FAIL: gcc.target/riscv/predef-1.c   -O2 -flto -fuse-linker-plugin -fno-fat-lto-objects  (test for excess errors)
FAIL: gcc.target/riscv/predef-4.c   -O0  (test for excess errors)
FAIL: gcc.target/riscv/predef-4.c   -O1  (test for excess errors)
FAIL: gcc.target/riscv/predef-4.c   -O2  (test for excess errors)
FAIL: gcc.target/riscv/predef-4.c   -O3 -g  (test for excess errors)
FAIL: gcc.target/riscv/predef-4.c   -Os  (test for excess errors)
FAIL: gcc.target/riscv/predef-4.c   -O2 -flto -fno-use-linker-plugin -flto-partition=none  (test for excess errors)
FAIL: gcc.target/riscv/predef-4.c   -O2 -flto -fuse-linker-plugin -fno-fat-lto-objects  (test for excess errors)
FAIL: gcc.target/riscv/predef-7.c   -O0  (test for excess errors)
FAIL: gcc.target/riscv/predef-7.c   -O1  (test for excess errors)
FAIL: gcc.target/riscv/predef-7.c   -O2  (test for excess errors)
FAIL: gcc.target/riscv/predef-7.c   -O3 -g  (test for excess errors)
FAIL: gcc.target/riscv/predef-7.c   -Os  (test for excess errors)
FAIL: gcc.target/riscv/predef-7.c   -O2 -flto -fno-use-linker-plugin -flto-partition=none  (test for excess errors)
FAIL: gcc.target/riscv/predef-7.c   -O2 -flto -fuse-linker-plugin -fno-fat-lto-objects  (test for excess errors)
FAIL: gcc.target/riscv/rvv/base/scalar_move-10.c (internal compiler error: Segmentation fault)
FAIL: gcc.target/riscv/rvv/base/scalar_move-10.c (test for excess errors)
UNRESOLVED: gcc.target/riscv/rvv/base/scalar_move-10.c check-function-bodies foo1
UNRESOLVED: gcc.target/riscv/rvv/base/scalar_move-10.c check-function-bodies foo2
FAIL: gcc.target/riscv/rvv/base/scalar_move-11.c (internal compiler error: Segmentation fault)
FAIL: gcc.target/riscv/rvv/base/scalar_move-11.c (test for excess errors)
UNRESOLVED: gcc.target/riscv/rvv/base/scalar_move-11.c check-function-bodies foo

		=== gcc Summary for unix ===

# of expected passes		161161
# of unexpected failures	76
# of unexpected successes	3
# of expected failures		1102
# of unresolved testcases	7
# of unsupported tests		3121

Running target unix/-fstack-protector
WARNING: c-c++-common/asan/pr59063-2.c   -O0  (test for excess errors) program timed out.
FAIL: c-c++-common/asan/pr59063-2.c   -O0  (test for excess errors)
FAIL: c-c++-common/asan/pr59063-2.c   -O0  execution test
WARNING: c-c++-common/asan/pr59063-2.c   -O1  (test for excess errors) program timed out.
FAIL: c-c++-common/asan/pr59063-2.c   -O1  (test for excess errors)
FAIL: c-c++-common/asan/pr59063-2.c   -O1  execution test
WARNING: c-c++-common/asan/pr59063-2.c   -O2  (test for excess errors) program timed out.
FAIL: c-c++-common/asan/pr59063-2.c   -O2  (test for excess errors)
FAIL: c-c++-common/asan/pr59063-2.c   -O2  execution test
WARNING: c-c++-common/asan/pr59063-2.c   -O3 -g  (test for excess errors) program timed out.
FAIL: c-c++-common/asan/pr59063-2.c   -O3 -g  (test for excess errors)
FAIL: c-c++-common/asan/pr59063-2.c   -O3 -g  execution test
WARNING: c-c++-common/asan/pr59063-2.c   -Os  (test for excess errors) program timed out.
FAIL: c-c++-common/asan/pr59063-2.c   -Os  (test for excess errors)
FAIL: c-c++-common/asan/pr59063-2.c   -Os  execution test
WARNING: c-c++-common/asan/pr59063-2.c   -O2 -flto -fno-use-linker-plugin -flto-partition=none  (test for excess errors) program timed out.
FAIL: c-c++-common/asan/pr59063-2.c   -O2 -flto -fno-use-linker-plugin -flto-partition=none  (test for excess errors)
FAIL: c-c++-common/asan/pr59063-2.c   -O2 -flto -fno-use-linker-plugin -flto-partition=none  execution test
WARNING: c-c++-common/asan/pr59063-2.c   -O2 -flto -fuse-linker-plugin -fno-fat-lto-objects  (test for excess errors) program timed out.
FAIL: c-c++-common/asan/pr59063-2.c   -O2 -flto -fuse-linker-plugin -fno-fat-lto-objects  (test for excess errors)
FAIL: c-c++-common/asan/pr59063-2.c   -O2 -flto -fuse-linker-plugin -fno-fat-lto-objects  execution test
FAIL: c-c++-common/spec-barrier-1.c  -Wc++-compat  (test for excess errors)
XPASS: gcc.dg/attr-alloc_size-11.c missing range info for signed char (test for warnings, line 50)
XPASS: gcc.dg/attr-alloc_size-11.c missing range info for short (test for warnings, line 51)
FAIL: gcc.dg/pr90838.c scan-assembler-times andi\\t 2
FAIL: gcc.dg/pr91441.c  at line 11 (test for warnings, line )
FAIL: gcc.dg/plugin/crash-test-ice-sarif.c -fplugin=./crash_test_plugin.so (test for excess errors)
FAIL: gcc.dg/plugin/crash-test-ice-stderr.c -fplugin=./crash_test_plugin.so (test for excess errors)
FAIL: gcc.dg/plugin/crash-test-write-though-null-sarif.c -fplugin=./crash_test_plugin.so (test for excess errors)
FAIL: gcc.dg/plugin/crash-test-write-though-null-stderr.c -fplugin=./crash_test_plugin.so (test for excess errors)
WARNING: gcc.dg/plugin/poly-int-03_plugin.c compilation program timed out.
FAIL: gcc.dg/plugin/poly-int-03_plugin.c compilation
WARNING: gcc.dg/plugin/poly-int-05_plugin.c compilation program timed out.
FAIL: gcc.dg/plugin/poly-int-05_plugin.c compilation
XPASS: gcc.dg/tree-ssa/ssa-fre-3.c scan-tree-dump fre1 "Replaced \\\\(int\\\\) aa_.*with a_"
FAIL: gcc.target/riscv/fmax-snan.c   -O0   scan-assembler \\t(call|tail)\\tfmax\\t
FAIL: gcc.target/riscv/fmax-snan.c   -O1   scan-assembler \\t(call|tail)\\tfmax\\t
FAIL: gcc.target/riscv/fmax-snan.c   -O2   scan-assembler \\t(call|tail)\\tfmax\\t
FAIL: gcc.target/riscv/fmax-snan.c   -O3 -g   scan-assembler \\t(call|tail)\\tfmax\\t
FAIL: gcc.target/riscv/fmax-snan.c   -Os   scan-assembler \\t(call|tail)\\tfmax\\t
FAIL: gcc.target/riscv/fmax-snan.c   -O2 -flto -fno-use-linker-plugin -flto-partition=none   scan-assembler \\t(call|tail)\\tfmax\\t
FAIL: gcc.target/riscv/fmax-snan.c   -O2 -flto -fuse-linker-plugin -fno-fat-lto-objects   scan-assembler \\t(call|tail)\\tfmax\\t
FAIL: gcc.target/riscv/fmaxf-snan.c   -O0   scan-assembler \\t(call|tail)\\tfmaxf\\t
FAIL: gcc.target/riscv/fmaxf-snan.c   -O1   scan-assembler \\t(call|tail)\\tfmaxf\\t
FAIL: gcc.target/riscv/fmaxf-snan.c   -O2   scan-assembler \\t(call|tail)\\tfmaxf\\t
FAIL: gcc.target/riscv/fmaxf-snan.c   -O3 -g   scan-assembler \\t(call|tail)\\tfmaxf\\t
FAIL: gcc.target/riscv/fmaxf-snan.c   -Os   scan-assembler \\t(call|tail)\\tfmaxf\\t
FAIL: gcc.target/riscv/fmaxf-snan.c   -O2 -flto -fno-use-linker-plugin -flto-partition=none   scan-assembler \\t(call|tail)\\tfmaxf\\t
FAIL: gcc.target/riscv/fmaxf-snan.c   -O2 -flto -fuse-linker-plugin -fno-fat-lto-objects   scan-assembler \\t(call|tail)\\tfmaxf\\t
FAIL: gcc.target/riscv/fmin-snan.c   -O0   scan-assembler \\t(call|tail)\\tfmin\\t
FAIL: gcc.target/riscv/fmin-snan.c   -O1   scan-assembler \\t(call|tail)\\tfmin\\t
FAIL: gcc.target/riscv/fmin-snan.c   -O2   scan-assembler \\t(call|tail)\\tfmin\\t
FAIL: gcc.target/riscv/fmin-snan.c   -O3 -g   scan-assembler \\t(call|tail)\\tfmin\\t
FAIL: gcc.target/riscv/fmin-snan.c   -Os   scan-assembler \\t(call|tail)\\tfmin\\t
FAIL: gcc.target/riscv/fmin-snan.c   -O2 -flto -fno-use-linker-plugin -flto-partition=none   scan-assembler \\t(call|tail)\\tfmin\\t
FAIL: gcc.target/riscv/fmin-snan.c   -O2 -flto -fuse-linker-plugin -fno-fat-lto-objects   scan-assembler \\t(call|tail)\\tfmin\\t
FAIL: gcc.target/riscv/fminf-snan.c   -O0   scan-assembler \\t(call|tail)\\tfminf\\t
FAIL: gcc.target/riscv/fminf-snan.c   -O1   scan-assembler \\t(call|tail)\\tfminf\\t
FAIL: gcc.target/riscv/fminf-snan.c   -O2   scan-assembler \\t(call|tail)\\tfminf\\t
FAIL: gcc.target/riscv/fminf-snan.c   -O3 -g   scan-assembler \\t(call|tail)\\tfminf\\t
FAIL: gcc.target/riscv/fminf-snan.c   -Os   scan-assembler \\t(call|tail)\\tfminf\\t
FAIL: gcc.target/riscv/fminf-snan.c   -O2 -flto -fno-use-linker-plugin -flto-partition=none   scan-assembler \\t(call|tail)\\tfminf\\t
FAIL: gcc.target/riscv/fminf-snan.c   -O2 -flto -fuse-linker-plugin -fno-fat-lto-objects   scan-assembler \\t(call|tail)\\tfminf\\t
UNRESOLVED: gcc.target/riscv/mcpu-6.c   -O0   scan-rtl-dump sched2 "simple_return[ ]+:alu"
UNRESOLVED: gcc.target/riscv/mcpu-6.c   -O1   scan-rtl-dump sched2 "simple_return[ ]+:alu"
UNRESOLVED: gcc.target/riscv/mcpu-7.c   -O0   scan-rtl-dump sched2 "simple_return[ ]+:sifive_7_B"
UNRESOLVED: gcc.target/riscv/mcpu-7.c   -O1   scan-rtl-dump sched2 "simple_return[ ]+:sifive_7_B"
FAIL: gcc.target/riscv/predef-1.c   -O0  (test for excess errors)
FAIL: gcc.target/riscv/predef-1.c   -O1  (test for excess errors)
FAIL: gcc.target/riscv/predef-1.c   -O2  (test for excess errors)
FAIL: gcc.target/riscv/predef-1.c   -O3 -g  (test for excess errors)
FAIL: gcc.target/riscv/predef-1.c   -Os  (test for excess errors)
FAIL: gcc.target/riscv/predef-1.c   -O2 -flto -fno-use-linker-plugin -flto-partition=none  (test for excess errors)
FAIL: gcc.target/riscv/predef-1.c   -O2 -flto -fuse-linker-plugin -fno-fat-lto-objects  (test for excess errors)
FAIL: gcc.target/riscv/predef-4.c   -O0  (test for excess errors)
FAIL: gcc.target/riscv/predef-4.c   -O1  (test for excess errors)
FAIL: gcc.target/riscv/predef-4.c   -O2  (test for excess errors)
FAIL: gcc.target/riscv/predef-4.c   -O3 -g  (test for excess errors)
FAIL: gcc.target/riscv/predef-4.c   -Os  (test for excess errors)
FAIL: gcc.target/riscv/predef-4.c   -O2 -flto -fno-use-linker-plugin -flto-partition=none  (test for excess errors)
FAIL: gcc.target/riscv/predef-4.c   -O2 -flto -fuse-linker-plugin -fno-fat-lto-objects  (test for excess errors)
FAIL: gcc.target/riscv/predef-7.c   -O0  (test for excess errors)
FAIL: gcc.target/riscv/predef-7.c   -O1  (test for excess errors)
FAIL: gcc.target/riscv/predef-7.c   -O2  (test for excess errors)
FAIL: gcc.target/riscv/predef-7.c   -O3 -g  (test for excess errors)
FAIL: gcc.target/riscv/predef-7.c   -Os  (test for excess errors)
FAIL: gcc.target/riscv/predef-7.c   -O2 -flto -fno-use-linker-plugin -flto-partition=none  (test for excess errors)
FAIL: gcc.target/riscv/predef-7.c   -O2 -flto -fuse-linker-plugin -fno-fat-lto-objects  (test for excess errors)
FAIL: gcc.target/riscv/rvv/base/scalar_move-10.c (internal compiler error: Segmentation fault)
FAIL: gcc.target/riscv/rvv/base/scalar_move-10.c (test for excess errors)
UNRESOLVED: gcc.target/riscv/rvv/base/scalar_move-10.c check-function-bodies foo1
UNRESOLVED: gcc.target/riscv/rvv/base/scalar_move-10.c check-function-bodies foo2
FAIL: gcc.target/riscv/rvv/base/scalar_move-11.c (internal compiler error: Segmentation fault)
FAIL: gcc.target/riscv/rvv/base/scalar_move-11.c (test for excess errors)
UNRESOLVED: gcc.target/riscv/rvv/base/scalar_move-11.c check-function-bodies foo
FAIL: gcc.target/riscv/rvv/base/spill-10.c check-function-bodies stach_check_alloca_1
FAIL: gcc.target/riscv/rvv/base/spill-11.c check-function-bodies stack_save_restore_2
FAIL: gcc.target/riscv/rvv/base/spill-12.c check-function-bodies stack_save_restore_1
FAIL: gcc.target/riscv/rvv/base/spill-8.c check-function-bodies stach_check_alloca_1
FAIL: gcc.target/riscv/rvv/base/spill-8.c check-function-bodies stach_check_alloca_2
FAIL: gcc.target/riscv/rvv/base/spill-9.c check-function-bodies stach_check_alloca_1

		=== gcc Summary for unix/-fstack-protector ===

# of expected passes		161155
# of unexpected failures	82
# of unexpected successes	3
# of expected failures		1102
# of unresolved testcases	7
# of unsupported tests		3121

		=== gcc Summary ===

# of expected passes		322316
# of unexpected failures	158
# of unexpected successes	6
# of expected failures		2204
# of unresolved testcases	14
# of unsupported tests		6242
/build/reproducible-path/gcc-13-13.2.0/build/gcc/xgcc  version 13.2.0 (Debian 13.2.0-3) 

		=== gfortran tests ===


Running target unix
FAIL: gfortran.dg/ieee/ieee_6.f90   -O0  execution test
FAIL: gfortran.dg/ieee/ieee_6.f90   -O1  execution test
FAIL: gfortran.dg/ieee/ieee_6.f90   -O2  execution test
FAIL: gfortran.dg/ieee/ieee_6.f90   -O3 -fomit-frame-pointer -funroll-loops -fpeel-loops -ftracer -finline-functions  execution test
FAIL: gfortran.dg/ieee/ieee_6.f90   -O3 -g  execution test
FAIL: gfortran.dg/ieee/ieee_6.f90   -Os  execution test
FAIL: gfortran.dg/ieee/modes_1.f90   -O0  execution test
FAIL: gfortran.dg/ieee/modes_1.f90   -O1  execution test
FAIL: gfortran.dg/ieee/modes_1.f90   -O2  execution test
FAIL: gfortran.dg/ieee/modes_1.f90   -O3 -fomit-frame-pointer -funroll-loops -fpeel-loops -ftracer -finline-functions  execution test
FAIL: gfortran.dg/ieee/modes_1.f90   -O3 -g  execution test
FAIL: gfortran.dg/ieee/modes_1.f90   -Os  execution test

		=== gfortran Summary for unix ===

# of expected passes		67208
# of unexpected failures	12
# of expected failures		259
# of unsupported tests		168

Running target unix/-fstack-protector
FAIL: gfortran.dg/ieee/ieee_6.f90   -O0  execution test
FAIL: gfortran.dg/ieee/ieee_6.f90   -O1  execution test
FAIL: gfortran.dg/ieee/ieee_6.f90   -O2  execution test
FAIL: gfortran.dg/ieee/ieee_6.f90   -O3 -fomit-frame-pointer -funroll-loops -fpeel-loops -ftracer -finline-functions  execution test
FAIL: gfortran.dg/ieee/ieee_6.f90   -O3 -g  execution test
FAIL: gfortran.dg/ieee/ieee_6.f90   -Os  execution test
FAIL: gfortran.dg/ieee/large_2.f90   -O2  execution test
FAIL: gfortran.dg/ieee/large_2.f90   -O3 -fomit-frame-pointer -funroll-loops -fpeel-loops -ftracer -finline-functions  execution test
FAIL: gfortran.dg/ieee/large_2.f90   -O3 -g  execution test
FAIL: gfortran.dg/ieee/large_2.f90   -Os  execution test
FAIL: gfortran.dg/ieee/modes_1.f90   -O0  execution test
FAIL: gfortran.dg/ieee/modes_1.f90   -O1  execution test
FAIL: gfortran.dg/ieee/modes_1.f90   -O2  execution test
FAIL: gfortran.dg/ieee/modes_1.f90   -O3 -fomit-frame-pointer -funroll-loops -fpeel-loops -ftracer -finline-functions  execution test
FAIL: gfortran.dg/ieee/modes_1.f90   -O3 -g  execution test
FAIL: gfortran.dg/ieee/modes_1.f90   -Os  execution test
FAIL: gfortran.dg/ieee/rounding_1.f90   -O2  execution test
FAIL: gfortran.dg/ieee/rounding_1.f90   -O3 -fomit-frame-pointer -funroll-loops -fpeel-loops -ftracer -finline-functions  execution test
FAIL: gfortran.dg/ieee/rounding_1.f90   -O3 -g  execution test
FAIL: gfortran.dg/ieee/rounding_1.f90   -Os  execution test

		=== gfortran Summary for unix/-fstack-protector ===

# of expected passes		67200
# of unexpected failures	20
# of expected failures		259
# of unsupported tests		168

		=== gfortran Summary ===

# of expected passes		134408
# of unexpected failures	32
# of expected failures		518
# of unsupported tests		336
/build/reproducible-path/gcc-13-13.2.0/build/gcc/gfortran  version 13.2.0 (Debian 13.2.0-3) 

		=== gm2 tests ===


Running target unix

		=== gm2 Summary for unix ===

# of expected passes		12553

Running target unix/-fstack-protector

		=== gm2 Summary for unix/-fstack-protector ===

# of expected passes		12553

		=== gm2 Summary ===

# of expected passes		25106
		=== gnat tests ===


Running target unix
FAIL: gnat.dg/div_zero.adb execution test
FAIL: gnat.dg/prot7.adb (test for excess errors)

		=== gnat Summary for unix ===

# of expected passes		3365
# of unexpected failures	2
# of expected failures		23
# of unsupported tests		29

Running target unix/-fstack-protector
FAIL: gnat.dg/div_zero.adb execution test
FAIL: gnat.dg/prot7.adb (test for excess errors)

		=== gnat Summary for unix/-fstack-protector ===

# of expected passes		3365
# of unexpected failures	2
# of expected failures		23
# of unsupported tests		29

		=== gnat Summary ===

# of expected passes		6730
# of unexpected failures	4
# of expected failures		46
# of unsupported tests		58
/build/reproducible-path/gcc-13-13.2.0/build/gcc/gnatmake version 13.2.0

		=== go tests ===


Running target unix

		=== go Summary for unix ===

# of expected passes		596
# of untested testcases		1544

Running target unix/-fstack-protector

		=== go Summary for unix/-fstack-protector ===

# of expected passes		596
# of untested testcases		1544

		=== go Summary ===

# of expected passes		1192
# of untested testcases		3088
/build/reproducible-path/gcc-13-13.2.0/build/gcc/gccgo  version 13.2.0 (Debian 13.2.0-3) 

		=== jit tests ===


Running target unix
FAIL: test-combination.c.exe iteration 1 of 5: verify_comparisons: actual: test_COMPARISON_EQ_on_vec_int (zero_zero, zero_zero) != expected: true_true (position 0)
FAIL: test-combination.c.exe killed: 565618 exp5 0 0 CHILDKILLED SIGABRT SIGABRT
FAIL: test-error-register-variable-size-mismatch.c.exe iteration 1 of 5: verify_code: actual: "invalid register name for 'global_variable'" != expected: "data type of 'global_variable' isn't suitable for a register"
FAIL: test-error-register-variable-size-mismatch.c.exe killed: 565247 exp5 0 0 CHILDKILLED SIGABRT SIGABRT
FAIL: test-expressions.c.exe iteration 1 of 5: verify_comparisons: actual: test_COMPARISON_EQ_on_vec_int (zero_zero, zero_zero) != expected: true_true (position 0)
FAIL: test-expressions.c.exe killed: 565413 exp5 0 0 CHILDKILLED SIGABRT SIGABRT
FAIL: test-threads.c.exe killed: 567044 exp5 0 0 CHILDKILLED SIGABRT SIGABRT
FAIL: test-threads.c.exe: verify_comparisons: actual: test_COMPARISON_EQ_on_vec_int (zero_zero, zero_zero) != expected: true_true (position 0)
FAIL: test-types.c.exe iteration 1 of 5: verify_code: gcc_jit_compatible_types ( gcc_jit_context_get_type (ctxt, GCC_JIT_TYPE_LONG), gcc_jit_context_get_type (ctxt, GCC_JIT_TYPE_INT64_T))
FAIL: test-types.c.exe killed: 567351 exp5 0 0 CHILDKILLED SIGABRT SIGABRT

		=== jit Summary ===

# of expected passes		7306
# of unexpected failures	10
# of unsupported tests		8
		=== obj-c++ tests ===


Running target unix

		=== obj-c++ Summary for unix ===

# of expected passes		1502
# of expected failures		10
# of unsupported tests		79

Running target unix/-fstack-protector

		=== obj-c++ Summary for unix/-fstack-protector ===

# of expected passes		1502
# of expected failures		10
# of unsupported tests		79

		=== obj-c++ Summary ===

# of expected passes		3004
# of expected failures		20
# of unsupported tests		158
/build/reproducible-path/gcc-13-13.2.0/build/gcc/xg++  version 13.2.0 (Debian 13.2.0-3) 

		=== objc tests ===


Running target unix

		=== objc Summary for unix ===

# of expected passes		2846
# of unsupported tests		70

Running target unix/-fstack-protector

		=== objc Summary for unix/-fstack-protector ===

# of expected passes		2846
# of unsupported tests		70

		=== objc Summary ===

# of expected passes		5692
# of unsupported tests		140
/build/reproducible-path/gcc-13-13.2.0/build/gcc/xgcc  version 13.2.0 (Debian 13.2.0-3) 

		=== gotools tests ===

FAIL: go test cmd/go
FAIL: TestAbort
FAIL: go test runtime
FAIL: TestSigaltstack
FAIL: go test misc/cgo/testcarchive
FAIL: go test cmd/vet

		=== gotools Summary ===
# of expected passes		387
# of unexpected failures	6
# of untested testcases		129
/build/reproducible-path/gcc-13-13.2.0/build/./gcc/gccgo version 13.2.0 (Debian 13.2.0-3)

		=== libatomic tests ===


Running target unix

		=== libatomic Summary for unix ===

# of expected passes		54

Running target unix/-fstack-protector

		=== libatomic Summary for unix/-fstack-protector ===

# of expected passes		54

		=== libatomic Summary ===

# of expected passes		108
		=== libffi tests ===


Running target unix

		=== libffi Summary for unix ===

# of expected passes		1462
# of unsupported tests		28

Running target unix/-fstack-protector

		=== libffi Summary for unix/-fstack-protector ===

# of expected passes		1462
# of unsupported tests		28

		=== libffi Summary ===

# of expected passes		2924
# of unsupported tests		56
		=== libgo tests ===


Running target unix
FAIL: os
FAIL: runtime/pprof

		=== libgo Summary ===

# of expected passes		194
# of unexpected failures	2
/build/reproducible-path/gcc-13-13.2.0/build/./gcc/gccgo version 13.2.0 (Debian 13.2.0-3)

		=== libgomp tests ===


Running target unix
FAIL: libgomp.c++/../libgomp.c-c++-common/icv-8.c output pattern test
FAIL: libgomp.c/../libgomp.c-c++-common/icv-8.c output pattern test

		=== libgomp Summary for unix ===

# of expected passes		15126
# of unexpected failures	2
# of expected failures		285
# of unsupported tests		682

Running target unix/-fstack-protector
FAIL: libgomp.c++/../libgomp.c-c++-common/icv-8.c output pattern test
FAIL: libgomp.c/../libgomp.c-c++-common/icv-8.c output pattern test

		=== libgomp Summary for unix/-fstack-protector ===

# of expected passes		15126
# of unexpected failures	2
# of expected failures		285
# of unsupported tests		682

		=== libgomp Summary ===

# of expected passes		30252
# of unexpected failures	4
# of expected failures		570
# of unsupported tests		1364
		=== libphobos tests ===


Running target unix
FAIL: libphobos.druntime/object.d execution test
FAIL: libphobos.druntime_shared/object.d execution test
WARNING: libphobos.phobos/std/algorithm/iteration.d (test for excess errors) program timed out.
FAIL: libphobos.phobos/std/algorithm/iteration.d (test for excess errors)
UNRESOLVED: libphobos.phobos/std/algorithm/iteration.d compilation failed to produce executable
WARNING: libphobos.phobos/std/algorithm/searching.d (test for excess errors) program timed out.
FAIL: libphobos.phobos/std/algorithm/searching.d (test for excess errors)
UNRESOLVED: libphobos.phobos/std/algorithm/searching.d compilation failed to produce executable
WARNING: libphobos.phobos/std/algorithm/sorting.d (test for excess errors) program timed out.
FAIL: libphobos.phobos/std/algorithm/sorting.d (test for excess errors)
UNRESOLVED: libphobos.phobos/std/algorithm/sorting.d compilation failed to produce executable
WARNING: libphobos.phobos/std/array.d (test for excess errors) program timed out.
FAIL: libphobos.phobos/std/array.d (test for excess errors)
UNRESOLVED: libphobos.phobos/std/array.d compilation failed to produce executable
FAIL: libphobos.phobos/std/complex.d execution test
WARNING: libphobos.phobos/std/container/rbtree.d (test for excess errors) program timed out.
FAIL: libphobos.phobos/std/container/rbtree.d (test for excess errors)
UNRESOLVED: libphobos.phobos/std/container/rbtree.d compilation failed to produce executable
WARNING: libphobos.phobos/std/conv.d (test for excess errors) program timed out.
FAIL: libphobos.phobos/std/conv.d (test for excess errors)
UNRESOLVED: libphobos.phobos/std/conv.d compilation failed to produce executable
WARNING: libphobos.phobos/std/datetime/date.d (test for excess errors) program timed out.
FAIL: libphobos.phobos/std/datetime/date.d (test for excess errors)
UNRESOLVED: libphobos.phobos/std/datetime/date.d compilation failed to produce executable
WARNING: libphobos.phobos/std/datetime/systime.d (test for excess errors) program timed out.
FAIL: libphobos.phobos/std/datetime/systime.d (test for excess errors)
UNRESOLVED: libphobos.phobos/std/datetime/systime.d compilation failed to produce executable
FAIL: libphobos.phobos/std/format/internal/floats.d (test for excess errors)
FAIL: libphobos.phobos/std/format/internal/floats.d execution test
FAIL: libphobos.phobos/std/format/internal/write.d execution test
WARNING: libphobos.phobos/std/format/package.d (test for excess errors) program timed out.
FAIL: libphobos.phobos/std/format/package.d (test for excess errors)
FAIL: libphobos.phobos/std/format/package.d execution test
FAIL: libphobos.phobos/std/format/write.d execution test
FAIL: libphobos.phobos/std/internal/math/errorfunction.d execution test
FAIL: libphobos.phobos/std/internal/math/gammafunction.d execution test
FAIL: libphobos.phobos/std/math/exponential.d execution test
FAIL: libphobos.phobos/std/math/hardware.d execution test
FAIL: libphobos.phobos/std/math/traits.d execution test
FAIL: libphobos.phobos/std/math/trigonometry.d execution test
FAIL: libphobos.phobos/std/mathspecial.d execution test
WARNING: libphobos.phobos/std/numeric.d (test for excess errors) program timed out.
FAIL: libphobos.phobos/std/numeric.d (test for excess errors)
UNRESOLVED: libphobos.phobos/std/numeric.d compilation failed to produce executable
WARNING: libphobos.phobos/std/random.d (test for excess errors) program timed out.
FAIL: libphobos.phobos/std/random.d (test for excess errors)
FAIL: libphobos.phobos/std/random.d execution test
WARNING: libphobos.phobos/std/range/package.d (test for excess errors) program timed out.
FAIL: libphobos.phobos/std/range/package.d (test for excess errors)
UNRESOLVED: libphobos.phobos/std/range/package.d compilation failed to produce executable
WARNING: libphobos.phobos/std/range/primitives.d (test for excess errors) program timed out.
FAIL: libphobos.phobos/std/range/primitives.d (test for excess errors)
UNRESOLVED: libphobos.phobos/std/range/primitives.d compilation failed to produce executable
WARNING: libphobos.phobos/std/regex/internal/tests.d (test for excess errors) program timed out.
FAIL: libphobos.phobos/std/regex/internal/tests.d (test for excess errors)
FAIL: libphobos.phobos/std/regex/internal/tests.d execution test
WARNING: libphobos.phobos/std/regex/internal/tests2.d (test for excess errors) program timed out.
FAIL: libphobos.phobos/std/regex/internal/tests2.d (test for excess errors)
FAIL: libphobos.phobos/std/regex/internal/tests2.d execution test
WARNING: libphobos.phobos/std/regex/package.d (test for excess errors) program timed out.
FAIL: libphobos.phobos/std/regex/package.d (test for excess errors)
FAIL: libphobos.phobos/std/regex/package.d execution test
WARNING: libphobos.phobos/std/string.d (test for excess errors) program timed out.
FAIL: libphobos.phobos/std/string.d (test for excess errors)
UNRESOLVED: libphobos.phobos/std/string.d compilation failed to produce executable
WARNING: libphobos.phobos/std/typecons.d (test for excess errors) program timed out.
FAIL: libphobos.phobos/std/typecons.d (test for excess errors)
UNRESOLVED: libphobos.phobos/std/typecons.d compilation failed to produce executable
WARNING: libphobos.phobos/std/uni/package.d (test for excess errors) program timed out.
FAIL: libphobos.phobos/std/uni/package.d (test for excess errors)
UNRESOLVED: libphobos.phobos/std/uni/package.d compilation failed to produce executable
WARNING: libphobos.phobos/std/uuid.d (test for excess errors) program timed out.
FAIL: libphobos.phobos/std/uuid.d (test for excess errors)
UNRESOLVED: libphobos.phobos/std/uuid.d compilation failed to produce executable
WARNING: libphobos.phobos/std/variant.d (test for excess errors) program timed out.
FAIL: libphobos.phobos/std/variant.d (test for excess errors)
FAIL: libphobos.phobos/std/variant.d execution test
WARNING: libphobos.phobos_shared/std/algorithm/iteration.d (test for excess errors) program timed out.
FAIL: libphobos.phobos_shared/std/algorithm/iteration.d (test for excess errors)
UNRESOLVED: libphobos.phobos_shared/std/algorithm/iteration.d compilation failed to produce executable
WARNING: libphobos.phobos_shared/std/algorithm/searching.d (test for excess errors) program timed out.
FAIL: libphobos.phobos_shared/std/algorithm/searching.d (test for excess errors)
UNRESOLVED: libphobos.phobos_shared/std/algorithm/searching.d compilation failed to produce executable
WARNING: libphobos.phobos_shared/std/algorithm/sorting.d (test for excess errors) program timed out.
FAIL: libphobos.phobos_shared/std/algorithm/sorting.d (test for excess errors)
UNRESOLVED: libphobos.phobos_shared/std/algorithm/sorting.d compilation failed to produce executable
WARNING: libphobos.phobos_shared/std/array.d (test for excess errors) program timed out.
FAIL: libphobos.phobos_shared/std/array.d (test for excess errors)
UNRESOLVED: libphobos.phobos_shared/std/array.d compilation failed to produce executable
FAIL: libphobos.phobos_shared/std/complex.d execution test
WARNING: libphobos.phobos_shared/std/container/rbtree.d (test for excess errors) program timed out.
FAIL: libphobos.phobos_shared/std/container/rbtree.d (test for excess errors)
UNRESOLVED: libphobos.phobos_shared/std/container/rbtree.d compilation failed to produce executable
WARNING: libphobos.phobos_shared/std/conv.d (test for excess errors) program timed out.
FAIL: libphobos.phobos_shared/std/conv.d (test for excess errors)
UNRESOLVED: libphobos.phobos_shared/std/conv.d compilation failed to produce executable
WARNING: libphobos.phobos_shared/std/datetime/date.d (test for excess errors) program timed out.
FAIL: libphobos.phobos_shared/std/datetime/date.d (test for excess errors)
UNRESOLVED: libphobos.phobos_shared/std/datetime/date.d compilation failed to produce executable
WARNING: libphobos.phobos_shared/std/datetime/systime.d (test for excess errors) program timed out.
FAIL: libphobos.phobos_shared/std/datetime/systime.d (test for excess errors)
UNRESOLVED: libphobos.phobos_shared/std/datetime/systime.d compilation failed to produce executable
FAIL: libphobos.phobos_shared/std/format/internal/floats.d (test for excess errors)
FAIL: libphobos.phobos_shared/std/format/internal/floats.d execution test
FAIL: libphobos.phobos_shared/std/format/internal/write.d execution test
WARNING: libphobos.phobos_shared/std/format/package.d (test for excess errors) program timed out.
FAIL: libphobos.phobos_shared/std/format/package.d (test for excess errors)
FAIL: libphobos.phobos_shared/std/format/package.d execution test
FAIL: libphobos.phobos_shared/std/format/write.d execution test
FAIL: libphobos.phobos_shared/std/internal/math/errorfunction.d execution test
FAIL: libphobos.phobos_shared/std/internal/math/gammafunction.d execution test
FAIL: libphobos.phobos_shared/std/math/exponential.d execution test
FAIL: libphobos.phobos_shared/std/math/hardware.d execution test
FAIL: libphobos.phobos_shared/std/math/traits.d execution test
FAIL: libphobos.phobos_shared/std/math/trigonometry.d execution test
FAIL: libphobos.phobos_shared/std/mathspecial.d execution test
WARNING: libphobos.phobos_shared/std/numeric.d (test for excess errors) program timed out.
FAIL: libphobos.phobos_shared/std/numeric.d (test for excess errors)
UNRESOLVED: libphobos.phobos_shared/std/numeric.d compilation failed to produce executable
WARNING: libphobos.phobos_shared/std/random.d (test for excess errors) program timed out.
FAIL: libphobos.phobos_shared/std/random.d (test for excess errors)
FAIL: libphobos.phobos_shared/std/random.d execution test
WARNING: libphobos.phobos_shared/std/range/package.d (test for excess errors) program timed out.
FAIL: libphobos.phobos_shared/std/range/package.d (test for excess errors)
UNRESOLVED: libphobos.phobos_shared/std/range/package.d compilation failed to produce executable
WARNING: libphobos.phobos_shared/std/range/primitives.d (test for excess errors) program timed out.
FAIL: libphobos.phobos_shared/std/range/primitives.d (test for excess errors)
UNRESOLVED: libphobos.phobos_shared/std/range/primitives.d compilation failed to produce executable
WARNING: libphobos.phobos_shared/std/regex/internal/tests.d (test for excess errors) program timed out.
FAIL: libphobos.phobos_shared/std/regex/internal/tests.d (test for excess errors)
FAIL: libphobos.phobos_shared/std/regex/internal/tests.d execution test
WARNING: libphobos.phobos_shared/std/regex/internal/tests2.d (test for excess errors) program timed out.
FAIL: libphobos.phobos_shared/std/regex/internal/tests2.d (test for excess errors)
FAIL: libphobos.phobos_shared/std/regex/internal/tests2.d execution test
WARNING: libphobos.phobos_shared/std/regex/package.d (test for excess errors) program timed out.
FAIL: libphobos.phobos_shared/std/regex/package.d (test for excess errors)
FAIL: libphobos.phobos_shared/std/regex/package.d execution test
WARNING: libphobos.phobos_shared/std/string.d (test for excess errors) program timed out.
FAIL: libphobos.phobos_shared/std/string.d (test for excess errors)
UNRESOLVED: libphobos.phobos_shared/std/string.d compilation failed to produce executable
WARNING: libphobos.phobos_shared/std/typecons.d (test for excess errors) program timed out.
FAIL: libphobos.phobos_shared/std/typecons.d (test for excess errors)
UNRESOLVED: libphobos.phobos_shared/std/typecons.d compilation failed to produce executable
WARNING: libphobos.phobos_shared/std/uni/package.d (test for excess errors) program timed out.
FAIL: libphobos.phobos_shared/std/uni/package.d (test for excess errors)
UNRESOLVED: libphobos.phobos_shared/std/uni/package.d compilation failed to produce executable
WARNING: libphobos.phobos_shared/std/uuid.d (test for excess errors) program timed out.
FAIL: libphobos.phobos_shared/std/uuid.d (test for excess errors)
FAIL: libphobos.phobos_shared/std/uuid.d execution test
WARNING: libphobos.phobos_shared/std/variant.d (test for excess errors) program timed out.
FAIL: libphobos.phobos_shared/std/variant.d (test for excess errors)
FAIL: libphobos.phobos_shared/std/variant.d execution test

		=== libphobos Summary for unix ===

# of expected passes		937
# of unexpected failures	81
# of unresolved testcases	29
# of unsupported tests		2

Running target unix/-fstack-protector
FAIL: libphobos.druntime/object.d execution test
FAIL: libphobos.druntime_shared/object.d execution test
WARNING: libphobos.phobos/std/algorithm/iteration.d (test for excess errors) program timed out.
FAIL: libphobos.phobos/std/algorithm/iteration.d (test for excess errors)
UNRESOLVED: libphobos.phobos/std/algorithm/iteration.d compilation failed to produce executable
WARNING: libphobos.phobos/std/algorithm/searching.d (test for excess errors) program timed out.
FAIL: libphobos.phobos/std/algorithm/searching.d (test for excess errors)
UNRESOLVED: libphobos.phobos/std/algorithm/searching.d compilation failed to produce executable
WARNING: libphobos.phobos/std/algorithm/sorting.d (test for excess errors) program timed out.
FAIL: libphobos.phobos/std/algorithm/sorting.d (test for excess errors)
UNRESOLVED: libphobos.phobos/std/algorithm/sorting.d compilation failed to produce executable
WARNING: libphobos.phobos/std/array.d (test for excess errors) program timed out.
FAIL: libphobos.phobos/std/array.d (test for excess errors)
UNRESOLVED: libphobos.phobos/std/array.d compilation failed to produce executable
FAIL: libphobos.phobos/std/complex.d execution test
WARNING: libphobos.phobos/std/container/rbtree.d (test for excess errors) program timed out.
FAIL: libphobos.phobos/std/container/rbtree.d (test for excess errors)
UNRESOLVED: libphobos.phobos/std/container/rbtree.d compilation failed to produce executable
WARNING: libphobos.phobos/std/conv.d (test for excess errors) program timed out.
FAIL: libphobos.phobos/std/conv.d (test for excess errors)
UNRESOLVED: libphobos.phobos/std/conv.d compilation failed to produce executable
WARNING: libphobos.phobos/std/datetime/date.d (test for excess errors) program timed out.
FAIL: libphobos.phobos/std/datetime/date.d (test for excess errors)
UNRESOLVED: libphobos.phobos/std/datetime/date.d compilation failed to produce executable
WARNING: libphobos.phobos/std/datetime/systime.d (test for excess errors) program timed out.
FAIL: libphobos.phobos/std/datetime/systime.d (test for excess errors)
UNRESOLVED: libphobos.phobos/std/datetime/systime.d compilation failed to produce executable
FAIL: libphobos.phobos/std/format/internal/floats.d (test for excess errors)
FAIL: libphobos.phobos/std/format/internal/floats.d execution test
WARNING: libphobos.phobos/std/format/internal/write.d (test for excess errors) program timed out.
FAIL: libphobos.phobos/std/format/internal/write.d (test for excess errors)
FAIL: libphobos.phobos/std/format/internal/write.d execution test
WARNING: libphobos.phobos/std/format/package.d (test for excess errors) program timed out.
FAIL: libphobos.phobos/std/format/package.d (test for excess errors)
FAIL: libphobos.phobos/std/format/package.d execution test
FAIL: libphobos.phobos/std/format/write.d execution test
FAIL: libphobos.phobos/std/internal/math/errorfunction.d execution test
FAIL: libphobos.phobos/std/internal/math/gammafunction.d execution test
FAIL: libphobos.phobos/std/math/exponential.d execution test
FAIL: libphobos.phobos/std/math/hardware.d execution test
FAIL: libphobos.phobos/std/math/traits.d execution test
FAIL: libphobos.phobos/std/math/trigonometry.d execution test
FAIL: libphobos.phobos/std/mathspecial.d execution test
WARNING: libphobos.phobos/std/numeric.d (test for excess errors) program timed out.
FAIL: libphobos.phobos/std/numeric.d (test for excess errors)
FAIL: libphobos.phobos/std/numeric.d execution test
WARNING: libphobos.phobos/std/random.d (test for excess errors) program timed out.
FAIL: libphobos.phobos/std/random.d (test for excess errors)
FAIL: libphobos.phobos/std/random.d execution test
WARNING: libphobos.phobos/std/range/package.d (test for excess errors) program timed out.
FAIL: libphobos.phobos/std/range/package.d (test for excess errors)
UNRESOLVED: libphobos.phobos/std/range/package.d compilation failed to produce executable
WARNING: libphobos.phobos/std/range/primitives.d (test for excess errors) program timed out.
FAIL: libphobos.phobos/std/range/primitives.d (test for excess errors)
UNRESOLVED: libphobos.phobos/std/range/primitives.d compilation failed to produce executable
WARNING: libphobos.phobos/std/regex/internal/tests.d (test for excess errors) program timed out.
FAIL: libphobos.phobos/std/regex/internal/tests.d (test for excess errors)
FAIL: libphobos.phobos/std/regex/internal/tests.d execution test
WARNING: libphobos.phobos/std/regex/internal/tests2.d (test for excess errors) program timed out.
FAIL: libphobos.phobos/std/regex/internal/tests2.d (test for excess errors)
FAIL: libphobos.phobos/std/regex/internal/tests2.d execution test
WARNING: libphobos.phobos/std/regex/package.d (test for excess errors) program timed out.
FAIL: libphobos.phobos/std/regex/package.d (test for excess errors)
FAIL: libphobos.phobos/std/regex/package.d execution test
WARNING: libphobos.phobos/std/string.d (test for excess errors) program timed out.
FAIL: libphobos.phobos/std/string.d (test for excess errors)
UNRESOLVED: libphobos.phobos/std/string.d compilation failed to produce executable
WARNING: libphobos.phobos/std/typecons.d (test for excess errors) program timed out.
FAIL: libphobos.phobos/std/typecons.d (test for excess errors)
UNRESOLVED: libphobos.phobos/std/typecons.d compilation failed to produce executable
WARNING: libphobos.phobos/std/uni/package.d (test for excess errors) program timed out.
FAIL: libphobos.phobos/std/uni/package.d (test for excess errors)
UNRESOLVED: libphobos.phobos/std/uni/package.d compilation failed to produce executable
WARNING: libphobos.phobos/std/uuid.d (test for excess errors) program timed out.
FAIL: libphobos.phobos/std/uuid.d (test for excess errors)
UNRESOLVED: libphobos.phobos/std/uuid.d compilation failed to produce executable
WARNING: libphobos.phobos/std/variant.d (test for excess errors) program timed out.
FAIL: libphobos.phobos/std/variant.d (test for excess errors)
FAIL: libphobos.phobos/std/variant.d execution test
WARNING: libphobos.phobos_shared/std/algorithm/iteration.d (test for excess errors) program timed out.
FAIL: libphobos.phobos_shared/std/algorithm/iteration.d (test for excess errors)
UNRESOLVED: libphobos.phobos_shared/std/algorithm/iteration.d compilation failed to produce executable
WARNING: libphobos.phobos_shared/std/algorithm/searching.d (test for excess errors) program timed out.
FAIL: libphobos.phobos_shared/std/algorithm/searching.d (test for excess errors)
UNRESOLVED: libphobos.phobos_shared/std/algorithm/searching.d compilation failed to produce executable
WARNING: libphobos.phobos_shared/std/algorithm/sorting.d (test for excess errors) program timed out.
FAIL: libphobos.phobos_shared/std/algorithm/sorting.d (test for excess errors)
UNRESOLVED: libphobos.phobos_shared/std/algorithm/sorting.d compilation failed to produce executable
WARNING: libphobos.phobos_shared/std/array.d (test for excess errors) program timed out.
FAIL: libphobos.phobos_shared/std/array.d (test for excess errors)
UNRESOLVED: libphobos.phobos_shared/std/array.d compilation failed to produce executable
FAIL: libphobos.phobos_shared/std/complex.d execution test
WARNING: libphobos.phobos_shared/std/container/rbtree.d (test for excess errors) program timed out.
FAIL: libphobos.phobos_shared/std/container/rbtree.d (test for excess errors)
UNRESOLVED: libphobos.phobos_shared/std/container/rbtree.d compilation failed to produce executable
WARNING: libphobos.phobos_shared/std/conv.d (test for excess errors) program timed out.
FAIL: libphobos.phobos_shared/std/conv.d (test for excess errors)
UNRESOLVED: libphobos.phobos_shared/std/conv.d compilation failed to produce executable
WARNING: libphobos.phobos_shared/std/datetime/date.d (test for excess errors) program timed out.
FAIL: libphobos.phobos_shared/std/datetime/date.d (test for excess errors)
UNRESOLVED: libphobos.phobos_shared/std/datetime/date.d compilation failed to produce executable
WARNING: libphobos.phobos_shared/std/datetime/systime.d (test for excess errors) program timed out.
FAIL: libphobos.phobos_shared/std/datetime/systime.d (test for excess errors)
UNRESOLVED: libphobos.phobos_shared/std/datetime/systime.d compilation failed to produce executable
FAIL: libphobos.phobos_shared/std/format/internal/floats.d (test for excess errors)
FAIL: libphobos.phobos_shared/std/format/internal/floats.d execution test
FAIL: libphobos.phobos_shared/std/format/internal/write.d execution test
WARNING: libphobos.phobos_shared/std/format/package.d (test for excess errors) program timed out.
FAIL: libphobos.phobos_shared/std/format/package.d (test for excess errors)
FAIL: libphobos.phobos_shared/std/format/package.d execution test
FAIL: libphobos.phobos_shared/std/format/write.d execution test
FAIL: libphobos.phobos_shared/std/internal/math/errorfunction.d execution test
FAIL: libphobos.phobos_shared/std/internal/math/gammafunction.d execution test
FAIL: libphobos.phobos_shared/std/math/exponential.d execution test
FAIL: libphobos.phobos_shared/std/math/hardware.d execution test
FAIL: libphobos.phobos_shared/std/math/traits.d execution test
FAIL: libphobos.phobos_shared/std/math/trigonometry.d execution test
FAIL: libphobos.phobos_shared/std/mathspecial.d execution test
WARNING: libphobos.phobos_shared/std/numeric.d (test for excess errors) program timed out.
FAIL: libphobos.phobos_shared/std/numeric.d (test for excess errors)
FAIL: libphobos.phobos_shared/std/numeric.d execution test
WARNING: libphobos.phobos_shared/std/random.d (test for excess errors) program timed out.
FAIL: libphobos.phobos_shared/std/random.d (test for excess errors)
FAIL: libphobos.phobos_shared/std/random.d execution test
WARNING: libphobos.phobos_shared/std/range/package.d (test for excess errors) program timed out.
FAIL: libphobos.phobos_shared/std/range/package.d (test for excess errors)
UNRESOLVED: libphobos.phobos_shared/std/range/package.d compilation failed to produce executable
WARNING: libphobos.phobos_shared/std/range/primitives.d (test for excess errors) program timed out.
FAIL: libphobos.phobos_shared/std/range/primitives.d (test for excess errors)
FAIL: libphobos.phobos_shared/std/range/primitives.d execution test
WARNING: libphobos.phobos_shared/std/regex/internal/tests.d (test for excess errors) program timed out.
FAIL: libphobos.phobos_shared/std/regex/internal/tests.d (test for excess errors)
FAIL: libphobos.phobos_shared/std/regex/internal/tests.d execution test
WARNING: libphobos.phobos_shared/std/regex/internal/tests2.d (test for excess errors) program timed out.
FAIL: libphobos.phobos_shared/std/regex/internal/tests2.d (test for excess errors)
FAIL: libphobos.phobos_shared/std/regex/internal/tests2.d execution test
WARNING: libphobos.phobos_shared/std/regex/package.d (test for excess errors) program timed out.
FAIL: libphobos.phobos_shared/std/regex/package.d (test for excess errors)
FAIL: libphobos.phobos_shared/std/regex/package.d execution test
WARNING: libphobos.phobos_shared/std/string.d (test for excess errors) program timed out.
FAIL: libphobos.phobos_shared/std/string.d (test for excess errors)
UNRESOLVED: libphobos.phobos_shared/std/string.d compilation failed to produce executable
WARNING: libphobos.phobos_shared/std/typecons.d (test for excess errors) program timed out.
FAIL: libphobos.phobos_shared/std/typecons.d (test for excess errors)
UNRESOLVED: libphobos.phobos_shared/std/typecons.d compilation failed to produce executable
WARNING: libphobos.phobos_shared/std/uni/package.d (test for excess errors) program timed out.
FAIL: libphobos.phobos_shared/std/uni/package.d (test for excess errors)
UNRESOLVED: libphobos.phobos_shared/std/uni/package.d compilation failed to produce executable
WARNING: libphobos.phobos_shared/std/uuid.d (test for excess errors) program timed out.
FAIL: libphobos.phobos_shared/std/uuid.d (test for excess errors)
UNRESOLVED: libphobos.phobos_shared/std/uuid.d compilation failed to produce executable
WARNING: libphobos.phobos_shared/std/variant.d (test for excess errors) program timed out.
FAIL: libphobos.phobos_shared/std/variant.d (test for excess errors)
FAIL: libphobos.phobos_shared/std/variant.d execution test

		=== libphobos Summary for unix/-fstack-protector ===

# of expected passes		936
# of unexpected failures	84
# of unresolved testcases	27
# of unsupported tests		2

		=== libphobos Summary ===

# of expected passes		1873
# of unexpected failures	165
# of unresolved testcases	56
# of unsupported tests		4
		=== libstdc++ tests ===


Running target unix
FAIL: libstdc++-abi/abi_check
FAIL: 29_atomics/atomic/compare_exchange_padding.cc execution test
FAIL: 29_atomics/atomic_ref/compare_exchange_padding.cc execution test

		=== libstdc++ Summary for unix ===

# of expected passes		15454
# of unexpected failures	3
# of expected failures		106
# of unsupported tests		410

Running target unix/-fstack-protector
FAIL: libstdc++-abi/abi_check
FAIL: 29_atomics/atomic/compare_exchange_padding.cc execution test
FAIL: 29_atomics/atomic_ref/compare_exchange_padding.cc execution test

		=== libstdc++ Summary for unix/-fstack-protector ===

# of expected passes		15454
# of unexpected failures	3
# of expected failures		106
# of unsupported tests		410

		=== libstdc++ Summary ===

# of expected passes		30908
# of unexpected failures	6
# of expected failures		212
# of unsupported tests		820

Compiler version: 13.2.0 (Debian 13.2.0-3) 
Platform: riscv64-unknown-linux-gnu
configure flags: -v --with-pkgversion='Debian 13.2.0-3' --with-bugurl=file:///usr/share/doc/gcc-13/README.Bugs --enable-languages=c,ada,c++,go,d,fortran,objc,obj-c++,m2 --prefix=/usr --with-gcc-major-version-only --program-suffix=-13 --program-prefix=riscv64-linux-gnu- --enable-shared --enable-linker-build-id --libexecdir=/usr/libexec --without-included-gettext --enable-threads=posix --libdir=/usr/lib --enable-nls --enable-clocale=gnu --enable-libstdcxx-debug --enable-libstdcxx-time=yes --with-default-libstdcxx-abi=new --enable-gnu-unique-object --disable-libitm --disable-libquadmath --disable-libquadmath-support --enable-plugin --enable-default-pie --with-system-zlib --enable-libphobos-checking=release --with-target-system-zlib=auto --enable-objc-gc=auto --enable-multiarch --disable-werror --disable-multilib --with-arch=rv64gc --with-abi=lp64d --enable-checking=release --build=riscv64-linux-gnu --host=riscv64-linux-gnu --target=riscv64-linux-gnu --with-build-config=bootstrap-lto-lean --enable-link-serialization=2
BOOT_CFLAGS=


Build Dependencies:
Desired=Unknown/Install/Remove/Purge/Hold
| Status=Not/Inst/Conf-files/Unpacked/halF-conf/Half-inst/trig-aWait/Trig-pend
|/ Err?=(none)/Reinst-required (Status,Err: uppercase=bad)
||/ Name                       Version        Architecture Description
+++-==========================-==============-============-===============================================================================
ii  binutils                   2.41-4         riscv64      GNU assembler, linker and binary utilities
ii  binutils-common:riscv64    2.41-4         riscv64      Common files for the GNU assembler, linker and binary utilities
ii  binutils-riscv64-linux-gnu 2.41-4         riscv64      GNU binary utilities, for riscv64-linux-gnu target
ii  g++-12                     12.3.0-8       riscv64      GNU C++ compiler
ii  g++-13                     13.2.0-2       riscv64      GNU C++ compiler
ii  libc6:riscv64              2.37-7         riscv64      GNU C Library: Shared libraries
ii  libgmp-dev:riscv64         2:6.3.0+dfsg-2 riscv64      Multiprecision arithmetic library developers tools
ii  libisl-dev:riscv64         0.26-3+b1      riscv64      manipulating sets and relations of integer points bounded by linear constraints
ii  libmpc-dev:riscv64         1.3.1-1+b1     riscv64      multiple precision complex floating-point library development package
ii  libmpfr-dev:riscv64        4.2.1-1        riscv64      multiple precision floating-point computation developers tools


git-updates:
  updates from the 13 branch upto 20230902 (43683027863).

gcc-gfdl-build:
  Build a dummy s-tm-texi without access to the texinfo sources

gcc-textdomain:
  Set gettext's domain and textdomain to the versioned package name.

gcc-distro-specs:
  Add empty distro and hardening specs

gcc-driver-extra-langs:
  Add options and specs for languages that are not built from a source
  (but built from separate sources).

gcc-hash-style-gnu:
  Link using --hash-style=gnu (aarch64, alpha, amd64, armel, armhf, ia64,
  i386, powerpc, ppc64, riscv64, s390, sparc)

libstdc++-doclink:
  adjust hrefs to point to the local documentation

libstdc++-man-3cxx:
  Install libstdc++ man pages with suffix .3cxx instead of .3

libstdc++-test-installed:
  Add support to run the libstdc++-v3 testsuite using the
  installed shared libraries.

libstdc++-doxygen-SOURCE_DATE_EPOCH:

alpha-no-ev4-directive:
  never emit .ev4 directive.

note-gnu-stack:
  Add .note.GNU-stack sections for gcc's crt files, libffi and boehm-gc
  Taken from FC.

libgomp-omp_h-multilib:
  Fix up omp.h for multilibs.

libgo-testsuite:
  Only run the libgo testsuite for flags configured in RUNTESTFLAGS

libgo-cleanfiles:

gcc-target-include-asm:
  Search \$(builddir)/sys-include for the asm header files

libgo-revert-timeout-exp:

libgo-setcontext-config:
  libgo: Overwrite the setcontext_clobbers_tls check on mips*

gcc-auto-build:
  Fix cross building a native compiler.

libitm-no-fortify-source:
  Build libitm with -U_FORTIFY_SOURCE on x86 and x86_64.

sparc64-biarch-long-double-128:
  Fix --with-long-double-128 for sparc32 when defaulting to 64-bit.

pr66368:
  PR go/66368, build libgo with -fno-stack-protector

pr67590:
  Fix PR67590, setting objdump macro.

libffi-race-condition:

cuda-float128:

t-libunwind-elf-Wl-z-defs:
  strip -z,defs from linker options for internal libunwind.

gcc-force-cross-layout:
  Add FORCE_CROSS_LAYOUT env var to force a cross directory layout.

gcc-search-prefixed-as-ld:
  Search for the <triplet>-as / -ld before serching for as / ld.

kfreebsd-decimal-float:
  Enable decimal float support on kfreebsd-amd64

pr87808:
  Fix PR jit/87808.

pr94253:

gcc-arm-disable-guality-tests:
  Don't run some tests from the guality test suite on armhf. These fail
  on every target, but seem to hang on the buildds occasionally on armhf.

musl-ssp:

pr79724-revert:
  Revert PR ada/79724, handling of suffixes (conflicts with local ada-gcc-name patch)

pr104290-followup:
  Follow-up patch for PR go/104290 (Hurd)

arc-stddef:

pr107475:

gccrs-bootstrap-mipsel:
  Ignore gccrs bootstrap comparison failures on mipsel.

pr110066:

gm2-texinfo:
  gm2.texi: Define our own gcctabopt macro, needed for dfsg builds.

ada-gcc-name:

ada-verbose:

ada-link-lib:

ada-gnattools-cross:

ada-lib-info-source-date-epoch:

ada-perl-shebang:
  Fix perl shebang for the gnathtml binary.

gdc-texinfo:
  Add macros for the gdc texinfo documentation.

disable-gdc-tests:
  Disable D tests, hang on many buildds

alpha-ieee:
  #212912
  on alpha-linux, make -mieee default and add -mieee-disable switch
  to turn default off

sys-auxv-header:
  Check for the sys/auxv.h header file.

gdc-dynamic-link-phobos:
  Dynamically link the phobos library.

ia64-disable-selective-scheduling:

libstdc++-pythondir:

gcc-verbose-lto-link:
  Prefix LLINKER with /usr/bin/time -v

ada-armel-libatomic:

ada-kfreebsd:

gcc-ice-dump:
  For ICEs, dump the preprocessed source file to stderr
  when in a distro build environment.

gcc-ice-apport:
  Report an ICE to apport (if apport is available
  and the environment variable GCC_NOAPPORT is not set)

skip-bootstrap-multilib:
  Skip non-default multilib and libstdc++-v3 debug builds in bootstrap builds

libffi-ro-eh_frame_sect:
  PR libffi/47248, force a read only eh frame section.

gcc-multiarch:
  - Remaining multiarch patches, not yet submitted upstream.
  - Add MULTIARCH_DIRNAME definitions for multilib configurations,
  which are used for the non-multilib builds.

config-ml:
  - Disable some biarch libraries for biarch builds.
  - Fix multilib builds on kernels which don't support all multilibs.

g++-multiarch-incdir:
  Use /usr/include/<multiarch>/c++/4.x as the include directory
  for host dependent c++ header files.

canonical-cpppath:
  Don't use any relative path names for the standard include paths.

gcc-multilib-multiarch:
  Don't auto-detect multilib osdirnames.

gcc-as-needed:
  On linux targets pass --as-needed by default to the linker, but always
  link the sanitizer libraries with --no-as-needed.

gcc-as-needed-gold:
  Use --push-state/--pop-state for gold as well when linking libtsan.

libgomp-kfreebsd-testsuite:
  Disable lock-2.c test on kfreebsd-*

go-testsuite:
  Skip Go testcase on AArch64 which hangs on the buildds.

Counting all warnings,
there are 0 warnings in stage3 of this bootstrap.

Number of warnings per file:

Number of warning types:


More information about the Gcc-testresults mailing list