Results for 12.3.1 20230906 [releases/gcc-12 r12-9846-ga9d8685146] (GCC) testsuite on powerpc64le-unknown-linux-gnu

Bill Seurer (POWER9 IEEE128) seurer@linux.ibm.com
Wed Sep 6 04:29:01 GMT 2023


git commit g:a9d86851463b70f165fc995953268a6a3e439328
gcc-descr r12-9846-ga9d86851463b70

power9 IEEE128
Linux 6.2.14-100.fc36.ppc64le ppc64le
GNU Make 4.3

DejaGnu:
	DejaGnu version	1.6.3
	Expect version	5.45.4
	Tcl version	8.6

64-bit

LAST_UPDATED: Wed Sep  6 02:47:16 UTC 2023 (revision r12-9846-ga9d8685146)

Native configuration is powerpc64le-unknown-linux-gnu

		=== gcc tests ===


Running target unix
XPASS: gcc.dg/Wtrampolines.c standard descriptors (test for warnings, line 29)
XPASS: gcc.dg/uninit-pred-7_a.c bogus warning (test for bogus messages, line 26)
XPASS: gcc.dg/guality/example.c   -O0  execution test
XPASS: gcc.dg/guality/example.c   -O1  -DPREVENT_OPTIMIZATION  execution test
XPASS: gcc.dg/guality/example.c  -Og -DPREVENT_OPTIMIZATION  execution test
XPASS: gcc.dg/guality/guality.c   -O0  execution test
XPASS: gcc.dg/guality/guality.c   -O1  -DPREVENT_OPTIMIZATION  execution test
XPASS: gcc.dg/guality/guality.c   -O2 -flto -fuse-linker-plugin -fno-fat-lto-objects  -DPREVENT_OPTIMIZATION execution test
XPASS: gcc.dg/guality/guality.c   -Os  -DPREVENT_OPTIMIZATION  execution test
XPASS: gcc.dg/guality/guality.c  -Og -DPREVENT_OPTIMIZATION  execution test
FAIL: gcc.dg/guality/inline-params-2.c   -O2  -DPREVENT_OPTIMIZATION  execution test
FAIL: gcc.dg/guality/inline-params-2.c   -O2 -flto -fno-use-linker-plugin -flto-partition=none  -DPREVENT_OPTIMIZATION execution test
FAIL: gcc.dg/guality/inline-params-2.c   -O3 -g  -DPREVENT_OPTIMIZATION  execution test
XPASS: gcc.dg/guality/inline-params.c   -O2 -flto -fuse-linker-plugin -fno-fat-lto-objects  -DPREVENT_OPTIMIZATION execution test
XPASS: gcc.dg/guality/inline-params.c   -Os  -DPREVENT_OPTIMIZATION  execution test
XPASS: gcc.dg/guality/ipa-sra-1.c   -O0  line 15 k == 3
XPASS: gcc.dg/guality/ipa-sra-1.c   -O1  -DPREVENT_OPTIMIZATION  line 15 k == 3
XPASS: gcc.dg/guality/ipa-sra-1.c  -Og -DPREVENT_OPTIMIZATION  line 15 k == 3
FAIL: gcc.dg/guality/loop-1.c   -O2  -DPREVENT_OPTIMIZATION  line 20 i == 1
FAIL: gcc.dg/guality/loop-1.c   -O2 -flto -fno-use-linker-plugin -flto-partition=none  -DPREVENT_OPTIMIZATION line 20 i == 1
FAIL: gcc.dg/guality/loop-1.c   -O2 -flto -fuse-linker-plugin -fno-fat-lto-objects  -DPREVENT_OPTIMIZATION line 20 i == 1
FAIL: gcc.dg/guality/loop-1.c   -O3 -fomit-frame-pointer -funroll-loops -fpeel-loops -ftracer -finline-functions  -DPREVENT_OPTIMIZATION  line 20 i == 1
FAIL: gcc.dg/guality/loop-1.c   -O3 -g  -DPREVENT_OPTIMIZATION  line 20 i == 1
FAIL: gcc.dg/guality/pr36728-1.c   -O2 -flto -fuse-linker-plugin -fno-fat-lto-objects  -DPREVENT_OPTIMIZATION line 18 y == 2
FAIL: gcc.dg/guality/pr36728-1.c   -O3 -g  -DPREVENT_OPTIMIZATION  line 18 y == 2
FAIL: gcc.dg/guality/pr36728-2.c   -O2 -flto -fuse-linker-plugin -fno-fat-lto-objects  -DPREVENT_OPTIMIZATION line 16 arg1 == 1
FAIL: gcc.dg/guality/pr36728-2.c   -O2 -flto -fuse-linker-plugin -fno-fat-lto-objects  -DPREVENT_OPTIMIZATION line 16 arg2 == 2
FAIL: gcc.dg/guality/pr36728-2.c   -O2 -flto -fuse-linker-plugin -fno-fat-lto-objects  -DPREVENT_OPTIMIZATION line 16 arg3 == 3
FAIL: gcc.dg/guality/pr36728-2.c   -O2 -flto -fuse-linker-plugin -fno-fat-lto-objects  -DPREVENT_OPTIMIZATION line 16 arg4 == 4
FAIL: gcc.dg/guality/pr36728-2.c   -O2 -flto -fuse-linker-plugin -fno-fat-lto-objects  -DPREVENT_OPTIMIZATION line 16 arg5 == 5
FAIL: gcc.dg/guality/pr36728-2.c   -O2 -flto -fuse-linker-plugin -fno-fat-lto-objects  -DPREVENT_OPTIMIZATION line 16 arg6 == 6
FAIL: gcc.dg/guality/pr36728-2.c   -O2 -flto -fuse-linker-plugin -fno-fat-lto-objects  -DPREVENT_OPTIMIZATION line 16 arg7 == 30
FAIL: gcc.dg/guality/pr36728-2.c   -O2 -flto -fuse-linker-plugin -fno-fat-lto-objects  -DPREVENT_OPTIMIZATION line 18 arg1 == 1
FAIL: gcc.dg/guality/pr36728-2.c   -O2 -flto -fuse-linker-plugin -fno-fat-lto-objects  -DPREVENT_OPTIMIZATION line 18 arg2 == 2
FAIL: gcc.dg/guality/pr36728-2.c   -O2 -flto -fuse-linker-plugin -fno-fat-lto-objects  -DPREVENT_OPTIMIZATION line 18 arg3 == 3
FAIL: gcc.dg/guality/pr36728-2.c   -O2 -flto -fuse-linker-plugin -fno-fat-lto-objects  -DPREVENT_OPTIMIZATION line 18 arg4 == 4
FAIL: gcc.dg/guality/pr36728-2.c   -O2 -flto -fuse-linker-plugin -fno-fat-lto-objects  -DPREVENT_OPTIMIZATION line 18 arg5 == 5
FAIL: gcc.dg/guality/pr36728-2.c   -O2 -flto -fuse-linker-plugin -fno-fat-lto-objects  -DPREVENT_OPTIMIZATION line 18 arg6 == 6
FAIL: gcc.dg/guality/pr36728-2.c   -O2 -flto -fuse-linker-plugin -fno-fat-lto-objects  -DPREVENT_OPTIMIZATION line 18 arg7 == 30
FAIL: gcc.dg/guality/pr36728-2.c   -O2 -flto -fuse-linker-plugin -fno-fat-lto-objects  -DPREVENT_OPTIMIZATION line 18 y == 2
FAIL: gcc.dg/guality/pr36728-2.c   -O3 -g  -DPREVENT_OPTIMIZATION  line 16 arg1 == 1
FAIL: gcc.dg/guality/pr36728-2.c   -O3 -g  -DPREVENT_OPTIMIZATION  line 16 arg2 == 2
FAIL: gcc.dg/guality/pr36728-2.c   -O3 -g  -DPREVENT_OPTIMIZATION  line 16 arg3 == 3
FAIL: gcc.dg/guality/pr36728-2.c   -O3 -g  -DPREVENT_OPTIMIZATION  line 16 arg4 == 4
FAIL: gcc.dg/guality/pr36728-2.c   -O3 -g  -DPREVENT_OPTIMIZATION  line 16 arg5 == 5
FAIL: gcc.dg/guality/pr36728-2.c   -O3 -g  -DPREVENT_OPTIMIZATION  line 16 arg6 == 6
FAIL: gcc.dg/guality/pr36728-2.c   -O3 -g  -DPREVENT_OPTIMIZATION  line 16 arg7 == 30
FAIL: gcc.dg/guality/pr36728-2.c   -O3 -g  -DPREVENT_OPTIMIZATION  line 18 arg1 == 1
FAIL: gcc.dg/guality/pr36728-2.c   -O3 -g  -DPREVENT_OPTIMIZATION  line 18 arg2 == 2
FAIL: gcc.dg/guality/pr36728-2.c   -O3 -g  -DPREVENT_OPTIMIZATION  line 18 arg3 == 3
FAIL: gcc.dg/guality/pr36728-2.c   -O3 -g  -DPREVENT_OPTIMIZATION  line 18 arg4 == 4
FAIL: gcc.dg/guality/pr36728-2.c   -O3 -g  -DPREVENT_OPTIMIZATION  line 18 arg5 == 5
FAIL: gcc.dg/guality/pr36728-2.c   -O3 -g  -DPREVENT_OPTIMIZATION  line 18 arg6 == 6
FAIL: gcc.dg/guality/pr36728-2.c   -O3 -g  -DPREVENT_OPTIMIZATION  line 18 arg7 == 30
FAIL: gcc.dg/guality/pr36728-3.c   -O2 -flto -fuse-linker-plugin -fno-fat-lto-objects  -DPREVENT_OPTIMIZATION line 16 y == 2
FAIL: gcc.dg/guality/pr36728-3.c   -O3 -g  -DPREVENT_OPTIMIZATION  line 16 y == 2
FAIL: gcc.dg/guality/pr41353-1.c  -Og -DPREVENT_OPTIMIZATION  line 28 i == 37
FAIL: gcc.dg/guality/pr41353-1.c  -Og -DPREVENT_OPTIMIZATION  line 28 i1 == 2 * 37
FAIL: gcc.dg/guality/pr41353-1.c  -Og -DPREVENT_OPTIMIZATION  line 28 i2 == 3 * 37
XPASS: gcc.dg/guality/pr41353-1.c  -Og -DPREVENT_OPTIMIZATION  line 28 j == 28 + 37
FAIL: gcc.dg/guality/pr41447-1.c   -O2  -DPREVENT_OPTIMIZATION  execution test
FAIL: gcc.dg/guality/pr41447-1.c   -O2 -flto -fno-use-linker-plugin -flto-partition=none  -DPREVENT_OPTIMIZATION execution test
FAIL: gcc.dg/guality/pr41447-1.c   -O3 -g  -DPREVENT_OPTIMIZATION  execution test
FAIL: gcc.dg/guality/pr41616-1.c   -O2  -DPREVENT_OPTIMIZATION  execution test
FAIL: gcc.dg/guality/pr41616-1.c   -O2 -flto -fno-use-linker-plugin -flto-partition=none  -DPREVENT_OPTIMIZATION execution test
FAIL: gcc.dg/guality/pr41616-1.c   -O3 -g  -DPREVENT_OPTIMIZATION  execution test
FAIL: gcc.dg/guality/pr43051-1.c   -O1  -DPREVENT_OPTIMIZATION  line 35 v == 1
FAIL: gcc.dg/guality/pr43051-1.c   -O1  -DPREVENT_OPTIMIZATION  line 40 v == 1
FAIL: gcc.dg/guality/pr43051-1.c   -O2  -DPREVENT_OPTIMIZATION  line 35 v == 1
FAIL: gcc.dg/guality/pr43051-1.c   -O2  -DPREVENT_OPTIMIZATION  line 40 v == 1
FAIL: gcc.dg/guality/pr43051-1.c   -O2 -flto -fno-use-linker-plugin -flto-partition=none  -DPREVENT_OPTIMIZATION line 35 v == 1
FAIL: gcc.dg/guality/pr43051-1.c   -O2 -flto -fno-use-linker-plugin -flto-partition=none  -DPREVENT_OPTIMIZATION line 40 v == 1
FAIL: gcc.dg/guality/pr43051-1.c   -O2 -flto -fuse-linker-plugin -fno-fat-lto-objects  -DPREVENT_OPTIMIZATION line 35 v == 1
FAIL: gcc.dg/guality/pr43051-1.c   -O2 -flto -fuse-linker-plugin -fno-fat-lto-objects  -DPREVENT_OPTIMIZATION line 40 v == 1
FAIL: gcc.dg/guality/pr43051-1.c   -O3 -fomit-frame-pointer -funroll-loops -fpeel-loops -ftracer -finline-functions  -DPREVENT_OPTIMIZATION  line 35 v == 1
FAIL: gcc.dg/guality/pr43051-1.c   -O3 -fomit-frame-pointer -funroll-loops -fpeel-loops -ftracer -finline-functions  -DPREVENT_OPTIMIZATION  line 40 v == 1
FAIL: gcc.dg/guality/pr43051-1.c   -O3 -g  -DPREVENT_OPTIMIZATION  line 35 v == 1
FAIL: gcc.dg/guality/pr43051-1.c   -O3 -g  -DPREVENT_OPTIMIZATION  line 40 v == 1
FAIL: gcc.dg/guality/pr43051-1.c   -Os  -DPREVENT_OPTIMIZATION  line 35 v == 1
FAIL: gcc.dg/guality/pr43051-1.c   -Os  -DPREVENT_OPTIMIZATION  line 40 v == 1
FAIL: gcc.dg/guality/pr43051-1.c  -Og -DPREVENT_OPTIMIZATION  line 35 v == 1
FAIL: gcc.dg/guality/pr43051-1.c  -Og -DPREVENT_OPTIMIZATION  line 40 v == 1
FAIL: gcc.dg/guality/pr54200.c   -O1  -DPREVENT_OPTIMIZATION  line 20 z == 3
FAIL: gcc.dg/guality/pr54200.c   -O2  -DPREVENT_OPTIMIZATION  line 20 z == 3
FAIL: gcc.dg/guality/pr54200.c   -O2 -flto -fno-use-linker-plugin -flto-partition=none  -DPREVENT_OPTIMIZATION line 20 z == 3
FAIL: gcc.dg/guality/pr54200.c   -O3 -g  -DPREVENT_OPTIMIZATION  line 20 z == 3
FAIL: gcc.dg/guality/pr54200.c   -Os  -DPREVENT_OPTIMIZATION  line 20 z == 3
FAIL: gcc.dg/guality/pr54519-1.c   -O1  -DPREVENT_OPTIMIZATION  line 20 x == 36
FAIL: gcc.dg/guality/pr54519-1.c   -O1  -DPREVENT_OPTIMIZATION  line 20 y == 25
FAIL: gcc.dg/guality/pr54519-1.c   -O1  -DPREVENT_OPTIMIZATION  line 23 x == 98
FAIL: gcc.dg/guality/pr54519-1.c   -O1  -DPREVENT_OPTIMIZATION  line 23 y == 117
FAIL: gcc.dg/guality/pr54519-1.c   -O2  -DPREVENT_OPTIMIZATION  line 20 x == 36
FAIL: gcc.dg/guality/pr54519-1.c   -O2  -DPREVENT_OPTIMIZATION  line 23 x == 98
FAIL: gcc.dg/guality/pr54519-1.c   -O2 -flto -fno-use-linker-plugin -flto-partition=none  -DPREVENT_OPTIMIZATION line 20 x == 36
FAIL: gcc.dg/guality/pr54519-1.c   -O2 -flto -fno-use-linker-plugin -flto-partition=none  -DPREVENT_OPTIMIZATION line 20 y == 25
FAIL: gcc.dg/guality/pr54519-1.c   -O2 -flto -fno-use-linker-plugin -flto-partition=none  -DPREVENT_OPTIMIZATION line 20 z == 6
FAIL: gcc.dg/guality/pr54519-1.c   -O2 -flto -fno-use-linker-plugin -flto-partition=none  -DPREVENT_OPTIMIZATION line 23 x == 98
FAIL: gcc.dg/guality/pr54519-1.c   -O2 -flto -fno-use-linker-plugin -flto-partition=none  -DPREVENT_OPTIMIZATION line 23 y == 117
FAIL: gcc.dg/guality/pr54519-1.c   -O2 -flto -fno-use-linker-plugin -flto-partition=none  -DPREVENT_OPTIMIZATION line 23 z == 8
FAIL: gcc.dg/guality/pr54519-1.c   -O2 -flto -fuse-linker-plugin -fno-fat-lto-objects  -DPREVENT_OPTIMIZATION line 20 y == 25
FAIL: gcc.dg/guality/pr54519-1.c   -O2 -flto -fuse-linker-plugin -fno-fat-lto-objects  -DPREVENT_OPTIMIZATION line 20 z == 6
FAIL: gcc.dg/guality/pr54519-1.c   -O2 -flto -fuse-linker-plugin -fno-fat-lto-objects  -DPREVENT_OPTIMIZATION line 23 y == 117
FAIL: gcc.dg/guality/pr54519-1.c   -O2 -flto -fuse-linker-plugin -fno-fat-lto-objects  -DPREVENT_OPTIMIZATION line 23 z == 8
FAIL: gcc.dg/guality/pr54519-1.c   -Os  -DPREVENT_OPTIMIZATION  line 20 x == 36
FAIL: gcc.dg/guality/pr54519-1.c   -Os  -DPREVENT_OPTIMIZATION  line 23 x == 98
FAIL: gcc.dg/guality/pr54519-1.c  -Og -DPREVENT_OPTIMIZATION  line 20 x == 36
FAIL: gcc.dg/guality/pr54519-1.c  -Og -DPREVENT_OPTIMIZATION  line 20 y == 25
FAIL: gcc.dg/guality/pr54519-1.c  -Og -DPREVENT_OPTIMIZATION  line 23 x == 98
FAIL: gcc.dg/guality/pr54519-1.c  -Og -DPREVENT_OPTIMIZATION  line 23 y == 117
FAIL: gcc.dg/guality/pr54519-2.c   -O1  -DPREVENT_OPTIMIZATION  line 17 x == 6
FAIL: gcc.dg/guality/pr54519-2.c   -O2 -flto -fno-use-linker-plugin -flto-partition=none  -DPREVENT_OPTIMIZATION line 17 y == 25
FAIL: gcc.dg/guality/pr54519-2.c   -O2 -flto -fuse-linker-plugin -fno-fat-lto-objects  -DPREVENT_OPTIMIZATION line 17 y == 25
FAIL: gcc.dg/guality/pr54519-2.c  -Og -DPREVENT_OPTIMIZATION  line 17 x == 6
FAIL: gcc.dg/guality/pr54519-3.c   -O1  -DPREVENT_OPTIMIZATION  line 20 x == 36
FAIL: gcc.dg/guality/pr54519-3.c   -O1  -DPREVENT_OPTIMIZATION  line 20 y == 25
FAIL: gcc.dg/guality/pr54519-3.c   -O1  -DPREVENT_OPTIMIZATION  line 20 z == 6
FAIL: gcc.dg/guality/pr54519-3.c   -O1  -DPREVENT_OPTIMIZATION  line 23 x == 98
FAIL: gcc.dg/guality/pr54519-3.c   -O1  -DPREVENT_OPTIMIZATION  line 23 y == 117
FAIL: gcc.dg/guality/pr54519-3.c   -O1  -DPREVENT_OPTIMIZATION  line 23 z == 8
FAIL: gcc.dg/guality/pr54519-3.c   -O2  -DPREVENT_OPTIMIZATION  line 20 z == 6
FAIL: gcc.dg/guality/pr54519-3.c   -O2  -DPREVENT_OPTIMIZATION  line 23 z == 8
FAIL: gcc.dg/guality/pr54519-3.c   -O2 -flto -fno-use-linker-plugin -flto-partition=none  -DPREVENT_OPTIMIZATION line 20 y == 25
FAIL: gcc.dg/guality/pr54519-3.c   -O2 -flto -fno-use-linker-plugin -flto-partition=none  -DPREVENT_OPTIMIZATION line 20 z == 6
FAIL: gcc.dg/guality/pr54519-3.c   -O2 -flto -fno-use-linker-plugin -flto-partition=none  -DPREVENT_OPTIMIZATION line 23 y == 117
FAIL: gcc.dg/guality/pr54519-3.c   -O2 -flto -fno-use-linker-plugin -flto-partition=none  -DPREVENT_OPTIMIZATION line 23 z == 8
FAIL: gcc.dg/guality/pr54519-3.c   -O2 -flto -fuse-linker-plugin -fno-fat-lto-objects  -DPREVENT_OPTIMIZATION line 20 y == 25
FAIL: gcc.dg/guality/pr54519-3.c   -O2 -flto -fuse-linker-plugin -fno-fat-lto-objects  -DPREVENT_OPTIMIZATION line 20 z == 6
FAIL: gcc.dg/guality/pr54519-3.c   -O2 -flto -fuse-linker-plugin -fno-fat-lto-objects  -DPREVENT_OPTIMIZATION line 23 y == 117
FAIL: gcc.dg/guality/pr54519-3.c   -O2 -flto -fuse-linker-plugin -fno-fat-lto-objects  -DPREVENT_OPTIMIZATION line 23 z == 8
FAIL: gcc.dg/guality/pr54519-3.c   -O3 -g  -DPREVENT_OPTIMIZATION  line 20 z == 6
FAIL: gcc.dg/guality/pr54519-3.c   -O3 -g  -DPREVENT_OPTIMIZATION  line 23 z == 8
FAIL: gcc.dg/guality/pr54519-3.c   -Os  -DPREVENT_OPTIMIZATION  line 20 z == 6
FAIL: gcc.dg/guality/pr54519-3.c   -Os  -DPREVENT_OPTIMIZATION  line 23 z == 8
FAIL: gcc.dg/guality/pr54519-3.c  -Og -DPREVENT_OPTIMIZATION  line 20 x == 36
FAIL: gcc.dg/guality/pr54519-3.c  -Og -DPREVENT_OPTIMIZATION  line 20 y == 25
FAIL: gcc.dg/guality/pr54519-3.c  -Og -DPREVENT_OPTIMIZATION  line 20 z == 6
FAIL: gcc.dg/guality/pr54519-3.c  -Og -DPREVENT_OPTIMIZATION  line 23 x == 98
FAIL: gcc.dg/guality/pr54519-3.c  -Og -DPREVENT_OPTIMIZATION  line 23 y == 117
FAIL: gcc.dg/guality/pr54519-3.c  -Og -DPREVENT_OPTIMIZATION  line 23 z == 8
FAIL: gcc.dg/guality/pr54519-4.c   -O1  -DPREVENT_OPTIMIZATION  line 17 x == 6
FAIL: gcc.dg/guality/pr54519-4.c   -O1  -DPREVENT_OPTIMIZATION  line 17 y == 25
FAIL: gcc.dg/guality/pr54519-4.c   -O2  -DPREVENT_OPTIMIZATION  line 17 y == 25
FAIL: gcc.dg/guality/pr54519-4.c   -O2 -flto -fno-use-linker-plugin -flto-partition=none  -DPREVENT_OPTIMIZATION line 17 y == 25
FAIL: gcc.dg/guality/pr54519-4.c   -O2 -flto -fuse-linker-plugin -fno-fat-lto-objects  -DPREVENT_OPTIMIZATION line 17 y == 25
FAIL: gcc.dg/guality/pr54519-4.c   -O3 -g  -DPREVENT_OPTIMIZATION  line 17 y == 25
FAIL: gcc.dg/guality/pr54519-4.c   -Os  -DPREVENT_OPTIMIZATION  line 17 y == 25
FAIL: gcc.dg/guality/pr54519-4.c  -Og -DPREVENT_OPTIMIZATION  line 17 x == 6
FAIL: gcc.dg/guality/pr54519-4.c  -Og -DPREVENT_OPTIMIZATION  line 17 y == 25
FAIL: gcc.dg/guality/pr54519-5.c   -O1  -DPREVENT_OPTIMIZATION  line 17 x == 6
FAIL: gcc.dg/guality/pr54519-5.c   -O1  -DPREVENT_OPTIMIZATION  line 17 y == 25
FAIL: gcc.dg/guality/pr54519-5.c   -O2  -DPREVENT_OPTIMIZATION  line 17 y == 25
FAIL: gcc.dg/guality/pr54519-5.c   -O2 -flto -fno-use-linker-plugin -flto-partition=none  -DPREVENT_OPTIMIZATION line 17 y == 25
FAIL: gcc.dg/guality/pr54519-5.c   -O2 -flto -fuse-linker-plugin -fno-fat-lto-objects  -DPREVENT_OPTIMIZATION line 17 y == 25
FAIL: gcc.dg/guality/pr54519-5.c   -O3 -g  -DPREVENT_OPTIMIZATION  line 17 y == 25
FAIL: gcc.dg/guality/pr54519-5.c   -Os  -DPREVENT_OPTIMIZATION  line 17 y == 25
FAIL: gcc.dg/guality/pr54519-5.c  -Og -DPREVENT_OPTIMIZATION  line 17 x == 6
FAIL: gcc.dg/guality/pr54519-5.c  -Og -DPREVENT_OPTIMIZATION  line 17 y == 25
FAIL: gcc.dg/guality/pr54519-6.c   -Os  -DPREVENT_OPTIMIZATION  line 11 x == 2
FAIL: gcc.dg/guality/pr54551.c   -O1  -DPREVENT_OPTIMIZATION  line 18 a == 4
FAIL: gcc.dg/guality/pr54551.c   -O2  -DPREVENT_OPTIMIZATION  line 18 a == 4
FAIL: gcc.dg/guality/pr54551.c   -O2 -flto -fno-use-linker-plugin -flto-partition=none  -DPREVENT_OPTIMIZATION line 18 a == 4
FAIL: gcc.dg/guality/pr54551.c   -O3 -g  -DPREVENT_OPTIMIZATION  line 18 a == 4
FAIL: gcc.dg/guality/pr54551.c   -Os  -DPREVENT_OPTIMIZATION  line 18 a == 4
FAIL: gcc.dg/guality/pr54551.c  -Og -DPREVENT_OPTIMIZATION  line 18 a == 4
FAIL: gcc.dg/guality/pr54693-2.c   -O1  -DPREVENT_OPTIMIZATION  line 21 x == 10 - i
FAIL: gcc.dg/guality/pr54693-2.c   -O1  -DPREVENT_OPTIMIZATION  line 21 y == 20 - 2 * i
FAIL: gcc.dg/guality/pr54693-2.c   -O2  -DPREVENT_OPTIMIZATION  line 21 x == 10 - i
FAIL: gcc.dg/guality/pr54693-2.c   -O2  -DPREVENT_OPTIMIZATION  line 21 y == 20 - 2 * i
FAIL: gcc.dg/guality/pr54693-2.c   -O2 -flto -fno-use-linker-plugin -flto-partition=none  -DPREVENT_OPTIMIZATION line 21 x == 10 - i
FAIL: gcc.dg/guality/pr54693-2.c   -O2 -flto -fno-use-linker-plugin -flto-partition=none  -DPREVENT_OPTIMIZATION line 21 y == 20 - 2 * i
FAIL: gcc.dg/guality/pr54693-2.c   -O2 -flto -fuse-linker-plugin -fno-fat-lto-objects  -DPREVENT_OPTIMIZATION line 21 x == 10 - i
FAIL: gcc.dg/guality/pr54693-2.c   -O2 -flto -fuse-linker-plugin -fno-fat-lto-objects  -DPREVENT_OPTIMIZATION line 21 y == 20 - 2 * i
FAIL: gcc.dg/guality/pr54693-2.c   -O2 -flto -fuse-linker-plugin -fno-fat-lto-objects  -DPREVENT_OPTIMIZATION line 21 z == 30 - 3 * i
FAIL: gcc.dg/guality/pr54693-2.c   -O3 -fomit-frame-pointer -funroll-loops -fpeel-loops -ftracer -finline-functions  -DPREVENT_OPTIMIZATION  line 21 y == 20 - 2 * i
FAIL: gcc.dg/guality/pr54693-2.c   -O3 -g  -DPREVENT_OPTIMIZATION  line 21 x == 10 - i
FAIL: gcc.dg/guality/pr54693-2.c   -O3 -g  -DPREVENT_OPTIMIZATION  line 21 y == 20 - 2 * i
FAIL: gcc.dg/guality/pr54693-2.c   -Os  -DPREVENT_OPTIMIZATION  line 21 y == 20 - 2 * i
FAIL: gcc.dg/guality/pr54693-2.c   -Os  -DPREVENT_OPTIMIZATION  line 21 z == 30 - 3 * i
FAIL: gcc.dg/guality/pr56154-1.c  -Og -DPREVENT_OPTIMIZATION  line pr56154-1.c:20 x.a == 6
FAIL: gcc.dg/guality/pr59776.c  -Og -DPREVENT_OPTIMIZATION  line pr59776.c:17 s1.f == 5.0
FAIL: gcc.dg/guality/pr59776.c  -Og -DPREVENT_OPTIMIZATION  line pr59776.c:17 s1.g == 6.0
FAIL: gcc.dg/guality/pr59776.c  -Og -DPREVENT_OPTIMIZATION  line pr59776.c:17 s2.f == 0.0
FAIL: gcc.dg/guality/pr59776.c  -Og -DPREVENT_OPTIMIZATION  line pr59776.c:20 s1.f == 5.0
FAIL: gcc.dg/guality/pr59776.c  -Og -DPREVENT_OPTIMIZATION  line pr59776.c:20 s1.g == 6.0
FAIL: gcc.dg/guality/pr59776.c  -Og -DPREVENT_OPTIMIZATION  line pr59776.c:20 s2.f == 5.0
FAIL: gcc.dg/guality/pr68860-1.c   -O2  -DPREVENT_OPTIMIZATION  line 16 y == 2
FAIL: gcc.dg/guality/pr68860-1.c   -O2 -flto -fno-use-linker-plugin -flto-partition=none  -DPREVENT_OPTIMIZATION line 16 y == 2
FAIL: gcc.dg/guality/pr68860-1.c   -O2 -flto -fuse-linker-plugin -fno-fat-lto-objects  -DPREVENT_OPTIMIZATION line 16 y == 2
FAIL: gcc.dg/guality/pr68860-1.c   -O3 -g  -DPREVENT_OPTIMIZATION  line 16 y == 2
FAIL: gcc.dg/guality/pr68860-1.c   -Os  -DPREVENT_OPTIMIZATION  line 16 y == 2
FAIL: gcc.dg/guality/pr68860-2.c   -O2 -flto -fuse-linker-plugin -fno-fat-lto-objects  -DPREVENT_OPTIMIZATION line 16 y == 2
FAIL: gcc.dg/guality/pr68860-2.c   -O3 -g  -DPREVENT_OPTIMIZATION  line 16 y == 2
FAIL: gcc.dg/guality/sra-1.c   -O2 -flto -fuse-linker-plugin -fno-fat-lto-objects  -DPREVENT_OPTIMIZATION line 21 a.i == 4
FAIL: gcc.dg/guality/sra-1.c   -O2 -flto -fuse-linker-plugin -fno-fat-lto-objects  -DPREVENT_OPTIMIZATION line 21 a.j == 14
FAIL: gcc.dg/guality/sra-1.c   -O2 -flto -fuse-linker-plugin -fno-fat-lto-objects  -DPREVENT_OPTIMIZATION line 32 a[0] == 4
FAIL: gcc.dg/guality/sra-1.c   -O2 -flto -fuse-linker-plugin -fno-fat-lto-objects  -DPREVENT_OPTIMIZATION line 32 a[1] == 14
FAIL: gcc.dg/guality/sra-1.c   -O2 -flto -fuse-linker-plugin -fno-fat-lto-objects  -DPREVENT_OPTIMIZATION line 43 a.i == 4
FAIL: gcc.dg/guality/sra-1.c   -O2 -flto -fuse-linker-plugin -fno-fat-lto-objects  -DPREVENT_OPTIMIZATION line 43 a.j == 14
FAIL: gcc.dg/guality/sra-1.c  -Og -DPREVENT_OPTIMIZATION  line 21 a.i == 4
FAIL: gcc.dg/guality/sra-1.c  -Og -DPREVENT_OPTIMIZATION  line 21 a.j == 14
FAIL: gcc.dg/guality/sra-1.c  -Og -DPREVENT_OPTIMIZATION  line 32 a[0] == 4
FAIL: gcc.dg/guality/sra-1.c  -Og -DPREVENT_OPTIMIZATION  line 32 a[1] == 14
FAIL: gcc.dg/guality/sra-1.c  -Og -DPREVENT_OPTIMIZATION  line 43 a.i == 4
FAIL: gcc.dg/guality/sra-1.c  -Og -DPREVENT_OPTIMIZATION  line 43 a.j == 14
FAIL: gcc.dg/guality/vla-2.c   -O2 -flto -fuse-linker-plugin -fno-fat-lto-objects  -DPREVENT_OPTIMIZATION line 25 sizeof (a) == 6 * sizeof (int)
FAIL: gcc.dg/torture/float128-cmp-invalid.c   -O0  execution test
FAIL: gcc.dg/torture/float128-cmp-invalid.c   -O1  execution test
FAIL: gcc.dg/torture/float128-cmp-invalid.c   -O2  execution test
FAIL: gcc.dg/torture/float128-cmp-invalid.c   -O2 -flto -fno-use-linker-plugin -flto-partition=none  execution test
FAIL: gcc.dg/torture/float128-cmp-invalid.c   -O2 -flto -fuse-linker-plugin -fno-fat-lto-objects  execution test
FAIL: gcc.dg/torture/float128-cmp-invalid.c   -O3 -g  execution test
FAIL: gcc.dg/torture/float128-cmp-invalid.c   -Os  execution test
FAIL: gcc.dg/torture/float128-nan.c   -O0  execution test
FAIL: gcc.dg/torture/float128-nan.c   -O1  execution test
FAIL: gcc.dg/torture/float128-nan.c   -O2  execution test
FAIL: gcc.dg/torture/float128-nan.c   -O2 -flto -fno-use-linker-plugin -flto-partition=none  execution test
FAIL: gcc.dg/torture/float128-nan.c   -O2 -flto -fuse-linker-plugin -fno-fat-lto-objects  execution test
FAIL: gcc.dg/torture/float128-nan.c   -O3 -g  execution test
FAIL: gcc.dg/torture/float128-nan.c   -Os  execution test
FAIL: gcc.dg/torture/pr52451.c   -O0  execution test
FAIL: gcc.dg/torture/pr52451.c   -O1  execution test
FAIL: gcc.dg/torture/pr52451.c   -O2  execution test
FAIL: gcc.dg/torture/pr52451.c   -O2 -flto -fno-use-linker-plugin -flto-partition=none  execution test
FAIL: gcc.dg/torture/pr52451.c   -O2 -flto -fuse-linker-plugin -fno-fat-lto-objects  execution test
FAIL: gcc.dg/torture/pr52451.c   -O3 -g  execution test
FAIL: gcc.dg/torture/pr52451.c   -Os  execution test
FAIL: gcc.dg/torture/pr91323.c   -O0  execution test
FAIL: gcc.dg/torture/pr91323.c   -O1  execution test
FAIL: gcc.dg/torture/pr91323.c   -O2  execution test
FAIL: gcc.dg/torture/pr91323.c   -O2 -flto -fno-use-linker-plugin -flto-partition=none  execution test
FAIL: gcc.dg/torture/pr91323.c   -O2 -flto -fuse-linker-plugin -fno-fat-lto-objects  execution test
FAIL: gcc.dg/torture/pr91323.c   -O3 -g  execution test
FAIL: gcc.dg/torture/pr91323.c   -Os  execution test
XPASS: gcc.dg/tree-ssa/ssa-dom-cse-2.c scan-tree-dump optimized "return 28;"
FAIL: gcc.target/powerpc/nan128-1.c execution test
FAIL: gcc.target/powerpc/pr105334.c (test for excess errors)
FAIL: gcc.target/powerpc/pr56605.c scan-rtl-dump-times combine "\\\\(compare:CC \\\\((?:and|zero_extend):(?:[SD]I) \\\\((?:sub)?reg:[SD]I" 1
FAIL: gcc.target/powerpc/rlwimi-2.c scan-assembler-times (?n)^\\\\s+[a-z] 20217
FAIL: gcc.target/powerpc/rs6000-fpint.c scan-assembler-not stfiwx
XPASS: gcc.target/powerpc/ppc-fortran/ieee128-math.f90   -O  (test for excess errors)

		=== gcc Summary ===

# of expected passes		162866
# of unexpected failures	222
# of unexpected successes	18
# of expected failures		1463
# of unsupported tests		3105
/home/gccbuild/build/nightly/build-gcc-12/gcc/xgcc  version 12.3.1 20230906 [releases/gcc-12 r12-9846-ga9d8685146] (GCC) 

		=== gfortran tests ===


Running target unix
XPASS: gfortran.dg/default_format_2.f90   -O0  execution test
XPASS: gfortran.dg/default_format_2.f90   -O1  execution test
XPASS: gfortran.dg/default_format_2.f90   -O2  execution test
XPASS: gfortran.dg/default_format_2.f90   -O3 -fomit-frame-pointer -funroll-loops -fpeel-loops -ftracer -finline-functions  execution test
XPASS: gfortran.dg/default_format_2.f90   -O3 -g  execution test
XPASS: gfortran.dg/default_format_2.f90   -Os  execution test
XPASS: gfortran.dg/default_format_denormal_2.f90   -O0  execution test
XPASS: gfortran.dg/default_format_denormal_2.f90   -O1  execution test
XPASS: gfortran.dg/default_format_denormal_2.f90   -O2  execution test
XPASS: gfortran.dg/default_format_denormal_2.f90   -O3 -fomit-frame-pointer -funroll-loops -fpeel-loops -ftracer -finline-functions  execution test
XPASS: gfortran.dg/default_format_denormal_2.f90   -O3 -g  execution test
XPASS: gfortran.dg/default_format_denormal_2.f90   -Os  execution test
XPASS: gfortran.dg/large_real_kind_form_io_2.f90   -O0  execution test
XPASS: gfortran.dg/large_real_kind_form_io_2.f90   -O1  execution test
XPASS: gfortran.dg/large_real_kind_form_io_2.f90   -O2  execution test
XPASS: gfortran.dg/large_real_kind_form_io_2.f90   -O3 -fomit-frame-pointer -funroll-loops -fpeel-loops -ftracer -finline-functions  execution test
XPASS: gfortran.dg/large_real_kind_form_io_2.f90   -O3 -g  execution test
XPASS: gfortran.dg/large_real_kind_form_io_2.f90   -Os  execution test

		=== gfortran Summary ===

# of expected passes		66366
# of unexpected successes	18
# of expected failures		272
# of unsupported tests		194
/home/gccbuild/build/nightly/build-gcc-12/gcc/gfortran  version 12.3.1 20230906 [releases/gcc-12 r12-9846-ga9d8685146] (GCC) 

		=== g++ tests ===


Running target unix
FAIL: g++.dg/modules/binding-1_a.H -std=c++17 (internal compiler error: in type_node, at cp/module.cc:8732)
FAIL: g++.dg/modules/binding-1_a.H -std=c++17 (test for excess errors)
FAIL: g++.dg/modules/binding-1_a.H -std=c++2a (internal compiler error: in type_node, at cp/module.cc:8732)
FAIL: g++.dg/modules/binding-1_a.H -std=c++2a (test for excess errors)
FAIL: g++.dg/modules/binding-1_a.H -std=c++2b (internal compiler error: in type_node, at cp/module.cc:8732)
FAIL: g++.dg/modules/binding-1_a.H -std=c++2b (test for excess errors)
FAIL: g++.dg/modules/binding-1_a.H module-cmi  (gcm.cache/\$srcdir/g++.dg/modules/binding-1_a.H.gcm)
FAIL: g++.dg/modules/binding-1_a.H module-cmi  (gcm.cache/\$srcdir/g++.dg/modules/binding-1_a.H.gcm)
FAIL: g++.dg/modules/binding-1_a.H module-cmi  (gcm.cache/\$srcdir/g++.dg/modules/binding-1_a.H.gcm)
FAIL: g++.dg/modules/binding-1_b.H -std=c++17 (internal compiler error: in type_node, at cp/module.cc:8732)
FAIL: g++.dg/modules/binding-1_b.H -std=c++17 (test for excess errors)
FAIL: g++.dg/modules/binding-1_b.H -std=c++2a (internal compiler error: in type_node, at cp/module.cc:8732)
FAIL: g++.dg/modules/binding-1_b.H -std=c++2a (test for excess errors)
FAIL: g++.dg/modules/binding-1_b.H -std=c++2b (internal compiler error: in type_node, at cp/module.cc:8732)
FAIL: g++.dg/modules/binding-1_b.H -std=c++2b (test for excess errors)
FAIL: g++.dg/modules/binding-1_b.H module-cmi  (gcm.cache/\$srcdir/g++.dg/modules/binding-1_b.H.gcm)
FAIL: g++.dg/modules/binding-1_b.H module-cmi  (gcm.cache/\$srcdir/g++.dg/modules/binding-1_b.H.gcm)
FAIL: g++.dg/modules/binding-1_b.H module-cmi  (gcm.cache/\$srcdir/g++.dg/modules/binding-1_b.H.gcm)
FAIL: g++.dg/modules/binding-1_c.C -std=c++17 (test for excess errors)
FAIL: g++.dg/modules/binding-1_c.C -std=c++2a (test for excess errors)
FAIL: g++.dg/modules/binding-1_c.C -std=c++2b (test for excess errors)
FAIL: g++.dg/modules/binding-1_c.C module-cmi hello (gcm.cache/hello.gcm)
FAIL: g++.dg/modules/binding-1_c.C module-cmi hello (gcm.cache/hello.gcm)
FAIL: g++.dg/modules/binding-1_c.C module-cmi hello (gcm.cache/hello.gcm)
UNRESOLVED: g++.dg/modules/global-3 -std=c++17 execute
UNRESOLVED: g++.dg/modules/global-3 -std=c++17 link
UNRESOLVED: g++.dg/modules/global-3 -std=c++2a execute
UNRESOLVED: g++.dg/modules/global-3 -std=c++2a link
UNRESOLVED: g++.dg/modules/global-3 -std=c++2b execute
UNRESOLVED: g++.dg/modules/global-3 -std=c++2b link
FAIL: g++.dg/modules/global-3_a.C -std=c++17 (internal compiler error: in type_node, at cp/module.cc:8732)
FAIL: g++.dg/modules/global-3_a.C -std=c++17 (test for excess errors)
FAIL: g++.dg/modules/global-3_a.C -std=c++2a (internal compiler error: in type_node, at cp/module.cc:8732)
FAIL: g++.dg/modules/global-3_a.C -std=c++2a (test for excess errors)
FAIL: g++.dg/modules/global-3_a.C -std=c++2b (internal compiler error: in type_node, at cp/module.cc:8732)
FAIL: g++.dg/modules/global-3_a.C -std=c++2b (test for excess errors)
FAIL: g++.dg/modules/global-3_a.C module-cmi logger (gcm.cache/logger.gcm)
FAIL: g++.dg/modules/global-3_a.C module-cmi logger (gcm.cache/logger.gcm)
FAIL: g++.dg/modules/global-3_a.C module-cmi logger (gcm.cache/logger.gcm)
FAIL: g++.dg/modules/global-3_b.C -std=c++17 (test for excess errors)
FAIL: g++.dg/modules/global-3_b.C -std=c++2a (test for excess errors)
FAIL: g++.dg/modules/global-3_b.C -std=c++2b (test for excess errors)
UNRESOLVED: g++.dg/modules/hello-1 -std=c++17 execute
UNRESOLVED: g++.dg/modules/hello-1 -std=c++17 link
UNRESOLVED: g++.dg/modules/hello-1 -std=c++2a execute
UNRESOLVED: g++.dg/modules/hello-1 -std=c++2a link
UNRESOLVED: g++.dg/modules/hello-1 -std=c++2b execute
UNRESOLVED: g++.dg/modules/hello-1 -std=c++2b link
FAIL: g++.dg/modules/hello-1_a.C -std=c++17 (internal compiler error: in type_node, at cp/module.cc:8732)
FAIL: g++.dg/modules/hello-1_a.C -std=c++17 (test for excess errors)
FAIL: g++.dg/modules/hello-1_a.C -std=c++2a (internal compiler error: in type_node, at cp/module.cc:8732)
FAIL: g++.dg/modules/hello-1_a.C -std=c++2a (test for excess errors)
FAIL: g++.dg/modules/hello-1_a.C -std=c++2b (internal compiler error: in type_node, at cp/module.cc:8732)
FAIL: g++.dg/modules/hello-1_a.C -std=c++2b (test for excess errors)
FAIL: g++.dg/modules/hello-1_a.C module-cmi hello (gcm.cache/hello.gcm)
FAIL: g++.dg/modules/hello-1_a.C module-cmi hello (gcm.cache/hello.gcm)
FAIL: g++.dg/modules/hello-1_a.C module-cmi hello (gcm.cache/hello.gcm)
FAIL: g++.dg/modules/hello-1_b.C -std=c++17 (test for excess errors)
FAIL: g++.dg/modules/hello-1_b.C -std=c++2a (test for excess errors)
FAIL: g++.dg/modules/hello-1_b.C -std=c++2b (test for excess errors)
UNRESOLVED: g++.dg/modules/iostream-1 -std=c++17 execute
UNRESOLVED: g++.dg/modules/iostream-1 -std=c++17 link
UNRESOLVED: g++.dg/modules/iostream-1 -std=c++2a execute
UNRESOLVED: g++.dg/modules/iostream-1 -std=c++2a link
UNRESOLVED: g++.dg/modules/iostream-1 -std=c++2b execute
UNRESOLVED: g++.dg/modules/iostream-1 -std=c++2b link
FAIL: g++.dg/modules/iostream-1_a.H -std=c++17 (internal compiler error: in type_node, at cp/module.cc:8732)
FAIL: g++.dg/modules/iostream-1_a.H -std=c++17 (test for excess errors)
FAIL: g++.dg/modules/iostream-1_a.H -std=c++2a (internal compiler error: in type_node, at cp/module.cc:8732)
FAIL: g++.dg/modules/iostream-1_a.H -std=c++2a (test for excess errors)
FAIL: g++.dg/modules/iostream-1_a.H -std=c++2b (internal compiler error: in type_node, at cp/module.cc:8732)
FAIL: g++.dg/modules/iostream-1_a.H -std=c++2b (test for excess errors)
FAIL: g++.dg/modules/iostream-1_a.H module-cmi  (gcm.cache/\$srcdir/g++.dg/modules/iostream-1_a.H.gcm)
FAIL: g++.dg/modules/iostream-1_a.H module-cmi  (gcm.cache/\$srcdir/g++.dg/modules/iostream-1_a.H.gcm)
FAIL: g++.dg/modules/iostream-1_a.H module-cmi  (gcm.cache/\$srcdir/g++.dg/modules/iostream-1_a.H.gcm)
FAIL: g++.dg/modules/iostream-1_b.C -std=c++17 (test for excess errors)
FAIL: g++.dg/modules/iostream-1_b.C -std=c++2a (test for excess errors)
FAIL: g++.dg/modules/iostream-1_b.C -std=c++2b (test for excess errors)
FAIL: g++.dg/modules/pr99023_b.X -std=c++17 (internal compiler error: in type_node, at cp/module.cc:8732)
FAIL: g++.dg/modules/pr99023_b.X -std=c++17 (test for excess errors)
FAIL: g++.dg/modules/pr99023_b.X -std=c++2a (internal compiler error: in type_node, at cp/module.cc:8732)
FAIL: g++.dg/modules/pr99023_b.X -std=c++2a (test for excess errors)
FAIL: g++.dg/modules/pr99023_b.X -std=c++2b (internal compiler error: in type_node, at cp/module.cc:8732)
FAIL: g++.dg/modules/pr99023_b.X -std=c++2b (test for excess errors)
FAIL: g++.dg/modules/pr99166_a.X -std=c++17 (internal compiler error: in type_node, at cp/module.cc:8732)
FAIL: g++.dg/modules/pr99166_a.X -std=c++17 (test for excess errors)
FAIL: g++.dg/modules/pr99166_a.X -std=c++2a (internal compiler error: in type_node, at cp/module.cc:8732)
FAIL: g++.dg/modules/pr99166_a.X -std=c++2a (test for excess errors)
FAIL: g++.dg/modules/pr99166_a.X -std=c++2b (internal compiler error: in type_node, at cp/module.cc:8732)
FAIL: g++.dg/modules/pr99166_a.X -std=c++2b (test for excess errors)
FAIL: g++.dg/modules/pr99166_b.C -std=c++17 (test for excess errors)
FAIL: g++.dg/modules/pr99166_b.C -std=c++2a (test for excess errors)
FAIL: g++.dg/modules/pr99166_b.C -std=c++2b (test for excess errors)
FAIL: g++.dg/modules/pr99166_c.C -std=c++17 (test for excess errors)
FAIL: g++.dg/modules/pr99166_c.C -std=c++2a (test for excess errors)
FAIL: g++.dg/modules/pr99166_c.C -std=c++2b (test for excess errors)
FAIL: g++.dg/modules/pr99166_d.C -std=c++17  dg-regexp 6 not found: "In module imported at [^\\n]*pr99166_b.C:[0-9:]*,\\nof module Foo, imported at [^\\n]*pr99166_d.C:[0-9:]:\\n[^\\n]*iostream: note: reading CMI 'gcm.cache/[^[\\n]*iostream.gcm'\\n"
FAIL: g++.dg/modules/pr99166_d.C -std=c++17 (test for excess errors)
FAIL: g++.dg/modules/pr99166_d.C -std=c++2a  dg-regexp 6 not found: "In module imported at [^\\n]*pr99166_b.C:[0-9:]*,\\nof module Foo, imported at [^\\n]*pr99166_d.C:[0-9:]:\\n[^\\n]*iostream: note: reading CMI 'gcm.cache/[^[\\n]*iostream.gcm'\\n"
FAIL: g++.dg/modules/pr99166_d.C -std=c++2a (test for excess errors)
FAIL: g++.dg/modules/pr99166_d.C -std=c++2b  dg-regexp 6 not found: "In module imported at [^\\n]*pr99166_b.C:[0-9:]*,\\nof module Foo, imported at [^\\n]*pr99166_d.C:[0-9:]:\\n[^\\n]*iostream: note: reading CMI 'gcm.cache/[^[\\n]*iostream.gcm'\\n"
FAIL: g++.dg/modules/pr99166_d.C -std=c++2b (test for excess errors)
FAIL: g++.dg/modules/pr99425-2_a.X -std=c++17 (internal compiler error: in type_node, at cp/module.cc:8732)
FAIL: g++.dg/modules/pr99425-2_a.X -std=c++17 (test for excess errors)
FAIL: g++.dg/modules/pr99425-2_a.X -std=c++2a (internal compiler error: in type_node, at cp/module.cc:8732)
FAIL: g++.dg/modules/pr99425-2_a.X -std=c++2a (test for excess errors)
FAIL: g++.dg/modules/pr99425-2_a.X -std=c++2b (internal compiler error: in type_node, at cp/module.cc:8732)
FAIL: g++.dg/modules/pr99425-2_a.X -std=c++2b (test for excess errors)
FAIL: g++.dg/modules/pr99425-2_b.X -std=c++17 (internal compiler error: in type_node, at cp/module.cc:8732)
FAIL: g++.dg/modules/pr99425-2_b.X -std=c++17 (test for excess errors)
FAIL: g++.dg/modules/pr99425-2_b.X -std=c++2a (internal compiler error: in type_node, at cp/module.cc:8732)
FAIL: g++.dg/modules/pr99425-2_b.X -std=c++2a (test for excess errors)
FAIL: g++.dg/modules/pr99425-2_b.X -std=c++2b (internal compiler error: in type_node, at cp/module.cc:8732)
FAIL: g++.dg/modules/pr99425-2_b.X -std=c++2b (test for excess errors)
FAIL: g++.dg/modules/string-1_a.H -std=c++17 (internal compiler error: in type_node, at cp/module.cc:8732)
FAIL: g++.dg/modules/string-1_a.H -std=c++17 (test for excess errors)
FAIL: g++.dg/modules/string-1_a.H -std=c++2a (internal compiler error: in type_node, at cp/module.cc:8732)
FAIL: g++.dg/modules/string-1_a.H -std=c++2a (test for excess errors)
FAIL: g++.dg/modules/string-1_a.H -std=c++2b (internal compiler error: in type_node, at cp/module.cc:8732)
FAIL: g++.dg/modules/string-1_a.H -std=c++2b (test for excess errors)
FAIL: g++.dg/modules/string-1_a.H module-cmi  (gcm.cache/\$srcdir/g++.dg/modules/string-1_a.H.gcm)
FAIL: g++.dg/modules/string-1_a.H module-cmi  (gcm.cache/\$srcdir/g++.dg/modules/string-1_a.H.gcm)
FAIL: g++.dg/modules/string-1_a.H module-cmi  (gcm.cache/\$srcdir/g++.dg/modules/string-1_a.H.gcm)
FAIL: g++.dg/modules/string-1_b.C -std=c++17 (test for excess errors)
FAIL: g++.dg/modules/string-1_b.C -std=c++2a (test for excess errors)
FAIL: g++.dg/modules/string-1_b.C -std=c++2b (test for excess errors)
FAIL: g++.dg/modules/xtreme-header-1_a.H -std=c++17 (internal compiler error: in type_node, at cp/module.cc:8732)
FAIL: g++.dg/modules/xtreme-header-1_a.H -std=c++17 (test for excess errors)
FAIL: g++.dg/modules/xtreme-header-1_a.H -std=c++2a (internal compiler error: in type_node, at cp/module.cc:8732)
FAIL: g++.dg/modules/xtreme-header-1_a.H -std=c++2a (test for excess errors)
FAIL: g++.dg/modules/xtreme-header-1_a.H -std=c++2b (internal compiler error: in type_node, at cp/module.cc:8732)
FAIL: g++.dg/modules/xtreme-header-1_a.H -std=c++2b (test for excess errors)
FAIL: g++.dg/modules/xtreme-header-1_a.H module-cmi  (gcm.cache/\$srcdir/g++.dg/modules/xtreme-header-1_a.H.gcm)
FAIL: g++.dg/modules/xtreme-header-1_a.H module-cmi  (gcm.cache/\$srcdir/g++.dg/modules/xtreme-header-1_a.H.gcm)
FAIL: g++.dg/modules/xtreme-header-1_a.H module-cmi  (gcm.cache/\$srcdir/g++.dg/modules/xtreme-header-1_a.H.gcm)
FAIL: g++.dg/modules/xtreme-header-1_b.C -std=c++17 (test for excess errors)
FAIL: g++.dg/modules/xtreme-header-1_b.C -std=c++2a (test for excess errors)
FAIL: g++.dg/modules/xtreme-header-1_b.C -std=c++2b (test for excess errors)
FAIL: g++.dg/modules/xtreme-header-1_c.C -std=c++17 (test for excess errors)
FAIL: g++.dg/modules/xtreme-header-1_c.C -std=c++2a (test for excess errors)
FAIL: g++.dg/modules/xtreme-header-1_c.C -std=c++2b (test for excess errors)
FAIL: g++.dg/modules/xtreme-header-2_a.H -std=c++17 (internal compiler error: in type_node, at cp/module.cc:8732)
FAIL: g++.dg/modules/xtreme-header-2_a.H -std=c++17 (test for excess errors)
FAIL: g++.dg/modules/xtreme-header-2_a.H -std=c++2a (internal compiler error: in type_node, at cp/module.cc:8732)
FAIL: g++.dg/modules/xtreme-header-2_a.H -std=c++2a (test for excess errors)
FAIL: g++.dg/modules/xtreme-header-2_a.H -std=c++2b (internal compiler error: in type_node, at cp/module.cc:8732)
FAIL: g++.dg/modules/xtreme-header-2_a.H -std=c++2b (test for excess errors)
FAIL: g++.dg/modules/xtreme-header-2_a.H module-cmi  (gcm.cache/\$srcdir/g++.dg/modules/xtreme-header-2_a.H.gcm)
FAIL: g++.dg/modules/xtreme-header-2_a.H module-cmi  (gcm.cache/\$srcdir/g++.dg/modules/xtreme-header-2_a.H.gcm)
FAIL: g++.dg/modules/xtreme-header-2_a.H module-cmi  (gcm.cache/\$srcdir/g++.dg/modules/xtreme-header-2_a.H.gcm)
FAIL: g++.dg/modules/xtreme-header-2_b.C -std=c++17 (test for excess errors)
FAIL: g++.dg/modules/xtreme-header-2_b.C -std=c++2a (test for excess errors)
FAIL: g++.dg/modules/xtreme-header-2_b.C -std=c++2b (test for excess errors)
FAIL: g++.dg/modules/xtreme-header-2_c.C -std=c++17 (test for excess errors)
FAIL: g++.dg/modules/xtreme-header-2_c.C -std=c++2a (test for excess errors)
FAIL: g++.dg/modules/xtreme-header-2_c.C -std=c++2b (test for excess errors)
FAIL: g++.dg/modules/xtreme-header-3_a.H -std=c++17 (internal compiler error: in type_node, at cp/module.cc:8732)
FAIL: g++.dg/modules/xtreme-header-3_a.H -std=c++17 (test for excess errors)
FAIL: g++.dg/modules/xtreme-header-3_a.H -std=c++2a (internal compiler error: in type_node, at cp/module.cc:8732)
FAIL: g++.dg/modules/xtreme-header-3_a.H -std=c++2a (test for excess errors)
FAIL: g++.dg/modules/xtreme-header-3_a.H -std=c++2b (internal compiler error: in type_node, at cp/module.cc:8732)
FAIL: g++.dg/modules/xtreme-header-3_a.H -std=c++2b (test for excess errors)
FAIL: g++.dg/modules/xtreme-header-3_a.H module-cmi  (gcm.cache/\$srcdir/g++.dg/modules/xtreme-header-3_a.H.gcm)
FAIL: g++.dg/modules/xtreme-header-3_a.H module-cmi  (gcm.cache/\$srcdir/g++.dg/modules/xtreme-header-3_a.H.gcm)
FAIL: g++.dg/modules/xtreme-header-3_a.H module-cmi  (gcm.cache/\$srcdir/g++.dg/modules/xtreme-header-3_a.H.gcm)
FAIL: g++.dg/modules/xtreme-header-3_b.C -std=c++17 (test for excess errors)
FAIL: g++.dg/modules/xtreme-header-3_b.C -std=c++2a (test for excess errors)
FAIL: g++.dg/modules/xtreme-header-3_b.C -std=c++2b (test for excess errors)
FAIL: g++.dg/modules/xtreme-header-3_c.C -std=c++17 (test for excess errors)
FAIL: g++.dg/modules/xtreme-header-3_c.C -std=c++2a (test for excess errors)
FAIL: g++.dg/modules/xtreme-header-3_c.C -std=c++2b (test for excess errors)
FAIL: g++.dg/modules/xtreme-header-4_a.H -std=c++17 (internal compiler error: in type_node, at cp/module.cc:8732)
FAIL: g++.dg/modules/xtreme-header-4_a.H -std=c++17 (test for excess errors)
FAIL: g++.dg/modules/xtreme-header-4_a.H -std=c++2a (internal compiler error: in type_node, at cp/module.cc:8732)
FAIL: g++.dg/modules/xtreme-header-4_a.H -std=c++2a (test for excess errors)
FAIL: g++.dg/modules/xtreme-header-4_a.H -std=c++2b (internal compiler error: in type_node, at cp/module.cc:8732)
FAIL: g++.dg/modules/xtreme-header-4_a.H -std=c++2b (test for excess errors)
FAIL: g++.dg/modules/xtreme-header-4_a.H module-cmi  (gcm.cache/\$srcdir/g++.dg/modules/xtreme-header-4_a.H.gcm)
FAIL: g++.dg/modules/xtreme-header-4_a.H module-cmi  (gcm.cache/\$srcdir/g++.dg/modules/xtreme-header-4_a.H.gcm)
FAIL: g++.dg/modules/xtreme-header-4_a.H module-cmi  (gcm.cache/\$srcdir/g++.dg/modules/xtreme-header-4_a.H.gcm)
FAIL: g++.dg/modules/xtreme-header-4_b.C -std=c++17 (test for excess errors)
FAIL: g++.dg/modules/xtreme-header-4_b.C -std=c++2a (test for excess errors)
FAIL: g++.dg/modules/xtreme-header-4_b.C -std=c++2b (test for excess errors)
FAIL: g++.dg/modules/xtreme-header-4_c.C -std=c++17 (test for excess errors)
FAIL: g++.dg/modules/xtreme-header-4_c.C -std=c++2a (test for excess errors)
FAIL: g++.dg/modules/xtreme-header-4_c.C -std=c++2b (test for excess errors)
FAIL: g++.dg/modules/xtreme-header-5_a.H -std=c++17 (internal compiler error: in type_node, at cp/module.cc:8732)
FAIL: g++.dg/modules/xtreme-header-5_a.H -std=c++17 (test for excess errors)
FAIL: g++.dg/modules/xtreme-header-5_a.H -std=c++2a (internal compiler error: in type_node, at cp/module.cc:8732)
FAIL: g++.dg/modules/xtreme-header-5_a.H -std=c++2a (test for excess errors)
FAIL: g++.dg/modules/xtreme-header-5_a.H -std=c++2b (internal compiler error: in type_node, at cp/module.cc:8732)
FAIL: g++.dg/modules/xtreme-header-5_a.H -std=c++2b (test for excess errors)
FAIL: g++.dg/modules/xtreme-header-5_a.H module-cmi  (gcm.cache/\$srcdir/g++.dg/modules/xtreme-header-5_a.H.gcm)
FAIL: g++.dg/modules/xtreme-header-5_a.H module-cmi  (gcm.cache/\$srcdir/g++.dg/modules/xtreme-header-5_a.H.gcm)
FAIL: g++.dg/modules/xtreme-header-5_a.H module-cmi  (gcm.cache/\$srcdir/g++.dg/modules/xtreme-header-5_a.H.gcm)
FAIL: g++.dg/modules/xtreme-header-5_b.C -std=c++17 (test for excess errors)
FAIL: g++.dg/modules/xtreme-header-5_b.C -std=c++2a (test for excess errors)
FAIL: g++.dg/modules/xtreme-header-5_b.C -std=c++2b (test for excess errors)
FAIL: g++.dg/modules/xtreme-header-5_c.C -std=c++17 (test for excess errors)
FAIL: g++.dg/modules/xtreme-header-5_c.C -std=c++2a (test for excess errors)
FAIL: g++.dg/modules/xtreme-header-5_c.C -std=c++2b (test for excess errors)
FAIL: g++.dg/modules/xtreme-header-6_a.H -std=c++2a (internal compiler error: in type_node, at cp/module.cc:8732)
FAIL: g++.dg/modules/xtreme-header-6_a.H -std=c++2a (test for excess errors)
FAIL: g++.dg/modules/xtreme-header-6_a.H -std=c++2b (internal compiler error: in type_node, at cp/module.cc:8732)
FAIL: g++.dg/modules/xtreme-header-6_a.H -std=c++2b (test for excess errors)
FAIL: g++.dg/modules/xtreme-header-6_a.H module-cmi  (gcm.cache/\$srcdir/g++.dg/modules/xtreme-header-6_a.H.gcm)
FAIL: g++.dg/modules/xtreme-header-6_a.H module-cmi  (gcm.cache/\$srcdir/g++.dg/modules/xtreme-header-6_a.H.gcm)
FAIL: g++.dg/modules/xtreme-header-6_b.C -std=c++2a (test for excess errors)
FAIL: g++.dg/modules/xtreme-header-6_b.C -std=c++2b (test for excess errors)
FAIL: g++.dg/modules/xtreme-header-6_c.C -std=c++2a (test for excess errors)
FAIL: g++.dg/modules/xtreme-header-6_c.C -std=c++2b (test for excess errors)
FAIL: g++.dg/modules/xtreme-header_a.H -std=c++17 (internal compiler error: in type_node, at cp/module.cc:8732)
FAIL: g++.dg/modules/xtreme-header_a.H -std=c++17 (test for excess errors)
FAIL: g++.dg/modules/xtreme-header_a.H -std=c++2a (internal compiler error: in type_node, at cp/module.cc:8732)
FAIL: g++.dg/modules/xtreme-header_a.H -std=c++2a (test for excess errors)
FAIL: g++.dg/modules/xtreme-header_a.H -std=c++2b (internal compiler error: in type_node, at cp/module.cc:8732)
FAIL: g++.dg/modules/xtreme-header_a.H -std=c++2b (test for excess errors)
FAIL: g++.dg/modules/xtreme-header_a.H module-cmi  (gcm.cache/\$srcdir/g++.dg/modules/xtreme-header_a.H.gcm)
FAIL: g++.dg/modules/xtreme-header_a.H module-cmi  (gcm.cache/\$srcdir/g++.dg/modules/xtreme-header_a.H.gcm)
FAIL: g++.dg/modules/xtreme-header_a.H module-cmi  (gcm.cache/\$srcdir/g++.dg/modules/xtreme-header_a.H.gcm)
FAIL: g++.dg/modules/xtreme-header_b.C -std=c++17 (test for excess errors)
FAIL: g++.dg/modules/xtreme-header_b.C -std=c++2a (test for excess errors)
FAIL: g++.dg/modules/xtreme-header_b.C -std=c++2b (test for excess errors)
FAIL: g++.dg/modules/xtreme-tr1_a.H -std=c++17 (internal compiler error: in type_node, at cp/module.cc:8732)
FAIL: g++.dg/modules/xtreme-tr1_a.H -std=c++17 (test for excess errors)
FAIL: g++.dg/modules/xtreme-tr1_a.H -std=c++2a (internal compiler error: in type_node, at cp/module.cc:8732)
FAIL: g++.dg/modules/xtreme-tr1_a.H -std=c++2a (test for excess errors)
FAIL: g++.dg/modules/xtreme-tr1_a.H -std=c++2b (internal compiler error: in type_node, at cp/module.cc:8732)
FAIL: g++.dg/modules/xtreme-tr1_a.H -std=c++2b (test for excess errors)
FAIL: g++.dg/modules/xtreme-tr1_a.H module-cmi  (gcm.cache/\$srcdir/g++.dg/modules/xtreme-tr1_a.H.gcm)
FAIL: g++.dg/modules/xtreme-tr1_a.H module-cmi  (gcm.cache/\$srcdir/g++.dg/modules/xtreme-tr1_a.H.gcm)
FAIL: g++.dg/modules/xtreme-tr1_a.H module-cmi  (gcm.cache/\$srcdir/g++.dg/modules/xtreme-tr1_a.H.gcm)
FAIL: g++.dg/modules/xtreme-tr1_b.C -std=c++17 (test for excess errors)
FAIL: g++.dg/modules/xtreme-tr1_b.C -std=c++2a (test for excess errors)
FAIL: g++.dg/modules/xtreme-tr1_b.C -std=c++2b (test for excess errors)

		=== g++ Summary ===

# of expected passes		228165
# of unexpected failures	217
# of expected failures		1930
# of unresolved testcases	18
# of unsupported tests		10521
/home/gccbuild/build/nightly/build-gcc-12/gcc/xg++  version 12.3.1 20230906 [releases/gcc-12 r12-9846-ga9d8685146] (GCC) 

		=== obj-c++ tests ===


Running target unix

		=== obj-c++ Summary ===

# of expected passes		1502
# of expected failures		10
# of unsupported tests		79
/home/gccbuild/build/nightly/build-gcc-12/gcc/xg++  version 12.3.1 20230906 [releases/gcc-12 r12-9846-ga9d8685146] (GCC) 

		=== objc tests ===


Running target unix

		=== objc Summary ===

# of expected passes		2846
# of unsupported tests		71
/home/gccbuild/build/nightly/build-gcc-12/gcc/xgcc  version 12.3.1 20230906 [releases/gcc-12 r12-9846-ga9d8685146] (GCC) 

		=== libatomic tests ===


Running target unix

		=== libatomic Summary ===

# of expected passes		54
		=== libgomp tests ===


Running target unix

		=== libgomp Summary ===

# of expected passes		13800
# of expected failures		213
# of unsupported tests		626
		=== libitm tests ===


Running target unix

		=== libitm Summary ===

# of expected passes		44
# of expected failures		3
# of unsupported tests		1
		=== libstdc++ tests ===


Running target unix

		=== libstdc++ Summary ===

# of expected passes		15633
# of expected failures		96
# of unsupported tests		643

Compiler version: 12.3.1 20230906 [releases/gcc-12 r12-9846-ga9d8685146] (GCC) 
Platform: powerpc64le-unknown-linux-gnu
configure flags: --prefix=/opt/gcc-nightly/12 --enable-languages=c,c++,fortran,objc,obj-c++ --with-cpu=power9 --with-long-double-format=ieee --enable-secureplt


More information about the Gcc-testresults mailing list