Results for 14.0.0 20230904 (experimental) [remotes/origin/HEAD r14-3703-g72b6397] (GCC) testsuite on powerpc64-unknown-linux-gnu

Bill Seurer (POWER8 BE) seurer@linux.ibm.com
Tue Sep 5 15:14:04 GMT 2023


git commit g:72b639760a891c406725854bfb08132c83f0761a
gcc-descr r14-3703-g72b639760a891c

power8 BE
Linux 3.10.0-1160.83.1.el7.ppc64 ppc64
GNU Make 3.82

DejaGnu:
	Expect version is	5.45
	Tcl version is		8.5
	Framework version is	1.5.1

64-bit

LAST_UPDATED: Tue Sep  5 12:01:48 UTC 2023 (revision r14-3703-g72b6397)

Native configuration is powerpc64-unknown-linux-gnu

		=== gcc tests ===


Running target unix/-m32
FAIL: c-c++-common/analyzer/overlapping-buffers.c  (test for bogus messages, line 125)
FAIL: gcc.dg/torture/pr52451.c   -O0  execution test
FAIL: gcc.dg/torture/pr52451.c   -O1  execution test
FAIL: gcc.dg/torture/pr52451.c   -O2  execution test
FAIL: gcc.dg/torture/pr52451.c   -O2 -flto -fno-use-linker-plugin -flto-partition=none  execution test
FAIL: gcc.dg/torture/pr52451.c   -O2 -flto -fuse-linker-plugin -fno-fat-lto-objects  execution test
FAIL: gcc.dg/torture/pr52451.c   -O3 -g  execution test
FAIL: gcc.dg/torture/pr52451.c   -Os  execution test
FAIL: gcc.dg/torture/pr91323.c   -O0  execution test
FAIL: gcc.dg/torture/pr91323.c   -O1  execution test
FAIL: gcc.dg/torture/pr91323.c   -O2  execution test
FAIL: gcc.dg/torture/pr91323.c   -O2 -flto -fno-use-linker-plugin -flto-partition=none  execution test
FAIL: gcc.dg/torture/pr91323.c   -O2 -flto -fuse-linker-plugin -fno-fat-lto-objects  execution test
FAIL: gcc.dg/torture/pr91323.c   -O3 -g  execution test
FAIL: gcc.dg/torture/pr91323.c   -Os  execution test
FAIL: gcc.dg/tree-ssa/copy-headers-8.c scan-tree-dump-times ch2 "Conditional combines static and invariant" 1
FAIL: gcc.dg/tree-ssa/copy-headers-8.c scan-tree-dump-times ch2 "Will duplicate bb" 2
FAIL: gcc.dg/tree-ssa/update-threading.c scan-tree-dump-times optimized "Invalid sum" 0
XPASS: gcc.dg/vect/slp-24-big-array.c -flto -ffat-lto-objects  scan-tree-dump-times vect "vectorized 1 loops" 1
XPASS: gcc.dg/vect/slp-24-big-array.c -flto -ffat-lto-objects  scan-tree-dump-times vect "vectorizing stmts using SLP" 2
XPASS: gcc.dg/vect/slp-24-big-array.c scan-tree-dump-times vect "vectorized 1 loops" 1
XPASS: gcc.dg/vect/slp-24-big-array.c scan-tree-dump-times vect "vectorizing stmts using SLP" 2
XPASS: gcc.dg/vect/slp-24.c -flto -ffat-lto-objects  scan-tree-dump-times vect "vectorized 1 loops" 1
XPASS: gcc.dg/vect/slp-24.c -flto -ffat-lto-objects  scan-tree-dump-times vect "vectorizing stmts using SLP" 2
XPASS: gcc.dg/vect/slp-24.c scan-tree-dump-times vect "vectorized 1 loops" 1
XPASS: gcc.dg/vect/slp-24.c scan-tree-dump-times vect "vectorizing stmts using SLP" 2
FAIL: gcc.target/powerpc/fold-vec-extract-char.p7.c scan-assembler-times \\\\maddi\\\\M 9
FAIL: gcc.target/powerpc/fold-vec-extract-double.p7.c scan-assembler-times \\\\maddi\\\\M|\\\\madd\\\\M 3
FAIL: gcc.target/powerpc/fold-vec-extract-float.p7.c scan-assembler-times \\\\maddi\\\\M|\\\\madd\\\\M 3
FAIL: gcc.target/powerpc/fold-vec-extract-float.p8.c scan-assembler-times \\\\maddi\\\\M 2
FAIL: gcc.target/powerpc/fold-vec-extract-int.p7.c scan-assembler-times \\\\maddi\\\\M|\\\\madd\\\\M 12
FAIL: gcc.target/powerpc/fold-vec-extract-int.p8.c scan-assembler-times \\\\maddi\\\\M 9
FAIL: gcc.target/powerpc/fold-vec-extract-short.p7.c scan-assembler-times \\\\maddi\\\\M|\\\\madd\\\\M 12
FAIL: gcc.target/powerpc/fold-vec-extract-short.p8.c scan-assembler-times \\\\maddi\\\\M 9
FAIL: gcc.target/powerpc/pr106550.c scan-assembler-times \\\\mrldimi\\\\M 2
FAIL: gcc.target/powerpc/pr106550_1.c (internal compiler error: maximum number of generated reload insns per insn achieved (90))
FAIL: gcc.target/powerpc/pr106550_1.c (test for excess errors)
UNRESOLVED: gcc.target/powerpc/pr106550_1.c scan-assembler-times \\\\mori\\\\M 2
UNRESOLVED: gcc.target/powerpc/pr106550_1.c scan-assembler-times \\\\moris\\\\M 2
UNRESOLVED: gcc.target/powerpc/pr106550_1.c scan-assembler-times \\\\mpli\\\\M 3
UNRESOLVED: gcc.target/powerpc/pr106550_1.c scan-assembler-times \\\\msldi\\\\M 3
XPASS: gcc.target/powerpc/ppc-fortran/ieee128-math.f90   -O  (test for excess errors)

		=== gcc Summary for unix/-m32 ===


Running target unix/-m64
FAIL: c-c++-common/analyzer/overlapping-buffers.c  (test for bogus messages, line 125)
FAIL: c-c++-common/asan/swapcontext-test-1.c   -O0  execution test
FAIL: c-c++-common/asan/swapcontext-test-1.c   -O1  execution test
FAIL: c-c++-common/asan/swapcontext-test-1.c   -O2  execution test
FAIL: c-c++-common/asan/swapcontext-test-1.c   -O2 -flto -fno-use-linker-plugin -flto-partition=none  execution test
FAIL: c-c++-common/asan/swapcontext-test-1.c   -O2 -flto -fuse-linker-plugin -fno-fat-lto-objects  execution test
FAIL: c-c++-common/asan/swapcontext-test-1.c   -O3 -fomit-frame-pointer -funroll-loops -fpeel-loops -ftracer -finline-functions  execution test
FAIL: c-c++-common/asan/swapcontext-test-1.c   -O3 -g  execution test
FAIL: c-c++-common/asan/swapcontext-test-1.c   -Os  execution test
FAIL: gcc.dg/torture/pr52451.c   -O0  execution test
FAIL: gcc.dg/torture/pr52451.c   -O1  execution test
FAIL: gcc.dg/torture/pr52451.c   -O2  execution test
FAIL: gcc.dg/torture/pr52451.c   -O2 -flto -fno-use-linker-plugin -flto-partition=none  execution test
FAIL: gcc.dg/torture/pr52451.c   -O2 -flto -fuse-linker-plugin -fno-fat-lto-objects  execution test
FAIL: gcc.dg/torture/pr52451.c   -O3 -g  execution test
FAIL: gcc.dg/torture/pr52451.c   -Os  execution test
FAIL: gcc.dg/torture/pr91323.c   -O0  execution test
FAIL: gcc.dg/torture/pr91323.c   -O1  execution test
FAIL: gcc.dg/torture/pr91323.c   -O2  execution test
FAIL: gcc.dg/torture/pr91323.c   -O2 -flto -fno-use-linker-plugin -flto-partition=none  execution test
FAIL: gcc.dg/torture/pr91323.c   -O2 -flto -fuse-linker-plugin -fno-fat-lto-objects  execution test
FAIL: gcc.dg/torture/pr91323.c   -O3 -g  execution test
FAIL: gcc.dg/torture/pr91323.c   -Os  execution test
FAIL: gcc.dg/tree-ssa/copy-headers-8.c scan-tree-dump-times ch2 "Conditional combines static and invariant" 1
FAIL: gcc.dg/tree-ssa/copy-headers-8.c scan-tree-dump-times ch2 "Will duplicate bb" 2
XPASS: gcc.dg/tree-ssa/ssa-dom-cse-2.c scan-tree-dump optimized "return 28;"
FAIL: gcc.dg/tree-ssa/update-threading.c scan-tree-dump-times optimized "Invalid sum" 0
WARNING: ThreadSanitizer: data race (pid=93029)
WARNING: ThreadSanitizer: data race (pid=93993)
FAIL: c-c++-common/tsan/race_on_mutex.c   -O0  output pattern test, is ==================
FAIL: c-c++-common/tsan/race_on_mutex.c   -O2  output pattern test, is ==================
FAIL: gcc.dg/vect/pr25413a.c -flto -ffat-lto-objects  scan-tree-dump-times vect "vectorized 2 loops" 1
FAIL: gcc.dg/vect/pr25413a.c scan-tree-dump-times vect "vectorized 2 loops" 1
FAIL: gcc.target/powerpc/20050603-3.c scan-assembler-not \\\\mrldic
FAIL: gcc.target/powerpc/rlwimi-2.c scan-assembler-times (?n)^\\\\s+[a-z] 20217
XPASS: gcc.target/powerpc/ppc-fortran/ieee128-math.f90   -O  (test for excess errors)

		=== gcc Summary for unix/-m64 ===


		=== gcc Summary ===

/home/gccbuild/build/nightly/build-gcc-trunk/gcc/xgcc  version 14.0.0 20230904 (experimental) [remotes/origin/HEAD r14-3703-g72b6397] (GCC) 

		=== gfortran tests ===


Running target unix/-m32
FAIL: gfortran.dg/ieee/comparisons_3.F90   -O0  execution test
FAIL: gfortran.dg/ieee/comparisons_3.F90   -O1  execution test
FAIL: gfortran.dg/ieee/comparisons_3.F90   -O2  execution test
FAIL: gfortran.dg/ieee/comparisons_3.F90   -O3 -fomit-frame-pointer -funroll-loops -fpeel-loops -ftracer -finline-functions  execution test
FAIL: gfortran.dg/ieee/comparisons_3.F90   -O3 -g  execution test
FAIL: gfortran.dg/ieee/comparisons_3.F90   -Os  execution test
FAIL: gfortran.dg/ieee/large_2.f90   -O0  execution test
FAIL: gfortran.dg/ieee/large_2.f90   -O1  execution test
FAIL: gfortran.dg/ieee/large_2.f90   -O2  execution test
FAIL: gfortran.dg/ieee/large_2.f90   -O3 -fomit-frame-pointer -funroll-loops -fpeel-loops -ftracer -finline-functions  execution test
FAIL: gfortran.dg/ieee/large_2.f90   -O3 -g  execution test
FAIL: gfortran.dg/ieee/large_2.f90   -Os  execution test

		=== gfortran Summary for unix/-m32 ===

# of expected passes		4050

Running target unix/-m64
FAIL: gfortran.dg/ieee/comparisons_3.F90   -O0  execution test
FAIL: gfortran.dg/ieee/comparisons_3.F90   -O1  execution test
FAIL: gfortran.dg/ieee/comparisons_3.F90   -O2  execution test
FAIL: gfortran.dg/ieee/comparisons_3.F90   -O3 -fomit-frame-pointer -funroll-loops -fpeel-loops -ftracer -finline-functions  execution test
FAIL: gfortran.dg/ieee/comparisons_3.F90   -O3 -g  execution test
FAIL: gfortran.dg/ieee/comparisons_3.F90   -Os  execution test
FAIL: gfortran.dg/ieee/large_2.f90   -O0  execution test
FAIL: gfortran.dg/ieee/large_2.f90   -O1  execution test
FAIL: gfortran.dg/ieee/large_2.f90   -O2  execution test
FAIL: gfortran.dg/ieee/large_2.f90   -O3 -fomit-frame-pointer -funroll-loops -fpeel-loops -ftracer -finline-functions  execution test
FAIL: gfortran.dg/ieee/large_2.f90   -O3 -g  execution test
FAIL: gfortran.dg/ieee/large_2.f90   -Os  execution test

		=== gfortran Summary for unix/-m64 ===

# of expected passes		4050

		=== gfortran Summary ===

# of expected passes		8100
/home/gccbuild/build/nightly/build-gcc-trunk/gcc/testsuite/gfortran/../../gfortran  version 14.0.0 20230904 (experimental) [remotes/origin/HEAD r14-3703-g72b6397] (GCC) 

		=== g++ tests ===


Running target unix/-m32
FAIL: c-c++-common/analyzer/overlapping-buffers.c  -std=c++14  (test for bogus messages, line 125)
FAIL: c-c++-common/analyzer/overlapping-buffers.c  -std=c++17  (test for bogus messages, line 125)
FAIL: c-c++-common/analyzer/overlapping-buffers.c  -std=c++20  (test for bogus messages, line 125)
FAIL: c-c++-common/analyzer/overlapping-buffers.c  -std=c++98  (test for bogus messages, line 125)
FAIL: g++.dg/contracts/contracts-tmpl-spec2.C   output pattern test, is contract violation in function body<int> at g++.dg/contracts/contracts-tmpl-spec2.C:9: a > 0
FAIL: g++.dg/modules/xtreme-header-5_c.C -std=c++2a (test for excess errors)
FAIL: g++.dg/modules/xtreme-header-5_c.C -std=c++2b (test for excess errors)
FAIL: g++.dg/modules/xtreme-header_b.C -std=c++2b (test for excess errors)
FAIL: g++.dg/tls/thread_local-order2.C  -std=c++14 execution test
FAIL: g++.dg/tls/thread_local-order2.C  -std=c++17 execution test
FAIL: g++.dg/tls/thread_local-order2.C  -std=c++20 execution test

		=== g++ Summary for unix/-m32 ===


Running target unix/-m64
FAIL: c-c++-common/analyzer/overlapping-buffers.c  -std=c++14  (test for bogus messages, line 125)
FAIL: c-c++-common/analyzer/overlapping-buffers.c  -std=c++17  (test for bogus messages, line 125)
FAIL: c-c++-common/analyzer/overlapping-buffers.c  -std=c++20  (test for bogus messages, line 125)
FAIL: c-c++-common/analyzer/overlapping-buffers.c  -std=c++98  (test for bogus messages, line 125)
FAIL: c-c++-common/asan/swapcontext-test-1.c   -O0  execution test
FAIL: c-c++-common/asan/swapcontext-test-1.c   -O1  execution test
FAIL: c-c++-common/asan/swapcontext-test-1.c   -O2  execution test
FAIL: c-c++-common/asan/swapcontext-test-1.c   -O2 -flto -fno-use-linker-plugin -flto-partition=none  execution test
FAIL: c-c++-common/asan/swapcontext-test-1.c   -O2 -flto -fuse-linker-plugin -fno-fat-lto-objects  execution test
FAIL: c-c++-common/asan/swapcontext-test-1.c   -O3 -fomit-frame-pointer -funroll-loops -fpeel-loops -ftracer -finline-functions  execution test
FAIL: c-c++-common/asan/swapcontext-test-1.c   -O3 -g  execution test
FAIL: c-c++-common/asan/swapcontext-test-1.c   -Os  execution test
FAIL: g++.dg/contracts/contracts-tmpl-spec2.C   output pattern test, is contract violation in function body<int> at g++.dg/contracts/contracts-tmpl-spec2.C:9: a > 0
FAIL: g++.dg/modules/xtreme-header_b.C -std=c++2b (test for excess errors)
FAIL: g++.dg/tls/thread_local-order2.C  -std=c++14 execution test
FAIL: g++.dg/tls/thread_local-order2.C  -std=c++17 execution test
FAIL: g++.dg/tls/thread_local-order2.C  -std=c++20 execution test
WARNING: ThreadSanitizer: data race (pid=34011)
WARNING: ThreadSanitizer: data race (pid=34653)
FAIL: c-c++-common/tsan/race_on_mutex.c   -O0  output pattern test, is ==================
FAIL: c-c++-common/tsan/race_on_mutex.c   -O2  output pattern test, is ==================
FAIL: g++.dg/tsan/pthread_cond_clockwait.C   -O0  (test for excess errors)
UNRESOLVED: g++.dg/tsan/pthread_cond_clockwait.C   -O0  compilation failed to produce executable
FAIL: g++.dg/tsan/pthread_cond_clockwait.C   -O2  (test for excess errors)
UNRESOLVED: g++.dg/tsan/pthread_cond_clockwait.C   -O2  compilation failed to produce executable

		=== g++ Summary for unix/-m64 ===


		=== g++ Summary ===

/home/gccbuild/build/nightly/build-gcc-trunk/gcc/testsuite/g++/../../xg++  version 14.0.0 20230904 (experimental) [remotes/origin/HEAD r14-3703-g72b6397] (GCC) 

		=== obj-c++ tests ===


Running target unix/-m32

		=== obj-c++ Summary for unix/-m32 ===

# of expected passes		56

Running target unix/-m64

		=== obj-c++ Summary for unix/-m64 ===

# of expected passes		56

		=== obj-c++ Summary ===

# of expected passes		3012
# of expected failures		12
# of unsupported tests		158
/home/gccbuild/build/nightly/build-gcc-trunk/gcc/testsuite/obj-c++/../../xg++  version 14.0.0 20230904 (experimental) [remotes/origin/HEAD r14-3703-g72b6397] (GCC) 

		=== objc tests ===


Running target unix/-m32

		=== objc Summary for unix/-m32 ===

# of expected passes		56

Running target unix/-m64

		=== objc Summary for unix/-m64 ===

# of expected passes		56

		=== objc Summary ===

# of expected passes		112
/home/gccbuild/build/nightly/build-gcc-trunk/gcc/xgcc  version 14.0.0 20230904 (experimental) [remotes/origin/HEAD r14-3703-g72b6397] (GCC) 

		=== libatomic tests ===


Running target unix/-m32

		=== libatomic Summary for unix/-m32 ===

# of expected passes		44
# of unsupported tests		5

Running target unix/-m64

		=== libatomic Summary for unix/-m64 ===

# of expected passes		54

		=== libatomic Summary ===

# of expected passes		98
# of unsupported tests		5
		=== libgomp tests ===


Running target unix/-m32

		=== libgomp Summary for unix/-m32 ===

# of expected passes		5823
# of expected failures		234
# of unsupported tests		158

Running target unix/-m64

		=== libgomp Summary for unix/-m64 ===

# of expected passes		5823
# of expected failures		234
# of unsupported tests		158

		=== libgomp Summary ===

# of expected passes		11646
# of expected failures		468
# of unsupported tests		316
		=== libitm tests ===


Running target unix/-m32

		=== libitm Summary for unix/-m32 ===

# of expected passes		18
# of expected failures		1
# of unsupported tests		1

Running target unix/-m64

		=== libitm Summary for unix/-m64 ===

# of expected passes		18
# of expected failures		1
# of unsupported tests		1

		=== libitm Summary ===

# of expected passes		88
# of expected failures		6
# of unsupported tests		2
		=== libstdc++ tests ===


Running target unix/-m32
FAIL: libstdc++-abi/abi_check
FAIL: 23_containers/vector/bool/110807.cc (test for excess errors)

		=== libstdc++ Summary for unix/-m32 ===

# of unsupported tests		1

Running target unix/-m64
FAIL: libstdc++-abi/abi_check

		=== libstdc++ Summary for unix/-m64 ===

# of unsupported tests		1

		=== libstdc++ Summary ===

# of unsupported tests		2

Compiler version: 14.0.0 20230904 (experimental) [remotes/origin/HEAD r14-3703-g72b6397] (GCC) 
Platform: powerpc64-unknown-linux-gnu
configure flags: --prefix=/opt/gcc-nightly/trunk --enable-languages=c,c++,fortran,objc,obj-c++ --with-cpu=power8 --enable-multilib --enable-secureplt
fail   WARNING: Could not generate test framework tests
fail   WARNING: Could not generate test framework tests
fail   WARNING: Could not generate test framework tests
fail   WARNING: Could not generate test framework tests
fail   WARNING: Could not generate test framework tests
fail   WARNING: Could not generate test framework tests
fail   XPASS: gcc.test-framework/dg-bogus-exp-XF.c (test for excess errors)
fail   FAIL: gcc.test-framework/dg-do-assemble-exp-P.c (test for excess errors) (PRMS 42)
fail   FAIL: gcc.test-framework/dg-do-compile-exp-P.c (test for excess errors) (PRMS 42)
fail   FAIL: gcc.test-framework/dg-do-link-exp-P.c (test for excess errors) (PRMS 42)
fail   FAIL: gcc.test-framework/dg-do-run-exp-P.c (test for excess errors) (PRMS 42)
fail   FAIL: gcc.test-framework/dg-dot-run-exp-P.c (test for excess errors) (PRMS 42)
fail   FAIL: gcc.test-framework/dg-dox-run-exp-XF.c (test for excess errors) (PRMS 42)
fail   FAIL: gcc.test-framework/dg-output-exp-P.c (test for excess errors) (PRMS 42)
fail   FAIL: gcc.test-framework/dg-output-exp-XF.c (test for excess errors) (PRMS 42)
fail   ERROR: gcc.test-framework/dg-scan-symbol-section-1-exp-F.S: error executing dg-final: syntax error in target selector ""
fail   UNRESOLVED: gcc.test-framework/dg-scan-symbol-section-1-exp-F.S: error executing dg-final: syntax error in target selector "" (PRMS 42)
fail   ERROR: gcc.test-framework/dg-scan-symbol-section-2-exp-F.S: error executing dg-final: syntax error in target selector ""
fail   UNRESOLVED: gcc.test-framework/dg-scan-symbol-section-2-exp-F.S: error executing dg-final: syntax error in target selector "" (PRMS 42)
fail   ERROR: gcc.test-framework/dg-scan-symbol-section-3-exp-F.S: error executing dg-final: syntax error in target selector ""
fail   UNRESOLVED: gcc.test-framework/dg-scan-symbol-section-3-exp-F.S: error executing dg-final: syntax error in target selector ""
fail   ERROR: gcc.test-framework/dg-scan-symbol-section-exp-P.S: error executing dg-final: syntax error in target selector ""
fail   UNRESOLVED: gcc.test-framework/dg-scan-symbol-section-exp-P.S: error executing dg-final: syntax error in target selector ""
fail   FAIL: gcc.test-framework/dg-warning-exp-P.c warning test (test for warnings, line 9) (PRMS 42)

		=== Test Framework Summary ===

# of expected passes		68
# of unexpected failures	24



More information about the Gcc-testresults mailing list