Results for 13.0.1 20230120 (experimental) [master 99ea0d7611605d2d1a67a6021cb78f0bdd5c609b] (GCC) testsuite on sparc-sun-solaris2.11
Rainer Orth
ro@CeBiTec.Uni-Bielefeld.DE
Sat Jan 21 12:43:25 GMT 2023
LAST_UPDATED: Fri Jan 20 10:05:27 UTC 2023 (revision 99ea0d7611605d2d1a67a6021cb78f0bdd5c609b)
=== acats tests ===
=== acats Summary ===
# of expected passes 2328
# of unexpected failures 0
Native configuration is sparc-sun-solaris2.11
=== g++ tests ===
Running target unix
FAIL: g++.dg/asan/default-options-1.C -O0 execution test
FAIL: g++.dg/asan/default-options-1.C -O1 execution test
FAIL: g++.dg/asan/default-options-1.C -O2 execution test
FAIL: g++.dg/asan/default-options-1.C -O2 -flto execution test
FAIL: g++.dg/asan/default-options-1.C -O2 -flto -flto-partition=none execution test
FAIL: g++.dg/asan/default-options-1.C -O3 -g execution test
FAIL: g++.dg/asan/default-options-1.C -Os execution test
FAIL: c-c++-common/diagnostic-format-sarif-file-4.c -std=gnu++14 scan-sarif-file "text": " int \\\\u6587\\\\u5b57\\\\u5316\\\\u3051 =
FAIL: c-c++-common/diagnostic-format-sarif-file-4.c -std=gnu++17 scan-sarif-file "text": " int \\\\u6587\\\\u5b57\\\\u5316\\\\u3051 =
FAIL: c-c++-common/diagnostic-format-sarif-file-4.c -std=gnu++20 scan-sarif-file "text": " int \\\\u6587\\\\u5b57\\\\u5316\\\\u3051 =
FAIL: c-c++-common/diagnostic-format-sarif-file-4.c -std=gnu++98 scan-sarif-file "text": " int \\\\u6587\\\\u5b57\\\\u5316\\\\u3051 =
FAIL: c-c++-common/pr103798-2.c -std=gnu++14 scan-assembler-not memchr
FAIL: c-c++-common/pr103798-2.c -std=gnu++17 scan-assembler-not memchr
FAIL: c-c++-common/pr103798-2.c -std=gnu++20 scan-assembler-not memchr
FAIL: c-c++-common/pr103798-2.c -std=gnu++98 scan-assembler-not memchr
FAIL: g++.dg/pr71488.C (test for excess errors)
FAIL: g++.dg/pr94920.C -std=gnu++14 scan-tree-dump-times optimized " ABS_EXPR " 6
FAIL: g++.dg/pr94920.C -std=gnu++17 scan-tree-dump-times optimized " ABS_EXPR " 6
FAIL: g++.dg/pr94920.C -std=gnu++20 scan-tree-dump-times optimized " ABS_EXPR " 6
FAIL: g++.dg/pr94920.C -std=gnu++98 scan-tree-dump-times optimized " ABS_EXPR " 6
FAIL: g++.dg/warn/Warray-bounds-16.C -std=gnu++14 (test for excess errors)
FAIL: g++.dg/warn/Warray-bounds-16.C -std=gnu++17 (test for excess errors)
FAIL: g++.dg/warn/Warray-bounds-16.C -std=gnu++20 (test for excess errors)
FAIL: g++.dg/warn/Warray-bounds-16.C -std=gnu++98 (test for excess errors)
FAIL: g++.dg/warn/Wstringop-overflow-4.C -std=gnu++98 (test for excess errors)
FAIL: g++.dg/gcov/pr16855-priority.C -std=gnu++14 gcov: 12 failures in line counts, 0 in branch percentages, 0 in return percentages, 0 in intermediate format
FAIL: g++.dg/gcov/pr16855-priority.C -std=gnu++14 line 14: is 2:should be 1
FAIL: g++.dg/gcov/pr16855-priority.C -std=gnu++14 line 21: is 2:should be 1
FAIL: g++.dg/gcov/pr16855-priority.C -std=gnu++14 line 23: is #####:should be 1
FAIL: g++.dg/gcov/pr16855-priority.C -std=gnu++14 line 37: is 2:should be 1
FAIL: g++.dg/gcov/pr16855-priority.C -std=gnu++14 line 43: is 2:should be 1
FAIL: g++.dg/gcov/pr16855-priority.C -std=gnu++14 line 48: is 2:should be 1
FAIL: g++.dg/gcov/pr16855-priority.C -std=gnu++14 line 53: is 2:should be 1
FAIL: g++.dg/gcov/pr16855-priority.C -std=gnu++14 line 58: is 2:should be 1
FAIL: g++.dg/gcov/pr16855-priority.C -std=gnu++14 line 63: is 2:should be 1
FAIL: g++.dg/gcov/pr16855-priority.C -std=gnu++14 line 68: is 2:should be 1
FAIL: g++.dg/gcov/pr16855-priority.C -std=gnu++14 line 73: is 2:should be 1
FAIL: g++.dg/gcov/pr16855-priority.C -std=gnu++14 line 78: is 2:should be 1
FAIL: g++.dg/gcov/pr16855-priority.C -std=gnu++17 gcov: 12 failures in line counts, 0 in branch percentages, 0 in return percentages, 0 in intermediate format
FAIL: g++.dg/gcov/pr16855-priority.C -std=gnu++17 line 14: is 3:should be 1
FAIL: g++.dg/gcov/pr16855-priority.C -std=gnu++17 line 21: is 3:should be 1
FAIL: g++.dg/gcov/pr16855-priority.C -std=gnu++17 line 23: is #####:should be 1
FAIL: g++.dg/gcov/pr16855-priority.C -std=gnu++17 line 37: is 3:should be 1
FAIL: g++.dg/gcov/pr16855-priority.C -std=gnu++17 line 43: is 3:should be 1
FAIL: g++.dg/gcov/pr16855-priority.C -std=gnu++17 line 48: is 3:should be 1
FAIL: g++.dg/gcov/pr16855-priority.C -std=gnu++17 line 53: is 3:should be 1
FAIL: g++.dg/gcov/pr16855-priority.C -std=gnu++17 line 58: is 3:should be 1
FAIL: g++.dg/gcov/pr16855-priority.C -std=gnu++17 line 63: is 3:should be 1
FAIL: g++.dg/gcov/pr16855-priority.C -std=gnu++17 line 68: is 3:should be 1
FAIL: g++.dg/gcov/pr16855-priority.C -std=gnu++17 line 73: is 3:should be 1
FAIL: g++.dg/gcov/pr16855-priority.C -std=gnu++17 line 78: is 3:should be 1
FAIL: g++.dg/gcov/pr16855-priority.C -std=gnu++20 gcov: 12 failures in line counts, 0 in branch percentages, 0 in return percentages, 0 in intermediate format
FAIL: g++.dg/gcov/pr16855-priority.C -std=gnu++20 line 14: is 4:should be 1
FAIL: g++.dg/gcov/pr16855-priority.C -std=gnu++20 line 21: is 4:should be 1
FAIL: g++.dg/gcov/pr16855-priority.C -std=gnu++20 line 23: is #####:should be 1
FAIL: g++.dg/gcov/pr16855-priority.C -std=gnu++20 line 37: is 4:should be 1
FAIL: g++.dg/gcov/pr16855-priority.C -std=gnu++20 line 43: is 4:should be 1
FAIL: g++.dg/gcov/pr16855-priority.C -std=gnu++20 line 48: is 4:should be 1
FAIL: g++.dg/gcov/pr16855-priority.C -std=gnu++20 line 53: is 4:should be 1
FAIL: g++.dg/gcov/pr16855-priority.C -std=gnu++20 line 58: is 4:should be 1
FAIL: g++.dg/gcov/pr16855-priority.C -std=gnu++20 line 63: is 4:should be 1
FAIL: g++.dg/gcov/pr16855-priority.C -std=gnu++20 line 68: is 4:should be 1
FAIL: g++.dg/gcov/pr16855-priority.C -std=gnu++20 line 73: is 4:should be 1
FAIL: g++.dg/gcov/pr16855-priority.C -std=gnu++20 line 78: is 4:should be 1
FAIL: g++.dg/gcov/pr16855-priority.C -std=gnu++98 gcov: 1 failures in line counts, 0 in branch percentages, 0 in return percentages, 0 in intermediate format
FAIL: g++.dg/gcov/pr16855-priority.C -std=gnu++98 line 23: is #####:should be 1
FAIL: g++.dg/gcov/pr16855.C -std=gnu++14 gcov: 6 failures in line counts, 0 in branch percentages, 0 in return percentages, 0 in intermediate format
FAIL: g++.dg/gcov/pr16855.C -std=gnu++14 line 15: is 2:should be 1
FAIL: g++.dg/gcov/pr16855.C -std=gnu++14 line 22: is 2:should be 1
FAIL: g++.dg/gcov/pr16855.C -std=gnu++14 line 24: is #####:should be 1
FAIL: g++.dg/gcov/pr16855.C -std=gnu++14 line 38: is 2:should be 1
FAIL: g++.dg/gcov/pr16855.C -std=gnu++14 line 44: is 2:should be 1
FAIL: g++.dg/gcov/pr16855.C -std=gnu++14 line 49: is 2:should be 1
FAIL: g++.dg/gcov/pr16855.C -std=gnu++17 gcov: 6 failures in line counts, 0 in branch percentages, 0 in return percentages, 0 in intermediate format
FAIL: g++.dg/gcov/pr16855.C -std=gnu++17 line 15: is 3:should be 1
FAIL: g++.dg/gcov/pr16855.C -std=gnu++17 line 22: is 3:should be 1
FAIL: g++.dg/gcov/pr16855.C -std=gnu++17 line 24: is #####:should be 1
FAIL: g++.dg/gcov/pr16855.C -std=gnu++17 line 38: is 3:should be 1
FAIL: g++.dg/gcov/pr16855.C -std=gnu++17 line 44: is 3:should be 1
FAIL: g++.dg/gcov/pr16855.C -std=gnu++17 line 49: is 3:should be 1
FAIL: g++.dg/gcov/pr16855.C -std=gnu++20 gcov: 6 failures in line counts, 0 in branch percentages, 0 in return percentages, 0 in intermediate format
FAIL: g++.dg/gcov/pr16855.C -std=gnu++20 line 15: is 4:should be 1
FAIL: g++.dg/gcov/pr16855.C -std=gnu++20 line 22: is 4:should be 1
FAIL: g++.dg/gcov/pr16855.C -std=gnu++20 line 24: is #####:should be 1
FAIL: g++.dg/gcov/pr16855.C -std=gnu++20 line 38: is 4:should be 1
FAIL: g++.dg/gcov/pr16855.C -std=gnu++20 line 44: is 4:should be 1
FAIL: g++.dg/gcov/pr16855.C -std=gnu++20 line 49: is 4:should be 1
FAIL: g++.dg/gcov/pr16855.C -std=gnu++98 gcov: 1 failures in line counts, 0 in branch percentages, 0 in return percentages, 0 in intermediate format
FAIL: g++.dg/gcov/pr16855.C -std=gnu++98 line 24: is #####:should be 1
FAIL: g++.dg/modules/pr99023_b.X -std=c++2a (internal compiler error: Segmentation Fault)
FAIL: g++.dg/modules/pr99023_b.X -std=c++2a (test for excess errors)
FAIL: g++.dg/modules/pr99023_b.X -std=c++2b (internal compiler error: Segmentation Fault)
FAIL: g++.dg/modules/pr99023_b.X -std=c++2b (test for excess errors)
FAIL: g++.dg/modules/stdio-1_a.H -std=c++17 scan-lang-dump module "Depset:0 decl entity:[0-9]* function_decl:'::printf'"
FAIL: g++.dg/modules/stdio-1_a.H -std=c++2a scan-lang-dump module "Depset:0 decl entity:[0-9]* function_decl:'::printf'"
FAIL: g++.dg/modules/stdio-1_a.H -std=c++2b scan-lang-dump module "Depset:0 decl entity:[0-9]* function_decl:'::printf'"
FAIL: g++.dg/modules/xtreme-header-5_c.C -std=c++2a (test for excess errors)
FAIL: g++.dg/modules/xtreme-header-5_c.C -std=c++2b (test for excess errors)
=== g++ Summary for unix ===
# of expected passes 226468
# of unexpected failures 98
# of expected failures 1910
# of unsupported tests 11164
Running target unix/-m64
FAIL: c-c++-common/diagnostic-format-sarif-file-4.c -std=gnu++14 scan-sarif-file "text": " int \\\\u6587\\\\u5b57\\\\u5316\\\\u3051 =
FAIL: c-c++-common/diagnostic-format-sarif-file-4.c -std=gnu++17 scan-sarif-file "text": " int \\\\u6587\\\\u5b57\\\\u5316\\\\u3051 =
FAIL: c-c++-common/diagnostic-format-sarif-file-4.c -std=gnu++20 scan-sarif-file "text": " int \\\\u6587\\\\u5b57\\\\u5316\\\\u3051 =
FAIL: c-c++-common/diagnostic-format-sarif-file-4.c -std=gnu++98 scan-sarif-file "text": " int \\\\u6587\\\\u5b57\\\\u5316\\\\u3051 =
FAIL: c-c++-common/pr103798-2.c -std=gnu++14 scan-assembler-not memchr
FAIL: c-c++-common/pr103798-2.c -std=gnu++17 scan-assembler-not memchr
FAIL: c-c++-common/pr103798-2.c -std=gnu++20 scan-assembler-not memchr
FAIL: c-c++-common/pr103798-2.c -std=gnu++98 scan-assembler-not memchr
FAIL: g++.dg/pr71488.C (test for excess errors)
FAIL: g++.dg/pr94920.C -std=gnu++14 scan-tree-dump-times optimized " ABS_EXPR " 6
FAIL: g++.dg/pr94920.C -std=gnu++17 scan-tree-dump-times optimized " ABS_EXPR " 6
FAIL: g++.dg/pr94920.C -std=gnu++20 scan-tree-dump-times optimized " ABS_EXPR " 6
FAIL: g++.dg/pr94920.C -std=gnu++98 scan-tree-dump-times optimized " ABS_EXPR " 6
FAIL: g++.dg/gcov/pr16855-priority.C -std=gnu++14 gcov: 12 failures in line counts, 0 in branch percentages, 0 in return percentages, 0 in intermediate format
FAIL: g++.dg/gcov/pr16855-priority.C -std=gnu++14 line 14: is 2:should be 1
FAIL: g++.dg/gcov/pr16855-priority.C -std=gnu++14 line 21: is 2:should be 1
FAIL: g++.dg/gcov/pr16855-priority.C -std=gnu++14 line 23: is #####:should be 1
FAIL: g++.dg/gcov/pr16855-priority.C -std=gnu++14 line 37: is 2:should be 1
FAIL: g++.dg/gcov/pr16855-priority.C -std=gnu++14 line 43: is 2:should be 1
FAIL: g++.dg/gcov/pr16855-priority.C -std=gnu++14 line 48: is 2:should be 1
FAIL: g++.dg/gcov/pr16855-priority.C -std=gnu++14 line 53: is 2:should be 1
FAIL: g++.dg/gcov/pr16855-priority.C -std=gnu++14 line 58: is 2:should be 1
FAIL: g++.dg/gcov/pr16855-priority.C -std=gnu++14 line 63: is 2:should be 1
FAIL: g++.dg/gcov/pr16855-priority.C -std=gnu++14 line 68: is 2:should be 1
FAIL: g++.dg/gcov/pr16855-priority.C -std=gnu++14 line 73: is 2:should be 1
FAIL: g++.dg/gcov/pr16855-priority.C -std=gnu++14 line 78: is 2:should be 1
FAIL: g++.dg/gcov/pr16855-priority.C -std=gnu++17 gcov: 12 failures in line counts, 0 in branch percentages, 0 in return percentages, 0 in intermediate format
FAIL: g++.dg/gcov/pr16855-priority.C -std=gnu++17 line 14: is 3:should be 1
FAIL: g++.dg/gcov/pr16855-priority.C -std=gnu++17 line 21: is 3:should be 1
FAIL: g++.dg/gcov/pr16855-priority.C -std=gnu++17 line 23: is #####:should be 1
FAIL: g++.dg/gcov/pr16855-priority.C -std=gnu++17 line 37: is 3:should be 1
FAIL: g++.dg/gcov/pr16855-priority.C -std=gnu++17 line 43: is 3:should be 1
FAIL: g++.dg/gcov/pr16855-priority.C -std=gnu++17 line 48: is 3:should be 1
FAIL: g++.dg/gcov/pr16855-priority.C -std=gnu++17 line 53: is 3:should be 1
FAIL: g++.dg/gcov/pr16855-priority.C -std=gnu++17 line 58: is 3:should be 1
FAIL: g++.dg/gcov/pr16855-priority.C -std=gnu++17 line 63: is 3:should be 1
FAIL: g++.dg/gcov/pr16855-priority.C -std=gnu++17 line 68: is 3:should be 1
FAIL: g++.dg/gcov/pr16855-priority.C -std=gnu++17 line 73: is 3:should be 1
FAIL: g++.dg/gcov/pr16855-priority.C -std=gnu++17 line 78: is 3:should be 1
FAIL: g++.dg/gcov/pr16855-priority.C -std=gnu++20 gcov: 12 failures in line counts, 0 in branch percentages, 0 in return percentages, 0 in intermediate format
FAIL: g++.dg/gcov/pr16855-priority.C -std=gnu++20 line 14: is 4:should be 1
FAIL: g++.dg/gcov/pr16855-priority.C -std=gnu++20 line 21: is 4:should be 1
FAIL: g++.dg/gcov/pr16855-priority.C -std=gnu++20 line 23: is #####:should be 1
FAIL: g++.dg/gcov/pr16855-priority.C -std=gnu++20 line 37: is 4:should be 1
FAIL: g++.dg/gcov/pr16855-priority.C -std=gnu++20 line 43: is 4:should be 1
FAIL: g++.dg/gcov/pr16855-priority.C -std=gnu++20 line 48: is 4:should be 1
FAIL: g++.dg/gcov/pr16855-priority.C -std=gnu++20 line 53: is 4:should be 1
FAIL: g++.dg/gcov/pr16855-priority.C -std=gnu++20 line 58: is 4:should be 1
FAIL: g++.dg/gcov/pr16855-priority.C -std=gnu++20 line 63: is 4:should be 1
FAIL: g++.dg/gcov/pr16855-priority.C -std=gnu++20 line 68: is 4:should be 1
FAIL: g++.dg/gcov/pr16855-priority.C -std=gnu++20 line 73: is 4:should be 1
FAIL: g++.dg/gcov/pr16855-priority.C -std=gnu++20 line 78: is 4:should be 1
FAIL: g++.dg/gcov/pr16855-priority.C -std=gnu++98 gcov: 1 failures in line counts, 0 in branch percentages, 0 in return percentages, 0 in intermediate format
FAIL: g++.dg/gcov/pr16855-priority.C -std=gnu++98 line 23: is #####:should be 1
FAIL: g++.dg/gcov/pr16855.C -std=gnu++14 gcov: 6 failures in line counts, 0 in branch percentages, 0 in return percentages, 0 in intermediate format
FAIL: g++.dg/gcov/pr16855.C -std=gnu++14 line 15: is 2:should be 1
FAIL: g++.dg/gcov/pr16855.C -std=gnu++14 line 22: is 2:should be 1
FAIL: g++.dg/gcov/pr16855.C -std=gnu++14 line 24: is #####:should be 1
FAIL: g++.dg/gcov/pr16855.C -std=gnu++14 line 38: is 2:should be 1
FAIL: g++.dg/gcov/pr16855.C -std=gnu++14 line 44: is 2:should be 1
FAIL: g++.dg/gcov/pr16855.C -std=gnu++14 line 49: is 2:should be 1
FAIL: g++.dg/gcov/pr16855.C -std=gnu++17 gcov: 6 failures in line counts, 0 in branch percentages, 0 in return percentages, 0 in intermediate format
FAIL: g++.dg/gcov/pr16855.C -std=gnu++17 line 15: is 3:should be 1
FAIL: g++.dg/gcov/pr16855.C -std=gnu++17 line 22: is 3:should be 1
FAIL: g++.dg/gcov/pr16855.C -std=gnu++17 line 24: is #####:should be 1
FAIL: g++.dg/gcov/pr16855.C -std=gnu++17 line 38: is 3:should be 1
FAIL: g++.dg/gcov/pr16855.C -std=gnu++17 line 44: is 3:should be 1
FAIL: g++.dg/gcov/pr16855.C -std=gnu++17 line 49: is 3:should be 1
FAIL: g++.dg/gcov/pr16855.C -std=gnu++20 gcov: 6 failures in line counts, 0 in branch percentages, 0 in return percentages, 0 in intermediate format
FAIL: g++.dg/gcov/pr16855.C -std=gnu++20 line 15: is 4:should be 1
FAIL: g++.dg/gcov/pr16855.C -std=gnu++20 line 22: is 4:should be 1
FAIL: g++.dg/gcov/pr16855.C -std=gnu++20 line 24: is #####:should be 1
FAIL: g++.dg/gcov/pr16855.C -std=gnu++20 line 38: is 4:should be 1
FAIL: g++.dg/gcov/pr16855.C -std=gnu++20 line 44: is 4:should be 1
FAIL: g++.dg/gcov/pr16855.C -std=gnu++20 line 49: is 4:should be 1
FAIL: g++.dg/gcov/pr16855.C -std=gnu++98 gcov: 1 failures in line counts, 0 in branch percentages, 0 in return percentages, 0 in intermediate format
FAIL: g++.dg/gcov/pr16855.C -std=gnu++98 line 24: is #####:should be 1
FAIL: g++.dg/modules/pr99023_b.X -std=c++2b (internal compiler error: Segmentation Fault)
FAIL: g++.dg/modules/pr99023_b.X -std=c++2b (test for excess errors)
FAIL: g++.dg/modules/stdio-1_a.H -std=c++17 scan-lang-dump module "Depset:0 decl entity:[0-9]* function_decl:'::printf'"
FAIL: g++.dg/modules/stdio-1_a.H -std=c++2a scan-lang-dump module "Depset:0 decl entity:[0-9]* function_decl:'::printf'"
FAIL: g++.dg/modules/stdio-1_a.H -std=c++2b scan-lang-dump module "Depset:0 decl entity:[0-9]* function_decl:'::printf'"
=== g++ Summary for unix/-m64 ===
# of expected passes 227256
# of unexpected failures 82
# of expected failures 1918
# of unsupported tests 10829
=== g++ Summary ===
# of expected passes 453724
# of unexpected failures 180
# of expected failures 3828
# of unsupported tests 21993
/var/gcc/regression/master/11-gcc/build/gcc/xg++ version 13.0.1 20230120 (experimental) [master 99ea0d7611605d2d1a67a6021cb78f0bdd5c609b] (GCC)
=== gcc tests ===
Running target unix
FAIL: gcc.dg/analyzer/fd-accept.c (test for excess errors)
FAIL: gcc.dg/analyzer/fd-accept.c final event at line 58 (test for warnings, line 57)
FAIL: gcc.dg/analyzer/fd-accept.c warning (test for warnings, line 57)
FAIL: gcc.dg/analyzer/fd-access-mode-target-headers.c (test for warnings, line 19)
FAIL: gcc.dg/analyzer/fd-access-mode-target-headers.c (test for warnings, line 27)
FAIL: gcc.dg/analyzer/fd-access-mode-target-headers.c (test for warnings, line 32)
FAIL: gcc.dg/analyzer/fd-access-mode-target-headers.c (test for warnings, line 39)
FAIL: gcc.dg/analyzer/fd-access-mode-target-headers.c (test for warnings, line 55)
FAIL: gcc.dg/analyzer/fd-access-mode-target-headers.c (test for excess errors)
FAIL: gcc.dg/analyzer/fd-bind.c (test for excess errors)
FAIL: gcc.dg/analyzer/fd-connect.c (test for warnings, line 35)
FAIL: gcc.dg/analyzer/fd-datagram-socket.c (test for warnings, line 12)
FAIL: gcc.dg/analyzer/fd-datagram-socket.c (test for warnings, line 31)
FAIL: gcc.dg/analyzer/fd-datagram-socket.c (test for warnings, line 37)
FAIL: gcc.dg/analyzer/fd-datagram-socket.c (test for warnings, line 49)
FAIL: gcc.dg/analyzer/fd-datagram-socket.c (test for warnings, line 71)
FAIL: gcc.dg/analyzer/fd-datagram-socket.c (test for warnings, line 82)
FAIL: gcc.dg/analyzer/fd-datagram-socket.c (test for warnings, line 85)
FAIL: gcc.dg/analyzer/fd-datagram-socket.c (test for warnings, line 93)
FAIL: gcc.dg/analyzer/fd-datagram-socket.c (test for warnings, line 97)
FAIL: gcc.dg/analyzer/fd-datagram-socket.c (test for excess errors)
FAIL: gcc.dg/analyzer/fd-datagram-socket.c final event at line 109 (test for warnings, line 108)
FAIL: gcc.dg/analyzer/fd-datagram-socket.c final event at line 87 (test for warnings, line 86)
FAIL: gcc.dg/analyzer/fd-datagram-socket.c warning (test for warnings, line 108)
FAIL: gcc.dg/analyzer/fd-datagram-socket.c warning (test for warnings, line 86)
FAIL: gcc.dg/analyzer/fd-listen.c (test for excess errors)
FAIL: gcc.dg/analyzer/fd-listen.c final event at line 54 (test for warnings, line 53)
FAIL: gcc.dg/analyzer/fd-listen.c warning (test for warnings, line 53)
FAIL: gcc.dg/analyzer/fd-socket-misuse.c (test for warnings, line 17)
FAIL: gcc.dg/analyzer/fd-socket-misuse.c (test for excess errors)
FAIL: gcc.dg/analyzer/fd-socket-misuse.c final event at line 21 (test for warnings, line 20)
FAIL: gcc.dg/analyzer/fd-socket-misuse.c warning (test for warnings, line 20)
FAIL: gcc.dg/analyzer/fd-stream-socket-active-open.c (test for warnings, line 20)
FAIL: gcc.dg/analyzer/fd-stream-socket-active-open.c (test for warnings, line 31)
FAIL: gcc.dg/analyzer/fd-stream-socket-active-open.c (test for warnings, line 38)
FAIL: gcc.dg/analyzer/fd-stream-socket-active-open.c (test for warnings, line 46)
FAIL: gcc.dg/analyzer/fd-stream-socket-active-open.c (test for excess errors)
FAIL: gcc.dg/analyzer/fd-stream-socket-passive-open.c (test for warnings, line 26)
FAIL: gcc.dg/analyzer/fd-stream-socket-passive-open.c (test for warnings, line 34)
FAIL: gcc.dg/analyzer/fd-stream-socket-passive-open.c (test for warnings, line 40)
FAIL: gcc.dg/analyzer/fd-stream-socket-passive-open.c (test for warnings, line 45)
FAIL: gcc.dg/analyzer/fd-stream-socket-passive-open.c (test for excess errors)
FAIL: gcc.dg/analyzer/fd-stream-socket.c (test for warnings, line 12)
FAIL: gcc.dg/analyzer/fd-stream-socket.c (test for warnings, line 36)
FAIL: gcc.dg/analyzer/fd-stream-socket.c (test for warnings, line 69)
FAIL: gcc.dg/analyzer/fd-stream-socket.c (test for warnings, line 80)
FAIL: gcc.dg/analyzer/fd-stream-socket.c (test for warnings, line 91)
FAIL: gcc.dg/analyzer/fd-stream-socket.c (test for excess errors)
FAIL: gcc.dg/analyzer/fd-symbolic-socket.c (test for excess errors)
XPASS: gcc.dg/debug/dwarf2/inline5.c scan-assembler-not \\\\(DIE \\\\(0x([0-9a-f]*)\\\\) DW_TAG_lexical_block\\\\)[^#/!@;\\\\|]*[#/!@;\\\\|]+ +DW_AT.*DW_TAG_lexical_block\\\\)[^#/!@;\\\\|x]*x\\\\1[^#/!@;\\\\|]*[#/!@;\\\\|] +DW_AT_abstract_origin
FAIL: c-c++-common/diagnostic-format-sarif-file-4.c -Wc++-compat scan-sarif-file "text": " int \\\\u6587\\\\u5b57\\\\u5316\\\\u3051 =
XPASS: gcc.dg/pr84877.c execution test
FAIL: gcc.dg/pr95115.c execution test
FAIL: gcc.dg/ipa/ipa-icf-38.c scan-ltrans-tree-dump-not optimized "Function bar"
FAIL: gcc-dg-lto-modref-3-01.exe scan-wpa-ipa-dump modref "parm 1 flags: no_direct_clobber no_direct_escape"
FAIL: gcc-dg-lto-modref-4-01.exe scan-wpa-ipa-dump modref "parm 1 flags: no_direct_clobber no_direct_escape"
FAIL: gcc.dg/lto/modref-3 c_lto_modref-3_0.o-c_lto_modref-3_1.o execute -O2 -flto-partition=max -fdump-ipa-modref -fno-ipa-sra -fno-ipa-cp -flto
FAIL: gcc.dg/lto/modref-4 c_lto_modref-4_0.o-c_lto_modref-4_1.o execute -O2 -flto-partition=max -fdump-ipa-modref -fno-ipa-sra -flto
FAIL: gcc.dg/simulate-thread/atomic-other-int.c -O2 -g thread simulation test
FAIL: gcc.dg/simulate-thread/atomic-other-int.c -O3 -g thread simulation test
FAIL: gcc.dg/simulate-thread/atomic-other-short.c -O0 -g thread simulation test
FAIL: gcc.dg/simulate-thread/speculative-store-4.c -O0 -g thread simulation test
FAIL: gcc.dg/simulate-thread/speculative-store-4.c -O2 -g thread simulation test
FAIL: gcc.dg/simulate-thread/speculative-store-4.c -O3 -g thread simulation test
FAIL: gcc.dg/simulate-thread/speculative-store.c -O0 -g thread simulation test
FAIL: gcc.dg/ubsan/object-size-dyn.c -O2 execution test
FAIL: gcc.dg/ubsan/object-size-dyn.c -O2 -flto execution test
FAIL: gcc.dg/ubsan/object-size-dyn.c -O2 -flto -flto-partition=none execution test
FAIL: gcc.dg/vect/bb-slp-21.c -flto -ffat-lto-objects scan-tree-dump-times slp2 "optimized: basic block" 1
FAIL: gcc.dg/vect/bb-slp-21.c scan-tree-dump-times slp2 "optimized: basic block" 1
FAIL: gcc.dg/vect/bb-slp-22.c -flto -ffat-lto-objects scan-tree-dump-times slp2 "optimized: basic block" 1
FAIL: gcc.dg/vect/bb-slp-22.c scan-tree-dump-times slp2 "optimized: basic block" 1
XPASS: gcc.dg/vect/bb-slp-32.c -flto -ffat-lto-objects scan-tree-dump slp2 "vectorization is not profitable"
XPASS: gcc.dg/vect/bb-slp-32.c scan-tree-dump slp2 "vectorization is not profitable"
FAIL: gcc.dg/vect/pr37027.c -flto -ffat-lto-objects scan-tree-dump-times vect "vectorized 1 loops" 1
FAIL: gcc.dg/vect/pr37027.c -flto -ffat-lto-objects scan-tree-dump-times vect "vectorizing stmts using SLP" 1
FAIL: gcc.dg/vect/pr37027.c scan-tree-dump-times vect "vectorized 1 loops" 1
FAIL: gcc.dg/vect/pr37027.c scan-tree-dump-times vect "vectorizing stmts using SLP" 1
FAIL: gcc.dg/vect/pr67790.c -flto -ffat-lto-objects scan-tree-dump vect "vectorizing stmts using SLP"
FAIL: gcc.dg/vect/pr67790.c scan-tree-dump vect "vectorizing stmts using SLP"
FAIL: gcc.dg/vect/pr97428.c -flto -ffat-lto-objects scan-tree-dump vect "Detected interleaving load of size 8"
FAIL: gcc.dg/vect/pr97428.c -flto -ffat-lto-objects scan-tree-dump vect "Detected interleaving store of size 16"
FAIL: gcc.dg/vect/pr97428.c scan-tree-dump vect "Detected interleaving load of size 8"
FAIL: gcc.dg/vect/pr97428.c scan-tree-dump vect "Detected interleaving store of size 16"
FAIL: gcc.dg/vect/slp-47.c -flto -ffat-lto-objects scan-tree-dump-times vect "vectorizing stmts using SLP" 2
FAIL: gcc.dg/vect/slp-47.c scan-tree-dump-times vect "vectorizing stmts using SLP" 2
FAIL: gcc.dg/vect/slp-48.c -flto -ffat-lto-objects scan-tree-dump-times vect "vectorizing stmts using SLP" 2
FAIL: gcc.dg/vect/slp-48.c scan-tree-dump-times vect "vectorizing stmts using SLP" 2
FAIL: gcc.dg/vect/slp-reduc-1.c -flto -ffat-lto-objects scan-tree-dump-times vect "vectorized 1 loops" 1
FAIL: gcc.dg/vect/slp-reduc-1.c -flto -ffat-lto-objects scan-tree-dump-times vect "vectorizing stmts using SLP" 1
FAIL: gcc.dg/vect/slp-reduc-1.c scan-tree-dump-times vect "vectorized 1 loops" 1
FAIL: gcc.dg/vect/slp-reduc-1.c scan-tree-dump-times vect "vectorizing stmts using SLP" 1
FAIL: gcc.dg/vect/slp-reduc-2.c -flto -ffat-lto-objects scan-tree-dump-times vect "vectorized 1 loops" 1
FAIL: gcc.dg/vect/slp-reduc-2.c -flto -ffat-lto-objects scan-tree-dump-times vect "vectorizing stmts using SLP" 1
FAIL: gcc.dg/vect/slp-reduc-2.c scan-tree-dump-times vect "vectorized 1 loops" 1
FAIL: gcc.dg/vect/slp-reduc-2.c scan-tree-dump-times vect "vectorizing stmts using SLP" 1
FAIL: gcc.dg/vect/slp-reduc-7.c -flto -ffat-lto-objects scan-tree-dump-times vect "vectorized 1 loops" 1
FAIL: gcc.dg/vect/slp-reduc-7.c -flto -ffat-lto-objects scan-tree-dump-times vect "vectorizing stmts using SLP" 1
FAIL: gcc.dg/vect/slp-reduc-7.c scan-tree-dump-times vect "vectorized 1 loops" 1
FAIL: gcc.dg/vect/slp-reduc-7.c scan-tree-dump-times vect "vectorizing stmts using SLP" 1
FAIL: gcc.dg/vect/slp-reduc-8.c -flto -ffat-lto-objects scan-tree-dump vect "vectorized 1 loops"
FAIL: gcc.dg/vect/slp-reduc-8.c scan-tree-dump vect "vectorized 1 loops"
XPASS: gcc.dg/vect/vect-alias-check-1.c -flto -ffat-lto-objects scan-tree-dump vect "using an address-based overlap test"
XPASS: gcc.dg/vect/vect-alias-check-1.c scan-tree-dump vect "using an address-based overlap test"
FAIL: gcc.dg/vect/vect-bic-bitmask-10.c -flto -ffat-lto-objects scan-tree-dump dce7 "<=\\\\s*.+{ 255,.+}"
FAIL: gcc.dg/vect/vect-bic-bitmask-10.c scan-tree-dump dce7 "<=\\\\s*.+{ 255,.+}"
FAIL: gcc.dg/vect/vect-bic-bitmask-11.c -flto -ffat-lto-objects scan-tree-dump dce7 ">\\\\s*.+{ 255,.+}"
FAIL: gcc.dg/vect/vect-bic-bitmask-11.c scan-tree-dump dce7 ">\\\\s*.+{ 255,.+}"
FAIL: gcc.dg/vect/vect-bic-bitmask-12.c -flto -ffat-lto-objects scan-tree-dump dce7 "<=\\\\s*.+{ 255,.+}"
FAIL: gcc.dg/vect/vect-bic-bitmask-12.c scan-tree-dump dce7 "<=\\\\s*.+{ 255,.+}"
FAIL: gcc.dg/vect/vect-bic-bitmask-2.c -flto -ffat-lto-objects scan-tree-dump-times dce7 "<=\\\\s*.+{ 255,.+}" 1
FAIL: gcc.dg/vect/vect-bic-bitmask-2.c scan-tree-dump-times dce7 "<=\\\\s*.+{ 255,.+}" 1
FAIL: gcc.dg/vect/vect-bic-bitmask-23.c -flto -ffat-lto-objects scan-tree-dump dce7 "<=\\\\s*.+{ 255, 15, 1, 65535 }"
FAIL: gcc.dg/vect/vect-bic-bitmask-23.c scan-tree-dump dce7 "<=\\\\s*.+{ 255, 15, 1, 65535 }"
FAIL: gcc.dg/vect/vect-bic-bitmask-3.c -flto -ffat-lto-objects scan-tree-dump-times dce7 "<=\\\\s*.+{ 255,.+}" 1
FAIL: gcc.dg/vect/vect-bic-bitmask-3.c scan-tree-dump-times dce7 "<=\\\\s*.+{ 255,.+}" 1
FAIL: gcc.dg/vect/vect-bic-bitmask-5.c -flto -ffat-lto-objects scan-tree-dump-times dce7 ">\\\\s*.+{ 255,.+}" 1
FAIL: gcc.dg/vect/vect-bic-bitmask-5.c scan-tree-dump-times dce7 ">\\\\s*.+{ 255,.+}" 1
FAIL: gcc.dg/vect/vect-bic-bitmask-6.c -flto -ffat-lto-objects scan-tree-dump-times dce7 "<=\\\\s*.+{ 255,.+}" 1
FAIL: gcc.dg/vect/vect-bic-bitmask-6.c scan-tree-dump-times dce7 "<=\\\\s*.+{ 255,.+}" 1
FAIL: gcc.dg/vect/vect-bic-bitmask-8.c -flto -ffat-lto-objects scan-tree-dump-times dce7 ">\\\\s*.+{ 1,.+}" 1
FAIL: gcc.dg/vect/vect-bic-bitmask-8.c scan-tree-dump-times dce7 ">\\\\s*.+{ 1,.+}" 1
FAIL: gcc.dg/vect/vect-bic-bitmask-9.c -flto -ffat-lto-objects scan-tree-dump dce7 "&\\\\s*.+{ 4294967290,.+}"
FAIL: gcc.dg/vect/vect-bic-bitmask-9.c scan-tree-dump dce7 "&\\\\s*.+{ 4294967290,.+}"
FAIL: gcc.dg/vect/vect-cost-model-1.c -flto -ffat-lto-objects scan-tree-dump vect "LOOP VECTORIZED"
FAIL: gcc.dg/vect/vect-cost-model-1.c scan-tree-dump vect "LOOP VECTORIZED"
FAIL: gcc.dg/vect/vect-cost-model-3.c -flto -ffat-lto-objects scan-tree-dump vect "LOOP VECTORIZED"
FAIL: gcc.dg/vect/vect-cost-model-3.c scan-tree-dump vect "LOOP VECTORIZED"
FAIL: gcc.dg/vect/vect-cost-model-5.c -flto -ffat-lto-objects scan-tree-dump vect "LOOP VECTORIZED"
FAIL: gcc.dg/vect/vect-cost-model-5.c scan-tree-dump vect "LOOP VECTORIZED"
=== gcc Summary for unix ===
# of expected passes 146895
# of unexpected failures 124
# of unexpected successes 6
# of expected failures 1274
# of unsupported tests 4590
Running target unix/-m64
FAIL: gcc.dg/analyzer/fd-accept.c (test for excess errors)
FAIL: gcc.dg/analyzer/fd-accept.c final event at line 58 (test for warnings, line 57)
FAIL: gcc.dg/analyzer/fd-accept.c warning (test for warnings, line 57)
FAIL: gcc.dg/analyzer/fd-access-mode-target-headers.c (test for warnings, line 19)
FAIL: gcc.dg/analyzer/fd-access-mode-target-headers.c (test for warnings, line 27)
FAIL: gcc.dg/analyzer/fd-access-mode-target-headers.c (test for warnings, line 32)
FAIL: gcc.dg/analyzer/fd-access-mode-target-headers.c (test for warnings, line 39)
FAIL: gcc.dg/analyzer/fd-access-mode-target-headers.c (test for warnings, line 55)
FAIL: gcc.dg/analyzer/fd-access-mode-target-headers.c (test for excess errors)
FAIL: gcc.dg/analyzer/fd-bind.c (test for excess errors)
FAIL: gcc.dg/analyzer/fd-connect.c (test for warnings, line 35)
FAIL: gcc.dg/analyzer/fd-datagram-socket.c (test for warnings, line 12)
FAIL: gcc.dg/analyzer/fd-datagram-socket.c (test for warnings, line 31)
FAIL: gcc.dg/analyzer/fd-datagram-socket.c (test for warnings, line 37)
FAIL: gcc.dg/analyzer/fd-datagram-socket.c (test for warnings, line 49)
FAIL: gcc.dg/analyzer/fd-datagram-socket.c (test for warnings, line 71)
FAIL: gcc.dg/analyzer/fd-datagram-socket.c (test for warnings, line 82)
FAIL: gcc.dg/analyzer/fd-datagram-socket.c (test for warnings, line 85)
FAIL: gcc.dg/analyzer/fd-datagram-socket.c (test for warnings, line 93)
FAIL: gcc.dg/analyzer/fd-datagram-socket.c (test for warnings, line 97)
FAIL: gcc.dg/analyzer/fd-datagram-socket.c (test for excess errors)
FAIL: gcc.dg/analyzer/fd-datagram-socket.c final event at line 109 (test for warnings, line 108)
FAIL: gcc.dg/analyzer/fd-datagram-socket.c final event at line 87 (test for warnings, line 86)
FAIL: gcc.dg/analyzer/fd-datagram-socket.c warning (test for warnings, line 108)
FAIL: gcc.dg/analyzer/fd-datagram-socket.c warning (test for warnings, line 86)
FAIL: gcc.dg/analyzer/fd-listen.c (test for excess errors)
FAIL: gcc.dg/analyzer/fd-listen.c final event at line 54 (test for warnings, line 53)
FAIL: gcc.dg/analyzer/fd-listen.c warning (test for warnings, line 53)
FAIL: gcc.dg/analyzer/fd-socket-misuse.c (test for warnings, line 17)
FAIL: gcc.dg/analyzer/fd-socket-misuse.c (test for excess errors)
FAIL: gcc.dg/analyzer/fd-socket-misuse.c final event at line 21 (test for warnings, line 20)
FAIL: gcc.dg/analyzer/fd-socket-misuse.c warning (test for warnings, line 20)
FAIL: gcc.dg/analyzer/fd-stream-socket-active-open.c (test for warnings, line 20)
FAIL: gcc.dg/analyzer/fd-stream-socket-active-open.c (test for warnings, line 31)
FAIL: gcc.dg/analyzer/fd-stream-socket-active-open.c (test for warnings, line 38)
FAIL: gcc.dg/analyzer/fd-stream-socket-active-open.c (test for warnings, line 46)
FAIL: gcc.dg/analyzer/fd-stream-socket-active-open.c (test for excess errors)
FAIL: gcc.dg/analyzer/fd-stream-socket-passive-open.c (test for warnings, line 26)
FAIL: gcc.dg/analyzer/fd-stream-socket-passive-open.c (test for warnings, line 34)
FAIL: gcc.dg/analyzer/fd-stream-socket-passive-open.c (test for warnings, line 40)
FAIL: gcc.dg/analyzer/fd-stream-socket-passive-open.c (test for warnings, line 45)
FAIL: gcc.dg/analyzer/fd-stream-socket-passive-open.c (test for excess errors)
FAIL: gcc.dg/analyzer/fd-stream-socket.c (test for warnings, line 12)
FAIL: gcc.dg/analyzer/fd-stream-socket.c (test for warnings, line 36)
FAIL: gcc.dg/analyzer/fd-stream-socket.c (test for warnings, line 69)
FAIL: gcc.dg/analyzer/fd-stream-socket.c (test for warnings, line 80)
FAIL: gcc.dg/analyzer/fd-stream-socket.c (test for warnings, line 91)
FAIL: gcc.dg/analyzer/fd-stream-socket.c (test for excess errors)
FAIL: gcc.dg/analyzer/fd-symbolic-socket.c (test for excess errors)
XPASS: gcc.dg/debug/dwarf2/inline5.c scan-assembler-not \\\\(DIE \\\\(0x([0-9a-f]*)\\\\) DW_TAG_lexical_block\\\\)[^#/!@;\\\\|]*[#/!@;\\\\|]+ +DW_AT.*DW_TAG_lexical_block\\\\)[^#/!@;\\\\|x]*x\\\\1[^#/!@;\\\\|]*[#/!@;\\\\|] +DW_AT_abstract_origin
FAIL: c-c++-common/diagnostic-format-sarif-file-4.c -Wc++-compat scan-sarif-file "text": " int \\\\u6587\\\\u5b57\\\\u5316\\\\u3051 =
XPASS: gcc.dg/pr84877.c execution test
FAIL: gcc.dg/pr95115.c execution test
XPASS: gcc.dg/ipa/iinline-attr.c scan-ipa-dump inline "hooray[^\\\\n]*inline copy in test"
FAIL: gcc.dg/ipa/ipa-icf-38.c scan-ltrans-tree-dump-not optimized "Function bar"
FAIL: gcc-dg-lto-modref-3-01.exe scan-wpa-ipa-dump modref "parm 1 flags: no_direct_clobber no_direct_escape"
FAIL: gcc-dg-lto-modref-4-01.exe scan-wpa-ipa-dump modref "parm 1 flags: no_direct_clobber no_direct_escape"
FAIL: gcc.dg/lto/modref-3 c_lto_modref-3_0.o-c_lto_modref-3_1.o execute -O2 -flto-partition=max -fdump-ipa-modref -fno-ipa-sra -fno-ipa-cp -flto
FAIL: gcc.dg/lto/modref-4 c_lto_modref-4_0.o-c_lto_modref-4_1.o execute -O2 -flto-partition=max -fdump-ipa-modref -fno-ipa-sra -flto
FAIL: gcc.dg/vect/bb-slp-21.c -flto -ffat-lto-objects scan-tree-dump-times slp2 "optimized: basic block" 1
FAIL: gcc.dg/vect/bb-slp-21.c scan-tree-dump-times slp2 "optimized: basic block" 1
FAIL: gcc.dg/vect/bb-slp-22.c -flto -ffat-lto-objects scan-tree-dump-times slp2 "optimized: basic block" 1
FAIL: gcc.dg/vect/bb-slp-22.c scan-tree-dump-times slp2 "optimized: basic block" 1
XPASS: gcc.dg/vect/bb-slp-32.c -flto -ffat-lto-objects scan-tree-dump slp2 "vectorization is not profitable"
XPASS: gcc.dg/vect/bb-slp-32.c scan-tree-dump slp2 "vectorization is not profitable"
XPASS: gcc.dg/vect/pr33804.c -flto -ffat-lto-objects scan-tree-dump-times vect "vectorized 1 loops" 1
XPASS: gcc.dg/vect/pr33804.c -flto -ffat-lto-objects scan-tree-dump-times vect "vectorizing stmts using SLP" 1
XPASS: gcc.dg/vect/pr33804.c scan-tree-dump-times vect "vectorized 1 loops" 1
XPASS: gcc.dg/vect/pr33804.c scan-tree-dump-times vect "vectorizing stmts using SLP" 1
FAIL: gcc.dg/vect/pr37027.c -flto -ffat-lto-objects scan-tree-dump-times vect "vectorized 1 loops" 1
FAIL: gcc.dg/vect/pr37027.c -flto -ffat-lto-objects scan-tree-dump-times vect "vectorizing stmts using SLP" 1
FAIL: gcc.dg/vect/pr37027.c scan-tree-dump-times vect "vectorized 1 loops" 1
FAIL: gcc.dg/vect/pr37027.c scan-tree-dump-times vect "vectorizing stmts using SLP" 1
FAIL: gcc.dg/vect/pr67790.c -flto -ffat-lto-objects scan-tree-dump vect "vectorizing stmts using SLP"
FAIL: gcc.dg/vect/pr67790.c scan-tree-dump vect "vectorizing stmts using SLP"
FAIL: gcc.dg/vect/pr97428.c -flto -ffat-lto-objects scan-tree-dump vect "Detected interleaving load of size 8"
FAIL: gcc.dg/vect/pr97428.c -flto -ffat-lto-objects scan-tree-dump vect "Detected interleaving store of size 16"
FAIL: gcc.dg/vect/pr97428.c scan-tree-dump vect "Detected interleaving load of size 8"
FAIL: gcc.dg/vect/pr97428.c scan-tree-dump vect "Detected interleaving store of size 16"
FAIL: gcc.dg/vect/slp-47.c -flto -ffat-lto-objects scan-tree-dump-times vect "vectorizing stmts using SLP" 2
FAIL: gcc.dg/vect/slp-47.c scan-tree-dump-times vect "vectorizing stmts using SLP" 2
FAIL: gcc.dg/vect/slp-48.c -flto -ffat-lto-objects scan-tree-dump-times vect "vectorizing stmts using SLP" 2
FAIL: gcc.dg/vect/slp-48.c scan-tree-dump-times vect "vectorizing stmts using SLP" 2
XPASS: gcc.dg/vect/slp-multitypes-3.c -flto -ffat-lto-objects scan-tree-dump-times vect "vectorized 1 loops" 1
XPASS: gcc.dg/vect/slp-multitypes-3.c -flto -ffat-lto-objects scan-tree-dump-times vect "vectorizing stmts using SLP" 2
XPASS: gcc.dg/vect/slp-multitypes-3.c scan-tree-dump-times vect "vectorized 1 loops" 1
XPASS: gcc.dg/vect/slp-multitypes-3.c scan-tree-dump-times vect "vectorizing stmts using SLP" 2
FAIL: gcc.dg/vect/slp-reduc-1.c -flto -ffat-lto-objects scan-tree-dump-times vect "vectorized 1 loops" 1
FAIL: gcc.dg/vect/slp-reduc-1.c -flto -ffat-lto-objects scan-tree-dump-times vect "vectorizing stmts using SLP" 1
FAIL: gcc.dg/vect/slp-reduc-1.c scan-tree-dump-times vect "vectorized 1 loops" 1
FAIL: gcc.dg/vect/slp-reduc-1.c scan-tree-dump-times vect "vectorizing stmts using SLP" 1
FAIL: gcc.dg/vect/slp-reduc-2.c -flto -ffat-lto-objects scan-tree-dump-times vect "vectorized 1 loops" 1
FAIL: gcc.dg/vect/slp-reduc-2.c -flto -ffat-lto-objects scan-tree-dump-times vect "vectorizing stmts using SLP" 1
FAIL: gcc.dg/vect/slp-reduc-2.c scan-tree-dump-times vect "vectorized 1 loops" 1
FAIL: gcc.dg/vect/slp-reduc-2.c scan-tree-dump-times vect "vectorizing stmts using SLP" 1
FAIL: gcc.dg/vect/slp-reduc-7.c -flto -ffat-lto-objects scan-tree-dump-times vect "vectorized 1 loops" 1
FAIL: gcc.dg/vect/slp-reduc-7.c -flto -ffat-lto-objects scan-tree-dump-times vect "vectorizing stmts using SLP" 1
FAIL: gcc.dg/vect/slp-reduc-7.c scan-tree-dump-times vect "vectorized 1 loops" 1
FAIL: gcc.dg/vect/slp-reduc-7.c scan-tree-dump-times vect "vectorizing stmts using SLP" 1
FAIL: gcc.dg/vect/slp-reduc-8.c -flto -ffat-lto-objects scan-tree-dump vect "vectorized 1 loops"
FAIL: gcc.dg/vect/slp-reduc-8.c scan-tree-dump vect "vectorized 1 loops"
XPASS: gcc.dg/vect/vect-alias-check-1.c -flto -ffat-lto-objects scan-tree-dump vect "using an address-based overlap test"
XPASS: gcc.dg/vect/vect-alias-check-1.c scan-tree-dump vect "using an address-based overlap test"
FAIL: gcc.dg/vect/vect-bic-bitmask-10.c -flto -ffat-lto-objects scan-tree-dump dce7 "<=\\\\s*.+{ 255,.+}"
FAIL: gcc.dg/vect/vect-bic-bitmask-10.c scan-tree-dump dce7 "<=\\\\s*.+{ 255,.+}"
FAIL: gcc.dg/vect/vect-bic-bitmask-11.c -flto -ffat-lto-objects scan-tree-dump dce7 ">\\\\s*.+{ 255,.+}"
FAIL: gcc.dg/vect/vect-bic-bitmask-11.c scan-tree-dump dce7 ">\\\\s*.+{ 255,.+}"
FAIL: gcc.dg/vect/vect-bic-bitmask-12.c -flto -ffat-lto-objects scan-tree-dump dce7 "<=\\\\s*.+{ 255,.+}"
FAIL: gcc.dg/vect/vect-bic-bitmask-12.c scan-tree-dump dce7 "<=\\\\s*.+{ 255,.+}"
FAIL: gcc.dg/vect/vect-bic-bitmask-2.c -flto -ffat-lto-objects scan-tree-dump-times dce7 "<=\\\\s*.+{ 255,.+}" 1
FAIL: gcc.dg/vect/vect-bic-bitmask-2.c scan-tree-dump-times dce7 "<=\\\\s*.+{ 255,.+}" 1
FAIL: gcc.dg/vect/vect-bic-bitmask-23.c -flto -ffat-lto-objects scan-tree-dump dce7 "<=\\\\s*.+{ 255, 15, 1, 65535 }"
FAIL: gcc.dg/vect/vect-bic-bitmask-23.c scan-tree-dump dce7 "<=\\\\s*.+{ 255, 15, 1, 65535 }"
FAIL: gcc.dg/vect/vect-bic-bitmask-3.c -flto -ffat-lto-objects scan-tree-dump-times dce7 "<=\\\\s*.+{ 255,.+}" 1
FAIL: gcc.dg/vect/vect-bic-bitmask-3.c scan-tree-dump-times dce7 "<=\\\\s*.+{ 255,.+}" 1
FAIL: gcc.dg/vect/vect-bic-bitmask-5.c -flto -ffat-lto-objects scan-tree-dump-times dce7 ">\\\\s*.+{ 255,.+}" 1
FAIL: gcc.dg/vect/vect-bic-bitmask-5.c scan-tree-dump-times dce7 ">\\\\s*.+{ 255,.+}" 1
FAIL: gcc.dg/vect/vect-bic-bitmask-6.c -flto -ffat-lto-objects scan-tree-dump-times dce7 "<=\\\\s*.+{ 255,.+}" 1
FAIL: gcc.dg/vect/vect-bic-bitmask-6.c scan-tree-dump-times dce7 "<=\\\\s*.+{ 255,.+}" 1
FAIL: gcc.dg/vect/vect-bic-bitmask-8.c -flto -ffat-lto-objects scan-tree-dump-times dce7 ">\\\\s*.+{ 1,.+}" 1
FAIL: gcc.dg/vect/vect-bic-bitmask-8.c scan-tree-dump-times dce7 ">\\\\s*.+{ 1,.+}" 1
FAIL: gcc.dg/vect/vect-bic-bitmask-9.c -flto -ffat-lto-objects scan-tree-dump dce7 "&\\\\s*.+{ 4294967290,.+}"
FAIL: gcc.dg/vect/vect-bic-bitmask-9.c scan-tree-dump dce7 "&\\\\s*.+{ 4294967290,.+}"
FAIL: gcc.dg/vect/vect-cost-model-1.c -flto -ffat-lto-objects scan-tree-dump vect "LOOP VECTORIZED"
FAIL: gcc.dg/vect/vect-cost-model-1.c scan-tree-dump vect "LOOP VECTORIZED"
FAIL: gcc.dg/vect/vect-cost-model-3.c -flto -ffat-lto-objects scan-tree-dump vect "LOOP VECTORIZED"
FAIL: gcc.dg/vect/vect-cost-model-3.c scan-tree-dump vect "LOOP VECTORIZED"
FAIL: gcc.dg/vect/vect-cost-model-5.c -flto -ffat-lto-objects scan-tree-dump vect "LOOP VECTORIZED"
FAIL: gcc.dg/vect/vect-cost-model-5.c scan-tree-dump vect "LOOP VECTORIZED"
=== gcc Summary for unix/-m64 ===
# of expected passes 146530
# of unexpected failures 114
# of unexpected successes 15
# of expected failures 1251
# of unsupported tests 3841
=== gcc Summary ===
# of expected passes 293425
# of unexpected failures 238
# of unexpected successes 21
# of expected failures 2525
# of unsupported tests 8431
/var/gcc/regression/master/11-gcc/build/gcc/xgcc version 13.0.1 20230120 (experimental) [master 99ea0d7611605d2d1a67a6021cb78f0bdd5c609b] (GCC)
=== gdc tests ===
Running target unix
UNRESOLVED: gdc.test/runnable/mangle.d compilation failed to produce executable
UNRESOLVED: gdc.test/runnable/mangle.d -shared-libphobos compilation failed to produce executable
UNRESOLVED: gdc.test/runnable/testmodule.d compilation failed to produce executable
UNRESOLVED: gdc.test/runnable/testmodule.d -shared-libphobos compilation failed to produce executable
UNRESOLVED: gdc.test/runnable/ufcs.d compilation failed to produce executable
UNRESOLVED: gdc.test/runnable/ufcs.d -shared-libphobos compilation failed to produce executable
=== gdc Summary for unix ===
# of expected passes 11712
# of unresolved testcases 6
# of unsupported tests 568
Running target unix/-m64
FAIL: gdc.test/runnable/inline.d execution test
FAIL: gdc.test/runnable/inline.d -shared-libphobos execution test
UNRESOLVED: gdc.test/runnable/mangle.d compilation failed to produce executable
UNRESOLVED: gdc.test/runnable/mangle.d -shared-libphobos compilation failed to produce executable
FAIL: gdc.test/runnable/test42.d execution test
FAIL: gdc.test/runnable/test42.d -shared-libphobos execution test
UNRESOLVED: gdc.test/runnable/testmodule.d compilation failed to produce executable
UNRESOLVED: gdc.test/runnable/testmodule.d -shared-libphobos compilation failed to produce executable
UNRESOLVED: gdc.test/runnable/ufcs.d compilation failed to produce executable
UNRESOLVED: gdc.test/runnable/ufcs.d -shared-libphobos compilation failed to produce executable
=== gdc Summary for unix/-m64 ===
# of expected passes 11703
# of unexpected failures 4
# of unresolved testcases 6
# of unsupported tests 568
=== gdc Summary ===
# of expected passes 23415
# of unexpected failures 4
# of unresolved testcases 12
# of unsupported tests 1136
/var/gcc/regression/master/11-gcc/build/gcc/gdc version 13.0.1 20230120 (experimental) [master 99ea0d7611605d2d1a67a6021cb78f0bdd5c609b] (GCC)
=== gfortran tests ===
Running target unix
=== gfortran Summary for unix ===
# of expected passes 66849
# of expected failures 261
# of unsupported tests 348
Running target unix/-m64
=== gfortran Summary for unix/-m64 ===
# of expected passes 67151
# of expected failures 259
# of unsupported tests 196
=== gfortran Summary ===
# of expected passes 134000
# of expected failures 520
# of unsupported tests 544
/var/gcc/regression/master/11-gcc/build/gcc/gfortran version 13.0.1 20230120 (experimental) [master 99ea0d7611605d2d1a67a6021cb78f0bdd5c609b] (GCC)
=== gm2 tests ===
Running target unix
WARNING: gm2/calling-c/datatypes/unbounded/run/pass/m.mod compilation, {additional_flags= -g } timeout=10 program timed out.
FAIL: gm2/calling-c/datatypes/unbounded/run/pass/m.mod compilation, {additional_flags= -g } timeout=10
UNRESOLVED: gm2/calling-c/datatypes/unbounded/run/pass/m.mod execution, {additional_flags= -g } timeout=10
WARNING: gm2/coroutines/pim/run/pass/testiotransfer.mod execution, -O3 -fomit-frame-pointer program timed out.
FAIL: gm2/coroutines/pim/run/pass/testiotransfer.mod execution, -O3 -fomit-frame-pointer
WARNING: gm2/coroutines/pim/run/pass/testiotransfer.mod execution, -g program timed out.
FAIL: gm2/coroutines/pim/run/pass/testiotransfer.mod execution, -g
WARNING: gm2/coroutines/pim/run/pass/testtransfer.mod execution, -O3 -fomit-frame-pointer program timed out.
FAIL: gm2/coroutines/pim/run/pass/testtransfer.mod execution, -O3 -fomit-frame-pointer
WARNING: gm2/coroutines/pim/run/pass/testtransfer.mod execution, -O3 -fomit-frame-pointer -finline-functions program timed out.
FAIL: gm2/coroutines/pim/run/pass/testtransfer.mod execution, -O3 -fomit-frame-pointer -finline-functions
WARNING: gm2/coroutines/pim/run/pass/testtransfer.mod execution, -Os program timed out.
FAIL: gm2/coroutines/pim/run/pass/testtransfer.mod execution, -Os
FAIL: gm2/extensions/run/pass/vararg2.mod execution, -O
FAIL: gm2/extensions/run/pass/vararg2.mod execution, -O -g
FAIL: gm2/extensions/run/pass/vararg2.mod execution, -O3 -fomit-frame-pointer
FAIL: gm2/extensions/run/pass/vararg2.mod execution, -O3 -fomit-frame-pointer -finline-functions
FAIL: gm2/extensions/run/pass/vararg2.mod execution, -Os
FAIL: gm2/extensions/run/pass/vararg2.mod execution, -g
WARNING: gm2/iso/run/pass/int8field.mod compilation, -O program timed out.
FAIL: gm2/iso/run/pass/int8field.mod compilation, -O
WARNING: gm2/iso/run/pass/int8field.mod compilation, -O -g program timed out.
FAIL: gm2/iso/run/pass/int8field.mod compilation, -O -g
WARNING: gm2/iso/run/pass/int8field.mod compilation, -O3 -fomit-frame-pointer program timed out.
FAIL: gm2/iso/run/pass/int8field.mod compilation, -O3 -fomit-frame-pointer
WARNING: gm2/iso/run/pass/int8field.mod compilation, -O3 -fomit-frame-pointer -finline-functions program timed out.
FAIL: gm2/iso/run/pass/int8field.mod compilation, -O3 -fomit-frame-pointer -finline-functions
WARNING: gm2/iso/run/pass/int8field.mod compilation, -Os program timed out.
FAIL: gm2/iso/run/pass/int8field.mod compilation, -Os
WARNING: gm2/iso/run/pass/int8field.mod compilation, -g program timed out.
FAIL: gm2/iso/run/pass/int8field.mod compilation, -g
WARNING: gm2/iso/run/pass/int8field.mod compilation, {additional_flags= -O -g } timeout=10 program timed out.
WARNING: gm2/iso/run/pass/int8field.mod compilation, {additional_flags= -O } timeout=10 program timed out.
WARNING: gm2/iso/run/pass/int8field.mod compilation, {additional_flags= -O3 -fomit-frame-pointer -finline-functions } timeout=10 program timed out.
WARNING: gm2/iso/run/pass/int8field.mod compilation, {additional_flags= -O3 -fomit-frame-pointer } timeout=10 program timed out.
WARNING: gm2/iso/run/pass/int8field.mod compilation, {additional_flags= -Os } timeout=10 program timed out.
UNRESOLVED: gm2/iso/run/pass/int8field.mod execution, -O (link failed)
UNRESOLVED: gm2/iso/run/pass/int8field.mod execution, -O -g (link failed)
UNRESOLVED: gm2/iso/run/pass/int8field.mod execution, -O3 -fomit-frame-pointer (link failed)
UNRESOLVED: gm2/iso/run/pass/int8field.mod execution, -O3 -fomit-frame-pointer -finline-functions (link failed)
UNRESOLVED: gm2/iso/run/pass/int8field.mod execution, -Os (link failed)
UNRESOLVED: gm2/iso/run/pass/int8field.mod execution, -g (link failed)
WARNING: gm2/iso/run/pass/long.mod compilation, {additional_flags= -g } timeout=10 program timed out.
WARNING: gm2/iso/run/pass/simplelarge.mod compilation, -O program timed out.
FAIL: gm2/iso/run/pass/simplelarge.mod compilation, -O
WARNING: gm2/iso/run/pass/simplelarge.mod compilation, -O -g program timed out.
FAIL: gm2/iso/run/pass/simplelarge.mod compilation, -O -g
WARNING: gm2/iso/run/pass/simplelarge.mod compilation, -O3 -fomit-frame-pointer program timed out.
FAIL: gm2/iso/run/pass/simplelarge.mod compilation, -O3 -fomit-frame-pointer
WARNING: gm2/iso/run/pass/simplelarge.mod compilation, -O3 -fomit-frame-pointer -finline-functions program timed out.
FAIL: gm2/iso/run/pass/simplelarge.mod compilation, -O3 -fomit-frame-pointer -finline-functions
WARNING: gm2/iso/run/pass/simplelarge.mod compilation, -Os program timed out.
FAIL: gm2/iso/run/pass/simplelarge.mod compilation, -Os
WARNING: gm2/iso/run/pass/simplelarge.mod compilation, -g program timed out.
FAIL: gm2/iso/run/pass/simplelarge.mod compilation, -g
WARNING: gm2/iso/run/pass/simplelarge.mod compilation, {additional_flags= -O -g } timeout=10 program timed out.
WARNING: gm2/iso/run/pass/simplelarge.mod compilation, {additional_flags= -O } timeout=10 program timed out.
WARNING: gm2/iso/run/pass/simplelarge.mod compilation, {additional_flags= -O3 -fomit-frame-pointer -finline-functions } timeout=10 program timed out.
WARNING: gm2/iso/run/pass/simplelarge.mod compilation, {additional_flags= -O3 -fomit-frame-pointer } timeout=10 program timed out.
WARNING: gm2/iso/run/pass/simplelarge.mod compilation, {additional_flags= -Os } timeout=10 program timed out.
UNRESOLVED: gm2/iso/run/pass/simplelarge.mod execution, -O (link failed)
UNRESOLVED: gm2/iso/run/pass/simplelarge.mod execution, -O -g (link failed)
UNRESOLVED: gm2/iso/run/pass/simplelarge.mod execution, -O3 -fomit-frame-pointer (link failed)
UNRESOLVED: gm2/iso/run/pass/simplelarge.mod execution, -O3 -fomit-frame-pointer -finline-functions (link failed)
UNRESOLVED: gm2/iso/run/pass/simplelarge.mod execution, -Os (link failed)
UNRESOLVED: gm2/iso/run/pass/simplelarge.mod execution, -g (link failed)
WARNING: gm2/iso/run/pass/strcons.mod compilation, {additional_flags= -g } timeout=10 program timed out.
WARNING: gm2/iso/run/pass/testgeneric.mod compilation, {additional_flags= -Os } timeout=10 (internal compiler error: in output_constructor_regular_field, at varasm.cc:5500) program timed out.
FAIL: gm2/iso/run/pass/testgeneric.mod compilation, {additional_flags= -Os } timeout=10 (internal compiler error: in output_constructor_regular_field, at varasm.cc:5500)
UNRESOLVED: gm2/iso/run/pass/testgeneric.mod execution, {additional_flags= -Os } timeout=10
WARNING: gm2/iso/run/pass/testlarge.mod compilation, -O program timed out.
FAIL: gm2/iso/run/pass/testlarge.mod compilation, -O
WARNING: gm2/iso/run/pass/testlarge.mod compilation, -O -g program timed out.
FAIL: gm2/iso/run/pass/testlarge.mod compilation, -O -g
WARNING: gm2/iso/run/pass/testlarge.mod compilation, -O3 -fomit-frame-pointer program timed out.
FAIL: gm2/iso/run/pass/testlarge.mod compilation, -O3 -fomit-frame-pointer
WARNING: gm2/iso/run/pass/testlarge.mod compilation, -O3 -fomit-frame-pointer -finline-functions program timed out.
FAIL: gm2/iso/run/pass/testlarge.mod compilation, -O3 -fomit-frame-pointer -finline-functions
WARNING: gm2/iso/run/pass/testlarge.mod compilation, -Os program timed out.
FAIL: gm2/iso/run/pass/testlarge.mod compilation, -Os
WARNING: gm2/iso/run/pass/testlarge.mod compilation, -g program timed out.
FAIL: gm2/iso/run/pass/testlarge.mod compilation, -g
WARNING: gm2/iso/run/pass/testlarge.mod compilation, {additional_flags= -O -g } timeout=10 program timed out.
WARNING: gm2/iso/run/pass/testlarge.mod compilation, {additional_flags= -O } timeout=10 program timed out.
WARNING: gm2/iso/run/pass/testlarge.mod compilation, {additional_flags= -O3 -fomit-frame-pointer -finline-functions } timeout=10 program timed out.
WARNING: gm2/iso/run/pass/testlarge.mod compilation, {additional_flags= -O3 -fomit-frame-pointer } timeout=10 program timed out.
WARNING: gm2/iso/run/pass/testlarge.mod compilation, {additional_flags= -Os } timeout=10 program timed out.
UNRESOLVED: gm2/iso/run/pass/testlarge.mod execution, -O (link failed)
UNRESOLVED: gm2/iso/run/pass/testlarge.mod execution, -O -g (link failed)
UNRESOLVED: gm2/iso/run/pass/testlarge.mod execution, -O3 -fomit-frame-pointer (link failed)
UNRESOLVED: gm2/iso/run/pass/testlarge.mod execution, -O3 -fomit-frame-pointer -finline-functions (link failed)
UNRESOLVED: gm2/iso/run/pass/testlarge.mod execution, -Os (link failed)
UNRESOLVED: gm2/iso/run/pass/testlarge.mod execution, -g (link failed)
WARNING: gm2/iso/run/pass/testsystem.mod compilation, {additional_flags= -g } timeout=10 program timed out.
WARNING: gm2/isolib/run/pass/filepos.mod compilation, -O program timed out.
FAIL: gm2/isolib/run/pass/filepos.mod compilation, -O
WARNING: gm2/isolib/run/pass/filepos.mod compilation, -O -g program timed out.
FAIL: gm2/isolib/run/pass/filepos.mod compilation, -O -g
WARNING: gm2/isolib/run/pass/filepos.mod compilation, -O3 -fomit-frame-pointer program timed out.
FAIL: gm2/isolib/run/pass/filepos.mod compilation, -O3 -fomit-frame-pointer
WARNING: gm2/isolib/run/pass/filepos.mod compilation, -O3 -fomit-frame-pointer -finline-functions program timed out.
FAIL: gm2/isolib/run/pass/filepos.mod compilation, -O3 -fomit-frame-pointer -finline-functions
WARNING: gm2/isolib/run/pass/filepos.mod compilation, -Os program timed out.
FAIL: gm2/isolib/run/pass/filepos.mod compilation, -Os
WARNING: gm2/isolib/run/pass/filepos.mod compilation, -g program timed out.
FAIL: gm2/isolib/run/pass/filepos.mod compilation, -g
WARNING: gm2/isolib/run/pass/filepos.mod compilation, {additional_flags= -O -g } timeout=10 program timed out.
WARNING: gm2/isolib/run/pass/filepos.mod compilation, {additional_flags= -O } timeout=10 program timed out.
WARNING: gm2/isolib/run/pass/filepos.mod compilation, {additional_flags= -O3 -fomit-frame-pointer -finline-functions } timeout=10 program timed out.
WARNING: gm2/isolib/run/pass/filepos.mod compilation, {additional_flags= -O3 -fomit-frame-pointer } timeout=10 program timed out.
WARNING: gm2/isolib/run/pass/filepos.mod compilation, {additional_flags= -Os } timeout=10 program timed out.
UNRESOLVED: gm2/isolib/run/pass/filepos.mod execution, -O (link failed)
UNRESOLVED: gm2/isolib/run/pass/filepos.mod execution, -O -g (link failed)
UNRESOLVED: gm2/isolib/run/pass/filepos.mod execution, -O3 -fomit-frame-pointer (link failed)
UNRESOLVED: gm2/isolib/run/pass/filepos.mod execution, -O3 -fomit-frame-pointer -finline-functions (link failed)
UNRESOLVED: gm2/isolib/run/pass/filepos.mod execution, -Os (link failed)
UNRESOLVED: gm2/isolib/run/pass/filepos.mod execution, -g (link failed)
WARNING: gm2/isolib/run/pass/hello.mod compilation, {additional_flags= -g } timeout=10 program timed out.
WARNING: gm2/isolib/run/pass/readreal.mod compilation, -O program timed out.
FAIL: gm2/isolib/run/pass/readreal.mod compilation, -O
WARNING: gm2/isolib/run/pass/readreal.mod compilation, -O -g program timed out.
FAIL: gm2/isolib/run/pass/readreal.mod compilation, -O -g
WARNING: gm2/isolib/run/pass/readreal.mod compilation, -O3 -fomit-frame-pointer program timed out.
FAIL: gm2/isolib/run/pass/readreal.mod compilation, -O3 -fomit-frame-pointer
WARNING: gm2/isolib/run/pass/readreal.mod compilation, -O3 -fomit-frame-pointer -finline-functions program timed out.
FAIL: gm2/isolib/run/pass/readreal.mod compilation, -O3 -fomit-frame-pointer -finline-functions
WARNING: gm2/isolib/run/pass/readreal.mod compilation, -Os program timed out.
FAIL: gm2/isolib/run/pass/readreal.mod compilation, -Os
WARNING: gm2/isolib/run/pass/readreal.mod compilation, -g program timed out.
FAIL: gm2/isolib/run/pass/readreal.mod compilation, -g
WARNING: gm2/isolib/run/pass/readreal.mod compilation, {additional_flags= -O -g } timeout=10 program timed out.
WARNING: gm2/isolib/run/pass/readreal.mod compilation, {additional_flags= -O } timeout=10 program timed out.
WARNING: gm2/isolib/run/pass/readreal.mod compilation, {additional_flags= -O3 -fomit-frame-pointer -finline-functions } timeout=10 program timed out.
WARNING: gm2/isolib/run/pass/readreal.mod compilation, {additional_flags= -O3 -fomit-frame-pointer } timeout=10 program timed out.
WARNING: gm2/isolib/run/pass/readreal.mod compilation, {additional_flags= -Os } timeout=10 program timed out.
UNRESOLVED: gm2/isolib/run/pass/readreal.mod execution, -O (link failed)
UNRESOLVED: gm2/isolib/run/pass/readreal.mod execution, -O -g (link failed)
UNRESOLVED: gm2/isolib/run/pass/readreal.mod execution, -O3 -fomit-frame-pointer (link failed)
UNRESOLVED: gm2/isolib/run/pass/readreal.mod execution, -O3 -fomit-frame-pointer -finline-functions (link failed)
UNRESOLVED: gm2/isolib/run/pass/readreal.mod execution, -Os (link failed)
UNRESOLVED: gm2/isolib/run/pass/readreal.mod execution, -g (link failed)
WARNING: gm2/isolib/run/pass/real1.mod compilation, {additional_flags= -g } timeout=10 program timed out.
WARNING: gm2/isolib/run/pass/testmem.mod compilation, -O program timed out.
FAIL: gm2/isolib/run/pass/testmem.mod compilation, -O
WARNING: gm2/isolib/run/pass/testmem.mod compilation, -O -g program timed out.
FAIL: gm2/isolib/run/pass/testmem.mod compilation, -O -g
WARNING: gm2/isolib/run/pass/testmem.mod compilation, -O3 -fomit-frame-pointer program timed out.
FAIL: gm2/isolib/run/pass/testmem.mod compilation, -O3 -fomit-frame-pointer
WARNING: gm2/isolib/run/pass/testmem.mod compilation, -O3 -fomit-frame-pointer -finline-functions program timed out.
FAIL: gm2/isolib/run/pass/testmem.mod compilation, -O3 -fomit-frame-pointer -finline-functions
WARNING: gm2/isolib/run/pass/testmem.mod compilation, -Os program timed out.
FAIL: gm2/isolib/run/pass/testmem.mod compilation, -Os
WARNING: gm2/isolib/run/pass/testmem.mod compilation, -g program timed out.
FAIL: gm2/isolib/run/pass/testmem.mod compilation, -g
WARNING: gm2/isolib/run/pass/testmem.mod compilation, {additional_flags= -O -g } timeout=10 program timed out.
WARNING: gm2/isolib/run/pass/testmem.mod compilation, {additional_flags= -O } timeout=10 program timed out.
WARNING: gm2/isolib/run/pass/testmem.mod compilation, {additional_flags= -O3 -fomit-frame-pointer -finline-functions } timeout=10 program timed out.
WARNING: gm2/isolib/run/pass/testmem.mod compilation, {additional_flags= -O3 -fomit-frame-pointer } timeout=10 program timed out.
WARNING: gm2/isolib/run/pass/testmem.mod compilation, {additional_flags= -Os } timeout=10 program timed out.
UNRESOLVED: gm2/isolib/run/pass/testmem.mod execution, -O (link failed)
UNRESOLVED: gm2/isolib/run/pass/testmem.mod execution, -O -g (link failed)
UNRESOLVED: gm2/isolib/run/pass/testmem.mod execution, -O3 -fomit-frame-pointer (link failed)
UNRESOLVED: gm2/isolib/run/pass/testmem.mod execution, -O3 -fomit-frame-pointer -finline-functions (link failed)
UNRESOLVED: gm2/isolib/run/pass/testmem.mod execution, -Os (link failed)
UNRESOLVED: gm2/isolib/run/pass/testmem.mod execution, -g (link failed)
WARNING: gm2/isolib/run/pass/testmem2.mod compilation, -O program timed out.
FAIL: gm2/isolib/run/pass/testmem2.mod compilation, -O
WARNING: gm2/isolib/run/pass/testmem2.mod compilation, -O3 -fomit-frame-pointer program timed out.
FAIL: gm2/isolib/run/pass/testmem2.mod compilation, -O3 -fomit-frame-pointer
WARNING: gm2/isolib/run/pass/testmem2.mod compilation, -Os program timed out.
FAIL: gm2/isolib/run/pass/testmem2.mod compilation, -Os
WARNING: gm2/isolib/run/pass/testmem2.mod compilation, {additional_flags= -O -g } timeout=10 program timed out.
WARNING: gm2/isolib/run/pass/testmem2.mod compilation, {additional_flags= -O3 -fomit-frame-pointer -finline-functions } timeout=10 program timed out.
WARNING: gm2/isolib/run/pass/testmem2.mod compilation, {additional_flags= -g } timeout=10 program timed out.
UNRESOLVED: gm2/isolib/run/pass/testmem2.mod execution, -O (link failed)
UNRESOLVED: gm2/isolib/run/pass/testmem2.mod execution, -O3 -fomit-frame-pointer (link failed)
UNRESOLVED: gm2/isolib/run/pass/testmem2.mod execution, -Os (link failed)
FAIL: gm2/pim/pass/TestLong4.mod, -O
FAIL: gm2/pim/pass/TestLong4.mod, -O -g
FAIL: gm2/pim/pass/TestLong4.mod, -O3 -fomit-frame-pointer
FAIL: gm2/pim/pass/TestLong4.mod, -O3 -fomit-frame-pointer -finline-functions
FAIL: gm2/pim/pass/TestLong4.mod, -Os
FAIL: gm2/pim/pass/TestLong4.mod, -g
WARNING: gm2/pim/run/pass/TestLong.mod compilation, -O3 -fomit-frame-pointer program timed out.
FAIL: gm2/pim/run/pass/TestLong.mod compilation, -O3 -fomit-frame-pointer
UNRESOLVED: gm2/pim/run/pass/TestLong.mod execution, -O3 -fomit-frame-pointer (link failed)
WARNING: gm2/pimlib/logitech/run/pass/realconv.mod compilation, -O program timed out.
FAIL: gm2/pimlib/logitech/run/pass/realconv.mod compilation, -O
WARNING: gm2/pimlib/logitech/run/pass/realconv.mod compilation, -O -g program timed out.
FAIL: gm2/pimlib/logitech/run/pass/realconv.mod compilation, -O -g
WARNING: gm2/pimlib/logitech/run/pass/realconv.mod compilation, -O3 -fomit-frame-pointer program timed out.
FAIL: gm2/pimlib/logitech/run/pass/realconv.mod compilation, -O3 -fomit-frame-pointer
WARNING: gm2/pimlib/logitech/run/pass/realconv.mod compilation, -O3 -fomit-frame-pointer -finline-functions program timed out.
FAIL: gm2/pimlib/logitech/run/pass/realconv.mod compilation, -O3 -fomit-frame-pointer -finline-functions
WARNING: gm2/pimlib/logitech/run/pass/realconv.mod compilation, -Os program timed out.
FAIL: gm2/pimlib/logitech/run/pass/realconv.mod compilation, -Os
WARNING: gm2/pimlib/logitech/run/pass/realconv.mod compilation, -g program timed out.
FAIL: gm2/pimlib/logitech/run/pass/realconv.mod compilation, -g
WARNING: gm2/pimlib/logitech/run/pass/realconv.mod compilation, {additional_flags= -O -g } timeout=10 program timed out.
WARNING: gm2/pimlib/logitech/run/pass/realconv.mod compilation, {additional_flags= -O } timeout=10 program timed out.
WARNING: gm2/pimlib/logitech/run/pass/realconv.mod compilation, {additional_flags= -O3 -fomit-frame-pointer -finline-functions } timeout=10 program timed out.
WARNING: gm2/pimlib/logitech/run/pass/realconv.mod compilation, {additional_flags= -O3 -fomit-frame-pointer } timeout=10 program timed out.
WARNING: gm2/pimlib/logitech/run/pass/realconv.mod compilation, {additional_flags= -Os } timeout=10 program timed out.
UNRESOLVED: gm2/pimlib/logitech/run/pass/realconv.mod execution, -O (link failed)
UNRESOLVED: gm2/pimlib/logitech/run/pass/realconv.mod execution, -O -g (link failed)
UNRESOLVED: gm2/pimlib/logitech/run/pass/realconv.mod execution, -O3 -fomit-frame-pointer (link failed)
UNRESOLVED: gm2/pimlib/logitech/run/pass/realconv.mod execution, -O3 -fomit-frame-pointer -finline-functions (link failed)
UNRESOLVED: gm2/pimlib/logitech/run/pass/realconv.mod execution, -Os (link failed)
UNRESOLVED: gm2/pimlib/logitech/run/pass/realconv.mod execution, -g (link failed)
WARNING: gm2/pimlib/logitech/run/pass/realinput.mod compilation, -O -g program timed out.
FAIL: gm2/pimlib/logitech/run/pass/realinput.mod compilation, -O -g
WARNING: gm2/pimlib/logitech/run/pass/realinput.mod compilation, -Os program timed out.
FAIL: gm2/pimlib/logitech/run/pass/realinput.mod compilation, -Os
WARNING: gm2/pimlib/logitech/run/pass/realinput.mod compilation, {additional_flags= -O3 -fomit-frame-pointer } timeout=10 program timed out.
WARNING: gm2/pimlib/logitech/run/pass/realinput.mod compilation, {additional_flags= -Os } timeout=10 program timed out.
WARNING: gm2/pimlib/logitech/run/pass/realinput.mod compilation, {additional_flags= -g } timeout=10 program timed out.
UNRESOLVED: gm2/pimlib/logitech/run/pass/realinput.mod execution, -O -g (link failed)
UNRESOLVED: gm2/pimlib/logitech/run/pass/realinput.mod execution, -Os (link failed)
WARNING: gm2/pimlib/logitech/run/pass/timedate.mod compilation, -O program timed out.
FAIL: gm2/pimlib/logitech/run/pass/timedate.mod compilation, -O
WARNING: gm2/pimlib/logitech/run/pass/timedate.mod compilation, -O -g program timed out.
FAIL: gm2/pimlib/logitech/run/pass/timedate.mod compilation, -O -g
WARNING: gm2/pimlib/logitech/run/pass/timedate.mod compilation, -O3 -fomit-frame-pointer program timed out.
FAIL: gm2/pimlib/logitech/run/pass/timedate.mod compilation, -O3 -fomit-frame-pointer
WARNING: gm2/pimlib/logitech/run/pass/timedate.mod compilation, -Os program timed out.
FAIL: gm2/pimlib/logitech/run/pass/timedate.mod compilation, -Os
WARNING: gm2/pimlib/logitech/run/pass/timedate.mod compilation, -g program timed out.
FAIL: gm2/pimlib/logitech/run/pass/timedate.mod compilation, -g
WARNING: gm2/pimlib/logitech/run/pass/timedate.mod compilation, {additional_flags= -O } timeout=10 program timed out.
WARNING: gm2/pimlib/logitech/run/pass/timedate.mod compilation, {additional_flags= -O3 -fomit-frame-pointer -finline-functions } timeout=10 program timed out.
WARNING: gm2/pimlib/logitech/run/pass/timedate.mod compilation, {additional_flags= -O3 -fomit-frame-pointer } timeout=10 program timed out.
WARNING: gm2/pimlib/logitech/run/pass/timedate.mod compilation, {additional_flags= -Os } timeout=10 program timed out.
UNRESOLVED: gm2/pimlib/logitech/run/pass/timedate.mod execution, -O (link failed)
UNRESOLVED: gm2/pimlib/logitech/run/pass/timedate.mod execution, -O -g (link failed)
UNRESOLVED: gm2/pimlib/logitech/run/pass/timedate.mod execution, -O3 -fomit-frame-pointer (link failed)
UNRESOLVED: gm2/pimlib/logitech/run/pass/timedate.mod execution, -Os (link failed)
UNRESOLVED: gm2/pimlib/logitech/run/pass/timedate.mod execution, -g (link failed)
WARNING: gm2/pimlib/run/pass/limittests.mod compilation, -O -g program timed out.
FAIL: gm2/pimlib/run/pass/limittests.mod compilation, -O -g
WARNING: gm2/pimlib/run/pass/limittests.mod compilation, -Os program timed out.
FAIL: gm2/pimlib/run/pass/limittests.mod compilation, -Os
WARNING: gm2/pimlib/run/pass/limittests.mod compilation, -g program timed out.
FAIL: gm2/pimlib/run/pass/limittests.mod compilation, -g
WARNING: gm2/pimlib/run/pass/limittests.mod compilation, {additional_flags= -O3 -fomit-frame-pointer } timeout=10 program timed out.
WARNING: gm2/pimlib/run/pass/limittests.mod compilation, {additional_flags= -Os } timeout=10 program timed out.
UNRESOLVED: gm2/pimlib/run/pass/limittests.mod execution, -O -g (link failed)
UNRESOLVED: gm2/pimlib/run/pass/limittests.mod execution, -Os (link failed)
UNRESOLVED: gm2/pimlib/run/pass/limittests.mod execution, -g (link failed)
WARNING: gm2/pimlib/run/pass/testreal4.mod compilation, -O program timed out.
FAIL: gm2/pimlib/run/pass/testreal4.mod compilation, -O
WARNING: gm2/pimlib/run/pass/testreal4.mod compilation, -O -g program timed out.
FAIL: gm2/pimlib/run/pass/testreal4.mod compilation, -O -g
WARNING: gm2/pimlib/run/pass/testreal4.mod compilation, -O3 -fomit-frame-pointer program timed out.
FAIL: gm2/pimlib/run/pass/testreal4.mod compilation, -O3 -fomit-frame-pointer
WARNING: gm2/pimlib/run/pass/testreal4.mod compilation, -O3 -fomit-frame-pointer -finline-functions program timed out.
FAIL: gm2/pimlib/run/pass/testreal4.mod compilation, -O3 -fomit-frame-pointer -finline-functions
WARNING: gm2/pimlib/run/pass/testreal4.mod compilation, -g program timed out.
FAIL: gm2/pimlib/run/pass/testreal4.mod compilation, -g
WARNING: gm2/pimlib/run/pass/testreal4.mod compilation, {additional_flags= -O -g } timeout=10 program timed out.
WARNING: gm2/pimlib/run/pass/testreal4.mod compilation, {additional_flags= -O } timeout=10 program timed out.
WARNING: gm2/pimlib/run/pass/testreal4.mod compilation, {additional_flags= -O3 -fomit-frame-pointer -finline-functions } timeout=10 program timed out.
WARNING: gm2/pimlib/run/pass/testreal4.mod compilation, {additional_flags= -Os } timeout=10 program timed out.
UNRESOLVED: gm2/pimlib/run/pass/testreal4.mod execution, -O (link failed)
UNRESOLVED: gm2/pimlib/run/pass/testreal4.mod execution, -O -g (link failed)
UNRESOLVED: gm2/pimlib/run/pass/testreal4.mod execution, -O3 -fomit-frame-pointer (link failed)
UNRESOLVED: gm2/pimlib/run/pass/testreal4.mod execution, -O3 -fomit-frame-pointer -finline-functions (link failed)
UNRESOLVED: gm2/pimlib/run/pass/testreal4.mod execution, -g (link failed)
WARNING: gm2/projects/iso/run/pass/halma/halma.mod compilation, -O program timed out.
FAIL: gm2/projects/iso/run/pass/halma/halma.mod compilation, -O
WARNING: gm2/projects/iso/run/pass/halma/halma.mod compilation, -O -g program timed out.
FAIL: gm2/projects/iso/run/pass/halma/halma.mod compilation, -O -g
WARNING: gm2/projects/iso/run/pass/halma/halma.mod compilation, -O3 -fomit-frame-pointer program timed out.
FAIL: gm2/projects/iso/run/pass/halma/halma.mod compilation, -O3 -fomit-frame-pointer
WARNING: gm2/projects/iso/run/pass/halma/halma.mod compilation, -O3 -fomit-frame-pointer -finline-functions program timed out.
FAIL: gm2/projects/iso/run/pass/halma/halma.mod compilation, -O3 -fomit-frame-pointer -finline-functions
WARNING: gm2/projects/iso/run/pass/halma/halma.mod compilation, -Os program timed out.
FAIL: gm2/projects/iso/run/pass/halma/halma.mod compilation, -Os
WARNING: gm2/projects/iso/run/pass/halma/halma.mod compilation, -g program timed out.
FAIL: gm2/projects/iso/run/pass/halma/halma.mod compilation, -g
WARNING: gm2/projects/iso/run/pass/halma/halma.mod compilation, {additional_flags= -O -g } timeout=10 program timed out.
WARNING: gm2/projects/iso/run/pass/halma/halma.mod compilation, {additional_flags= -O } timeout=10 program timed out.
WARNING: gm2/projects/iso/run/pass/halma/halma.mod compilation, {additional_flags= -O3 -fomit-frame-pointer -finline-functions } timeout=10 program timed out.
WARNING: gm2/projects/iso/run/pass/halma/halma.mod compilation, {additional_flags= -O3 -fomit-frame-pointer } timeout=10 program timed out.
WARNING: gm2/projects/iso/run/pass/halma/halma.mod compilation, {additional_flags= -Os } timeout=10 program timed out.
WARNING: gm2/projects/iso/run/pass/halma/halma.mod compilation, {additional_flags= -g } timeout=10 program timed out.
UNRESOLVED: gm2/projects/iso/run/pass/halma/halma.mod execution, -O (link failed)
UNRESOLVED: gm2/projects/iso/run/pass/halma/halma.mod execution, -O -g (link failed)
UNRESOLVED: gm2/projects/iso/run/pass/halma/halma.mod execution, -O3 -fomit-frame-pointer (link failed)
UNRESOLVED: gm2/projects/iso/run/pass/halma/halma.mod execution, -O3 -fomit-frame-pointer -finline-functions (link failed)
UNRESOLVED: gm2/projects/iso/run/pass/halma/halma.mod execution, -Os (link failed)
UNRESOLVED: gm2/projects/iso/run/pass/halma/halma.mod execution, -g (link failed)
WARNING: gm2/projects/iso/run/pass/hello/hello.mod compilation, {additional_flags= -g } timeout=10 program timed out.
WARNING: gm2/projects/pim/run/pass/random/Map.mod compilation, -O program timed out.
FAIL: gm2/projects/pim/run/pass/random/Map.mod compilation, -O
WARNING: gm2/projects/pim/run/pass/random/Map.mod compilation, -O -g program timed out.
FAIL: gm2/projects/pim/run/pass/random/Map.mod compilation, -O -g
WARNING: gm2/projects/pim/run/pass/random/Map.mod compilation, -O3 -fomit-frame-pointer program timed out.
FAIL: gm2/projects/pim/run/pass/random/Map.mod compilation, -O3 -fomit-frame-pointer
WARNING: gm2/projects/pim/run/pass/random/Map.mod compilation, -O3 -fomit-frame-pointer -finline-functions program timed out.
FAIL: gm2/projects/pim/run/pass/random/Map.mod compilation, -O3 -fomit-frame-pointer -finline-functions
WARNING: gm2/projects/pim/run/pass/random/Map.mod compilation, -Os program timed out.
FAIL: gm2/projects/pim/run/pass/random/Map.mod compilation, -Os
WARNING: gm2/projects/pim/run/pass/random/Map.mod compilation, -g program timed out.
FAIL: gm2/projects/pim/run/pass/random/Map.mod compilation, -g
WARNING: gm2/projects/pim/run/pass/random/Map.mod compilation, {additional_flags= -O -g } timeout=10 program timed out.
WARNING: gm2/projects/pim/run/pass/random/Map.mod compilation, {additional_flags= -O } timeout=10 program timed out.
WARNING: gm2/projects/pim/run/pass/random/Map.mod compilation, {additional_flags= -O3 -fomit-frame-pointer -finline-functions } timeout=10 program timed out.
WARNING: gm2/projects/pim/run/pass/random/Map.mod compilation, {additional_flags= -O3 -fomit-frame-pointer } timeout=10 program timed out.
WARNING: gm2/projects/pim/run/pass/random/Map.mod compilation, {additional_flags= -Os } timeout=10 program timed out.
UNRESOLVED: gm2/projects/pim/run/pass/random/Map.mod execution, -O (link failed)
UNRESOLVED: gm2/projects/pim/run/pass/random/Map.mod execution, -O -g (link failed)
UNRESOLVED: gm2/projects/pim/run/pass/random/Map.mod execution, -O3 -fomit-frame-pointer (link failed)
UNRESOLVED: gm2/projects/pim/run/pass/random/Map.mod execution, -O3 -fomit-frame-pointer -finline-functions (link failed)
UNRESOLVED: gm2/projects/pim/run/pass/random/Map.mod execution, -Os (link failed)
UNRESOLVED: gm2/projects/pim/run/pass/random/Map.mod execution, -g (link failed)
WARNING: gm2/quads/run/pass/becomes.mod compilation, {additional_flags= -g } timeout=10 program timed out.
WARNING: gm2/switches/check-all/run/pass/subrange.mod compilation, -O3 -fomit-frame-pointer -finline-functions program timed out.
FAIL: gm2/switches/check-all/run/pass/subrange.mod compilation, -O3 -fomit-frame-pointer -finline-functions
UNRESOLVED: gm2/switches/check-all/run/pass/subrange.mod execution, -O3 -fomit-frame-pointer -finline-functions (link failed)
WARNING: gm2/switches/pim3/run/pass/modulus.mod compilation, -O program timed out.
FAIL: gm2/switches/pim3/run/pass/modulus.mod compilation, -O
UNRESOLVED: gm2/switches/pim3/run/pass/modulus.mod execution, -O (link failed)
WARNING: gm2/switches/whole-program/pass/run/hello.mod, -O3 -fomit-frame-pointer program timed out.
FAIL: gm2/switches/whole-program/pass/run/hello.mod, -O3 -fomit-frame-pointer
WARNING: gm2/switches/whole-program/pass/run/hello.mod, -O3 -fomit-frame-pointer -finline-functions program timed out.
FAIL: gm2/switches/whole-program/pass/run/hello.mod, -O3 -fomit-frame-pointer -finline-functions
WARNING: gm2/switches/whole-program/pass/run/hello2.mod, -O3 -fomit-frame-pointer program timed out.
FAIL: gm2/switches/whole-program/pass/run/hello2.mod, -O3 -fomit-frame-pointer
WARNING: gm2/switches/whole-program/pass/run/hello2.mod, -O3 -fomit-frame-pointer -finline-functions program timed out.
FAIL: gm2/switches/whole-program/pass/run/hello2.mod, -O3 -fomit-frame-pointer -finline-functions
WARNING: gm2/switches/whole-program/pass/run/tiny.mod, -O3 -fomit-frame-pointer program timed out.
FAIL: gm2/switches/whole-program/pass/run/tiny.mod, -O3 -fomit-frame-pointer
WARNING: gm2/switches/whole-program/pass/run/tiny.mod, -O3 -fomit-frame-pointer -finline-functions program timed out.
FAIL: gm2/switches/whole-program/pass/run/tiny.mod, -O3 -fomit-frame-pointer -finline-functions
WARNING: gm2/switches/whole-program/pass/run/tiny2.mod, -O3 -fomit-frame-pointer -finline-functions program timed out.
FAIL: gm2/switches/whole-program/pass/run/tiny2.mod, -O3 -fomit-frame-pointer -finline-functions
=== gm2 Summary for unix ===
# of expected passes 11694
# of unexpected failures 101
# of unresolved testcases 77
Running target unix/-m64
WARNING: gm2/coroutines/pim/run/pass/testiotransfer.mod execution, -O3 -fomit-frame-pointer program timed out.
FAIL: gm2/coroutines/pim/run/pass/testiotransfer.mod execution, -O3 -fomit-frame-pointer
WARNING: gm2/coroutines/pim/run/pass/testtransfer.mod execution, -O program timed out.
FAIL: gm2/coroutines/pim/run/pass/testtransfer.mod execution, -O
WARNING: gm2/coroutines/pim/run/pass/testtransfer.mod execution, -O -g program timed out.
FAIL: gm2/coroutines/pim/run/pass/testtransfer.mod execution, -O -g
WARNING: gm2/coroutines/pim/run/pass/testtransfer.mod execution, -O3 -fomit-frame-pointer program timed out.
FAIL: gm2/coroutines/pim/run/pass/testtransfer.mod execution, -O3 -fomit-frame-pointer
WARNING: gm2/coroutines/pim/run/pass/testtransfer.mod execution, -O3 -fomit-frame-pointer -finline-functions program timed out.
FAIL: gm2/coroutines/pim/run/pass/testtransfer.mod execution, -O3 -fomit-frame-pointer -finline-functions
WARNING: gm2/coroutines/pim/run/pass/testtransfer.mod execution, -Os program timed out.
FAIL: gm2/coroutines/pim/run/pass/testtransfer.mod execution, -Os
WARNING: gm2/coroutines/pim/run/pass/testtransfer.mod execution, -g program timed out.
FAIL: gm2/coroutines/pim/run/pass/testtransfer.mod execution, -g
FAIL: gm2/cpp/pass/subaddr.mod, -O
FAIL: gm2/cpp/pass/subaddr.mod, -O -g
FAIL: gm2/cpp/pass/subaddr.mod, -O3 -fomit-frame-pointer
FAIL: gm2/cpp/pass/subaddr.mod, -O3 -fomit-frame-pointer -finline-functions
FAIL: gm2/cpp/pass/subaddr.mod, -Os
FAIL: gm2/cpp/pass/subaddr.mod, -g
FAIL: gm2/iso/pass/m.mod, -O
FAIL: gm2/iso/pass/m.mod, -O -g
FAIL: gm2/iso/pass/m.mod, -O3 -fomit-frame-pointer
FAIL: gm2/iso/pass/m.mod, -O3 -fomit-frame-pointer -finline-functions
FAIL: gm2/iso/pass/m.mod, -Os
FAIL: gm2/iso/pass/m.mod, -g
WARNING: gm2/iso/run/pass/int8field.mod compilation, -O -g program timed out.
FAIL: gm2/iso/run/pass/int8field.mod compilation, -O -g
WARNING: gm2/iso/run/pass/int8field.mod compilation, -O3 -fomit-frame-pointer program timed out.
FAIL: gm2/iso/run/pass/int8field.mod compilation, -O3 -fomit-frame-pointer
WARNING: gm2/iso/run/pass/int8field.mod compilation, -O3 -fomit-frame-pointer -finline-functions program timed out.
FAIL: gm2/iso/run/pass/int8field.mod compilation, -O3 -fomit-frame-pointer -finline-functions
WARNING: gm2/iso/run/pass/int8field.mod compilation, -Os program timed out.
FAIL: gm2/iso/run/pass/int8field.mod compilation, -Os
WARNING: gm2/iso/run/pass/int8field.mod compilation, -g program timed out.
FAIL: gm2/iso/run/pass/int8field.mod compilation, -g
WARNING: gm2/iso/run/pass/int8field.mod compilation, {additional_flags= -O } timeout=10 program timed out.
WARNING: gm2/iso/run/pass/int8field.mod compilation, {additional_flags= -O3 -fomit-frame-pointer -finline-functions } timeout=10 program timed out.
WARNING: gm2/iso/run/pass/int8field.mod compilation, {additional_flags= -O3 -fomit-frame-pointer } timeout=10 program timed out.
WARNING: gm2/iso/run/pass/int8field.mod compilation, {additional_flags= -Os } timeout=10 program timed out.
UNRESOLVED: gm2/iso/run/pass/int8field.mod execution, -O -g (link failed)
UNRESOLVED: gm2/iso/run/pass/int8field.mod execution, -O3 -fomit-frame-pointer (link failed)
UNRESOLVED: gm2/iso/run/pass/int8field.mod execution, -O3 -fomit-frame-pointer -finline-functions (link failed)
UNRESOLVED: gm2/iso/run/pass/int8field.mod execution, -Os (link failed)
UNRESOLVED: gm2/iso/run/pass/int8field.mod execution, -g (link failed)
WARNING: gm2/iso/run/pass/long.mod compilation, {additional_flags= -g } timeout=10 program timed out.
WARNING: gm2/iso/run/pass/simplelarge.mod compilation, -O program timed out.
FAIL: gm2/iso/run/pass/simplelarge.mod compilation, -O
WARNING: gm2/iso/run/pass/simplelarge.mod compilation, -O -g program timed out.
FAIL: gm2/iso/run/pass/simplelarge.mod compilation, -O -g
WARNING: gm2/iso/run/pass/simplelarge.mod compilation, -O3 -fomit-frame-pointer program timed out.
FAIL: gm2/iso/run/pass/simplelarge.mod compilation, -O3 -fomit-frame-pointer
WARNING: gm2/iso/run/pass/simplelarge.mod compilation, -O3 -fomit-frame-pointer -finline-functions program timed out.
FAIL: gm2/iso/run/pass/simplelarge.mod compilation, -O3 -fomit-frame-pointer -finline-functions
WARNING: gm2/iso/run/pass/simplelarge.mod compilation, -Os program timed out.
FAIL: gm2/iso/run/pass/simplelarge.mod compilation, -Os
WARNING: gm2/iso/run/pass/simplelarge.mod compilation, -g program timed out.
FAIL: gm2/iso/run/pass/simplelarge.mod compilation, -g
WARNING: gm2/iso/run/pass/simplelarge.mod compilation, {additional_flags= -O -g } timeout=10 program timed out.
WARNING: gm2/iso/run/pass/simplelarge.mod compilation, {additional_flags= -O } timeout=10 program timed out.
WARNING: gm2/iso/run/pass/simplelarge.mod compilation, {additional_flags= -O3 -fomit-frame-pointer -finline-functions } timeout=10 program timed out.
WARNING: gm2/iso/run/pass/simplelarge.mod compilation, {additional_flags= -O3 -fomit-frame-pointer } timeout=10 program timed out.
WARNING: gm2/iso/run/pass/simplelarge.mod compilation, {additional_flags= -Os } timeout=10 program timed out.
UNRESOLVED: gm2/iso/run/pass/simplelarge.mod execution, -O (link failed)
UNRESOLVED: gm2/iso/run/pass/simplelarge.mod execution, -O -g (link failed)
UNRESOLVED: gm2/iso/run/pass/simplelarge.mod execution, -O3 -fomit-frame-pointer (link failed)
UNRESOLVED: gm2/iso/run/pass/simplelarge.mod execution, -O3 -fomit-frame-pointer -finline-functions (link failed)
UNRESOLVED: gm2/iso/run/pass/simplelarge.mod execution, -Os (link failed)
UNRESOLVED: gm2/iso/run/pass/simplelarge.mod execution, -g (link failed)
WARNING: gm2/iso/run/pass/strcons.mod compilation, {additional_flags= -g } timeout=10 program timed out.
WARNING: gm2/iso/run/pass/testgeneric.mod compilation, {additional_flags= -Os } timeout=10 (internal compiler error: in output_constructor_regular_field, at varasm.cc:5500) program timed out.
FAIL: gm2/iso/run/pass/testgeneric.mod compilation, {additional_flags= -Os } timeout=10 (internal compiler error: in output_constructor_regular_field, at varasm.cc:5500)
UNRESOLVED: gm2/iso/run/pass/testgeneric.mod execution, {additional_flags= -Os } timeout=10
WARNING: gm2/iso/run/pass/testlarge.mod compilation, -O program timed out.
FAIL: gm2/iso/run/pass/testlarge.mod compilation, -O
WARNING: gm2/iso/run/pass/testlarge.mod compilation, -O -g program timed out.
FAIL: gm2/iso/run/pass/testlarge.mod compilation, -O -g
WARNING: gm2/iso/run/pass/testlarge.mod compilation, -O3 -fomit-frame-pointer program timed out.
FAIL: gm2/iso/run/pass/testlarge.mod compilation, -O3 -fomit-frame-pointer
WARNING: gm2/iso/run/pass/testlarge.mod compilation, -O3 -fomit-frame-pointer -finline-functions program timed out.
FAIL: gm2/iso/run/pass/testlarge.mod compilation, -O3 -fomit-frame-pointer -finline-functions
WARNING: gm2/iso/run/pass/testlarge.mod compilation, -Os program timed out.
FAIL: gm2/iso/run/pass/testlarge.mod compilation, -Os
WARNING: gm2/iso/run/pass/testlarge.mod compilation, -g program timed out.
FAIL: gm2/iso/run/pass/testlarge.mod compilation, -g
WARNING: gm2/iso/run/pass/testlarge.mod compilation, {additional_flags= -O -g } timeout=10 program timed out.
WARNING: gm2/iso/run/pass/testlarge.mod compilation, {additional_flags= -O } timeout=10 program timed out.
WARNING: gm2/iso/run/pass/testlarge.mod compilation, {additional_flags= -O3 -fomit-frame-pointer -finline-functions } timeout=10 program timed out.
WARNING: gm2/iso/run/pass/testlarge.mod compilation, {additional_flags= -O3 -fomit-frame-pointer } timeout=10 program timed out.
WARNING: gm2/iso/run/pass/testlarge.mod compilation, {additional_flags= -Os } timeout=10 program timed out.
UNRESOLVED: gm2/iso/run/pass/testlarge.mod execution, -O (link failed)
UNRESOLVED: gm2/iso/run/pass/testlarge.mod execution, -O -g (link failed)
UNRESOLVED: gm2/iso/run/pass/testlarge.mod execution, -O3 -fomit-frame-pointer (link failed)
UNRESOLVED: gm2/iso/run/pass/testlarge.mod execution, -O3 -fomit-frame-pointer -finline-functions (link failed)
UNRESOLVED: gm2/iso/run/pass/testlarge.mod execution, -Os (link failed)
UNRESOLVED: gm2/iso/run/pass/testlarge.mod execution, -g (link failed)
WARNING: gm2/isocoroutines/run/pass/coroutine.mod execution, -O -g program timed out.
FAIL: gm2/isocoroutines/run/pass/coroutine.mod execution, -O -g
WARNING: gm2/isocoroutines/run/pass/coroutine.mod execution, -O3 -fomit-frame-pointer -finline-functions program timed out.
FAIL: gm2/isocoroutines/run/pass/coroutine.mod execution, -O3 -fomit-frame-pointer -finline-functions
WARNING: gm2/isocoroutines/run/pass/coroutine.mod execution, -Os program timed out.
FAIL: gm2/isocoroutines/run/pass/coroutine.mod execution, -Os
WARNING: gm2/isolib/run/pass/filepos.mod compilation, -O program timed out.
FAIL: gm2/isolib/run/pass/filepos.mod compilation, -O
WARNING: gm2/isolib/run/pass/filepos.mod compilation, -O -g program timed out.
FAIL: gm2/isolib/run/pass/filepos.mod compilation, -O -g
WARNING: gm2/isolib/run/pass/filepos.mod compilation, -O3 -fomit-frame-pointer program timed out.
FAIL: gm2/isolib/run/pass/filepos.mod compilation, -O3 -fomit-frame-pointer
WARNING: gm2/isolib/run/pass/filepos.mod compilation, -O3 -fomit-frame-pointer -finline-functions program timed out.
FAIL: gm2/isolib/run/pass/filepos.mod compilation, -O3 -fomit-frame-pointer -finline-functions
WARNING: gm2/isolib/run/pass/filepos.mod compilation, -Os program timed out.
FAIL: gm2/isolib/run/pass/filepos.mod compilation, -Os
WARNING: gm2/isolib/run/pass/filepos.mod compilation, {additional_flags= -O3 -fomit-frame-pointer -finline-functions } timeout=10 program timed out.
WARNING: gm2/isolib/run/pass/filepos.mod compilation, {additional_flags= -O3 -fomit-frame-pointer } timeout=10 program timed out.
WARNING: gm2/isolib/run/pass/filepos.mod compilation, {additional_flags= -Os } timeout=10 program timed out.
UNRESOLVED: gm2/isolib/run/pass/filepos.mod execution, -O (link failed)
UNRESOLVED: gm2/isolib/run/pass/filepos.mod execution, -O -g (link failed)
UNRESOLVED: gm2/isolib/run/pass/filepos.mod execution, -O3 -fomit-frame-pointer (link failed)
UNRESOLVED: gm2/isolib/run/pass/filepos.mod execution, -O3 -fomit-frame-pointer -finline-functions (link failed)
UNRESOLVED: gm2/isolib/run/pass/filepos.mod execution, -Os (link failed)
WARNING: gm2/isolib/run/pass/hello.mod compilation, {additional_flags= -g } timeout=10 program timed out.
WARNING: gm2/isolib/run/pass/readreal.mod compilation, -O program timed out.
FAIL: gm2/isolib/run/pass/readreal.mod compilation, -O
WARNING: gm2/isolib/run/pass/readreal.mod compilation, -O -g program timed out.
FAIL: gm2/isolib/run/pass/readreal.mod compilation, -O -g
WARNING: gm2/isolib/run/pass/readreal.mod compilation, -O3 -fomit-frame-pointer program timed out.
FAIL: gm2/isolib/run/pass/readreal.mod compilation, -O3 -fomit-frame-pointer
WARNING: gm2/isolib/run/pass/readreal.mod compilation, -O3 -fomit-frame-pointer -finline-functions program timed out.
FAIL: gm2/isolib/run/pass/readreal.mod compilation, -O3 -fomit-frame-pointer -finline-functions
WARNING: gm2/isolib/run/pass/readreal.mod compilation, -Os program timed out.
FAIL: gm2/isolib/run/pass/readreal.mod compilation, -Os
WARNING: gm2/isolib/run/pass/readreal.mod compilation, -g program timed out.
FAIL: gm2/isolib/run/pass/readreal.mod compilation, -g
WARNING: gm2/isolib/run/pass/readreal.mod compilation, {additional_flags= -O -g } timeout=10 program timed out.
WARNING: gm2/isolib/run/pass/readreal.mod compilation, {additional_flags= -O } timeout=10 program timed out.
WARNING: gm2/isolib/run/pass/readreal.mod compilation, {additional_flags= -O3 -fomit-frame-pointer -finline-functions } timeout=10 program timed out.
WARNING: gm2/isolib/run/pass/readreal.mod compilation, {additional_flags= -O3 -fomit-frame-pointer } timeout=10 program timed out.
WARNING: gm2/isolib/run/pass/readreal.mod compilation, {additional_flags= -Os } timeout=10 program timed out.
UNRESOLVED: gm2/isolib/run/pass/readreal.mod execution, -O (link failed)
UNRESOLVED: gm2/isolib/run/pass/readreal.mod execution, -O -g (link failed)
UNRESOLVED: gm2/isolib/run/pass/readreal.mod execution, -O3 -fomit-frame-pointer (link failed)
UNRESOLVED: gm2/isolib/run/pass/readreal.mod execution, -O3 -fomit-frame-pointer -finline-functions (link failed)
UNRESOLVED: gm2/isolib/run/pass/readreal.mod execution, -Os (link failed)
UNRESOLVED: gm2/isolib/run/pass/readreal.mod execution, -g (link failed)
WARNING: gm2/isolib/run/pass/real1.mod compilation, {additional_flags= -g } timeout=10 program timed out.
WARNING: gm2/isolib/run/pass/testmem.mod compilation, -O -g program timed out.
FAIL: gm2/isolib/run/pass/testmem.mod compilation, -O -g
WARNING: gm2/isolib/run/pass/testmem.mod compilation, -O3 -fomit-frame-pointer program timed out.
FAIL: gm2/isolib/run/pass/testmem.mod compilation, -O3 -fomit-frame-pointer
WARNING: gm2/isolib/run/pass/testmem.mod compilation, -Os program timed out.
FAIL: gm2/isolib/run/pass/testmem.mod compilation, -Os
WARNING: gm2/isolib/run/pass/testmem.mod compilation, {additional_flags= -O3 -fomit-frame-pointer -finline-functions } timeout=10 program timed out.
WARNING: gm2/isolib/run/pass/testmem.mod compilation, {additional_flags= -O3 -fomit-frame-pointer } timeout=10 program timed out.
WARNING: gm2/isolib/run/pass/testmem.mod compilation, {additional_flags= -Os } timeout=10 program timed out.
UNRESOLVED: gm2/isolib/run/pass/testmem.mod execution, -O -g (link failed)
UNRESOLVED: gm2/isolib/run/pass/testmem.mod execution, -O3 -fomit-frame-pointer (link failed)
UNRESOLVED: gm2/isolib/run/pass/testmem.mod execution, -Os (link failed)
WARNING: gm2/isolib/run/pass/testmem2.mod compilation, -O3 -fomit-frame-pointer program timed out.
FAIL: gm2/isolib/run/pass/testmem2.mod compilation, -O3 -fomit-frame-pointer
WARNING: gm2/isolib/run/pass/testmem2.mod compilation, -O3 -fomit-frame-pointer -finline-functions program timed out.
FAIL: gm2/isolib/run/pass/testmem2.mod compilation, -O3 -fomit-frame-pointer -finline-functions
UNRESOLVED: gm2/isolib/run/pass/testmem2.mod execution, -O3 -fomit-frame-pointer (link failed)
UNRESOLVED: gm2/isolib/run/pass/testmem2.mod execution, -O3 -fomit-frame-pointer -finline-functions (link failed)
WARNING: gm2/isolib/run/pass/tiny.mod compilation, {additional_flags= -g } timeout=10 program timed out.
FAIL: gm2/pim/pass/TestLong4.mod, -O
FAIL: gm2/pim/pass/TestLong4.mod, -O -g
FAIL: gm2/pim/pass/TestLong4.mod, -O3 -fomit-frame-pointer
FAIL: gm2/pim/pass/TestLong4.mod, -O3 -fomit-frame-pointer -finline-functions
FAIL: gm2/pim/pass/TestLong4.mod, -Os
FAIL: gm2/pim/pass/TestLong4.mod, -g
WARNING: gm2/pim/pass/testsinl.mod, -g program timed out.
WARNING: gm2/pim/run/pass/nestedproc2.mod compilation, -Os program timed out.
FAIL: gm2/pim/run/pass/nestedproc2.mod compilation, -Os
UNRESOLVED: gm2/pim/run/pass/nestedproc2.mod execution, -Os (link failed)
WARNING: gm2/pim/run/pass/nothing.mod compilation, -O3 -fomit-frame-pointer program timed out.
FAIL: gm2/pim/run/pass/nothing.mod compilation, -O3 -fomit-frame-pointer
UNRESOLVED: gm2/pim/run/pass/nothing.mod execution, -O3 -fomit-frame-pointer (link failed)
WARNING: gm2/pimlib/logitech/run/pass/timedate.mod compilation, -O -g program timed out.
FAIL: gm2/pimlib/logitech/run/pass/timedate.mod compilation, -O -g
WARNING: gm2/pimlib/logitech/run/pass/timedate.mod compilation, -O3 -fomit-frame-pointer program timed out.
FAIL: gm2/pimlib/logitech/run/pass/timedate.mod compilation, -O3 -fomit-frame-pointer
WARNING: gm2/pimlib/logitech/run/pass/timedate.mod compilation, -O3 -fomit-frame-pointer -finline-functions program timed out.
FAIL: gm2/pimlib/logitech/run/pass/timedate.mod compilation, -O3 -fomit-frame-pointer -finline-functions
WARNING: gm2/pimlib/logitech/run/pass/timedate.mod compilation, -Os program timed out.
FAIL: gm2/pimlib/logitech/run/pass/timedate.mod compilation, -Os
WARNING: gm2/pimlib/logitech/run/pass/timedate.mod compilation, {additional_flags= -O3 -fomit-frame-pointer -finline-functions } timeout=10 program timed out.
WARNING: gm2/pimlib/logitech/run/pass/timedate.mod compilation, {additional_flags= -Os } timeout=10 program timed out.
UNRESOLVED: gm2/pimlib/logitech/run/pass/timedate.mod execution, -O -g (link failed)
UNRESOLVED: gm2/pimlib/logitech/run/pass/timedate.mod execution, -O3 -fomit-frame-pointer (link failed)
UNRESOLVED: gm2/pimlib/logitech/run/pass/timedate.mod execution, -O3 -fomit-frame-pointer -finline-functions (link failed)
UNRESOLVED: gm2/pimlib/logitech/run/pass/timedate.mod execution, -Os (link failed)
WARNING: gm2/pimlib/logitech/run/pass/writeoct.mod compilation, -O program timed out.
FAIL: gm2/pimlib/logitech/run/pass/writeoct.mod compilation, -O
WARNING: gm2/pimlib/logitech/run/pass/writeoct.mod compilation, -O -g program timed out.
FAIL: gm2/pimlib/logitech/run/pass/writeoct.mod compilation, -O -g
WARNING: gm2/pimlib/logitech/run/pass/writeoct.mod compilation, -O3 -fomit-frame-pointer program timed out.
FAIL: gm2/pimlib/logitech/run/pass/writeoct.mod compilation, -O3 -fomit-frame-pointer
WARNING: gm2/pimlib/logitech/run/pass/writeoct.mod compilation, -O3 -fomit-frame-pointer -finline-functions program timed out.
FAIL: gm2/pimlib/logitech/run/pass/writeoct.mod compilation, -O3 -fomit-frame-pointer -finline-functions
WARNING: gm2/pimlib/logitech/run/pass/writeoct.mod compilation, -Os program timed out.
FAIL: gm2/pimlib/logitech/run/pass/writeoct.mod compilation, -Os
WARNING: gm2/pimlib/logitech/run/pass/writeoct.mod compilation, -g program timed out.
FAIL: gm2/pimlib/logitech/run/pass/writeoct.mod compilation, -g
WARNING: gm2/pimlib/logitech/run/pass/writeoct.mod compilation, {additional_flags= -O -g } timeout=10 program timed out.
WARNING: gm2/pimlib/logitech/run/pass/writeoct.mod compilation, {additional_flags= -O } timeout=10 program timed out.
WARNING: gm2/pimlib/logitech/run/pass/writeoct.mod compilation, {additional_flags= -O3 -fomit-frame-pointer -finline-functions } timeout=10 program timed out.
WARNING: gm2/pimlib/logitech/run/pass/writeoct.mod compilation, {additional_flags= -O3 -fomit-frame-pointer } timeout=10 program timed out.
WARNING: gm2/pimlib/logitech/run/pass/writeoct.mod compilation, {additional_flags= -Os } timeout=10 program timed out.
WARNING: gm2/pimlib/logitech/run/pass/writeoct.mod compilation, {additional_flags= -g } timeout=10 program timed out.
UNRESOLVED: gm2/pimlib/logitech/run/pass/writeoct.mod execution, -O (link failed)
UNRESOLVED: gm2/pimlib/logitech/run/pass/writeoct.mod execution, -O -g (link failed)
UNRESOLVED: gm2/pimlib/logitech/run/pass/writeoct.mod execution, -O3 -fomit-frame-pointer (link failed)
UNRESOLVED: gm2/pimlib/logitech/run/pass/writeoct.mod execution, -O3 -fomit-frame-pointer -finline-functions (link failed)
UNRESOLVED: gm2/pimlib/logitech/run/pass/writeoct.mod execution, -Os (link failed)
UNRESOLVED: gm2/pimlib/logitech/run/pass/writeoct.mod execution, -g (link failed)
WARNING: gm2/pimlib/run/pass/format.mod compilation, -O program timed out.
FAIL: gm2/pimlib/run/pass/format.mod compilation, -O
WARNING: gm2/pimlib/run/pass/format.mod compilation, -O3 -fomit-frame-pointer program timed out.
FAIL: gm2/pimlib/run/pass/format.mod compilation, -O3 -fomit-frame-pointer
WARNING: gm2/pimlib/run/pass/format.mod compilation, -g program timed out.
FAIL: gm2/pimlib/run/pass/format.mod compilation, -g
WARNING: gm2/pimlib/run/pass/format.mod compilation, {additional_flags= -O -g } timeout=10 program timed out.
WARNING: gm2/pimlib/run/pass/format.mod compilation, {additional_flags= -O } timeout=10 program timed out.
WARNING: gm2/pimlib/run/pass/format.mod compilation, {additional_flags= -g } timeout=10 program timed out.
UNRESOLVED: gm2/pimlib/run/pass/format.mod execution, -O (link failed)
UNRESOLVED: gm2/pimlib/run/pass/format.mod execution, -O3 -fomit-frame-pointer (link failed)
UNRESOLVED: gm2/pimlib/run/pass/format.mod execution, -g (link failed)
WARNING: gm2/pimlib/run/pass/testreal4.mod compilation, -O -g program timed out.
FAIL: gm2/pimlib/run/pass/testreal4.mod compilation, -O -g
WARNING: gm2/pimlib/run/pass/testreal4.mod compilation, {additional_flags= -Os } timeout=10 program timed out.
UNRESOLVED: gm2/pimlib/run/pass/testreal4.mod execution, -O -g (link failed)
WARNING: gm2/projects/iso/run/pass/halma/halma.mod compilation, -O program timed out.
FAIL: gm2/projects/iso/run/pass/halma/halma.mod compilation, -O
WARNING: gm2/projects/iso/run/pass/halma/halma.mod compilation, -O -g program timed out.
FAIL: gm2/projects/iso/run/pass/halma/halma.mod compilation, -O -g
WARNING: gm2/projects/iso/run/pass/halma/halma.mod compilation, -O3 -fomit-frame-pointer program timed out.
FAIL: gm2/projects/iso/run/pass/halma/halma.mod compilation, -O3 -fomit-frame-pointer
WARNING: gm2/projects/iso/run/pass/halma/halma.mod compilation, -O3 -fomit-frame-pointer -finline-functions program timed out.
FAIL: gm2/projects/iso/run/pass/halma/halma.mod compilation, -O3 -fomit-frame-pointer -finline-functions
WARNING: gm2/projects/iso/run/pass/halma/halma.mod compilation, -Os program timed out.
FAIL: gm2/projects/iso/run/pass/halma/halma.mod compilation, -Os
WARNING: gm2/projects/iso/run/pass/halma/halma.mod compilation, -g program timed out.
FAIL: gm2/projects/iso/run/pass/halma/halma.mod compilation, -g
WARNING: gm2/projects/iso/run/pass/halma/halma.mod compilation, {additional_flags= -O -g } timeout=10 program timed out.
WARNING: gm2/projects/iso/run/pass/halma/halma.mod compilation, {additional_flags= -O } timeout=10 program timed out.
WARNING: gm2/projects/iso/run/pass/halma/halma.mod compilation, {additional_flags= -O3 -fomit-frame-pointer -finline-functions } timeout=10 program timed out.
WARNING: gm2/projects/iso/run/pass/halma/halma.mod compilation, {additional_flags= -O3 -fomit-frame-pointer } timeout=10 program timed out.
WARNING: gm2/projects/iso/run/pass/halma/halma.mod compilation, {additional_flags= -Os } timeout=10 program timed out.
UNRESOLVED: gm2/projects/iso/run/pass/halma/halma.mod execution, -O (link failed)
UNRESOLVED: gm2/projects/iso/run/pass/halma/halma.mod execution, -O -g (link failed)
UNRESOLVED: gm2/projects/iso/run/pass/halma/halma.mod execution, -O3 -fomit-frame-pointer (link failed)
UNRESOLVED: gm2/projects/iso/run/pass/halma/halma.mod execution, -O3 -fomit-frame-pointer -finline-functions (link failed)
UNRESOLVED: gm2/projects/iso/run/pass/halma/halma.mod execution, -Os (link failed)
UNRESOLVED: gm2/projects/iso/run/pass/halma/halma.mod execution, -g (link failed)
WARNING: gm2/projects/iso/run/pass/hello/hello.mod compilation, -O program timed out.
FAIL: gm2/projects/iso/run/pass/hello/hello.mod compilation, -O
WARNING: gm2/projects/iso/run/pass/hello/hello.mod compilation, -O -g program timed out.
FAIL: gm2/projects/iso/run/pass/hello/hello.mod compilation, -O -g
WARNING: gm2/projects/iso/run/pass/hello/hello.mod compilation, -O3 -fomit-frame-pointer program timed out.
FAIL: gm2/projects/iso/run/pass/hello/hello.mod compilation, -O3 -fomit-frame-pointer
WARNING: gm2/projects/iso/run/pass/hello/hello.mod compilation, -O3 -fomit-frame-pointer -finline-functions program timed out.
FAIL: gm2/projects/iso/run/pass/hello/hello.mod compilation, -O3 -fomit-frame-pointer -finline-functions
WARNING: gm2/projects/iso/run/pass/hello/hello.mod compilation, -Os program timed out.
FAIL: gm2/projects/iso/run/pass/hello/hello.mod compilation, -Os
WARNING: gm2/projects/iso/run/pass/hello/hello.mod compilation, -g program timed out.
FAIL: gm2/projects/iso/run/pass/hello/hello.mod compilation, -g
WARNING: gm2/projects/iso/run/pass/hello/hello.mod compilation, {additional_flags= -O -g } timeout=10 program timed out.
WARNING: gm2/projects/iso/run/pass/hello/hello.mod compilation, {additional_flags= -O } timeout=10 program timed out.
WARNING: gm2/projects/iso/run/pass/hello/hello.mod compilation, {additional_flags= -O3 -fomit-frame-pointer -finline-functions } timeout=10 program timed out.
WARNING: gm2/projects/iso/run/pass/hello/hello.mod compilation, {additional_flags= -O3 -fomit-frame-pointer } timeout=10 program timed out.
WARNING: gm2/projects/iso/run/pass/hello/hello.mod compilation, {additional_flags= -Os } timeout=10 program timed out.
WARNING: gm2/projects/iso/run/pass/hello/hello.mod compilation, {additional_flags= -g } timeout=10 program timed out.
UNRESOLVED: gm2/projects/iso/run/pass/hello/hello.mod execution, -O (link failed)
UNRESOLVED: gm2/projects/iso/run/pass/hello/hello.mod execution, -O -g (link failed)
UNRESOLVED: gm2/projects/iso/run/pass/hello/hello.mod execution, -O3 -fomit-frame-pointer (link failed)
UNRESOLVED: gm2/projects/iso/run/pass/hello/hello.mod execution, -O3 -fomit-frame-pointer -finline-functions (link failed)
UNRESOLVED: gm2/projects/iso/run/pass/hello/hello.mod execution, -Os (link failed)
UNRESOLVED: gm2/projects/iso/run/pass/hello/hello.mod execution, -g (link failed)
WARNING: gm2/projects/log/run/pass/hello/hello.mod compilation, -O3 -fomit-frame-pointer program timed out.
FAIL: gm2/projects/log/run/pass/hello/hello.mod compilation, -O3 -fomit-frame-pointer
WARNING: gm2/projects/log/run/pass/hello/hello.mod compilation, -g program timed out.
FAIL: gm2/projects/log/run/pass/hello/hello.mod compilation, -g
WARNING: gm2/projects/log/run/pass/hello/hello.mod compilation, {additional_flags= -O } timeout=10 program timed out.
WARNING: gm2/projects/log/run/pass/hello/hello.mod compilation, {additional_flags= -g } timeout=10 program timed out.
UNRESOLVED: gm2/projects/log/run/pass/hello/hello.mod execution, -O3 -fomit-frame-pointer (link failed)
UNRESOLVED: gm2/projects/log/run/pass/hello/hello.mod execution, -g (link failed)
WARNING: gm2/projects/pim/run/pass/random/Map.mod compilation, -O program timed out.
FAIL: gm2/projects/pim/run/pass/random/Map.mod compilation, -O
WARNING: gm2/projects/pim/run/pass/random/Map.mod compilation, -O -g program timed out.
FAIL: gm2/projects/pim/run/pass/random/Map.mod compilation, -O -g
WARNING: gm2/projects/pim/run/pass/random/Map.mod compilation, -O3 -fomit-frame-pointer program timed out.
FAIL: gm2/projects/pim/run/pass/random/Map.mod compilation, -O3 -fomit-frame-pointer
WARNING: gm2/projects/pim/run/pass/random/Map.mod compilation, -O3 -fomit-frame-pointer -finline-functions program timed out.
FAIL: gm2/projects/pim/run/pass/random/Map.mod compilation, -O3 -fomit-frame-pointer -finline-functions
WARNING: gm2/projects/pim/run/pass/random/Map.mod compilation, -Os program timed out.
FAIL: gm2/projects/pim/run/pass/random/Map.mod compilation, -Os
WARNING: gm2/projects/pim/run/pass/random/Map.mod compilation, -g program timed out.
FAIL: gm2/projects/pim/run/pass/random/Map.mod compilation, -g
WARNING: gm2/projects/pim/run/pass/random/Map.mod compilation, {additional_flags= -O -g } timeout=10 program timed out.
WARNING: gm2/projects/pim/run/pass/random/Map.mod compilation, {additional_flags= -O } timeout=10 program timed out.
WARNING: gm2/projects/pim/run/pass/random/Map.mod compilation, {additional_flags= -O3 -fomit-frame-pointer -finline-functions } timeout=10 program timed out.
WARNING: gm2/projects/pim/run/pass/random/Map.mod compilation, {additional_flags= -O3 -fomit-frame-pointer } timeout=10 program timed out.
WARNING: gm2/projects/pim/run/pass/random/Map.mod compilation, {additional_flags= -Os } timeout=10 program timed out.
UNRESOLVED: gm2/projects/pim/run/pass/random/Map.mod execution, -O (link failed)
UNRESOLVED: gm2/projects/pim/run/pass/random/Map.mod execution, -O -g (link failed)
UNRESOLVED: gm2/projects/pim/run/pass/random/Map.mod execution, -O3 -fomit-frame-pointer (link failed)
UNRESOLVED: gm2/projects/pim/run/pass/random/Map.mod execution, -O3 -fomit-frame-pointer -finline-functions (link failed)
UNRESOLVED: gm2/projects/pim/run/pass/random/Map.mod execution, -Os (link failed)
UNRESOLVED: gm2/projects/pim/run/pass/random/Map.mod execution, -g (link failed)
WARNING: gm2/quads/run/pass/becomes.mod compilation, {additional_flags= -g } timeout=10 program timed out.
WARNING: gm2/sets/run/pass/multisetarith3.mod compilation, -Os program timed out.
FAIL: gm2/sets/run/pass/multisetarith3.mod compilation, -Os
UNRESOLVED: gm2/sets/run/pass/multisetarith3.mod execution, -Os (link failed)
WARNING: gm2/sets/run/pass/multisetrotate3.mod compilation, -O3 -fomit-frame-pointer -finline-functions program timed out.
FAIL: gm2/sets/run/pass/multisetrotate3.mod compilation, -O3 -fomit-frame-pointer -finline-functions
UNRESOLVED: gm2/sets/run/pass/multisetrotate3.mod execution, -O3 -fomit-frame-pointer -finline-functions (link failed)
WARNING: gm2/sets/run/pass/multisetrotate4.mod compilation, {additional_flags= -g } timeout=10 program timed out.
WARNING: gm2/sets/run/pass/multisetshift.mod compilation, -O program timed out.
FAIL: gm2/sets/run/pass/multisetshift.mod compilation, -O
WARNING: gm2/sets/run/pass/multisetshift.mod compilation, -O -g program timed out.
FAIL: gm2/sets/run/pass/multisetshift.mod compilation, -O -g
WARNING: gm2/sets/run/pass/multisetshift.mod compilation, -O3 -fomit-frame-pointer -finline-functions program timed out.
FAIL: gm2/sets/run/pass/multisetshift.mod compilation, -O3 -fomit-frame-pointer -finline-functions
WARNING: gm2/sets/run/pass/multisetshift.mod compilation, -g program timed out.
FAIL: gm2/sets/run/pass/multisetshift.mod compilation, -g
WARNING: gm2/sets/run/pass/multisetshift.mod compilation, {additional_flags= -O -g } timeout=10 program timed out.
WARNING: gm2/sets/run/pass/multisetshift.mod compilation, {additional_flags= -O } timeout=10 program timed out.
UNRESOLVED: gm2/sets/run/pass/multisetshift.mod execution, -O (link failed)
UNRESOLVED: gm2/sets/run/pass/multisetshift.mod execution, -O -g (link failed)
UNRESOLVED: gm2/sets/run/pass/multisetshift.mod execution, -O3 -fomit-frame-pointer -finline-functions (link failed)
UNRESOLVED: gm2/sets/run/pass/multisetshift.mod execution, -g (link failed)
WARNING: gm2/sets/run/pass/multisetshift2.mod compilation, -O program timed out.
FAIL: gm2/sets/run/pass/multisetshift2.mod compilation, -O
WARNING: gm2/sets/run/pass/multisetshift2.mod compilation, -O -g program timed out.
FAIL: gm2/sets/run/pass/multisetshift2.mod compilation, -O -g
WARNING: gm2/sets/run/pass/multisetshift2.mod compilation, -O3 -fomit-frame-pointer program timed out.
FAIL: gm2/sets/run/pass/multisetshift2.mod compilation, -O3 -fomit-frame-pointer
WARNING: gm2/sets/run/pass/multisetshift2.mod compilation, -O3 -fomit-frame-pointer -finline-functions program timed out.
FAIL: gm2/sets/run/pass/multisetshift2.mod compilation, -O3 -fomit-frame-pointer -finline-functions
WARNING: gm2/sets/run/pass/multisetshift2.mod compilation, -Os program timed out.
FAIL: gm2/sets/run/pass/multisetshift2.mod compilation, -Os
WARNING: gm2/sets/run/pass/multisetshift2.mod compilation, -g program timed out.
FAIL: gm2/sets/run/pass/multisetshift2.mod compilation, -g
WARNING: gm2/sets/run/pass/multisetshift2.mod compilation, {additional_flags= -O -g } timeout=10 program timed out.
WARNING: gm2/sets/run/pass/multisetshift2.mod compilation, {additional_flags= -O } timeout=10 program timed out.
WARNING: gm2/sets/run/pass/multisetshift2.mod compilation, {additional_flags= -O3 -fomit-frame-pointer -finline-functions } timeout=10 program timed out.
WARNING: gm2/sets/run/pass/multisetshift2.mod compilation, {additional_flags= -O3 -fomit-frame-pointer } timeout=10 program timed out.
WARNING: gm2/sets/run/pass/multisetshift2.mod compilation, {additional_flags= -Os } timeout=10 program timed out.
WARNING: gm2/sets/run/pass/multisetshift2.mod compilation, {additional_flags= -g } timeout=10 program timed out.
UNRESOLVED: gm2/sets/run/pass/multisetshift2.mod execution, -O (link failed)
UNRESOLVED: gm2/sets/run/pass/multisetshift2.mod execution, -O -g (link failed)
UNRESOLVED: gm2/sets/run/pass/multisetshift2.mod execution, -O3 -fomit-frame-pointer (link failed)
UNRESOLVED: gm2/sets/run/pass/multisetshift2.mod execution, -O3 -fomit-frame-pointer -finline-functions (link failed)
UNRESOLVED: gm2/sets/run/pass/multisetshift2.mod execution, -Os (link failed)
UNRESOLVED: gm2/sets/run/pass/multisetshift2.mod execution, -g (link failed)
WARNING: gm2/sets/run/pass/setarith.mod compilation, -O program timed out.
FAIL: gm2/sets/run/pass/setarith.mod compilation, -O
WARNING: gm2/sets/run/pass/setarith.mod compilation, {additional_flags= -O -g } timeout=10 program timed out.
UNRESOLVED: gm2/sets/run/pass/setarith.mod execution, -O (link failed)
WARNING: gm2/sets/run/pass/setarith2.mod compilation, -O3 -fomit-frame-pointer program timed out.
FAIL: gm2/sets/run/pass/setarith2.mod compilation, -O3 -fomit-frame-pointer
WARNING: gm2/sets/run/pass/setarith2.mod compilation, -O3 -fomit-frame-pointer -finline-functions program timed out.
FAIL: gm2/sets/run/pass/setarith2.mod compilation, -O3 -fomit-frame-pointer -finline-functions
WARNING: gm2/sets/run/pass/setarith2.mod compilation, -Os program timed out.
FAIL: gm2/sets/run/pass/setarith2.mod compilation, -Os
WARNING: gm2/sets/run/pass/setarith2.mod compilation, {additional_flags= -O3 -fomit-frame-pointer -finline-functions } timeout=10 program timed out.
WARNING: gm2/sets/run/pass/setarith2.mod compilation, {additional_flags= -O3 -fomit-frame-pointer } timeout=10 program timed out.
UNRESOLVED: gm2/sets/run/pass/setarith2.mod execution, -O3 -fomit-frame-pointer (link failed)
UNRESOLVED: gm2/sets/run/pass/setarith2.mod execution, -O3 -fomit-frame-pointer -finline-functions (link failed)
UNRESOLVED: gm2/sets/run/pass/setarith2.mod execution, -Os (link failed)
WARNING: gm2/sets/run/pass/setarith3.mod compilation, -O -g program timed out.
FAIL: gm2/sets/run/pass/setarith3.mod compilation, -O -g
WARNING: gm2/sets/run/pass/setarith3.mod compilation, -O3 -fomit-frame-pointer program timed out.
FAIL: gm2/sets/run/pass/setarith3.mod compilation, -O3 -fomit-frame-pointer
WARNING: gm2/sets/run/pass/setarith3.mod compilation, -O3 -fomit-frame-pointer -finline-functions program timed out.
FAIL: gm2/sets/run/pass/setarith3.mod compilation, -O3 -fomit-frame-pointer -finline-functions
WARNING: gm2/sets/run/pass/setarith3.mod compilation, -Os program timed out.
FAIL: gm2/sets/run/pass/setarith3.mod compilation, -Os
WARNING: gm2/sets/run/pass/setarith3.mod compilation, {additional_flags= -O3 -fomit-frame-pointer -finline-functions } timeout=10 program timed out.
WARNING: gm2/sets/run/pass/setarith3.mod compilation, {additional_flags= -O3 -fomit-frame-pointer } timeout=10 program timed out.
WARNING: gm2/sets/run/pass/setarith3.mod compilation, {additional_flags= -Os } timeout=10 program timed out.
UNRESOLVED: gm2/sets/run/pass/setarith3.mod execution, -O -g (link failed)
UNRESOLVED: gm2/sets/run/pass/setarith3.mod execution, -O3 -fomit-frame-pointer (link failed)
UNRESOLVED: gm2/sets/run/pass/setarith3.mod execution, -O3 -fomit-frame-pointer -finline-functions (link failed)
UNRESOLVED: gm2/sets/run/pass/setarith3.mod execution, -Os (link failed)
WARNING: gm2/sets/run/pass/setrotate2.mod compilation, -O -g program timed out.
FAIL: gm2/sets/run/pass/setrotate2.mod compilation, -O -g
UNRESOLVED: gm2/sets/run/pass/setrotate2.mod execution, -O -g (link failed)
WARNING: gm2/sets/run/pass/simple.mod compilation, -g program timed out.
FAIL: gm2/sets/run/pass/simple.mod compilation, -g
UNRESOLVED: gm2/sets/run/pass/simple.mod execution, -g (link failed)
WARNING: gm2/sets/run/pass/simple2.mod compilation, -O program timed out.
FAIL: gm2/sets/run/pass/simple2.mod compilation, -O
WARNING: gm2/sets/run/pass/simple2.mod compilation, -O -g program timed out.
FAIL: gm2/sets/run/pass/simple2.mod compilation, -O -g
WARNING: gm2/sets/run/pass/simple2.mod compilation, -O3 -fomit-frame-pointer -finline-functions program timed out.
FAIL: gm2/sets/run/pass/simple2.mod compilation, -O3 -fomit-frame-pointer -finline-functions
WARNING: gm2/sets/run/pass/simple2.mod compilation, -g program timed out.
FAIL: gm2/sets/run/pass/simple2.mod compilation, -g
WARNING: gm2/sets/run/pass/simple2.mod compilation, {additional_flags= -O -g } timeout=10 program timed out.
WARNING: gm2/sets/run/pass/simple2.mod compilation, {additional_flags= -O } timeout=10 program timed out.
UNRESOLVED: gm2/sets/run/pass/simple2.mod execution, -O (link failed)
UNRESOLVED: gm2/sets/run/pass/simple2.mod execution, -O -g (link failed)
UNRESOLVED: gm2/sets/run/pass/simple2.mod execution, -O3 -fomit-frame-pointer -finline-functions (link failed)
UNRESOLVED: gm2/sets/run/pass/simple2.mod execution, -g (link failed)
WARNING: gm2/sets/run/pass/simple3.mod compilation, -O program timed out.
FAIL: gm2/sets/run/pass/simple3.mod compilation, -O
WARNING: gm2/sets/run/pass/simple3.mod compilation, -O -g program timed out.
FAIL: gm2/sets/run/pass/simple3.mod compilation, -O -g
WARNING: gm2/sets/run/pass/simple3.mod compilation, -O3 -fomit-frame-pointer program timed out.
FAIL: gm2/sets/run/pass/simple3.mod compilation, -O3 -fomit-frame-pointer
WARNING: gm2/sets/run/pass/simple3.mod compilation, -O3 -fomit-frame-pointer -finline-functions program timed out.
FAIL: gm2/sets/run/pass/simple3.mod compilation, -O3 -fomit-frame-pointer -finline-functions
WARNING: gm2/sets/run/pass/simple3.mod compilation, -Os program timed out.
FAIL: gm2/sets/run/pass/simple3.mod compilation, -Os
WARNING: gm2/sets/run/pass/simple3.mod compilation, -g program timed out.
FAIL: gm2/sets/run/pass/simple3.mod compilation, -g
WARNING: gm2/sets/run/pass/simple3.mod compilation, {additional_flags= -O -g } timeout=10 program timed out.
WARNING: gm2/sets/run/pass/simple3.mod compilation, {additional_flags= -O } timeout=10 program timed out.
WARNING: gm2/sets/run/pass/simple3.mod compilation, {additional_flags= -O3 -fomit-frame-pointer -finline-functions } timeout=10 program timed out.
WARNING: gm2/sets/run/pass/simple3.mod compilation, {additional_flags= -O3 -fomit-frame-pointer } timeout=10 program timed out.
WARNING: gm2/sets/run/pass/simple3.mod compilation, {additional_flags= -Os } timeout=10 program timed out.
WARNING: gm2/sets/run/pass/simple3.mod compilation, {additional_flags= -g } timeout=10 program timed out.
UNRESOLVED: gm2/sets/run/pass/simple3.mod execution, -O (link failed)
UNRESOLVED: gm2/sets/run/pass/simple3.mod execution, -O -g (link failed)
UNRESOLVED: gm2/sets/run/pass/simple3.mod execution, -O3 -fomit-frame-pointer (link failed)
UNRESOLVED: gm2/sets/run/pass/simple3.mod execution, -O3 -fomit-frame-pointer -finline-functions (link failed)
UNRESOLVED: gm2/sets/run/pass/simple3.mod execution, -Os (link failed)
UNRESOLVED: gm2/sets/run/pass/simple3.mod execution, -g (link failed)
WARNING: gm2/sets/run/pass/simple4.mod compilation, -O3 -fomit-frame-pointer -finline-functions program timed out.
FAIL: gm2/sets/run/pass/simple4.mod compilation, -O3 -fomit-frame-pointer -finline-functions
UNRESOLVED: gm2/sets/run/pass/simple4.mod execution, -O3 -fomit-frame-pointer -finline-functions (link failed)
WARNING: gm2/sets/run/pass/simple5.mod compilation, {additional_flags= -g } timeout=10 program timed out.
WARNING: gm2/sets/run/pass/simple6.mod compilation, -O program timed out.
FAIL: gm2/sets/run/pass/simple6.mod compilation, -O
WARNING: gm2/sets/run/pass/simple6.mod compilation, -O -g program timed out.
FAIL: gm2/sets/run/pass/simple6.mod compilation, -O -g
WARNING: gm2/sets/run/pass/simple6.mod compilation, -Os program timed out.
FAIL: gm2/sets/run/pass/simple6.mod compilation, -Os
WARNING: gm2/sets/run/pass/simple6.mod compilation, {additional_flags= -O -g } timeout=10 program timed out.
WARNING: gm2/sets/run/pass/simple6.mod compilation, {additional_flags= -O3 -fomit-frame-pointer } timeout=10 program timed out.
WARNING: gm2/sets/run/pass/simple6.mod compilation, {additional_flags= -Os } timeout=10 program timed out.
UNRESOLVED: gm2/sets/run/pass/simple6.mod execution, -O (link failed)
UNRESOLVED: gm2/sets/run/pass/simple6.mod execution, -O -g (link failed)
UNRESOLVED: gm2/sets/run/pass/simple6.mod execution, -Os (link failed)
WARNING: gm2/sets/run/pass/simple7.mod compilation, -O program timed out.
FAIL: gm2/sets/run/pass/simple7.mod compilation, -O
WARNING: gm2/sets/run/pass/simple7.mod compilation, -O -g program timed out.
FAIL: gm2/sets/run/pass/simple7.mod compilation, -O -g
WARNING: gm2/sets/run/pass/simple7.mod compilation, -O3 -fomit-frame-pointer program timed out.
FAIL: gm2/sets/run/pass/simple7.mod compilation, -O3 -fomit-frame-pointer
WARNING: gm2/sets/run/pass/simple7.mod compilation, -O3 -fomit-frame-pointer -finline-functions program timed out.
FAIL: gm2/sets/run/pass/simple7.mod compilation, -O3 -fomit-frame-pointer -finline-functions
WARNING: gm2/sets/run/pass/simple7.mod compilation, -Os program timed out.
FAIL: gm2/sets/run/pass/simple7.mod compilation, -Os
WARNING: gm2/sets/run/pass/simple7.mod compilation, -g program timed out.
FAIL: gm2/sets/run/pass/simple7.mod compilation, -g
WARNING: gm2/sets/run/pass/simple7.mod compilation, {additional_flags= -O -g } timeout=10 program timed out.
WARNING: gm2/sets/run/pass/simple7.mod compilation, {additional_flags= -O } timeout=10 program timed out.
WARNING: gm2/sets/run/pass/simple7.mod compilation, {additional_flags= -O3 -fomit-frame-pointer -finline-functions } timeout=10 program timed out.
WARNING: gm2/sets/run/pass/simple7.mod compilation, {additional_flags= -O3 -fomit-frame-pointer } timeout=10 program timed out.
WARNING: gm2/sets/run/pass/simple7.mod compilation, {additional_flags= -Os } timeout=10 program timed out.
UNRESOLVED: gm2/sets/run/pass/simple7.mod execution, -O (link failed)
UNRESOLVED: gm2/sets/run/pass/simple7.mod execution, -O -g (link failed)
UNRESOLVED: gm2/sets/run/pass/simple7.mod execution, -O3 -fomit-frame-pointer (link failed)
UNRESOLVED: gm2/sets/run/pass/simple7.mod execution, -O3 -fomit-frame-pointer -finline-functions (link failed)
UNRESOLVED: gm2/sets/run/pass/simple7.mod execution, -Os (link failed)
UNRESOLVED: gm2/sets/run/pass/simple7.mod execution, -g (link failed)
WARNING: gm2/switches/auto-init/fail/uninitptr.mod, -g program timed out.
WARNING: gm2/switches/check-all/run/fail/cardrange.mod compilation, -O3 -fomit-frame-pointer program timed out.
FAIL: gm2/switches/check-all/run/fail/cardrange.mod compilation, -O3 -fomit-frame-pointer
WARNING: gm2/switches/check-all/run/fail/cardrange.mod compilation, -O3 -fomit-frame-pointer -finline-functions program timed out.
FAIL: gm2/switches/check-all/run/fail/cardrange.mod compilation, -O3 -fomit-frame-pointer -finline-functions
WARNING: gm2/switches/check-all/run/fail/cardrange.mod compilation, -Os program timed out.
FAIL: gm2/switches/check-all/run/fail/cardrange.mod compilation, -Os
WARNING: gm2/switches/check-all/run/fail/cardrange.mod compilation, {additional_flags= -O3 -fomit-frame-pointer -finline-functions } timeout=10 program timed out.
WARNING: gm2/switches/check-all/run/fail/cardrange.mod compilation, {additional_flags= -O3 -fomit-frame-pointer } timeout=10 program timed out.
UNRESOLVED: gm2/switches/check-all/run/fail/cardrange.mod execution, -O3 -fomit-frame-pointer (link failed)
UNRESOLVED: gm2/switches/check-all/run/fail/cardrange.mod execution, -O3 -fomit-frame-pointer -finline-functions (link failed)
UNRESOLVED: gm2/switches/check-all/run/fail/cardrange.mod execution, -Os (link failed)
WARNING: gm2/switches/check-all/run/fail/cardrange2.mod compilation, -O3 -fomit-frame-pointer program timed out.
FAIL: gm2/switches/check-all/run/fail/cardrange2.mod compilation, -O3 -fomit-frame-pointer
WARNING: gm2/switches/check-all/run/fail/cardrange2.mod compilation, -O3 -fomit-frame-pointer -finline-functions program timed out.
FAIL: gm2/switches/check-all/run/fail/cardrange2.mod compilation, -O3 -fomit-frame-pointer -finline-functions
WARNING: gm2/switches/check-all/run/fail/cardrange2.mod compilation, -Os program timed out.
FAIL: gm2/switches/check-all/run/fail/cardrange2.mod compilation, -Os
WARNING: gm2/switches/check-all/run/fail/cardrange2.mod compilation, {additional_flags= -O3 -fomit-frame-pointer -finline-functions } timeout=10 program timed out.
WARNING: gm2/switches/check-all/run/fail/cardrange2.mod compilation, {additional_flags= -O3 -fomit-frame-pointer } timeout=10 program timed out.
WARNING: gm2/switches/check-all/run/fail/cardrange2.mod compilation, {additional_flags= -g } timeout=10 program timed out.
UNRESOLVED: gm2/switches/check-all/run/fail/cardrange2.mod execution, -O3 -fomit-frame-pointer (link failed)
UNRESOLVED: gm2/switches/check-all/run/fail/cardrange2.mod execution, -O3 -fomit-frame-pointer -finline-functions (link failed)
UNRESOLVED: gm2/switches/check-all/run/fail/cardrange2.mod execution, -Os (link failed)
WARNING: gm2/switches/check-all/run/fail/cardrange3.mod compilation, -O program timed out.
FAIL: gm2/switches/check-all/run/fail/cardrange3.mod compilation, -O
WARNING: gm2/switches/check-all/run/fail/cardrange3.mod compilation, -O -g program timed out.
FAIL: gm2/switches/check-all/run/fail/cardrange3.mod compilation, -O -g
WARNING: gm2/switches/check-all/run/fail/cardrange3.mod compilation, -O3 -fomit-frame-pointer program timed out.
FAIL: gm2/switches/check-all/run/fail/cardrange3.mod compilation, -O3 -fomit-frame-pointer
WARNING: gm2/switches/check-all/run/fail/cardrange3.mod compilation, -Os program timed out.
FAIL: gm2/switches/check-all/run/fail/cardrange3.mod compilation, -Os
WARNING: gm2/switches/check-all/run/fail/cardrange3.mod compilation, -g program timed out.
FAIL: gm2/switches/check-all/run/fail/cardrange3.mod compilation, -g
WARNING: gm2/switches/check-all/run/fail/cardrange3.mod compilation, {additional_flags= -O -g } timeout=10 program timed out.
WARNING: gm2/switches/check-all/run/fail/cardrange3.mod compilation, {additional_flags= -O } timeout=10 program timed out.
WARNING: gm2/switches/check-all/run/fail/cardrange3.mod compilation, {additional_flags= -O3 -fomit-frame-pointer } timeout=10 program timed out.
WARNING: gm2/switches/check-all/run/fail/cardrange3.mod compilation, {additional_flags= -Os } timeout=10 program timed out.
WARNING: gm2/switches/check-all/run/fail/cardrange3.mod compilation, {additional_flags= -g } timeout=10 program timed out.
UNRESOLVED: gm2/switches/check-all/run/fail/cardrange3.mod execution, -O (link failed)
UNRESOLVED: gm2/switches/check-all/run/fail/cardrange3.mod execution, -O -g (link failed)
UNRESOLVED: gm2/switches/check-all/run/fail/cardrange3.mod execution, -O3 -fomit-frame-pointer (link failed)
UNRESOLVED: gm2/switches/check-all/run/fail/cardrange3.mod execution, -Os (link failed)
UNRESOLVED: gm2/switches/check-all/run/fail/cardrange3.mod execution, -g (link failed)
WARNING: gm2/switches/check-all/run/fail/intrange.mod compilation, -O program timed out.
FAIL: gm2/switches/check-all/run/fail/intrange.mod compilation, -O
WARNING: gm2/switches/check-all/run/fail/intrange.mod compilation, -O -g program timed out.
FAIL: gm2/switches/check-all/run/fail/intrange.mod compilation, -O -g
WARNING: gm2/switches/check-all/run/fail/intrange.mod compilation, -g program timed out.
FAIL: gm2/switches/check-all/run/fail/intrange.mod compilation, -g
WARNING: gm2/switches/check-all/run/fail/intrange.mod compilation, {additional_flags= -O -g } timeout=10 program timed out.
WARNING: gm2/switches/check-all/run/fail/intrange.mod compilation, {additional_flags= -O } timeout=10 program timed out.
WARNING: gm2/switches/check-all/run/fail/intrange.mod compilation, {additional_flags= -Os } timeout=10 program timed out.
WARNING: gm2/switches/check-all/run/fail/intrange.mod compilation, {additional_flags= -g } timeout=10 program timed out.
UNRESOLVED: gm2/switches/check-all/run/fail/intrange.mod execution, -O (link failed)
UNRESOLVED: gm2/switches/check-all/run/fail/intrange.mod execution, -O -g (link failed)
UNRESOLVED: gm2/switches/check-all/run/fail/intrange.mod execution, -g (link failed)
WARNING: gm2/switches/check-all/run/fail/subrange.mod compilation, {additional_flags= -g } timeout=10 program timed out.
WARNING: gm2/switches/makeall/fail/test.mod, -g program timed out.
WARNING: gm2/switches/whole-program/pass/run/hello.mod, -O3 -fomit-frame-pointer program timed out.
FAIL: gm2/switches/whole-program/pass/run/hello.mod, -O3 -fomit-frame-pointer
WARNING: gm2/switches/whole-program/pass/run/hello.mod, -O3 -fomit-frame-pointer -finline-functions program timed out.
FAIL: gm2/switches/whole-program/pass/run/hello.mod, -O3 -fomit-frame-pointer -finline-functions
WARNING: gm2/switches/whole-program/pass/run/hello2.mod, -O3 -fomit-frame-pointer program timed out.
FAIL: gm2/switches/whole-program/pass/run/hello2.mod, -O3 -fomit-frame-pointer
WARNING: gm2/switches/whole-program/pass/run/hello2.mod, -O3 -fomit-frame-pointer -finline-functions program timed out.
FAIL: gm2/switches/whole-program/pass/run/hello2.mod, -O3 -fomit-frame-pointer -finline-functions
=== gm2 Summary for unix/-m64 ===
# of expected passes 11589
# of unexpected failures 158
# of unresolved testcases 126
=== gm2 Summary ===
# of expected passes 23283
# of unexpected failures 259
# of unresolved testcases 203
=== gnat tests ===
Running target unix
=== gnat Summary for unix ===
# of expected passes 3350
# of expected failures 23
# of unsupported tests 37
Running target unix/-m64
=== gnat Summary for unix/-m64 ===
# of expected passes 3351
# of expected failures 23
# of unsupported tests 35
=== gnat Summary ===
# of expected passes 6701
# of expected failures 46
# of unsupported tests 72
/var/gcc/regression/master/11-gcc/build/gcc/gnatmake version 13.0.1 20230120 (experimental) [master 99ea0d7611605d2d1a67a6021cb78f0bdd5c609b]
=== go tests ===
Running target unix
FAIL: ./index0-out.go execution, -O0 -g -fno-var-tracking-assignments
WARNING: go.test/test/cmplxdivide.go program timed out.
FAIL: go.test/test/cmplxdivide.go
FAIL: go.test/test/fixedbugs/issue22881.go execution, -O2 -g
FAIL: go.test/test/fixedbugs/issue27836.dir/Ãfoo.go -O -I. (test for excess errors)
FAIL: go.test/test/fixedbugs/issue27836.dir/Ãmain.go -O -I. (test for excess errors)
FAIL: go.test/test/fixedbugs/issue34123.go execution, -O2 -g
FAIL: go.test/test/fixedbugs/issue39541.go execution, -O2 -g
FAIL: go.test/test/fixedbugs/issue4562.go execution, -O2 -g
FAIL: go.test/test/nil.go execution, -O2 -g
=== go Summary for unix ===
# of expected passes 8990
# of unexpected failures 9
# of untested testcases 11
# of unsupported tests 34
Running target unix/-m64
FAIL: ./index0-out.go execution, -O0 -g -fno-var-tracking-assignments
WARNING: go.test/test/cmplxdivide.go program timed out.
FAIL: go.test/test/cmplxdivide.go
FAIL: go.test/test/fixedbugs/issue13160.go execution, -O2 -g
FAIL: go.test/test/fixedbugs/issue27836.dir/Ãfoo.go -O -I. (test for excess errors)
FAIL: go.test/test/fixedbugs/issue27836.dir/Ãmain.go -O -I. (test for excess errors)
=== go Summary for unix/-m64 ===
# of expected passes 8876
# of unexpected failures 5
# of untested testcases 11
# of unsupported tests 32
=== go Summary ===
# of expected passes 17866
# of unexpected failures 14
# of untested testcases 22
# of unsupported tests 66
=== obj-c++ tests ===
Running target unix
=== obj-c++ Summary for unix ===
# of expected passes 1510
# of expected failures 2
# of unsupported tests 79
Running target unix/-m64
=== obj-c++ Summary for unix/-m64 ===
# of expected passes 1502
# of expected failures 10
# of unsupported tests 79
=== obj-c++ Summary ===
# of expected passes 3012
# of expected failures 12
# of unsupported tests 158
/var/gcc/regression/master/11-gcc/build/gcc/xg++ version 13.0.1 20230120 (experimental) [master 99ea0d7611605d2d1a67a6021cb78f0bdd5c609b] (GCC)
=== objc tests ===
Running target unix
=== objc Summary for unix ===
# of expected passes 2846
# of unsupported tests 70
Running target unix/-m64
=== objc Summary for unix/-m64 ===
# of expected passes 2846
# of unsupported tests 70
=== objc Summary ===
# of expected passes 5692
# of unsupported tests 140
/var/gcc/regression/master/11-gcc/build/gcc/xgcc version 13.0.1 20230120 (experimental) [master 99ea0d7611605d2d1a67a6021cb78f0bdd5c609b] (GCC)
=== rust tests ===
Running target unix
FAIL: rust/compile/const-issue1440.rs at line 49 (test for errors, line 48)
FAIL: rust/compile/const-issue1440.rs at line 61 (test for errors, line 60)
FAIL: rust/compile/const-issue1440.rs (test for excess errors)
FAIL: rust/compile/torture/issue-1432.rs -O0 (test for excess errors)
FAIL: rust/compile/torture/issue-1432.rs -O1 (test for excess errors)
FAIL: rust/compile/torture/issue-1432.rs -O2 (test for excess errors)
FAIL: rust/compile/torture/issue-1432.rs -O3 -g (test for excess errors)
FAIL: rust/compile/torture/issue-1432.rs -Os (test for excess errors)
FAIL: rust/execute/torture/builtin_macros1.rs -O0 output pattern test
FAIL: rust/execute/torture/builtin_macros1.rs -O1 output pattern test
FAIL: rust/execute/torture/builtin_macros1.rs -O2 output pattern test
FAIL: rust/execute/torture/builtin_macros1.rs -O3 -g output pattern test
FAIL: rust/execute/torture/builtin_macros1.rs -Os output pattern test
=== rust Summary for unix ===
# of expected passes 4975
# of unexpected failures 13
# of expected failures 39
# of unsupported tests 1
Running target unix/-m64
FAIL: rust/compile/const-issue1440.rs at line 49 (test for errors, line 48)
FAIL: rust/compile/const-issue1440.rs at line 61 (test for errors, line 60)
FAIL: rust/compile/const-issue1440.rs (test for excess errors)
FAIL: rust/compile/torture/issue-1432.rs -O0 (test for excess errors)
FAIL: rust/compile/torture/issue-1432.rs -O1 (test for excess errors)
FAIL: rust/compile/torture/issue-1432.rs -O2 (test for excess errors)
FAIL: rust/compile/torture/issue-1432.rs -O3 -g (test for excess errors)
FAIL: rust/compile/torture/issue-1432.rs -Os (test for excess errors)
=== rust Summary for unix/-m64 ===
# of expected passes 4980
# of unexpected failures 8
# of expected failures 39
# of unsupported tests 1
=== rust Summary ===
# of expected passes 9955
# of unexpected failures 21
# of expected failures 78
# of unsupported tests 2
=== gotools tests ===
FAIL: go test cmd/go
FAIL: TestBreakpoint
FAIL: TestCgoSignalDeadlock
FAIL: TestCrashDumpsAllThreads
FAIL: TestCrashHandler
FAIL: TestDoublePanic
FAIL: TestGCFairness
FAIL: TestGCFairness2
FAIL: TestGccgoCrashTracebackNodebug
FAIL: TestGoNil
FAIL: TestGoexitCrash
FAIL: TestGoexitDeadlock
FAIL: TestGoexitInPanic
FAIL: TestInitDeadlock
FAIL: TestLockOSThreadAvoidsStatePropagation
FAIL: TestLockOSThreadExit
FAIL: TestLockOSThreadTemplateThreadRace
FAIL: TestLockedDeadlock
FAIL: TestLockedDeadlock2
FAIL: TestMainGoroutineID
FAIL: TestMemmoveAtomicity
FAIL: TestNeedmDeadlock
FAIL: TestNoHelperGoroutines
FAIL: TestNumGoroutine
FAIL: TestPanicAfterGoexit
FAIL: TestPanicDeadlockGosched
FAIL: TestPanicDeadlockSyscall
FAIL: TestPanicInlined
FAIL: TestPanicLoop
FAIL: TestPanicRace
FAIL: TestPanicWithDirectlyPrintableCustomTypes
FAIL: TestPhysicalMemoryUtilization
FAIL: TestRecoveredPanicAfterGoexit
FAIL: TestRecursivePanic
FAIL: TestRecursivePanic2
FAIL: TestRecursivePanic3
FAIL: TestRecursivePanic4
FAIL: TestRecursivePanic5
FAIL: TestSegv
FAIL: TestSignalExitStatus
FAIL: TestSignalIgnoreSIGTRAP
FAIL: TestSimpleDeadlock
FAIL: TestThreadExhaustion
FAIL: go test runtime
FAIL: go test misc/cgo/test
FAIL: TestCompileWithoutShared
FAIL: TestEarlySignalHandler
FAIL: TestOsSignal
FAIL: TestSigaltstack
FAIL: TestSignalForwarding
FAIL: TestSignalForwardingExternal
FAIL: go test misc/cgo/testcarchive
FAIL: TestVet
FAIL: go test cmd/vet
=== gotools Summary ===
# of expected passes 182
# of unexpected failures 54
# of untested testcases 108
/var/gcc/regression/master/11-gcc/build/./gcc/gccgo version 13.0.1 20230120 (experimental) [master 99ea0d7611605d2d1a67a6021cb78f0bdd5c609b] (GCC)
=== libatomic tests ===
Running target unix
=== libatomic Summary for unix ===
# of expected passes 44
# of unsupported tests 5
Running target unix/-m64
=== libatomic Summary for unix/-m64 ===
# of expected passes 54
=== libatomic Summary ===
# of expected passes 98
# of unsupported tests 5
=== libffi tests ===
Running target unix
FAIL: libffi.closures/single_entry_structs2.c -W -Wall -Wno-psabi -O0 execution test
=== libffi Summary for unix ===
# of expected passes 1572
# of unexpected failures 1
Running target unix/-m64
=== libffi Summary for unix/-m64 ===
# of expected passes 1574
=== libffi Summary ===
# of expected passes 3146
# of unexpected failures 1
=== libgo tests ===
Running target unix
FAIL: go/types
FAIL: net/http/pprof
FAIL: os/signal
FAIL: runtime
FAIL: runtime/pprof
FAIL: sync/atomic
=== libgo Summary for unix ===
# of expected passes 190
# of unexpected failures 6
Running target unix/-m64
FAIL: encoding/json
FAIL: runtime
FAIL: sync/atomic
=== libgo Summary for unix/-m64 ===
# of expected passes 193
# of unexpected failures 3
=== libgo Summary ===
# of expected passes 383
# of unexpected failures 9
/var/gcc/regression/master/11-gcc/build/./gcc/gccgo version 13.0.1 20230120 (experimental) [master 99ea0d7611605d2d1a67a6021cb78f0bdd5c609b] (GCC)
=== libgomp tests ===
Running target unix
WARNING: libgomp.c++/task-reduction-13.C execution test program timed out.
FAIL: libgomp.c++/task-reduction-13.C execution test
=== libgomp Summary for unix ===
# of expected passes 14607
# of unexpected failures 1
# of expected failures 285
# of unsupported tests 679
Running target unix/-m64
WARNING: libgomp.c++/task-reduction-11.C execution test program timed out.
FAIL: libgomp.c++/task-reduction-11.C execution test
WARNING: libgomp.c++/task-reduction-13.C execution test program timed out.
FAIL: libgomp.c++/task-reduction-13.C execution test
WARNING: libgomp.c++/task-reduction-8.C execution test program timed out.
FAIL: libgomp.c++/task-reduction-8.C execution test
=== libgomp Summary for unix/-m64 ===
# of expected passes 14605
# of unexpected failures 3
# of expected failures 285
# of unsupported tests 679
=== libgomp Summary ===
# of expected passes 29212
# of unexpected failures 4
# of expected failures 570
# of unsupported tests 1358
=== libitm tests ===
Running target unix
=== libitm Summary for unix ===
# of expected passes 44
# of expected failures 3
# of unsupported tests 1
Running target unix/-m64
=== libitm Summary for unix/-m64 ===
# of expected passes 44
# of expected failures 3
# of unsupported tests 1
=== libitm Summary ===
# of expected passes 88
# of expected failures 6
# of unsupported tests 2
=== libphobos tests ===
Running target unix
WARNING: libphobos.gc/forkgc2.d execution test program timed out.
FAIL: libphobos.gc/forkgc2.d execution test
WARNING: libphobos.gc/startbackgc.d execution test program timed out.
FAIL: libphobos.gc/startbackgc.d execution test
WARNING: libphobos.phobos/std/algorithm/iteration.d (test for excess errors) program timed out.
FAIL: libphobos.phobos/std/algorithm/iteration.d (test for excess errors)
UNRESOLVED: libphobos.phobos/std/algorithm/iteration.d compilation failed to produce executable
WARNING: libphobos.phobos/std/container/rbtree.d (test for excess errors) program timed out.
FAIL: libphobos.phobos/std/container/rbtree.d (test for excess errors)
UNRESOLVED: libphobos.phobos/std/container/rbtree.d compilation failed to produce executable
WARNING: libphobos.phobos/std/conv.d (test for excess errors) program timed out.
FAIL: libphobos.phobos/std/conv.d (test for excess errors)
UNRESOLVED: libphobos.phobos/std/conv.d compilation failed to produce executable
FAIL: libphobos.phobos/std/datetime/date.d execution test
FAIL: libphobos.phobos/std/datetime/systime.d execution test
FAIL: libphobos.phobos/std/datetime/timezone.d execution test
FAIL: libphobos.phobos/std/digest/murmurhash.d execution test
FAIL: libphobos.phobos/std/experimental/allocator/building_blocks/region.d execution test
FAIL: libphobos.phobos/std/format/internal/floats.d (test for excess errors)
FAIL: libphobos.phobos/std/internal/math/gammafunction.d execution test
FAIL: libphobos.phobos/std/mmfile.d execution test
WARNING: libphobos.phobos/std/net/curl.d execution test program timed out.
FAIL: libphobos.phobos/std/net/curl.d execution test
FAIL: libphobos.phobos/std/parallelism.d execution test
WARNING: libphobos.phobos/std/range/package.d (test for excess errors) program timed out.
FAIL: libphobos.phobos/std/range/package.d (test for excess errors)
UNRESOLVED: libphobos.phobos/std/range/package.d compilation failed to produce executable
FAIL: libphobos.phobos/std/regex/internal/kickstart.d execution test
FAIL: libphobos.phobos/std/regex/internal/tests.d execution test
FAIL: libphobos.phobos/std/regex/internal/tests2.d execution test
FAIL: libphobos.phobos/std/regex/package.d execution test
FAIL: libphobos.phobos/std/stdio.d execution test
WARNING: libphobos.phobos/std/string.d (test for excess errors) program timed out.
FAIL: libphobos.phobos/std/string.d (test for excess errors)
UNRESOLVED: libphobos.phobos/std/string.d compilation failed to produce executable
WARNING: libphobos.phobos_shared/std/container/rbtree.d (test for excess errors) program timed out.
FAIL: libphobos.phobos_shared/std/container/rbtree.d (test for excess errors)
UNRESOLVED: libphobos.phobos_shared/std/container/rbtree.d compilation failed to produce executable
WARNING: libphobos.phobos_shared/std/conv.d (test for excess errors) program timed out.
FAIL: libphobos.phobos_shared/std/conv.d (test for excess errors)
UNRESOLVED: libphobos.phobos_shared/std/conv.d compilation failed to produce executable
FAIL: libphobos.phobos_shared/std/datetime/date.d execution test
FAIL: libphobos.phobos_shared/std/datetime/systime.d execution test
FAIL: libphobos.phobos_shared/std/datetime/timezone.d execution test
FAIL: libphobos.phobos_shared/std/digest/murmurhash.d execution test
FAIL: libphobos.phobos_shared/std/experimental/allocator/building_blocks/region.d execution test
FAIL: libphobos.phobos_shared/std/format/internal/floats.d (test for excess errors)
FAIL: libphobos.phobos_shared/std/internal/math/gammafunction.d execution test
FAIL: libphobos.phobos_shared/std/mmfile.d execution test
WARNING: libphobos.phobos_shared/std/net/curl.d execution test program timed out.
FAIL: libphobos.phobos_shared/std/net/curl.d execution test
FAIL: libphobos.phobos_shared/std/parallelism.d execution test
WARNING: libphobos.phobos_shared/std/range/package.d (test for excess errors) program timed out.
FAIL: libphobos.phobos_shared/std/range/package.d (test for excess errors)
UNRESOLVED: libphobos.phobos_shared/std/range/package.d compilation failed to produce executable
FAIL: libphobos.phobos_shared/std/regex/internal/kickstart.d execution test
FAIL: libphobos.phobos_shared/std/regex/internal/tests.d execution test
FAIL: libphobos.phobos_shared/std/regex/internal/tests2.d execution test
FAIL: libphobos.phobos_shared/std/regex/package.d execution test
FAIL: libphobos.phobos_shared/std/stdio.d execution test
WARNING: libphobos.phobos_shared/std/string.d (test for excess errors) program timed out.
FAIL: libphobos.phobos_shared/std/string.d (test for excess errors)
UNRESOLVED: libphobos.phobos_shared/std/string.d compilation failed to produce executable
FAIL: libphobos.shared/finalize.d -shared-libphobos -ldl execution test
FAIL: libphobos.shared/load.d -shared-libphobos -ldl execution test
FAIL: libphobos.shared/load_13414.d -shared-libphobos -ldl execution test
=== libphobos Summary for unix ===
# of expected passes 1052
# of unexpected failures 44
# of unresolved testcases 9
Running target unix/-m64
FAIL: libphobos.exceptions/assert_fail.d execution test
WARNING: libphobos.gc/forkgc2.d execution test program timed out.
FAIL: libphobos.gc/forkgc2.d execution test
WARNING: libphobos.phobos/std/algorithm/searching.d (test for excess errors) program timed out.
FAIL: libphobos.phobos/std/algorithm/searching.d (test for excess errors)
UNRESOLVED: libphobos.phobos/std/algorithm/searching.d compilation failed to produce executable
WARNING: libphobos.phobos/std/array.d (test for excess errors) program timed out.
FAIL: libphobos.phobos/std/array.d (test for excess errors)
UNRESOLVED: libphobos.phobos/std/array.d compilation failed to produce executable
WARNING: libphobos.phobos/std/container/rbtree.d (test for excess errors) program timed out.
FAIL: libphobos.phobos/std/container/rbtree.d (test for excess errors)
UNRESOLVED: libphobos.phobos/std/container/rbtree.d compilation failed to produce executable
WARNING: libphobos.phobos/std/conv.d (test for excess errors) program timed out.
FAIL: libphobos.phobos/std/conv.d (test for excess errors)
UNRESOLVED: libphobos.phobos/std/conv.d compilation failed to produce executable
FAIL: libphobos.phobos/std/datetime/date.d execution test
FAIL: libphobos.phobos/std/datetime/interval.d execution test
FAIL: libphobos.phobos/std/datetime/systime.d execution test
FAIL: libphobos.phobos/std/datetime/timezone.d execution test
FAIL: libphobos.phobos/std/digest/murmurhash.d execution test
FAIL: libphobos.phobos/std/experimental/allocator/building_blocks/region.d execution test
FAIL: libphobos.phobos/std/file.d execution test
FAIL: libphobos.phobos/std/format/internal/floats.d (test for excess errors)
FAIL: libphobos.phobos/std/internal/math/gammafunction.d execution test
FAIL: libphobos.phobos/std/parallelism.d execution test
WARNING: libphobos.phobos/std/range/package.d (test for excess errors) program timed out.
FAIL: libphobos.phobos/std/range/package.d (test for excess errors)
UNRESOLVED: libphobos.phobos/std/range/package.d compilation failed to produce executable
FAIL: libphobos.phobos/std/regex/internal/kickstart.d execution test
FAIL: libphobos.phobos/std/regex/internal/tests.d execution test
FAIL: libphobos.phobos/std/regex/internal/tests2.d execution test
FAIL: libphobos.phobos/std/regex/package.d execution test
WARNING: libphobos.phobos/std/string.d (test for excess errors) program timed out.
FAIL: libphobos.phobos/std/string.d (test for excess errors)
UNRESOLVED: libphobos.phobos/std/string.d compilation failed to produce executable
WARNING: libphobos.phobos/std/uuid.d (test for excess errors) program timed out.
FAIL: libphobos.phobos/std/uuid.d (test for excess errors)
UNRESOLVED: libphobos.phobos/std/uuid.d compilation failed to produce executable
WARNING: libphobos.phobos_shared/std/algorithm/iteration.d (test for excess errors) program timed out.
FAIL: libphobos.phobos_shared/std/algorithm/iteration.d (test for excess errors)
UNRESOLVED: libphobos.phobos_shared/std/algorithm/iteration.d compilation failed to produce executable
WARNING: libphobos.phobos_shared/std/algorithm/searching.d (test for excess errors) program timed out.
FAIL: libphobos.phobos_shared/std/algorithm/searching.d (test for excess errors)
UNRESOLVED: libphobos.phobos_shared/std/algorithm/searching.d compilation failed to produce executable
WARNING: libphobos.phobos_shared/std/array.d (test for excess errors) program timed out.
FAIL: libphobos.phobos_shared/std/array.d (test for excess errors)
UNRESOLVED: libphobos.phobos_shared/std/array.d compilation failed to produce executable
WARNING: libphobos.phobos_shared/std/container/rbtree.d (test for excess errors) program timed out.
FAIL: libphobos.phobos_shared/std/container/rbtree.d (test for excess errors)
UNRESOLVED: libphobos.phobos_shared/std/container/rbtree.d compilation failed to produce executable
WARNING: libphobos.phobos_shared/std/conv.d (test for excess errors) program timed out.
FAIL: libphobos.phobos_shared/std/conv.d (test for excess errors)
UNRESOLVED: libphobos.phobos_shared/std/conv.d compilation failed to produce executable
FAIL: libphobos.phobos_shared/std/datetime/date.d execution test
FAIL: libphobos.phobos_shared/std/datetime/interval.d execution test
FAIL: libphobos.phobos_shared/std/datetime/systime.d execution test
FAIL: libphobos.phobos_shared/std/datetime/timezone.d execution test
FAIL: libphobos.phobos_shared/std/digest/murmurhash.d execution test
FAIL: libphobos.phobos_shared/std/experimental/allocator/building_blocks/region.d execution test
FAIL: libphobos.phobos_shared/std/file.d execution test
FAIL: libphobos.phobos_shared/std/format/internal/floats.d (test for excess errors)
FAIL: libphobos.phobos_shared/std/internal/math/gammafunction.d execution test
FAIL: libphobos.phobos_shared/std/parallelism.d execution test
WARNING: libphobos.phobos_shared/std/range/package.d (test for excess errors) program timed out.
FAIL: libphobos.phobos_shared/std/range/package.d (test for excess errors)
UNRESOLVED: libphobos.phobos_shared/std/range/package.d compilation failed to produce executable
FAIL: libphobos.phobos_shared/std/regex/internal/kickstart.d execution test
FAIL: libphobos.phobos_shared/std/regex/internal/tests.d execution test
FAIL: libphobos.phobos_shared/std/regex/internal/tests2.d execution test
FAIL: libphobos.phobos_shared/std/regex/package.d execution test
WARNING: libphobos.phobos_shared/std/uuid.d (test for excess errors) program timed out.
FAIL: libphobos.phobos_shared/std/uuid.d (test for excess errors)
UNRESOLVED: libphobos.phobos_shared/std/uuid.d compilation failed to produce executable
FAIL: libphobos.shared/finalize.d -shared-libphobos -ldl execution test
FAIL: libphobos.shared/load.d -shared-libphobos -ldl execution test
FAIL: libphobos.shared/load_13414.d -shared-libphobos -ldl execution test
=== libphobos Summary for unix/-m64 ===
# of expected passes 1044
# of unexpected failures 47
# of unresolved testcases 14
=== libphobos Summary ===
# of expected passes 2096
# of unexpected failures 91
# of unresolved testcases 23
=== libstdc++ tests ===
Running target unix
=== libstdc++ Summary for unix ===
# of expected passes 15441
# of expected failures 99
# of unsupported tests 781
Running target unix/-m64
=== libstdc++ Summary for unix/-m64 ===
# of expected passes 15437
# of expected failures 99
# of unsupported tests 783
=== libstdc++ Summary ===
# of expected passes 30878
# of expected failures 198
# of unsupported tests 1564
Compiler version: 13.0.1 20230120 (experimental) [master 99ea0d7611605d2d1a67a6021cb78f0bdd5c609b] (GCC)
Platform: sparc-sun-solaris2.11
configure flags: --prefix=/vol/gcc --target=sparc-sun-solaris2.11 --enable-objc-gc --with-target-bdw-gc-include=/vol/gcc/include --with-target-bdw-gc-lib=/vol/gcc/lib,sparcv9=/vol/gcc/lib/sparcv9 --with-as=/usr/ccs/bin/as --without-gnu-as --with-gmp-include=/vol/gcc/include --with-gmp-lib=/vol/gcc/lib --with-mpfr-include=/vol/gcc/include --with-mpfr-lib=/vol/gcc/lib --with-mpc-include=/vol/gcc/include --with-mpc-lib=/vol/gcc/lib --enable-languages=all,ada,obj-c++,go --with-isl-include=/vol/gcc/include --with-isl-lib=/vol/gcc/lib --with-zstd-include=/vol/gcc/include --with-zstd-lib=/vol/gcc/lib --build=sparc-sun-solaris2.11 --host=sparc-sun-solaris2.11
BOOT_CFLAGS=-g -O2
More information about the Gcc-testresults
mailing list