Results for 13.0.1 20230119 (experimental) [master 9f98cfa51b4] (GCC) testsuite on aarch64-suse-linux-gnu
Andreas Schwab
schwab@suse.de
Thu Jan 19 08:49:31 GMT 2023
LAST_UPDATED: Thu Jan 19 03:01:30 UTC 2023 (revision 9f98cfa51b4)
Native configuration is aarch64-suse-linux-gnu
=== libatomic tests ===
Running target unix/-mabi=lp64
=== libatomic Summary ===
# of expected passes 54
=== libffi tests ===
Running target unix/-mabi=lp64
=== libffi Summary ===
# of expected passes 1574
=== libgo tests ===
Running target unix
FAIL: net
FAIL: runtime/pprof
=== libgo Summary ===
# of expected passes 194
# of unexpected failures 2
/opt/gcc/gcc-20230119/Build/./gcc/gccgo version 13.0.1 20230119 (experimental) [master 9f98cfa51b4] (GCC)
=== libgomp tests ===
Running target unix/-mabi=lp64
=== libgomp Summary ===
# of expected passes 14614
# of expected failures 285
# of unsupported tests 675
=== libitm tests ===
Running target unix/-mabi=lp64
=== libitm Summary ===
# of expected passes 44
# of expected failures 3
# of unsupported tests 1
=== libphobos tests ===
Running target unix/-mabi=lp64
FAIL: libphobos.exceptions/rt_trap_exceptions.d output pattern test
FAIL: libphobos.lifetime/large_aggregate_destroy_21097.d (test for excess errors)
UNRESOLVED: libphobos.lifetime/large_aggregate_destroy_21097.d compilation failed to produce executable
WARNING: libphobos.phobos/std/algorithm/iteration.d (test for excess errors) program timed out.
FAIL: libphobos.phobos/std/algorithm/iteration.d (test for excess errors)
UNRESOLVED: libphobos.phobos/std/algorithm/iteration.d compilation failed to produce executable
WARNING: libphobos.phobos/std/algorithm/searching.d (test for excess errors) program timed out.
FAIL: libphobos.phobos/std/algorithm/searching.d (test for excess errors)
UNRESOLVED: libphobos.phobos/std/algorithm/searching.d compilation failed to produce executable
WARNING: libphobos.phobos/std/algorithm/sorting.d (test for excess errors) program timed out.
FAIL: libphobos.phobos/std/algorithm/sorting.d (test for excess errors)
UNRESOLVED: libphobos.phobos/std/algorithm/sorting.d compilation failed to produce executable
WARNING: libphobos.phobos/std/array.d (test for excess errors) program timed out.
FAIL: libphobos.phobos/std/array.d (test for excess errors)
UNRESOLVED: libphobos.phobos/std/array.d compilation failed to produce executable
WARNING: libphobos.phobos/std/container/rbtree.d (test for excess errors) program timed out.
FAIL: libphobos.phobos/std/container/rbtree.d (test for excess errors)
UNRESOLVED: libphobos.phobos/std/container/rbtree.d compilation failed to produce executable
WARNING: libphobos.phobos/std/conv.d (test for excess errors) program timed out.
FAIL: libphobos.phobos/std/conv.d (test for excess errors)
UNRESOLVED: libphobos.phobos/std/conv.d compilation failed to produce executable
WARNING: libphobos.phobos/std/datetime/date.d (test for excess errors) program timed out.
FAIL: libphobos.phobos/std/datetime/date.d (test for excess errors)
UNRESOLVED: libphobos.phobos/std/datetime/date.d compilation failed to produce executable
WARNING: libphobos.phobos/std/datetime/systime.d (test for excess errors) program timed out.
FAIL: libphobos.phobos/std/datetime/systime.d (test for excess errors)
UNRESOLVED: libphobos.phobos/std/datetime/systime.d compilation failed to produce executable
FAIL: libphobos.phobos/std/format/internal/floats.d (test for excess errors)
FAIL: libphobos.phobos/std/format/internal/floats.d execution test
FAIL: libphobos.phobos/std/format/internal/write.d execution test
FAIL: libphobos.phobos/std/internal/math/gammafunction.d execution test
FAIL: libphobos.phobos/std/math/hardware.d execution test
WARNING: libphobos.phobos/std/range/package.d (test for excess errors) program timed out.
FAIL: libphobos.phobos/std/range/package.d (test for excess errors)
UNRESOLVED: libphobos.phobos/std/range/package.d compilation failed to produce executable
WARNING: libphobos.phobos/std/range/primitives.d (test for excess errors) program timed out.
FAIL: libphobos.phobos/std/range/primitives.d (test for excess errors)
UNRESOLVED: libphobos.phobos/std/range/primitives.d compilation failed to produce executable
WARNING: libphobos.phobos/std/string.d (test for excess errors) program timed out.
FAIL: libphobos.phobos/std/string.d (test for excess errors)
UNRESOLVED: libphobos.phobos/std/string.d compilation failed to produce executable
WARNING: libphobos.phobos/std/typecons.d (test for excess errors) program timed out.
FAIL: libphobos.phobos/std/typecons.d (test for excess errors)
UNRESOLVED: libphobos.phobos/std/typecons.d compilation failed to produce executable
WARNING: libphobos.phobos_shared/std/algorithm/iteration.d (test for excess errors) program timed out.
FAIL: libphobos.phobos_shared/std/algorithm/iteration.d (test for excess errors)
UNRESOLVED: libphobos.phobos_shared/std/algorithm/iteration.d compilation failed to produce executable
WARNING: libphobos.phobos_shared/std/algorithm/searching.d (test for excess errors) program timed out.
FAIL: libphobos.phobos_shared/std/algorithm/searching.d (test for excess errors)
UNRESOLVED: libphobos.phobos_shared/std/algorithm/searching.d compilation failed to produce executable
WARNING: libphobos.phobos_shared/std/algorithm/sorting.d (test for excess errors) program timed out.
FAIL: libphobos.phobos_shared/std/algorithm/sorting.d (test for excess errors)
UNRESOLVED: libphobos.phobos_shared/std/algorithm/sorting.d compilation failed to produce executable
WARNING: libphobos.phobos_shared/std/array.d (test for excess errors) program timed out.
FAIL: libphobos.phobos_shared/std/array.d (test for excess errors)
UNRESOLVED: libphobos.phobos_shared/std/array.d compilation failed to produce executable
WARNING: libphobos.phobos_shared/std/container/rbtree.d (test for excess errors) program timed out.
FAIL: libphobos.phobos_shared/std/container/rbtree.d (test for excess errors)
UNRESOLVED: libphobos.phobos_shared/std/container/rbtree.d compilation failed to produce executable
WARNING: libphobos.phobos_shared/std/conv.d (test for excess errors) program timed out.
FAIL: libphobos.phobos_shared/std/conv.d (test for excess errors)
UNRESOLVED: libphobos.phobos_shared/std/conv.d compilation failed to produce executable
WARNING: libphobos.phobos_shared/std/datetime/date.d (test for excess errors) program timed out.
FAIL: libphobos.phobos_shared/std/datetime/date.d (test for excess errors)
UNRESOLVED: libphobos.phobos_shared/std/datetime/date.d compilation failed to produce executable
WARNING: libphobos.phobos_shared/std/datetime/systime.d (test for excess errors) program timed out.
FAIL: libphobos.phobos_shared/std/datetime/systime.d (test for excess errors)
UNRESOLVED: libphobos.phobos_shared/std/datetime/systime.d compilation failed to produce executable
FAIL: libphobos.phobos_shared/std/format/internal/floats.d (test for excess errors)
FAIL: libphobos.phobos_shared/std/format/internal/floats.d execution test
FAIL: libphobos.phobos_shared/std/format/internal/write.d execution test
FAIL: libphobos.phobos_shared/std/internal/math/gammafunction.d execution test
FAIL: libphobos.phobos_shared/std/math/hardware.d execution test
WARNING: libphobos.phobos_shared/std/range/package.d (test for excess errors) program timed out.
FAIL: libphobos.phobos_shared/std/range/package.d (test for excess errors)
UNRESOLVED: libphobos.phobos_shared/std/range/package.d compilation failed to produce executable
WARNING: libphobos.phobos_shared/std/range/primitives.d (test for excess errors) program timed out.
FAIL: libphobos.phobos_shared/std/range/primitives.d (test for excess errors)
UNRESOLVED: libphobos.phobos_shared/std/range/primitives.d compilation failed to produce executable
WARNING: libphobos.phobos_shared/std/string.d (test for excess errors) program timed out.
FAIL: libphobos.phobos_shared/std/string.d (test for excess errors)
UNRESOLVED: libphobos.phobos_shared/std/string.d compilation failed to produce executable
WARNING: libphobos.phobos_shared/std/typecons.d (test for excess errors) program timed out.
FAIL: libphobos.phobos_shared/std/typecons.d (test for excess errors)
UNRESOLVED: libphobos.phobos_shared/std/typecons.d compilation failed to produce executable
WARNING: libphobos.phobos_shared/std/uni/package.d (test for excess errors) program timed out.
FAIL: libphobos.phobos_shared/std/uni/package.d (test for excess errors)
UNRESOLVED: libphobos.phobos_shared/std/uni/package.d compilation failed to produce executable
=== libphobos Summary ===
# of expected passes 1038
# of unexpected failures 37
# of unresolved testcases 26
# of unsupported tests 2
=== libstdc++ tests ===
Running target unix/-mabi=lp64
=== libstdc++ Summary ===
# of expected passes 16431
# of expected failures 98
# of unsupported tests 385
=== acats tests ===
=== acats Summary ===
# of expected passes 2328
# of unexpected failures 0
=== g++ tests ===
Running target unix/-mabi=lp64
FAIL: c-c++-common/diagnostic-format-sarif-file-4.c -std=gnu++98 scan-sarif-file "text": " int \\\\u6587\\\\u5b57\\\\u5316\\\\u3051 =
FAIL: c-c++-common/diagnostic-format-sarif-file-4.c -std=gnu++14 scan-sarif-file "text": " int \\\\u6587\\\\u5b57\\\\u5316\\\\u3051 =
FAIL: c-c++-common/diagnostic-format-sarif-file-4.c -std=gnu++17 scan-sarif-file "text": " int \\\\u6587\\\\u5b57\\\\u5316\\\\u3051 =
FAIL: c-c++-common/diagnostic-format-sarif-file-4.c -std=gnu++20 scan-sarif-file "text": " int \\\\u6587\\\\u5b57\\\\u5316\\\\u3051 =
FAIL: g++.dg/contracts/contracts-tmpl-spec2.C output pattern test
FAIL: g++.dg/pr71488.C (test for excess errors)
FAIL: g++.dg/tree-ssa/pr107876.C -std=gnu++14 scan-tree-dump unswitch "unswitching loop 1 on .switch. with condition: i_[0-9]+\\\\(D\\\\) == 2"
FAIL: g++.dg/tree-ssa/pr107876.C -std=gnu++17 scan-tree-dump unswitch "unswitching loop 1 on .switch. with condition: i_[0-9]+\\\\(D\\\\) == 2"
FAIL: g++.dg/tree-ssa/pr107876.C -std=gnu++20 scan-tree-dump unswitch "unswitching loop 1 on .switch. with condition: i_[0-9]+\\\\(D\\\\) == 2"
FAIL: g++.dg/warn/Waddress-5.C -std=gnu++98 (test for excess errors)
FAIL: g++.dg/warn/Waddress-5.C -std=gnu++14 (test for excess errors)
FAIL: g++.dg/warn/Waddress-5.C -std=gnu++17 (test for excess errors)
FAIL: g++.dg/warn/Waddress-5.C -std=gnu++20 (test for excess errors)
FAIL: g++.dg/gomp/attrs-10.C -std=gnu++14 at line 58 (test for warnings, line 57)
FAIL: g++.dg/gomp/attrs-10.C -std=gnu++14 at line 81 (test for warnings, line 79)
FAIL: g++.dg/gomp/attrs-10.C -std=gnu++14 at line 127 (test for warnings, line 125)
FAIL: g++.dg/gomp/attrs-10.C -std=gnu++14 (test for excess errors)
FAIL: g++.dg/gomp/attrs-10.C -std=gnu++17 at line 58 (test for warnings, line 57)
FAIL: g++.dg/gomp/attrs-10.C -std=gnu++17 at line 81 (test for warnings, line 79)
FAIL: g++.dg/gomp/attrs-10.C -std=gnu++17 at line 127 (test for warnings, line 125)
FAIL: g++.dg/gomp/attrs-10.C -std=gnu++17 (test for excess errors)
FAIL: g++.dg/gomp/attrs-10.C -std=gnu++20 at line 58 (test for warnings, line 57)
FAIL: g++.dg/gomp/attrs-10.C -std=gnu++20 at line 81 (test for warnings, line 79)
FAIL: g++.dg/gomp/attrs-10.C -std=gnu++20 at line 127 (test for warnings, line 125)
FAIL: g++.dg/gomp/attrs-10.C -std=gnu++20 (test for excess errors)
FAIL: g++.dg/gomp/declare-simd-8.C -std=c++98 (test for excess errors)
FAIL: g++.dg/gomp/declare-simd-8.C -std=c++14 (test for excess errors)
FAIL: g++.dg/gomp/declare-simd-8.C -std=c++17 (test for excess errors)
FAIL: g++.dg/gomp/declare-simd-8.C -std=c++20 (test for excess errors)
FAIL: c-c++-common/hwasan/alloca-gets-different-tag.c -O2 -flto -fuse-linker-plugin -fno-fat-lto-objects execution test
FAIL: c-c++-common/hwasan/alloca-outside-caught.c -O2 -flto -fuse-linker-plugin -fno-fat-lto-objects output pattern test
FAIL: c-c++-common/hwasan/arguments-3.c -O0 at line 4 (test for errors, line )
FAIL: c-c++-common/hwasan/arguments-3.c -O0 at line 5 (test for errors, line )
FAIL: c-c++-common/hwasan/arguments-3.c -O1 at line 4 (test for errors, line )
FAIL: c-c++-common/hwasan/arguments-3.c -O1 at line 5 (test for errors, line )
FAIL: c-c++-common/hwasan/arguments-3.c -O2 at line 4 (test for errors, line )
FAIL: c-c++-common/hwasan/arguments-3.c -O2 at line 5 (test for errors, line )
FAIL: c-c++-common/hwasan/arguments-3.c -O3 -g at line 4 (test for errors, line )
FAIL: c-c++-common/hwasan/arguments-3.c -O3 -g at line 5 (test for errors, line )
FAIL: c-c++-common/hwasan/arguments-3.c -Os at line 4 (test for errors, line )
FAIL: c-c++-common/hwasan/arguments-3.c -Os at line 5 (test for errors, line )
FAIL: c-c++-common/hwasan/arguments-3.c -O2 -flto -fno-use-linker-plugin -flto-partition=none at line 4 (test for errors, line )
FAIL: c-c++-common/hwasan/arguments-3.c -O2 -flto -fno-use-linker-plugin -flto-partition=none at line 5 (test for errors, line )
FAIL: c-c++-common/hwasan/arguments-3.c -O2 -flto -fuse-linker-plugin -fno-fat-lto-objects at line 4 (test for errors, line )
FAIL: c-c++-common/hwasan/arguments-3.c -O2 -flto -fuse-linker-plugin -fno-fat-lto-objects at line 5 (test for errors, line )
FAIL: c-c++-common/hwasan/heap-overflow.c -O0 output pattern test
FAIL: c-c++-common/hwasan/heap-overflow.c -O1 output pattern test
FAIL: c-c++-common/hwasan/heap-overflow.c -O2 output pattern test
FAIL: c-c++-common/hwasan/heap-overflow.c -O3 -g output pattern test
FAIL: c-c++-common/hwasan/heap-overflow.c -Os output pattern test
FAIL: c-c++-common/hwasan/heap-overflow.c -O2 -flto -fno-use-linker-plugin -flto-partition=none output pattern test
FAIL: c-c++-common/hwasan/heap-overflow.c -O2 -flto -fuse-linker-plugin -fno-fat-lto-objects output pattern test
FAIL: c-c++-common/hwasan/sanity-check-pure-c.c -O0 output pattern test
FAIL: c-c++-common/hwasan/sanity-check-pure-c.c -O1 output pattern test
FAIL: c-c++-common/hwasan/sanity-check-pure-c.c -O2 output pattern test
FAIL: c-c++-common/hwasan/sanity-check-pure-c.c -O3 -g output pattern test
FAIL: c-c++-common/hwasan/sanity-check-pure-c.c -Os output pattern test
FAIL: c-c++-common/hwasan/sanity-check-pure-c.c -O2 -flto -fno-use-linker-plugin -flto-partition=none output pattern test
FAIL: c-c++-common/hwasan/sanity-check-pure-c.c -O2 -flto -fuse-linker-plugin -fno-fat-lto-objects output pattern test
FAIL: c-c++-common/hwasan/use-after-free.c -O0 output pattern test
FAIL: c-c++-common/hwasan/use-after-free.c -O1 output pattern test
FAIL: c-c++-common/hwasan/use-after-free.c -O2 output pattern test
FAIL: c-c++-common/hwasan/use-after-free.c -O3 -g output pattern test
FAIL: c-c++-common/hwasan/use-after-free.c -Os output pattern test
FAIL: c-c++-common/hwasan/use-after-free.c -O2 -flto -fno-use-linker-plugin -flto-partition=none output pattern test
FAIL: c-c++-common/hwasan/use-after-free.c -O2 -flto -fuse-linker-plugin -fno-fat-lto-objects output pattern test
FAIL: g++.target/aarch64/sve/pr99766.C (test for excess errors)
=== g++ Summary ===
# of expected passes 348275
# of unexpected failures 67
# of expected failures 3061
# of unsupported tests 10793
/opt/gcc/gcc-20230119/Build/gcc/xg++ version 13.0.1 20230119 (experimental) [master 9f98cfa51b4] (GCC)
=== gcc tests ===
Running target unix/-mabi=lp64
FAIL: gcc.dg/analyzer/SARD-tc841-basic-00182-min.c (test for excess errors)
FAIL: gcc.dg/analyzer/file-CWE-1341-example.c (test for excess errors)
FAIL: gcc.dg/analyzer/pipe-glibc.c (test for excess errors)
FAIL: c-c++-common/diagnostic-format-sarif-file-4.c -Wc++-compat scan-sarif-file "text": " int \\\\u6587\\\\u5b57\\\\u5316\\\\u3051 =
FAIL: gcc.dg/pr95115.c execution test
XPASS: gcc.dg/guality/pr36728-2.c -O3 -g -DPREVENT_OPTIMIZATION line 16 arg1 == 1
XPASS: gcc.dg/guality/pr36728-2.c -O3 -g -DPREVENT_OPTIMIZATION line 16 arg2 == 2
XPASS: gcc.dg/guality/pr36728-2.c -O3 -g -DPREVENT_OPTIMIZATION line 16 arg3 == 3
XPASS: gcc.dg/guality/pr36728-2.c -O3 -g -DPREVENT_OPTIMIZATION line 16 arg4 == 4
XPASS: gcc.dg/guality/pr36728-2.c -O3 -g -DPREVENT_OPTIMIZATION line 16 arg5 == 5
XPASS: gcc.dg/guality/pr36728-2.c -O3 -g -DPREVENT_OPTIMIZATION line 16 arg6 == 6
XPASS: gcc.dg/guality/pr36728-2.c -O3 -g -DPREVENT_OPTIMIZATION line 16 arg7 == 30
XPASS: gcc.dg/guality/pr36728-2.c -O3 -g -DPREVENT_OPTIMIZATION line 18 arg1 == 1
XPASS: gcc.dg/guality/pr36728-2.c -O3 -g -DPREVENT_OPTIMIZATION line 18 arg2 == 2
XPASS: gcc.dg/guality/pr36728-2.c -O3 -g -DPREVENT_OPTIMIZATION line 18 arg3 == 3
XPASS: gcc.dg/guality/pr36728-2.c -O3 -g -DPREVENT_OPTIMIZATION line 18 arg4 == 4
XPASS: gcc.dg/guality/pr36728-2.c -O3 -g -DPREVENT_OPTIMIZATION line 18 arg5 == 5
XPASS: gcc.dg/guality/pr36728-2.c -O3 -g -DPREVENT_OPTIMIZATION line 18 arg6 == 6
XPASS: gcc.dg/guality/pr36728-2.c -O3 -g -DPREVENT_OPTIMIZATION line 18 arg7 == 30
XPASS: gcc.dg/guality/pr36728-2.c -O2 -flto -fuse-linker-plugin -fno-fat-lto-objects -DPREVENT_OPTIMIZATION line 16 arg1 == 1
XPASS: gcc.dg/guality/pr36728-2.c -O2 -flto -fuse-linker-plugin -fno-fat-lto-objects -DPREVENT_OPTIMIZATION line 16 arg2 == 2
XPASS: gcc.dg/guality/pr36728-2.c -O2 -flto -fuse-linker-plugin -fno-fat-lto-objects -DPREVENT_OPTIMIZATION line 16 arg3 == 3
XPASS: gcc.dg/guality/pr36728-2.c -O2 -flto -fuse-linker-plugin -fno-fat-lto-objects -DPREVENT_OPTIMIZATION line 16 arg4 == 4
XPASS: gcc.dg/guality/pr36728-2.c -O2 -flto -fuse-linker-plugin -fno-fat-lto-objects -DPREVENT_OPTIMIZATION line 16 arg5 == 5
XPASS: gcc.dg/guality/pr36728-2.c -O2 -flto -fuse-linker-plugin -fno-fat-lto-objects -DPREVENT_OPTIMIZATION line 16 arg6 == 6
XPASS: gcc.dg/guality/pr36728-2.c -O2 -flto -fuse-linker-plugin -fno-fat-lto-objects -DPREVENT_OPTIMIZATION line 16 arg7 == 30
XPASS: gcc.dg/guality/pr36728-2.c -O2 -flto -fuse-linker-plugin -fno-fat-lto-objects -DPREVENT_OPTIMIZATION line 18 arg1 == 1
XPASS: gcc.dg/guality/pr36728-2.c -O2 -flto -fuse-linker-plugin -fno-fat-lto-objects -DPREVENT_OPTIMIZATION line 18 arg2 == 2
XPASS: gcc.dg/guality/pr36728-2.c -O2 -flto -fuse-linker-plugin -fno-fat-lto-objects -DPREVENT_OPTIMIZATION line 18 arg3 == 3
XPASS: gcc.dg/guality/pr36728-2.c -O2 -flto -fuse-linker-plugin -fno-fat-lto-objects -DPREVENT_OPTIMIZATION line 18 arg4 == 4
XPASS: gcc.dg/guality/pr36728-2.c -O2 -flto -fuse-linker-plugin -fno-fat-lto-objects -DPREVENT_OPTIMIZATION line 18 arg5 == 5
XPASS: gcc.dg/guality/pr36728-2.c -O2 -flto -fuse-linker-plugin -fno-fat-lto-objects -DPREVENT_OPTIMIZATION line 18 arg6 == 6
XPASS: gcc.dg/guality/pr36728-2.c -O2 -flto -fuse-linker-plugin -fno-fat-lto-objects -DPREVENT_OPTIMIZATION line 18 arg7 == 30
XPASS: gcc.dg/guality/pr54519-1.c -Os -DPREVENT_OPTIMIZATION line 23 x == 98
XPASS: gcc.dg/guality/pr54519-1.c -Os -DPREVENT_OPTIMIZATION line 23 y == 117
XPASS: gcc.dg/guality/pr54519-1.c -Os -DPREVENT_OPTIMIZATION line 23 z == 8
XPASS: gcc.dg/guality/pr54519-3.c -Os -DPREVENT_OPTIMIZATION line 23 x == 98
XPASS: gcc.dg/guality/pr54519-3.c -Os -DPREVENT_OPTIMIZATION line 23 y == 117
XPASS: gcc.dg/guality/pr54519-3.c -Os -DPREVENT_OPTIMIZATION line 23 z == 8
FAIL: gcc.dg/guality/pr54693-2.c -O2 -flto -fuse-linker-plugin -fno-fat-lto-objects -DPREVENT_OPTIMIZATION line 21 x == 10 - i
FAIL: gcc.dg/guality/pr54693-2.c -O2 -flto -fuse-linker-plugin -fno-fat-lto-objects -DPREVENT_OPTIMIZATION line 21 y == 20 - 2 * i
FAIL: gcc.dg/guality/sra-1.c -O2 -DPREVENT_OPTIMIZATION line 43 a.i == 4
FAIL: gcc.dg/guality/sra-1.c -O3 -g -DPREVENT_OPTIMIZATION line 43 a.i == 4
FAIL: gcc.dg/guality/sra-1.c -O2 -flto -fno-use-linker-plugin -flto-partition=none -DPREVENT_OPTIMIZATION line 43 a.i == 4
FAIL: c-c++-common/hwasan/alloca-gets-different-tag.c -O2 -flto -fuse-linker-plugin -fno-fat-lto-objects execution test
FAIL: c-c++-common/hwasan/alloca-outside-caught.c -O2 -flto -fuse-linker-plugin -fno-fat-lto-objects output pattern test
FAIL: c-c++-common/hwasan/arguments-3.c -O0 at line 4 (test for errors, line )
FAIL: c-c++-common/hwasan/arguments-3.c -O0 at line 5 (test for errors, line )
FAIL: c-c++-common/hwasan/arguments-3.c -O1 at line 4 (test for errors, line )
FAIL: c-c++-common/hwasan/arguments-3.c -O1 at line 5 (test for errors, line )
FAIL: c-c++-common/hwasan/arguments-3.c -O2 at line 4 (test for errors, line )
FAIL: c-c++-common/hwasan/arguments-3.c -O2 at line 5 (test for errors, line )
FAIL: c-c++-common/hwasan/arguments-3.c -O3 -g at line 4 (test for errors, line )
FAIL: c-c++-common/hwasan/arguments-3.c -O3 -g at line 5 (test for errors, line )
FAIL: c-c++-common/hwasan/arguments-3.c -Os at line 4 (test for errors, line )
FAIL: c-c++-common/hwasan/arguments-3.c -Os at line 5 (test for errors, line )
FAIL: c-c++-common/hwasan/arguments-3.c -O2 -flto -fno-use-linker-plugin -flto-partition=none at line 4 (test for errors, line )
FAIL: c-c++-common/hwasan/arguments-3.c -O2 -flto -fno-use-linker-plugin -flto-partition=none at line 5 (test for errors, line )
FAIL: c-c++-common/hwasan/arguments-3.c -O2 -flto -fuse-linker-plugin -fno-fat-lto-objects at line 4 (test for errors, line )
FAIL: c-c++-common/hwasan/arguments-3.c -O2 -flto -fuse-linker-plugin -fno-fat-lto-objects at line 5 (test for errors, line )
FAIL: c-c++-common/hwasan/heap-overflow.c -O0 output pattern test
FAIL: c-c++-common/hwasan/heap-overflow.c -O1 output pattern test
FAIL: c-c++-common/hwasan/heap-overflow.c -O2 output pattern test
FAIL: c-c++-common/hwasan/heap-overflow.c -O3 -g output pattern test
FAIL: c-c++-common/hwasan/heap-overflow.c -Os output pattern test
FAIL: c-c++-common/hwasan/heap-overflow.c -O2 -flto -fno-use-linker-plugin -flto-partition=none output pattern test
FAIL: c-c++-common/hwasan/heap-overflow.c -O2 -flto -fuse-linker-plugin -fno-fat-lto-objects output pattern test
FAIL: c-c++-common/hwasan/sanity-check-pure-c.c -O0 output pattern test
FAIL: c-c++-common/hwasan/sanity-check-pure-c.c -O1 output pattern test
FAIL: c-c++-common/hwasan/sanity-check-pure-c.c -O2 output pattern test
FAIL: c-c++-common/hwasan/sanity-check-pure-c.c -O3 -g output pattern test
FAIL: c-c++-common/hwasan/sanity-check-pure-c.c -Os output pattern test
FAIL: c-c++-common/hwasan/sanity-check-pure-c.c -O2 -flto -fno-use-linker-plugin -flto-partition=none output pattern test
FAIL: c-c++-common/hwasan/sanity-check-pure-c.c -O2 -flto -fuse-linker-plugin -fno-fat-lto-objects output pattern test
FAIL: c-c++-common/hwasan/use-after-free.c -O0 output pattern test
FAIL: c-c++-common/hwasan/use-after-free.c -O1 output pattern test
FAIL: c-c++-common/hwasan/use-after-free.c -O2 output pattern test
FAIL: c-c++-common/hwasan/use-after-free.c -O3 -g output pattern test
FAIL: c-c++-common/hwasan/use-after-free.c -Os output pattern test
FAIL: c-c++-common/hwasan/use-after-free.c -O2 -flto -fno-use-linker-plugin -flto-partition=none output pattern test
FAIL: c-c++-common/hwasan/use-after-free.c -O2 -flto -fuse-linker-plugin -fno-fat-lto-objects output pattern test
FAIL: gcc.dg/simulate-thread/atomic-other-short.c -O0 -g thread simulation test
XPASS: gcc.dg/vect/complex/fast-math-bb-slp-complex-add-pattern-half-float.c scan-tree-dump slp1 "Found COMPLEX_ADD_ROT270"
UNRESOLVED: gcc.dg/vect/complex/fast-math-complex-add-half-float.c scan-tree-dump-times slp1 "stmt.*COMPLEX_ADD_ROT270" 1
UNRESOLVED: gcc.dg/vect/complex/fast-math-complex-add-half-float.c scan-tree-dump-times slp1 "stmt.*COMPLEX_ADD_ROT90" 1
FAIL: gcc.target/aarch64/bfloat16_scalar_typecheck.c (test for errors, line 43)
FAIL: gcc.target/aarch64/bfloat16_scalar_typecheck.c (test for errors, line 95)
FAIL: gcc.target/aarch64/fcsel_1.c scan-assembler-times \\tfcsel 2
FAIL: gcc.target/aarch64/simd/vqdmlalh_laneq_s16_1.c scan-assembler-times sqdmlal[ \\t]+[sS][0-9]+, ?[hH][0-9]+, ?[vV][0-9]+.[hH]\\\\[7\\\\]\\n 1
FAIL: gcc.target/aarch64/simd/vqdmlals_laneq_s32_1.c scan-assembler-times sqdmlal[ \\t]+[dD][0-9]+, ?[sS][0-9]+, ?[vV][0-9]+.[sS]\\\\[3\\\\]\\n 1
FAIL: gcc.target/aarch64/simd/vqdmlslh_laneq_s16_1.c scan-assembler-times sqdmlsl[ \\t]+[sS][0-9]+, ?[hH][0-9]+, ?[vV][0-9]+.[hH]\\\\[4\\\\]\\n 1
FAIL: gcc.target/aarch64/simd/vqdmlsls_laneq_s32_1.c scan-assembler-times sqdmlsl[ \\t]+[dD][0-9]+, ?[sS][0-9]+, ?[vV][0-9]+.[sS]\\\\[3\\\\]\\n 1
FAIL: gcc.target/aarch64/sve/cond_asrd_1.c scan-assembler-times \\\\tasrd\\\\tz[0-9]+\\\\.b, p[0-7]/m, z[0-9]+\\\\.b, #4\\\\n 3
FAIL: gcc.target/aarch64/sve/cond_asrd_1.c scan-assembler-times \\\\tasrd\\\\tz[0-9]+\\\\.h, p[0-7]/m, z[0-9]+\\\\.h, #4\\\\n 2
FAIL: gcc.target/aarch64/sve/cond_asrd_1.c scan-assembler-times \\\\tasrd\\\\tz[0-9]+\\\\.s, p[0-7]/m, z[0-9]+\\\\.s, #4\\\\n 1
FAIL: gcc.target/aarch64/sve/cond_cnot_4.c scan-assembler-times \\\\tcnot\\\\tz[0-9]+\\\\.b, p[0-7]/m, 3
FAIL: gcc.target/aarch64/sve/cond_cnot_4.c scan-assembler-times \\\\tcnot\\\\tz[0-9]+\\\\.h, p[0-7]/m, 2
FAIL: gcc.target/aarch64/sve/cond_cnot_4.c scan-assembler-times \\\\tcnot\\\\tz[0-9]+\\\\.s, p[0-7]/m, 1
FAIL: gcc.target/aarch64/sve/cond_cnot_6.c scan-assembler-times \\\\tcnot\\\\tz[0-9]+\\\\.b, p[0-7]/m, 3
FAIL: gcc.target/aarch64/sve/cond_cnot_6.c scan-assembler-times \\\\tcnot\\\\tz[0-9]+\\\\.h, p[0-7]/m, 2
FAIL: gcc.target/aarch64/sve/cond_cnot_6.c scan-assembler-times \\\\tcnot\\\\tz[0-9]+\\\\.s, p[0-7]/m, 1
FAIL: gcc.target/aarch64/sve/cond_unary_5.c scan-assembler-times \\\\tabs\\\\tz[0-9]+\\\\.b, p[0-7]/m, 3
FAIL: gcc.target/aarch64/sve/cond_unary_5.c scan-assembler-times \\\\tabs\\\\tz[0-9]+\\\\.h, p[0-7]/m, 2
FAIL: gcc.target/aarch64/sve/cond_unary_5.c scan-assembler-times \\\\tabs\\\\tz[0-9]+\\\\.s, p[0-7]/m, 1
FAIL: gcc.target/aarch64/sve/cond_unary_5.c scan-assembler-times \\\\tneg\\\\tz[0-9]+\\\\.b, p[0-7]/m, 3
FAIL: gcc.target/aarch64/sve/cond_unary_5.c scan-assembler-times \\\\tneg\\\\tz[0-9]+\\\\.h, p[0-7]/m, 2
FAIL: gcc.target/aarch64/sve/cond_unary_5.c scan-assembler-times \\\\tneg\\\\tz[0-9]+\\\\.s, p[0-7]/m, 1
FAIL: gcc.target/aarch64/sve/cond_unary_5.c scan-assembler-times \\\\tnot\\\\tz[0-9]+\\\\.b, p[0-7]/m, 3
FAIL: gcc.target/aarch64/sve/cond_unary_5.c scan-assembler-times \\\\tnot\\\\tz[0-9]+\\\\.h, p[0-7]/m, 2
FAIL: gcc.target/aarch64/sve/cond_unary_5.c scan-assembler-times \\\\tnot\\\\tz[0-9]+\\\\.s, p[0-7]/m, 1
FAIL: gcc.target/aarch64/sve/cond_unary_6.c scan-assembler-times \\\\tabs\\\\tz[0-9]+\\\\.b, p[0-7]/m, 3
FAIL: gcc.target/aarch64/sve/cond_unary_6.c scan-assembler-times \\\\tabs\\\\tz[0-9]+\\\\.h, p[0-7]/m, 2
FAIL: gcc.target/aarch64/sve/cond_unary_6.c scan-assembler-times \\\\tabs\\\\tz[0-9]+\\\\.s, p[0-7]/m, 1
FAIL: gcc.target/aarch64/sve/cond_unary_6.c scan-assembler-times \\\\tneg\\\\tz[0-9]+\\\\.b, p[0-7]/m, 3
FAIL: gcc.target/aarch64/sve/cond_unary_6.c scan-assembler-times \\\\tneg\\\\tz[0-9]+\\\\.h, p[0-7]/m, 2
FAIL: gcc.target/aarch64/sve/cond_unary_6.c scan-assembler-times \\\\tneg\\\\tz[0-9]+\\\\.s, p[0-7]/m, 1
FAIL: gcc.target/aarch64/sve/cond_unary_6.c scan-assembler-times \\\\tnot\\\\tz[0-9]+\\\\.b, p[0-7]/m, 3
FAIL: gcc.target/aarch64/sve/cond_unary_6.c scan-assembler-times \\\\tnot\\\\tz[0-9]+\\\\.h, p[0-7]/m, 2
FAIL: gcc.target/aarch64/sve/cond_unary_6.c scan-assembler-times \\\\tnot\\\\tz[0-9]+\\\\.s, p[0-7]/m, 1
FAIL: gcc.target/aarch64/sve/cond_uxt_5.c scan-assembler \\\\tld1h\\\\t(z[0-9]+)\\\\.d, p[0-7]/z, \\\\[x2[],][^L]*\\\\tuxtb\\\\t\\\\1\\\\.h, p[0-7]/m, \\\\1\\\\.h\\\\n
FAIL: gcc.target/aarch64/sve/cond_uxt_5.c scan-assembler \\\\tld1w\\\\t(z[0-9]+)\\\\.d, p[0-7]/z, \\\\[x2[],][^L]*\\\\tuxtb\\\\t\\\\1\\\\.s, p[0-7]/m, \\\\1\\\\.s\\\\n
FAIL: gcc.target/aarch64/sve/cond_uxt_5.c scan-assembler \\\\tld1w\\\\t(z[0-9]+)\\\\.d, p[0-7]/z, \\\\[x2[],][^L]*\\\\tuxth\\\\t\\\\1\\\\.s, p[0-7]/m, \\\\1\\\\.s\\\\n
FAIL: gcc.target/aarch64/sve/slp_10.c scan-assembler-times \\\\tuqdecb\\\\t 8
FAIL: gcc.target/aarch64/sve/slp_10.c scan-assembler-times \\\\tuqdech\\\\t 7
FAIL: gcc.target/aarch64/sve/slp_10.c scan-assembler-times \\\\tuqdecw\\\\t 9
FAIL: gcc.target/aarch64/sve/slp_10.c scan-assembler-times \\\\tuqdecd\\\\t 6
XPASS: gcc.target/aarch64/sve/slp_13.c scan-assembler-times \\\\tld1b\\\\t 2
XPASS: gcc.target/aarch64/sve/slp_13.c scan-assembler-times \\\\tld1h\\\\t 3
XPASS: gcc.target/aarch64/sve/slp_13.c scan-assembler-times \\\\tld1w\\\\t 3
FAIL: gcc.target/aarch64/sve/slp_13.c scan-assembler-times \\\\tld1w\\\\t 2
XPASS: gcc.target/aarch64/sve/slp_13.c scan-assembler-times \\\\tld1d\\\\t 3
FAIL: gcc.target/aarch64/sve/slp_13.c scan-assembler-times \\\\tld1d\\\\t 2
FAIL: gcc.target/aarch64/sve/slp_3.c scan-assembler-times \\\\tuqdecd\\\\t 3
FAIL: gcc.target/aarch64/sve/slp_4.c scan-assembler-times \\\\tuqdecw\\\\t 6
FAIL: gcc.target/aarch64/sve/slp_4.c scan-assembler-times \\\\tuqdecd\\\\t 6
XPASS: gcc.target/aarch64/sve/vcond_4_costly.c scan-assembler-times \\\\tfcm(?:eq|ne)\\\\tp[0-9]+\\\\.s, p[0-7]/z, z[0-9]+\\\\.s, z[0-9]+\\\\.s\\\\n 8
XPASS: gcc.target/aarch64/sve/vcond_4_costly.c scan-assembler-times \\\\tfcm(?:eq|ne)\\\\tp[0-9]+\\\\.d, p[0-7]/z, z[0-9]+\\\\.d, z[0-9]+\\\\.d\\\\n 16
FAIL: gcc.target/aarch64/sve/while_4.c scan-assembler-times \\\\tuqdec 2
FAIL: gcc.target/aarch64/sve/while_4.c scan-assembler-times \\\\tuqdecb\\\\tx[0-9]+ 2
FAIL: gcc.target/aarch64/sve/acle/general-c/sizeless-1.c -march=armv8.2-a+sve -moverride=tune=none 2nd line at line 34 (test for errors, line 33)
FAIL: gcc.target/aarch64/sve/acle/general-c/sizeless-2.c -march=armv8.2-a+sve -moverride=tune=none 2nd line at line 34 (test for errors, line 33)
FAIL: gcc.target/aarch64/sve/pcs/struct_3_128.c -march=armv8.2-a+sve (internal compiler error: in aarch64_layout_arg, at config/aarch64/aarch64.cc:7710)
FAIL: gcc.target/aarch64/sve/pcs/struct_3_128.c -march=armv8.2-a+sve (test for excess errors)
UNRESOLVED: gcc.target/aarch64/sve/pcs/struct_3_128.c -march=armv8.2-a+sve check-function-bodies sel2_wrap_fixed_int8_t
UNRESOLVED: gcc.target/aarch64/sve/pcs/struct_3_128.c -march=armv8.2-a+sve check-function-bodies sel2_wrap_fixed_int16_t
UNRESOLVED: gcc.target/aarch64/sve/pcs/struct_3_128.c -march=armv8.2-a+sve check-function-bodies sel2_wrap_fixed_int32_t
UNRESOLVED: gcc.target/aarch64/sve/pcs/struct_3_128.c -march=armv8.2-a+sve check-function-bodies sel2_wrap_fixed_int64_t
UNRESOLVED: gcc.target/aarch64/sve/pcs/struct_3_128.c -march=armv8.2-a+sve check-function-bodies sel2_wrap_fixed_uint8_t
UNRESOLVED: gcc.target/aarch64/sve/pcs/struct_3_128.c -march=armv8.2-a+sve check-function-bodies sel2_wrap_fixed_uint16_t
UNRESOLVED: gcc.target/aarch64/sve/pcs/struct_3_128.c -march=armv8.2-a+sve check-function-bodies sel2_wrap_fixed_uint32_t
UNRESOLVED: gcc.target/aarch64/sve/pcs/struct_3_128.c -march=armv8.2-a+sve check-function-bodies sel2_wrap_fixed_uint64_t
UNRESOLVED: gcc.target/aarch64/sve/pcs/struct_3_128.c -march=armv8.2-a+sve check-function-bodies sel2_wrap_fixed_bfloat16_t
UNRESOLVED: gcc.target/aarch64/sve/pcs/struct_3_128.c -march=armv8.2-a+sve check-function-bodies sel2_wrap_fixed_float16_t
UNRESOLVED: gcc.target/aarch64/sve/pcs/struct_3_128.c -march=armv8.2-a+sve check-function-bodies sel2_wrap_fixed_float32_t
UNRESOLVED: gcc.target/aarch64/sve/pcs/struct_3_128.c -march=armv8.2-a+sve check-function-bodies sel2_wrap_fixed_float64_t
UNRESOLVED: gcc.target/aarch64/sve/pcs/struct_3_128.c -march=armv8.2-a+sve check-function-bodies sel2_wrap_fixed_bool_t
UNRESOLVED: gcc.target/aarch64/sve/pcs/struct_3_128.c -march=armv8.2-a+sve check-function-bodies sel2_pst_arr1
UNRESOLVED: gcc.target/aarch64/sve/pcs/struct_3_128.c -march=armv8.2-a+sve check-function-bodies test_pst_arr1
UNRESOLVED: gcc.target/aarch64/sve/pcs/struct_3_128.c -march=armv8.2-a+sve check-function-bodies test_pst_arr2
UNRESOLVED: gcc.target/aarch64/sve/pcs/struct_3_128.c -march=armv8.2-a+sve check-function-bodies test_pst_arr3
UNRESOLVED: gcc.target/aarch64/sve/pcs/struct_3_128.c -march=armv8.2-a+sve check-function-bodies test_pst_arr4
UNRESOLVED: gcc.target/aarch64/sve/pcs/struct_3_128.c -march=armv8.2-a+sve check-function-bodies test_pst_arr5
UNRESOLVED: gcc.target/aarch64/sve/pcs/struct_3_128.c -march=armv8.2-a+sve check-function-bodies test_pst_arr5_x0
UNRESOLVED: gcc.target/aarch64/sve/pcs/struct_3_128.c -march=armv8.2-a+sve check-function-bodies test_pst_arr5_x7
UNRESOLVED: gcc.target/aarch64/sve/pcs/struct_3_128.c -march=armv8.2-a+sve check-function-bodies test_pst_arr5_sp
UNRESOLVED: gcc.target/aarch64/sve/pcs/struct_3_128.c -march=armv8.2-a+sve check-function-bodies test_pst_arr6
UNRESOLVED: gcc.target/aarch64/sve/pcs/struct_3_128.c -march=armv8.2-a+sve check-function-bodies test_pst_arr6_x0
UNRESOLVED: gcc.target/aarch64/sve/pcs/struct_3_128.c -march=armv8.2-a+sve check-function-bodies test_pst_arr6_x7
UNRESOLVED: gcc.target/aarch64/sve/pcs/struct_3_128.c -march=armv8.2-a+sve check-function-bodies test_pst_arr6_sp
UNRESOLVED: gcc.target/aarch64/sve/pcs/struct_3_128.c -march=armv8.2-a+sve check-function-bodies test_pst_uniform1
UNRESOLVED: gcc.target/aarch64/sve/pcs/struct_3_128.c -march=armv8.2-a+sve check-function-bodies test_pst_uniform2
UNRESOLVED: gcc.target/aarch64/sve/pcs/struct_3_128.c -march=armv8.2-a+sve check-function-bodies test_pst_uniform3
UNRESOLVED: gcc.target/aarch64/sve/pcs/struct_3_128.c -march=armv8.2-a+sve check-function-bodies test_pst_uniform4
UNRESOLVED: gcc.target/aarch64/sve/pcs/struct_3_128.c -march=armv8.2-a+sve check-function-bodies test_pst_mixed1
UNRESOLVED: gcc.target/aarch64/sve/pcs/struct_3_128.c -march=armv8.2-a+sve check-function-bodies test_pst_mixed2
UNRESOLVED: gcc.target/aarch64/sve/pcs/struct_3_128.c -march=armv8.2-a+sve check-function-bodies test_pst_big1_a
UNRESOLVED: gcc.target/aarch64/sve/pcs/struct_3_128.c -march=armv8.2-a+sve check-function-bodies test_pst_big1_b
UNRESOLVED: gcc.target/aarch64/sve/pcs/struct_3_128.c -march=armv8.2-a+sve check-function-bodies test_pst_big2_a
UNRESOLVED: gcc.target/aarch64/sve/pcs/struct_3_128.c -march=armv8.2-a+sve check-function-bodies test_pst_big2_b
UNRESOLVED: gcc.target/aarch64/sve/pcs/struct_3_128.c -march=armv8.2-a+sve check-function-bodies test_pst_big3_a
UNRESOLVED: gcc.target/aarch64/sve/pcs/struct_3_128.c -march=armv8.2-a+sve check-function-bodies test_pst_big3_b
UNRESOLVED: gcc.target/aarch64/sve/pcs/struct_3_128.c -march=armv8.2-a+sve check-function-bodies test_pst_big3_c
UNRESOLVED: gcc.target/aarch64/sve/pcs/struct_3_128.c -march=armv8.2-a+sve check-function-bodies test_pst_big3_d
UNRESOLVED: gcc.target/aarch64/sve/pcs/struct_3_128.c -march=armv8.2-a+sve check-function-bodies test_pst_big3_e
UNRESOLVED: gcc.target/aarch64/sve/pcs/struct_3_128.c -march=armv8.2-a+sve check-function-bodies test_pst_big3_f
UNRESOLVED: gcc.target/aarch64/sve/pcs/struct_3_128.c -march=armv8.2-a+sve check-function-bodies test_pst_zero1
UNRESOLVED: gcc.target/aarch64/sve/pcs/struct_3_128.c -march=armv8.2-a+sve check-function-bodies test_pst_zero2
UNRESOLVED: gcc.target/aarch64/sve/pcs/struct_3_128.c -march=armv8.2-a+sve check-function-bodies test_pst_zero3
UNRESOLVED: gcc.target/aarch64/sve/pcs/struct_3_128.c -march=armv8.2-a+sve check-function-bodies test_nonpst1
UNRESOLVED: gcc.target/aarch64/sve/pcs/struct_3_128.c -march=armv8.2-a+sve check-function-bodies test_nonpst2
UNRESOLVED: gcc.target/aarch64/sve/pcs/struct_3_128.c -march=armv8.2-a+sve check-function-bodies ret_nonpst2
UNRESOLVED: gcc.target/aarch64/sve/pcs/struct_3_128.c -march=armv8.2-a+sve check-function-bodies test_nonpst3
UNRESOLVED: gcc.target/aarch64/sve/pcs/struct_3_128.c -march=armv8.2-a+sve check-function-bodies ret_nonpst3
UNRESOLVED: gcc.target/aarch64/sve/pcs/struct_3_128.c -march=armv8.2-a+sve check-function-bodies test_nonpst4
UNRESOLVED: gcc.target/aarch64/sve/pcs/struct_3_128.c -march=armv8.2-a+sve check-function-bodies ret_nonpst4
UNRESOLVED: gcc.target/aarch64/sve/pcs/struct_3_128.c -march=armv8.2-a+sve check-function-bodies test_nonpst5
UNRESOLVED: gcc.target/aarch64/sve/pcs/struct_3_128.c -march=armv8.2-a+sve check-function-bodies test_nonpst6
UNRESOLVED: gcc.target/aarch64/sve/pcs/struct_3_128.c -march=armv8.2-a+sve check-function-bodies test_nonpst7
UNRESOLVED: gcc.target/aarch64/sve/pcs/struct_3_128.c -march=armv8.2-a+sve check-function-bodies test_nonpst8
UNRESOLVED: gcc.target/aarch64/sve/pcs/struct_3_128.c -march=armv8.2-a+sve check-function-bodies ret_nonpst8
UNRESOLVED: gcc.target/aarch64/sve/pcs/struct_3_128.c -march=armv8.2-a+sve scan-assembler \\\\t\\\\.variant_pcs\\\\tsel2_wrap_fixed_int8_t\\\\n
UNRESOLVED: gcc.target/aarch64/sve/pcs/struct_3_128.c -march=armv8.2-a+sve scan-assembler \\\\t\\\\.variant_pcs\\\\tsel2_wrap_fixed_int16_t\\\\n
UNRESOLVED: gcc.target/aarch64/sve/pcs/struct_3_128.c -march=armv8.2-a+sve scan-assembler \\\\t\\\\.variant_pcs\\\\tsel2_wrap_fixed_int32_t\\\\n
UNRESOLVED: gcc.target/aarch64/sve/pcs/struct_3_128.c -march=armv8.2-a+sve scan-assembler \\\\t\\\\.variant_pcs\\\\tsel2_wrap_fixed_int64_t\\\\n
UNRESOLVED: gcc.target/aarch64/sve/pcs/struct_3_128.c -march=armv8.2-a+sve scan-assembler \\\\t\\\\.variant_pcs\\\\tsel2_wrap_fixed_uint8_t\\\\n
UNRESOLVED: gcc.target/aarch64/sve/pcs/struct_3_128.c -march=armv8.2-a+sve scan-assembler \\\\t\\\\.variant_pcs\\\\tsel2_wrap_fixed_uint16_t\\\\n
UNRESOLVED: gcc.target/aarch64/sve/pcs/struct_3_128.c -march=armv8.2-a+sve scan-assembler \\\\t\\\\.variant_pcs\\\\tsel2_wrap_fixed_uint32_t\\\\n
UNRESOLVED: gcc.target/aarch64/sve/pcs/struct_3_128.c -march=armv8.2-a+sve scan-assembler \\\\t\\\\.variant_pcs\\\\tsel2_wrap_fixed_uint64_t\\\\n
UNRESOLVED: gcc.target/aarch64/sve/pcs/struct_3_128.c -march=armv8.2-a+sve scan-assembler \\\\t\\\\.variant_pcs\\\\tsel2_wrap_fixed_bfloat16_t\\\\n
UNRESOLVED: gcc.target/aarch64/sve/pcs/struct_3_128.c -march=armv8.2-a+sve scan-assembler \\\\t\\\\.variant_pcs\\\\tsel2_wrap_fixed_float16_t\\\\n
UNRESOLVED: gcc.target/aarch64/sve/pcs/struct_3_128.c -march=armv8.2-a+sve scan-assembler \\\\t\\\\.variant_pcs\\\\tsel2_wrap_fixed_float32_t\\\\n
UNRESOLVED: gcc.target/aarch64/sve/pcs/struct_3_128.c -march=armv8.2-a+sve scan-assembler \\\\t\\\\.variant_pcs\\\\tsel2_wrap_fixed_float64_t\\\\n
UNRESOLVED: gcc.target/aarch64/sve/pcs/struct_3_128.c -march=armv8.2-a+sve scan-assembler \\\\t\\\\.variant_pcs\\\\tsel2_wrap_fixed_bool_t\\\\n
UNRESOLVED: gcc.target/aarch64/sve/pcs/struct_3_128.c -march=armv8.2-a+sve scan-assembler \\\\t\\\\.variant_pcs\\\\tsel2_pst_arr1\\\\n
UNRESOLVED: gcc.target/aarch64/sve/pcs/struct_3_128.c -march=armv8.2-a+sve scan-assembler \\\\t\\\\.variant_pcs\\\\ttest_pst_arr1\\\\n
UNRESOLVED: gcc.target/aarch64/sve/pcs/struct_3_128.c -march=armv8.2-a+sve scan-assembler \\\\t\\\\.variant_pcs\\\\tsel2_pst_arr2\\\\n
UNRESOLVED: gcc.target/aarch64/sve/pcs/struct_3_128.c -march=armv8.2-a+sve scan-assembler \\\\t\\\\.variant_pcs\\\\ttest_pst_arr2\\\\n
UNRESOLVED: gcc.target/aarch64/sve/pcs/struct_3_128.c -march=armv8.2-a+sve scan-assembler \\\\t\\\\.variant_pcs\\\\tsel2_pst_arr3\\\\n
UNRESOLVED: gcc.target/aarch64/sve/pcs/struct_3_128.c -march=armv8.2-a+sve scan-assembler \\\\t\\\\.variant_pcs\\\\ttest_pst_arr3\\\\n
UNRESOLVED: gcc.target/aarch64/sve/pcs/struct_3_128.c -march=armv8.2-a+sve scan-assembler \\\\t\\\\.variant_pcs\\\\tsel2_pst_arr4\\\\n
UNRESOLVED: gcc.target/aarch64/sve/pcs/struct_3_128.c -march=armv8.2-a+sve scan-assembler \\\\t\\\\.variant_pcs\\\\ttest_pst_arr4\\\\n
UNRESOLVED: gcc.target/aarch64/sve/pcs/struct_3_128.c -march=armv8.2-a+sve scan-assembler \\\\t\\\\.variant_pcs\\\\tsel2_pst_arr5\\\\n
UNRESOLVED: gcc.target/aarch64/sve/pcs/struct_3_128.c -march=armv8.2-a+sve scan-assembler \\\\t\\\\.variant_pcs\\\\ttest_pst_arr5\\\\n
UNRESOLVED: gcc.target/aarch64/sve/pcs/struct_3_128.c -march=armv8.2-a+sve scan-assembler \\\\t\\\\.variant_pcs\\\\ttest_pst_arr5_x0\\\\n
UNRESOLVED: gcc.target/aarch64/sve/pcs/struct_3_128.c -march=armv8.2-a+sve scan-assembler \\\\t\\\\.variant_pcs\\\\ttest_pst_arr5_x7\\\\n
UNRESOLVED: gcc.target/aarch64/sve/pcs/struct_3_128.c -march=armv8.2-a+sve scan-assembler \\\\t\\\\.variant_pcs\\\\ttest_pst_arr5_sp\\\\n
UNRESOLVED: gcc.target/aarch64/sve/pcs/struct_3_128.c -march=armv8.2-a+sve scan-assembler \\\\t\\\\.variant_pcs\\\\tsel2_pst_arr6\\\\n
UNRESOLVED: gcc.target/aarch64/sve/pcs/struct_3_128.c -march=armv8.2-a+sve scan-assembler \\\\t\\\\.variant_pcs\\\\ttest_pst_arr6\\\\n
UNRESOLVED: gcc.target/aarch64/sve/pcs/struct_3_128.c -march=armv8.2-a+sve scan-assembler \\\\t\\\\.variant_pcs\\\\ttest_pst_arr6_x0\\\\n
UNRESOLVED: gcc.target/aarch64/sve/pcs/struct_3_128.c -march=armv8.2-a+sve scan-assembler \\\\t\\\\.variant_pcs\\\\ttest_pst_arr6_x7\\\\n
UNRESOLVED: gcc.target/aarch64/sve/pcs/struct_3_128.c -march=armv8.2-a+sve scan-assembler \\\\t\\\\.variant_pcs\\\\ttest_pst_arr6_sp\\\\n
UNRESOLVED: gcc.target/aarch64/sve/pcs/struct_3_128.c -march=armv8.2-a+sve scan-assembler \\\\t\\\\.variant_pcs\\\\tsel2_pst_uniform1\\\\n
UNRESOLVED: gcc.target/aarch64/sve/pcs/struct_3_128.c -march=armv8.2-a+sve scan-assembler \\\\t\\\\.variant_pcs\\\\ttest_pst_uniform1\\\\n
UNRESOLVED: gcc.target/aarch64/sve/pcs/struct_3_128.c -march=armv8.2-a+sve scan-assembler \\\\t\\\\.variant_pcs\\\\tsel2_pst_uniform2\\\\n
UNRESOLVED: gcc.target/aarch64/sve/pcs/struct_3_128.c -march=armv8.2-a+sve scan-assembler \\\\t\\\\.variant_pcs\\\\ttest_pst_uniform2\\\\n
UNRESOLVED: gcc.target/aarch64/sve/pcs/struct_3_128.c -march=armv8.2-a+sve scan-assembler \\\\t\\\\.variant_pcs\\\\tsel2_pst_uniform3\\\\n
UNRESOLVED: gcc.target/aarch64/sve/pcs/struct_3_128.c -march=armv8.2-a+sve scan-assembler \\\\t\\\\.variant_pcs\\\\ttest_pst_uniform3\\\\n
UNRESOLVED: gcc.target/aarch64/sve/pcs/struct_3_128.c -march=armv8.2-a+sve scan-assembler \\\\t\\\\.variant_pcs\\\\tsel2_pst_uniform4\\\\n
UNRESOLVED: gcc.target/aarch64/sve/pcs/struct_3_128.c -march=armv8.2-a+sve scan-assembler \\\\t\\\\.variant_pcs\\\\ttest_pst_uniform4\\\\n
UNRESOLVED: gcc.target/aarch64/sve/pcs/struct_3_128.c -march=armv8.2-a+sve scan-assembler \\\\t\\\\.variant_pcs\\\\tsel2_pst_mixed1\\\\n
UNRESOLVED: gcc.target/aarch64/sve/pcs/struct_3_128.c -march=armv8.2-a+sve scan-assembler \\\\t\\\\.variant_pcs\\\\ttest_pst_mixed1\\\\n
UNRESOLVED: gcc.target/aarch64/sve/pcs/struct_3_128.c -march=armv8.2-a+sve scan-assembler \\\\t\\\\.variant_pcs\\\\tsel2_pst_mixed2\\\\n
UNRESOLVED: gcc.target/aarch64/sve/pcs/struct_3_128.c -march=armv8.2-a+sve scan-assembler \\\\t\\\\.variant_pcs\\\\ttest_pst_mixed2\\\\n
UNRESOLVED: gcc.target/aarch64/sve/pcs/struct_3_128.c -march=armv8.2-a+sve scan-assembler-not \\\\t\\\\.variant_pcs\\\\tsel2_pst_big1\\\\n
UNRESOLVED: gcc.target/aarch64/sve/pcs/struct_3_128.c -march=armv8.2-a+sve scan-assembler \\\\t\\\\.variant_pcs\\\\ttest_pst_big1_a\\\\n
UNRESOLVED: gcc.target/aarch64/sve/pcs/struct_3_128.c -march=armv8.2-a+sve scan-assembler \\\\t\\\\.variant_pcs\\\\ttest_pst_big1_b\\\\n
UNRESOLVED: gcc.target/aarch64/sve/pcs/struct_3_128.c -march=armv8.2-a+sve scan-assembler-not \\\\t\\\\.variant_pcs\\\\tsel2_pst_big2\\\\n
UNRESOLVED: gcc.target/aarch64/sve/pcs/struct_3_128.c -march=armv8.2-a+sve scan-assembler \\\\t\\\\.variant_pcs\\\\ttest_pst_big2_a\\\\n
UNRESOLVED: gcc.target/aarch64/sve/pcs/struct_3_128.c -march=armv8.2-a+sve scan-assembler \\\\t\\\\.variant_pcs\\\\ttest_pst_big2_b\\\\n
UNRESOLVED: gcc.target/aarch64/sve/pcs/struct_3_128.c -march=armv8.2-a+sve scan-assembler-not \\\\t\\\\.variant_pcs\\\\tsel2_pst_big3\\\\n
UNRESOLVED: gcc.target/aarch64/sve/pcs/struct_3_128.c -march=armv8.2-a+sve scan-assembler \\\\t\\\\.variant_pcs\\\\ttest_pst_big3_a\\\\n
UNRESOLVED: gcc.target/aarch64/sve/pcs/struct_3_128.c -march=armv8.2-a+sve scan-assembler \\\\t\\\\.variant_pcs\\\\ttest_pst_big3_b\\\\n
UNRESOLVED: gcc.target/aarch64/sve/pcs/struct_3_128.c -march=armv8.2-a+sve scan-assembler \\\\t\\\\.variant_pcs\\\\ttest_pst_big3_c\\\\n
UNRESOLVED: gcc.target/aarch64/sve/pcs/struct_3_128.c -march=armv8.2-a+sve scan-assembler \\\\t\\\\.variant_pcs\\\\ttest_pst_big3_d\\\\n
UNRESOLVED: gcc.target/aarch64/sve/pcs/struct_3_128.c -march=armv8.2-a+sve scan-assembler \\\\t\\\\.variant_pcs\\\\ttest_pst_big3_e\\\\n
UNRESOLVED: gcc.target/aarch64/sve/pcs/struct_3_128.c -march=armv8.2-a+sve scan-assembler \\\\t\\\\.variant_pcs\\\\ttest_pst_big3_f\\\\n
UNRESOLVED: gcc.target/aarch64/sve/pcs/struct_3_128.c -march=armv8.2-a+sve scan-assembler \\\\t\\\\.variant_pcs\\\\tsel2_pst_zero1\\\\n
UNRESOLVED: gcc.target/aarch64/sve/pcs/struct_3_128.c -march=armv8.2-a+sve scan-assembler \\\\t\\\\.variant_pcs\\\\ttest_pst_zero1\\\\n
UNRESOLVED: gcc.target/aarch64/sve/pcs/struct_3_128.c -march=armv8.2-a+sve scan-assembler \\\\t\\\\.variant_pcs\\\\tsel2_pst_zero2\\\\n
UNRESOLVED: gcc.target/aarch64/sve/pcs/struct_3_128.c -march=armv8.2-a+sve scan-assembler \\\\t\\\\.variant_pcs\\\\ttest_pst_zero2\\\\n
UNRESOLVED: gcc.target/aarch64/sve/pcs/struct_3_128.c -march=armv8.2-a+sve scan-assembler \\\\t\\\\.variant_pcs\\\\tsel2_pst_zero3\\\\n
UNRESOLVED: gcc.target/aarch64/sve/pcs/struct_3_128.c -march=armv8.2-a+sve scan-assembler \\\\t\\\\.variant_pcs\\\\ttest_pst_zero3\\\\n
UNRESOLVED: gcc.target/aarch64/sve/pcs/struct_3_128.c -march=armv8.2-a+sve scan-assembler-not \\\\t\\\\.variant_pcs\\\\tsel2_pst_nonpst1\\\\n
UNRESOLVED: gcc.target/aarch64/sve/pcs/struct_3_128.c -march=armv8.2-a+sve scan-assembler-not \\\\t\\\\.variant_pcs\\\\ttest_nonpst1\\\\n
UNRESOLVED: gcc.target/aarch64/sve/pcs/struct_3_128.c -march=armv8.2-a+sve scan-assembler-not \\\\t\\\\.variant_pcs\\\\tsel2_pst_nonpst2\\\\n
UNRESOLVED: gcc.target/aarch64/sve/pcs/struct_3_128.c -march=armv8.2-a+sve scan-assembler \\\\t\\\\.variant_pcs\\\\ttest_nonpst2\\\\n
UNRESOLVED: gcc.target/aarch64/sve/pcs/struct_3_128.c -march=armv8.2-a+sve scan-assembler-not \\\\t\\\\.variant_pcs\\\\tret_nonpst2\\\\n
UNRESOLVED: gcc.target/aarch64/sve/pcs/struct_3_128.c -march=armv8.2-a+sve scan-assembler-not \\\\t\\\\.variant_pcs\\\\tsel2_pst_nonpst3\\\\n
UNRESOLVED: gcc.target/aarch64/sve/pcs/struct_3_128.c -march=armv8.2-a+sve scan-assembler \\\\t\\\\.variant_pcs\\\\ttest_nonpst3\\\\n
UNRESOLVED: gcc.target/aarch64/sve/pcs/struct_3_128.c -march=armv8.2-a+sve scan-assembler-not \\\\t\\\\.variant_pcs\\\\tret_nonpst3\\\\n
UNRESOLVED: gcc.target/aarch64/sve/pcs/struct_3_128.c -march=armv8.2-a+sve scan-assembler-not \\\\t\\\\.variant_pcs\\\\tsel2_pst_nonpst4\\\\n
UNRESOLVED: gcc.target/aarch64/sve/pcs/struct_3_128.c -march=armv8.2-a+sve scan-assembler \\\\t\\\\.variant_pcs\\\\ttest_nonpst4\\\\n
UNRESOLVED: gcc.target/aarch64/sve/pcs/struct_3_128.c -march=armv8.2-a+sve scan-assembler-not \\\\t\\\\.variant_pcs\\\\tret_nonpst4\\\\n
UNRESOLVED: gcc.target/aarch64/sve/pcs/struct_3_128.c -march=armv8.2-a+sve scan-assembler-not \\\\t\\\\.variant_pcs\\\\tsel2_pst_nonpst5\\\\n
UNRESOLVED: gcc.target/aarch64/sve/pcs/struct_3_128.c -march=armv8.2-a+sve scan-assembler \\\\t\\\\.variant_pcs\\\\ttest_nonpst5\\\\n
UNRESOLVED: gcc.target/aarch64/sve/pcs/struct_3_128.c -march=armv8.2-a+sve scan-assembler-not \\\\t\\\\.variant_pcs\\\\tsel2_pst_nonpst6\\\\n
UNRESOLVED: gcc.target/aarch64/sve/pcs/struct_3_128.c -march=armv8.2-a+sve scan-assembler \\\\t\\\\.variant_pcs\\\\ttest_nonpst6\\\\n
UNRESOLVED: gcc.target/aarch64/sve/pcs/struct_3_128.c -march=armv8.2-a+sve scan-assembler-not \\\\t\\\\.variant_pcs\\\\tsel2_pst_nonpst7\\\\n
UNRESOLVED: gcc.target/aarch64/sve/pcs/struct_3_128.c -march=armv8.2-a+sve scan-assembler \\\\t\\\\.variant_pcs\\\\ttest_nonpst7\\\\n
UNRESOLVED: gcc.target/aarch64/sve/pcs/struct_3_128.c -march=armv8.2-a+sve scan-assembler-not \\\\t\\\\.variant_pcs\\\\tsel2_pst_nonpst8\\\\n
UNRESOLVED: gcc.target/aarch64/sve/pcs/struct_3_128.c -march=armv8.2-a+sve scan-assembler-not \\\\t\\\\.variant_pcs\\\\ttest_nonpst8\\\\n
UNRESOLVED: gcc.target/aarch64/sve/pcs/struct_3_128.c -march=armv8.2-a+sve scan-assembler-not \\\\t\\\\.variant_pcs\\\\tret_nonpst8\\\\n
FAIL: gcc.target/aarch64/sve/pcs/struct_3_256.c -march=armv8.2-a+sve (internal compiler error: in aarch64_layout_arg, at config/aarch64/aarch64.cc:7710)
FAIL: gcc.target/aarch64/sve/pcs/struct_3_256.c -march=armv8.2-a+sve (test for excess errors)
UNRESOLVED: gcc.target/aarch64/sve/pcs/struct_3_256.c -march=armv8.2-a+sve check-function-bodies sel2_wrap_fixed_int8_t
UNRESOLVED: gcc.target/aarch64/sve/pcs/struct_3_256.c -march=armv8.2-a+sve check-function-bodies sel2_wrap_fixed_int16_t
UNRESOLVED: gcc.target/aarch64/sve/pcs/struct_3_256.c -march=armv8.2-a+sve check-function-bodies sel2_wrap_fixed_int32_t
UNRESOLVED: gcc.target/aarch64/sve/pcs/struct_3_256.c -march=armv8.2-a+sve check-function-bodies sel2_wrap_fixed_int64_t
UNRESOLVED: gcc.target/aarch64/sve/pcs/struct_3_256.c -march=armv8.2-a+sve check-function-bodies sel2_wrap_fixed_uint8_t
UNRESOLVED: gcc.target/aarch64/sve/pcs/struct_3_256.c -march=armv8.2-a+sve check-function-bodies sel2_wrap_fixed_uint16_t
UNRESOLVED: gcc.target/aarch64/sve/pcs/struct_3_256.c -march=armv8.2-a+sve check-function-bodies sel2_wrap_fixed_uint32_t
UNRESOLVED: gcc.target/aarch64/sve/pcs/struct_3_256.c -march=armv8.2-a+sve check-function-bodies sel2_wrap_fixed_uint64_t
UNRESOLVED: gcc.target/aarch64/sve/pcs/struct_3_256.c -march=armv8.2-a+sve check-function-bodies sel2_wrap_fixed_bfloat16_t
UNRESOLVED: gcc.target/aarch64/sve/pcs/struct_3_256.c -march=armv8.2-a+sve check-function-bodies sel2_wrap_fixed_float16_t
UNRESOLVED: gcc.target/aarch64/sve/pcs/struct_3_256.c -march=armv8.2-a+sve check-function-bodies sel2_wrap_fixed_float32_t
UNRESOLVED: gcc.target/aarch64/sve/pcs/struct_3_256.c -march=armv8.2-a+sve check-function-bodies sel2_wrap_fixed_float64_t
UNRESOLVED: gcc.target/aarch64/sve/pcs/struct_3_256.c -march=armv8.2-a+sve check-function-bodies sel2_wrap_fixed_bool_t
UNRESOLVED: gcc.target/aarch64/sve/pcs/struct_3_256.c -march=armv8.2-a+sve check-function-bodies sel2_pst_arr1
UNRESOLVED: gcc.target/aarch64/sve/pcs/struct_3_256.c -march=armv8.2-a+sve check-function-bodies test_pst_arr1
UNRESOLVED: gcc.target/aarch64/sve/pcs/struct_3_256.c -march=armv8.2-a+sve check-function-bodies test_pst_arr2
UNRESOLVED: gcc.target/aarch64/sve/pcs/struct_3_256.c -march=armv8.2-a+sve check-function-bodies test_pst_arr3
UNRESOLVED: gcc.target/aarch64/sve/pcs/struct_3_256.c -march=armv8.2-a+sve check-function-bodies test_pst_arr4
UNRESOLVED: gcc.target/aarch64/sve/pcs/struct_3_256.c -march=armv8.2-a+sve check-function-bodies test_pst_arr5
UNRESOLVED: gcc.target/aarch64/sve/pcs/struct_3_256.c -march=armv8.2-a+sve check-function-bodies test_pst_arr5_x0
UNRESOLVED: gcc.target/aarch64/sve/pcs/struct_3_256.c -march=armv8.2-a+sve check-function-bodies test_pst_arr5_x7
UNRESOLVED: gcc.target/aarch64/sve/pcs/struct_3_256.c -march=armv8.2-a+sve check-function-bodies test_pst_arr5_sp
UNRESOLVED: gcc.target/aarch64/sve/pcs/struct_3_256.c -march=armv8.2-a+sve check-function-bodies test_pst_arr6
UNRESOLVED: gcc.target/aarch64/sve/pcs/struct_3_256.c -march=armv8.2-a+sve check-function-bodies test_pst_arr6_x0
UNRESOLVED: gcc.target/aarch64/sve/pcs/struct_3_256.c -march=armv8.2-a+sve check-function-bodies test_pst_arr6_x7
UNRESOLVED: gcc.target/aarch64/sve/pcs/struct_3_256.c -march=armv8.2-a+sve check-function-bodies test_pst_arr6_sp
UNRESOLVED: gcc.target/aarch64/sve/pcs/struct_3_256.c -march=armv8.2-a+sve check-function-bodies test_pst_uniform1
UNRESOLVED: gcc.target/aarch64/sve/pcs/struct_3_256.c -march=armv8.2-a+sve check-function-bodies test_pst_uniform2
UNRESOLVED: gcc.target/aarch64/sve/pcs/struct_3_256.c -march=armv8.2-a+sve check-function-bodies test_pst_uniform3
UNRESOLVED: gcc.target/aarch64/sve/pcs/struct_3_256.c -march=armv8.2-a+sve check-function-bodies test_pst_uniform4
UNRESOLVED: gcc.target/aarch64/sve/pcs/struct_3_256.c -march=armv8.2-a+sve check-function-bodies test_pst_mixed1
UNRESOLVED: gcc.target/aarch64/sve/pcs/struct_3_256.c -march=armv8.2-a+sve check-function-bodies test_pst_mixed2
UNRESOLVED: gcc.target/aarch64/sve/pcs/struct_3_256.c -march=armv8.2-a+sve check-function-bodies test_pst_big1_a
UNRESOLVED: gcc.target/aarch64/sve/pcs/struct_3_256.c -march=armv8.2-a+sve check-function-bodies test_pst_big1_b
UNRESOLVED: gcc.target/aarch64/sve/pcs/struct_3_256.c -march=armv8.2-a+sve check-function-bodies test_pst_big2_a
UNRESOLVED: gcc.target/aarch64/sve/pcs/struct_3_256.c -march=armv8.2-a+sve check-function-bodies test_pst_big2_b
UNRESOLVED: gcc.target/aarch64/sve/pcs/struct_3_256.c -march=armv8.2-a+sve check-function-bodies test_pst_big3_a
UNRESOLVED: gcc.target/aarch64/sve/pcs/struct_3_256.c -march=armv8.2-a+sve check-function-bodies test_pst_big3_b
UNRESOLVED: gcc.target/aarch64/sve/pcs/struct_3_256.c -march=armv8.2-a+sve check-function-bodies test_pst_big3_c
UNRESOLVED: gcc.target/aarch64/sve/pcs/struct_3_256.c -march=armv8.2-a+sve check-function-bodies test_pst_big3_d
UNRESOLVED: gcc.target/aarch64/sve/pcs/struct_3_256.c -march=armv8.2-a+sve check-function-bodies test_pst_big3_e
UNRESOLVED: gcc.target/aarch64/sve/pcs/struct_3_256.c -march=armv8.2-a+sve check-function-bodies test_pst_big3_f
UNRESOLVED: gcc.target/aarch64/sve/pcs/struct_3_256.c -march=armv8.2-a+sve check-function-bodies test_pst_zero1
UNRESOLVED: gcc.target/aarch64/sve/pcs/struct_3_256.c -march=armv8.2-a+sve check-function-bodies test_pst_zero2
UNRESOLVED: gcc.target/aarch64/sve/pcs/struct_3_256.c -march=armv8.2-a+sve check-function-bodies test_pst_zero3
UNRESOLVED: gcc.target/aarch64/sve/pcs/struct_3_256.c -march=armv8.2-a+sve check-function-bodies test_nonpst1
UNRESOLVED: gcc.target/aarch64/sve/pcs/struct_3_256.c -march=armv8.2-a+sve check-function-bodies test_nonpst2
UNRESOLVED: gcc.target/aarch64/sve/pcs/struct_3_256.c -march=armv8.2-a+sve check-function-bodies ret_nonpst2
UNRESOLVED: gcc.target/aarch64/sve/pcs/struct_3_256.c -march=armv8.2-a+sve check-function-bodies test_nonpst3
UNRESOLVED: gcc.target/aarch64/sve/pcs/struct_3_256.c -march=armv8.2-a+sve check-function-bodies ret_nonpst3
UNRESOLVED: gcc.target/aarch64/sve/pcs/struct_3_256.c -march=armv8.2-a+sve check-function-bodies test_nonpst4
UNRESOLVED: gcc.target/aarch64/sve/pcs/struct_3_256.c -march=armv8.2-a+sve check-function-bodies ret_nonpst4
UNRESOLVED: gcc.target/aarch64/sve/pcs/struct_3_256.c -march=armv8.2-a+sve check-function-bodies test_nonpst5
UNRESOLVED: gcc.target/aarch64/sve/pcs/struct_3_256.c -march=armv8.2-a+sve check-function-bodies test_nonpst6
UNRESOLVED: gcc.target/aarch64/sve/pcs/struct_3_256.c -march=armv8.2-a+sve check-function-bodies test_nonpst7
UNRESOLVED: gcc.target/aarch64/sve/pcs/struct_3_256.c -march=armv8.2-a+sve check-function-bodies test_nonpst8
UNRESOLVED: gcc.target/aarch64/sve/pcs/struct_3_256.c -march=armv8.2-a+sve check-function-bodies ret_nonpst8
UNRESOLVED: gcc.target/aarch64/sve/pcs/struct_3_256.c -march=armv8.2-a+sve scan-assembler \\\\t\\\\.variant_pcs\\\\tsel2_wrap_fixed_int8_t\\\\n
UNRESOLVED: gcc.target/aarch64/sve/pcs/struct_3_256.c -march=armv8.2-a+sve scan-assembler \\\\t\\\\.variant_pcs\\\\tsel2_wrap_fixed_int16_t\\\\n
UNRESOLVED: gcc.target/aarch64/sve/pcs/struct_3_256.c -march=armv8.2-a+sve scan-assembler \\\\t\\\\.variant_pcs\\\\tsel2_wrap_fixed_int32_t\\\\n
UNRESOLVED: gcc.target/aarch64/sve/pcs/struct_3_256.c -march=armv8.2-a+sve scan-assembler \\\\t\\\\.variant_pcs\\\\tsel2_wrap_fixed_int64_t\\\\n
UNRESOLVED: gcc.target/aarch64/sve/pcs/struct_3_256.c -march=armv8.2-a+sve scan-assembler \\\\t\\\\.variant_pcs\\\\tsel2_wrap_fixed_uint8_t\\\\n
UNRESOLVED: gcc.target/aarch64/sve/pcs/struct_3_256.c -march=armv8.2-a+sve scan-assembler \\\\t\\\\.variant_pcs\\\\tsel2_wrap_fixed_uint16_t\\\\n
UNRESOLVED: gcc.target/aarch64/sve/pcs/struct_3_256.c -march=armv8.2-a+sve scan-assembler \\\\t\\\\.variant_pcs\\\\tsel2_wrap_fixed_uint32_t\\\\n
UNRESOLVED: gcc.target/aarch64/sve/pcs/struct_3_256.c -march=armv8.2-a+sve scan-assembler \\\\t\\\\.variant_pcs\\\\tsel2_wrap_fixed_uint64_t\\\\n
UNRESOLVED: gcc.target/aarch64/sve/pcs/struct_3_256.c -march=armv8.2-a+sve scan-assembler \\\\t\\\\.variant_pcs\\\\tsel2_wrap_fixed_bfloat16_t\\\\n
UNRESOLVED: gcc.target/aarch64/sve/pcs/struct_3_256.c -march=armv8.2-a+sve scan-assembler \\\\t\\\\.variant_pcs\\\\tsel2_wrap_fixed_float16_t\\\\n
UNRESOLVED: gcc.target/aarch64/sve/pcs/struct_3_256.c -march=armv8.2-a+sve scan-assembler \\\\t\\\\.variant_pcs\\\\tsel2_wrap_fixed_float32_t\\\\n
UNRESOLVED: gcc.target/aarch64/sve/pcs/struct_3_256.c -march=armv8.2-a+sve scan-assembler \\\\t\\\\.variant_pcs\\\\tsel2_wrap_fixed_float64_t\\\\n
UNRESOLVED: gcc.target/aarch64/sve/pcs/struct_3_256.c -march=armv8.2-a+sve scan-assembler \\\\t\\\\.variant_pcs\\\\tsel2_wrap_fixed_bool_t\\\\n
UNRESOLVED: gcc.target/aarch64/sve/pcs/struct_3_256.c -march=armv8.2-a+sve scan-assembler \\\\t\\\\.variant_pcs\\\\tsel2_pst_arr1\\\\n
UNRESOLVED: gcc.target/aarch64/sve/pcs/struct_3_256.c -march=armv8.2-a+sve scan-assembler \\\\t\\\\.variant_pcs\\\\ttest_pst_arr1\\\\n
UNRESOLVED: gcc.target/aarch64/sve/pcs/struct_3_256.c -march=armv8.2-a+sve scan-assembler \\\\t\\\\.variant_pcs\\\\tsel2_pst_arr2\\\\n
UNRESOLVED: gcc.target/aarch64/sve/pcs/struct_3_256.c -march=armv8.2-a+sve scan-assembler \\\\t\\\\.variant_pcs\\\\ttest_pst_arr2\\\\n
UNRESOLVED: gcc.target/aarch64/sve/pcs/struct_3_256.c -march=armv8.2-a+sve scan-assembler \\\\t\\\\.variant_pcs\\\\tsel2_pst_arr3\\\\n
UNRESOLVED: gcc.target/aarch64/sve/pcs/struct_3_256.c -march=armv8.2-a+sve scan-assembler \\\\t\\\\.variant_pcs\\\\ttest_pst_arr3\\\\n
UNRESOLVED: gcc.target/aarch64/sve/pcs/struct_3_256.c -march=armv8.2-a+sve scan-assembler \\\\t\\\\.variant_pcs\\\\tsel2_pst_arr4\\\\n
UNRESOLVED: gcc.target/aarch64/sve/pcs/struct_3_256.c -march=armv8.2-a+sve scan-assembler \\\\t\\\\.variant_pcs\\\\ttest_pst_arr4\\\\n
UNRESOLVED: gcc.target/aarch64/sve/pcs/struct_3_256.c -march=armv8.2-a+sve scan-assembler \\\\t\\\\.variant_pcs\\\\tsel2_pst_arr5\\\\n
UNRESOLVED: gcc.target/aarch64/sve/pcs/struct_3_256.c -march=armv8.2-a+sve scan-assembler \\\\t\\\\.variant_pcs\\\\ttest_pst_arr5\\\\n
UNRESOLVED: gcc.target/aarch64/sve/pcs/struct_3_256.c -march=armv8.2-a+sve scan-assembler \\\\t\\\\.variant_pcs\\\\ttest_pst_arr5_x0\\\\n
UNRESOLVED: gcc.target/aarch64/sve/pcs/struct_3_256.c -march=armv8.2-a+sve scan-assembler \\\\t\\\\.variant_pcs\\\\ttest_pst_arr5_x7\\\\n
UNRESOLVED: gcc.target/aarch64/sve/pcs/struct_3_256.c -march=armv8.2-a+sve scan-assembler \\\\t\\\\.variant_pcs\\\\ttest_pst_arr5_sp\\\\n
UNRESOLVED: gcc.target/aarch64/sve/pcs/struct_3_256.c -march=armv8.2-a+sve scan-assembler \\\\t\\\\.variant_pcs\\\\tsel2_pst_arr6\\\\n
UNRESOLVED: gcc.target/aarch64/sve/pcs/struct_3_256.c -march=armv8.2-a+sve scan-assembler \\\\t\\\\.variant_pcs\\\\ttest_pst_arr6\\\\n
UNRESOLVED: gcc.target/aarch64/sve/pcs/struct_3_256.c -march=armv8.2-a+sve scan-assembler \\\\t\\\\.variant_pcs\\\\ttest_pst_arr6_x0\\\\n
UNRESOLVED: gcc.target/aarch64/sve/pcs/struct_3_256.c -march=armv8.2-a+sve scan-assembler \\\\t\\\\.variant_pcs\\\\ttest_pst_arr6_x7\\\\n
UNRESOLVED: gcc.target/aarch64/sve/pcs/struct_3_256.c -march=armv8.2-a+sve scan-assembler \\\\t\\\\.variant_pcs\\\\ttest_pst_arr6_sp\\\\n
UNRESOLVED: gcc.target/aarch64/sve/pcs/struct_3_256.c -march=armv8.2-a+sve scan-assembler \\\\t\\\\.variant_pcs\\\\tsel2_pst_uniform1\\\\n
UNRESOLVED: gcc.target/aarch64/sve/pcs/struct_3_256.c -march=armv8.2-a+sve scan-assembler \\\\t\\\\.variant_pcs\\\\ttest_pst_uniform1\\\\n
UNRESOLVED: gcc.target/aarch64/sve/pcs/struct_3_256.c -march=armv8.2-a+sve scan-assembler \\\\t\\\\.variant_pcs\\\\tsel2_pst_uniform2\\\\n
UNRESOLVED: gcc.target/aarch64/sve/pcs/struct_3_256.c -march=armv8.2-a+sve scan-assembler \\\\t\\\\.variant_pcs\\\\ttest_pst_uniform2\\\\n
UNRESOLVED: gcc.target/aarch64/sve/pcs/struct_3_256.c -march=armv8.2-a+sve scan-assembler \\\\t\\\\.variant_pcs\\\\tsel2_pst_uniform3\\\\n
UNRESOLVED: gcc.target/aarch64/sve/pcs/struct_3_256.c -march=armv8.2-a+sve scan-assembler \\\\t\\\\.variant_pcs\\\\ttest_pst_uniform3\\\\n
UNRESOLVED: gcc.target/aarch64/sve/pcs/struct_3_256.c -march=armv8.2-a+sve scan-assembler \\\\t\\\\.variant_pcs\\\\tsel2_pst_uniform4\\\\n
UNRESOLVED: gcc.target/aarch64/sve/pcs/struct_3_256.c -march=armv8.2-a+sve scan-assembler \\\\t\\\\.variant_pcs\\\\ttest_pst_uniform4\\\\n
UNRESOLVED: gcc.target/aarch64/sve/pcs/struct_3_256.c -march=armv8.2-a+sve scan-assembler \\\\t\\\\.variant_pcs\\\\tsel2_pst_mixed1\\\\n
UNRESOLVED: gcc.target/aarch64/sve/pcs/struct_3_256.c -march=armv8.2-a+sve scan-assembler \\\\t\\\\.variant_pcs\\\\ttest_pst_mixed1\\\\n
UNRESOLVED: gcc.target/aarch64/sve/pcs/struct_3_256.c -march=armv8.2-a+sve scan-assembler \\\\t\\\\.variant_pcs\\\\tsel2_pst_mixed2\\\\n
UNRESOLVED: gcc.target/aarch64/sve/pcs/struct_3_256.c -march=armv8.2-a+sve scan-assembler \\\\t\\\\.variant_pcs\\\\ttest_pst_mixed2\\\\n
UNRESOLVED: gcc.target/aarch64/sve/pcs/struct_3_256.c -march=armv8.2-a+sve scan-assembler-not \\\\t\\\\.variant_pcs\\\\tsel2_pst_big1\\\\n
UNRESOLVED: gcc.target/aarch64/sve/pcs/struct_3_256.c -march=armv8.2-a+sve scan-assembler \\\\t\\\\.variant_pcs\\\\ttest_pst_big1_a\\\\n
UNRESOLVED: gcc.target/aarch64/sve/pcs/struct_3_256.c -march=armv8.2-a+sve scan-assembler \\\\t\\\\.variant_pcs\\\\ttest_pst_big1_b\\\\n
UNRESOLVED: gcc.target/aarch64/sve/pcs/struct_3_256.c -march=armv8.2-a+sve scan-assembler-not \\\\t\\\\.variant_pcs\\\\tsel2_pst_big2\\\\n
UNRESOLVED: gcc.target/aarch64/sve/pcs/struct_3_256.c -march=armv8.2-a+sve scan-assembler \\\\t\\\\.variant_pcs\\\\ttest_pst_big2_a\\\\n
UNRESOLVED: gcc.target/aarch64/sve/pcs/struct_3_256.c -march=armv8.2-a+sve scan-assembler \\\\t\\\\.variant_pcs\\\\ttest_pst_big2_b\\\\n
UNRESOLVED: gcc.target/aarch64/sve/pcs/struct_3_256.c -march=armv8.2-a+sve scan-assembler-not \\\\t\\\\.variant_pcs\\\\tsel2_pst_big3\\\\n
UNRESOLVED: gcc.target/aarch64/sve/pcs/struct_3_256.c -march=armv8.2-a+sve scan-assembler \\\\t\\\\.variant_pcs\\\\ttest_pst_big3_a\\\\n
UNRESOLVED: gcc.target/aarch64/sve/pcs/struct_3_256.c -march=armv8.2-a+sve scan-assembler \\\\t\\\\.variant_pcs\\\\ttest_pst_big3_b\\\\n
UNRESOLVED: gcc.target/aarch64/sve/pcs/struct_3_256.c -march=armv8.2-a+sve scan-assembler \\\\t\\\\.variant_pcs\\\\ttest_pst_big3_c\\\\n
UNRESOLVED: gcc.target/aarch64/sve/pcs/struct_3_256.c -march=armv8.2-a+sve scan-assembler \\\\t\\\\.variant_pcs\\\\ttest_pst_big3_d\\\\n
UNRESOLVED: gcc.target/aarch64/sve/pcs/struct_3_256.c -march=armv8.2-a+sve scan-assembler \\\\t\\\\.variant_pcs\\\\ttest_pst_big3_e\\\\n
UNRESOLVED: gcc.target/aarch64/sve/pcs/struct_3_256.c -march=armv8.2-a+sve scan-assembler \\\\t\\\\.variant_pcs\\\\ttest_pst_big3_f\\\\n
UNRESOLVED: gcc.target/aarch64/sve/pcs/struct_3_256.c -march=armv8.2-a+sve scan-assembler \\\\t\\\\.variant_pcs\\\\tsel2_pst_zero1\\\\n
UNRESOLVED: gcc.target/aarch64/sve/pcs/struct_3_256.c -march=armv8.2-a+sve scan-assembler \\\\t\\\\.variant_pcs\\\\ttest_pst_zero1\\\\n
UNRESOLVED: gcc.target/aarch64/sve/pcs/struct_3_256.c -march=armv8.2-a+sve scan-assembler \\\\t\\\\.variant_pcs\\\\tsel2_pst_zero2\\\\n
UNRESOLVED: gcc.target/aarch64/sve/pcs/struct_3_256.c -march=armv8.2-a+sve scan-assembler \\\\t\\\\.variant_pcs\\\\ttest_pst_zero2\\\\n
UNRESOLVED: gcc.target/aarch64/sve/pcs/struct_3_256.c -march=armv8.2-a+sve scan-assembler \\\\t\\\\.variant_pcs\\\\tsel2_pst_zero3\\\\n
UNRESOLVED: gcc.target/aarch64/sve/pcs/struct_3_256.c -march=armv8.2-a+sve scan-assembler \\\\t\\\\.variant_pcs\\\\ttest_pst_zero3\\\\n
UNRESOLVED: gcc.target/aarch64/sve/pcs/struct_3_256.c -march=armv8.2-a+sve scan-assembler-not \\\\t\\\\.variant_pcs\\\\tsel2_pst_nonpst1\\\\n
UNRESOLVED: gcc.target/aarch64/sve/pcs/struct_3_256.c -march=armv8.2-a+sve scan-assembler-not \\\\t\\\\.variant_pcs\\\\ttest_nonpst1\\\\n
UNRESOLVED: gcc.target/aarch64/sve/pcs/struct_3_256.c -march=armv8.2-a+sve scan-assembler-not \\\\t\\\\.variant_pcs\\\\tsel2_pst_nonpst2\\\\n
UNRESOLVED: gcc.target/aarch64/sve/pcs/struct_3_256.c -march=armv8.2-a+sve scan-assembler \\\\t\\\\.variant_pcs\\\\ttest_nonpst2\\\\n
UNRESOLVED: gcc.target/aarch64/sve/pcs/struct_3_256.c -march=armv8.2-a+sve scan-assembler-not \\\\t\\\\.variant_pcs\\\\tret_nonpst2\\\\n
UNRESOLVED: gcc.target/aarch64/sve/pcs/struct_3_256.c -march=armv8.2-a+sve scan-assembler-not \\\\t\\\\.variant_pcs\\\\tsel2_pst_nonpst3\\\\n
UNRESOLVED: gcc.target/aarch64/sve/pcs/struct_3_256.c -march=armv8.2-a+sve scan-assembler \\\\t\\\\.variant_pcs\\\\ttest_nonpst3\\\\n
UNRESOLVED: gcc.target/aarch64/sve/pcs/struct_3_256.c -march=armv8.2-a+sve scan-assembler-not \\\\t\\\\.variant_pcs\\\\tret_nonpst3\\\\n
UNRESOLVED: gcc.target/aarch64/sve/pcs/struct_3_256.c -march=armv8.2-a+sve scan-assembler-not \\\\t\\\\.variant_pcs\\\\tsel2_pst_nonpst4\\\\n
UNRESOLVED: gcc.target/aarch64/sve/pcs/struct_3_256.c -march=armv8.2-a+sve scan-assembler \\\\t\\\\.variant_pcs\\\\ttest_nonpst4\\\\n
UNRESOLVED: gcc.target/aarch64/sve/pcs/struct_3_256.c -march=armv8.2-a+sve scan-assembler-not \\\\t\\\\.variant_pcs\\\\tret_nonpst4\\\\n
UNRESOLVED: gcc.target/aarch64/sve/pcs/struct_3_256.c -march=armv8.2-a+sve scan-assembler-not \\\\t\\\\.variant_pcs\\\\tsel2_pst_nonpst5\\\\n
UNRESOLVED: gcc.target/aarch64/sve/pcs/struct_3_256.c -march=armv8.2-a+sve scan-assembler \\\\t\\\\.variant_pcs\\\\ttest_nonpst5\\\\n
UNRESOLVED: gcc.target/aarch64/sve/pcs/struct_3_256.c -march=armv8.2-a+sve scan-assembler-not \\\\t\\\\.variant_pcs\\\\tsel2_pst_nonpst6\\\\n
UNRESOLVED: gcc.target/aarch64/sve/pcs/struct_3_256.c -march=armv8.2-a+sve scan-assembler \\\\t\\\\.variant_pcs\\\\ttest_nonpst6\\\\n
UNRESOLVED: gcc.target/aarch64/sve/pcs/struct_3_256.c -march=armv8.2-a+sve scan-assembler-not \\\\t\\\\.variant_pcs\\\\tsel2_pst_nonpst7\\\\n
UNRESOLVED: gcc.target/aarch64/sve/pcs/struct_3_256.c -march=armv8.2-a+sve scan-assembler \\\\t\\\\.variant_pcs\\\\ttest_nonpst7\\\\n
UNRESOLVED: gcc.target/aarch64/sve/pcs/struct_3_256.c -march=armv8.2-a+sve scan-assembler-not \\\\t\\\\.variant_pcs\\\\tsel2_pst_nonpst8\\\\n
UNRESOLVED: gcc.target/aarch64/sve/pcs/struct_3_256.c -march=armv8.2-a+sve scan-assembler-not \\\\t\\\\.variant_pcs\\\\ttest_nonpst8\\\\n
UNRESOLVED: gcc.target/aarch64/sve/pcs/struct_3_256.c -march=armv8.2-a+sve scan-assembler-not \\\\t\\\\.variant_pcs\\\\tret_nonpst8\\\\n
FAIL: gcc.target/aarch64/sve/pcs/struct_3_512.c -march=armv8.2-a+sve (internal compiler error: in aarch64_layout_arg, at config/aarch64/aarch64.cc:7710)
FAIL: gcc.target/aarch64/sve/pcs/struct_3_512.c -march=armv8.2-a+sve (test for excess errors)
UNRESOLVED: gcc.target/aarch64/sve/pcs/struct_3_512.c -march=armv8.2-a+sve check-function-bodies sel2_wrap_fixed_int8_t
UNRESOLVED: gcc.target/aarch64/sve/pcs/struct_3_512.c -march=armv8.2-a+sve check-function-bodies sel2_wrap_fixed_int16_t
UNRESOLVED: gcc.target/aarch64/sve/pcs/struct_3_512.c -march=armv8.2-a+sve check-function-bodies sel2_wrap_fixed_int32_t
UNRESOLVED: gcc.target/aarch64/sve/pcs/struct_3_512.c -march=armv8.2-a+sve check-function-bodies sel2_wrap_fixed_int64_t
UNRESOLVED: gcc.target/aarch64/sve/pcs/struct_3_512.c -march=armv8.2-a+sve check-function-bodies sel2_wrap_fixed_uint8_t
UNRESOLVED: gcc.target/aarch64/sve/pcs/struct_3_512.c -march=armv8.2-a+sve check-function-bodies sel2_wrap_fixed_uint16_t
UNRESOLVED: gcc.target/aarch64/sve/pcs/struct_3_512.c -march=armv8.2-a+sve check-function-bodies sel2_wrap_fixed_uint32_t
UNRESOLVED: gcc.target/aarch64/sve/pcs/struct_3_512.c -march=armv8.2-a+sve check-function-bodies sel2_wrap_fixed_uint64_t
UNRESOLVED: gcc.target/aarch64/sve/pcs/struct_3_512.c -march=armv8.2-a+sve check-function-bodies sel2_wrap_fixed_bfloat16_t
UNRESOLVED: gcc.target/aarch64/sve/pcs/struct_3_512.c -march=armv8.2-a+sve check-function-bodies sel2_wrap_fixed_float16_t
UNRESOLVED: gcc.target/aarch64/sve/pcs/struct_3_512.c -march=armv8.2-a+sve check-function-bodies sel2_wrap_fixed_float32_t
UNRESOLVED: gcc.target/aarch64/sve/pcs/struct_3_512.c -march=armv8.2-a+sve check-function-bodies sel2_wrap_fixed_float64_t
UNRESOLVED: gcc.target/aarch64/sve/pcs/struct_3_512.c -march=armv8.2-a+sve check-function-bodies sel2_wrap_fixed_bool_t
UNRESOLVED: gcc.target/aarch64/sve/pcs/struct_3_512.c -march=armv8.2-a+sve check-function-bodies sel2_pst_arr1
UNRESOLVED: gcc.target/aarch64/sve/pcs/struct_3_512.c -march=armv8.2-a+sve check-function-bodies test_pst_arr1
UNRESOLVED: gcc.target/aarch64/sve/pcs/struct_3_512.c -march=armv8.2-a+sve check-function-bodies test_pst_arr2
UNRESOLVED: gcc.target/aarch64/sve/pcs/struct_3_512.c -march=armv8.2-a+sve check-function-bodies test_pst_arr3
UNRESOLVED: gcc.target/aarch64/sve/pcs/struct_3_512.c -march=armv8.2-a+sve check-function-bodies test_pst_arr4
UNRESOLVED: gcc.target/aarch64/sve/pcs/struct_3_512.c -march=armv8.2-a+sve check-function-bodies test_pst_arr5
UNRESOLVED: gcc.target/aarch64/sve/pcs/struct_3_512.c -march=armv8.2-a+sve check-function-bodies test_pst_arr5_x0
UNRESOLVED: gcc.target/aarch64/sve/pcs/struct_3_512.c -march=armv8.2-a+sve check-function-bodies test_pst_arr5_x7
UNRESOLVED: gcc.target/aarch64/sve/pcs/struct_3_512.c -march=armv8.2-a+sve check-function-bodies test_pst_arr5_sp
UNRESOLVED: gcc.target/aarch64/sve/pcs/struct_3_512.c -march=armv8.2-a+sve check-function-bodies test_pst_arr6
UNRESOLVED: gcc.target/aarch64/sve/pcs/struct_3_512.c -march=armv8.2-a+sve check-function-bodies test_pst_arr6_x0
UNRESOLVED: gcc.target/aarch64/sve/pcs/struct_3_512.c -march=armv8.2-a+sve check-function-bodies test_pst_arr6_x7
UNRESOLVED: gcc.target/aarch64/sve/pcs/struct_3_512.c -march=armv8.2-a+sve check-function-bodies test_pst_arr6_sp
UNRESOLVED: gcc.target/aarch64/sve/pcs/struct_3_512.c -march=armv8.2-a+sve check-function-bodies test_pst_uniform1
UNRESOLVED: gcc.target/aarch64/sve/pcs/struct_3_512.c -march=armv8.2-a+sve check-function-bodies test_pst_uniform2
UNRESOLVED: gcc.target/aarch64/sve/pcs/struct_3_512.c -march=armv8.2-a+sve check-function-bodies test_pst_uniform3
UNRESOLVED: gcc.target/aarch64/sve/pcs/struct_3_512.c -march=armv8.2-a+sve check-function-bodies test_pst_uniform4
UNRESOLVED: gcc.target/aarch64/sve/pcs/struct_3_512.c -march=armv8.2-a+sve check-function-bodies test_pst_mixed1
UNRESOLVED: gcc.target/aarch64/sve/pcs/struct_3_512.c -march=armv8.2-a+sve check-function-bodies test_pst_mixed2
UNRESOLVED: gcc.target/aarch64/sve/pcs/struct_3_512.c -march=armv8.2-a+sve check-function-bodies test_pst_big1_a
UNRESOLVED: gcc.target/aarch64/sve/pcs/struct_3_512.c -march=armv8.2-a+sve check-function-bodies test_pst_big1_b
UNRESOLVED: gcc.target/aarch64/sve/pcs/struct_3_512.c -march=armv8.2-a+sve check-function-bodies test_pst_big2_a
UNRESOLVED: gcc.target/aarch64/sve/pcs/struct_3_512.c -march=armv8.2-a+sve check-function-bodies test_pst_big2_b
UNRESOLVED: gcc.target/aarch64/sve/pcs/struct_3_512.c -march=armv8.2-a+sve check-function-bodies test_pst_big3_a
UNRESOLVED: gcc.target/aarch64/sve/pcs/struct_3_512.c -march=armv8.2-a+sve check-function-bodies test_pst_big3_b
UNRESOLVED: gcc.target/aarch64/sve/pcs/struct_3_512.c -march=armv8.2-a+sve check-function-bodies test_pst_big3_c
UNRESOLVED: gcc.target/aarch64/sve/pcs/struct_3_512.c -march=armv8.2-a+sve check-function-bodies test_pst_big3_d
UNRESOLVED: gcc.target/aarch64/sve/pcs/struct_3_512.c -march=armv8.2-a+sve check-function-bodies test_pst_big3_e
UNRESOLVED: gcc.target/aarch64/sve/pcs/struct_3_512.c -march=armv8.2-a+sve check-function-bodies test_pst_big3_f
UNRESOLVED: gcc.target/aarch64/sve/pcs/struct_3_512.c -march=armv8.2-a+sve check-function-bodies test_pst_zero1
UNRESOLVED: gcc.target/aarch64/sve/pcs/struct_3_512.c -march=armv8.2-a+sve check-function-bodies test_pst_zero2
UNRESOLVED: gcc.target/aarch64/sve/pcs/struct_3_512.c -march=armv8.2-a+sve check-function-bodies test_pst_zero3
UNRESOLVED: gcc.target/aarch64/sve/pcs/struct_3_512.c -march=armv8.2-a+sve check-function-bodies test_nonpst1
UNRESOLVED: gcc.target/aarch64/sve/pcs/struct_3_512.c -march=armv8.2-a+sve check-function-bodies test_nonpst2
UNRESOLVED: gcc.target/aarch64/sve/pcs/struct_3_512.c -march=armv8.2-a+sve check-function-bodies ret_nonpst2
UNRESOLVED: gcc.target/aarch64/sve/pcs/struct_3_512.c -march=armv8.2-a+sve check-function-bodies test_nonpst3
UNRESOLVED: gcc.target/aarch64/sve/pcs/struct_3_512.c -march=armv8.2-a+sve check-function-bodies ret_nonpst3
UNRESOLVED: gcc.target/aarch64/sve/pcs/struct_3_512.c -march=armv8.2-a+sve check-function-bodies test_nonpst4
UNRESOLVED: gcc.target/aarch64/sve/pcs/struct_3_512.c -march=armv8.2-a+sve check-function-bodies ret_nonpst4
UNRESOLVED: gcc.target/aarch64/sve/pcs/struct_3_512.c -march=armv8.2-a+sve check-function-bodies test_nonpst5
UNRESOLVED: gcc.target/aarch64/sve/pcs/struct_3_512.c -march=armv8.2-a+sve check-function-bodies test_nonpst6
UNRESOLVED: gcc.target/aarch64/sve/pcs/struct_3_512.c -march=armv8.2-a+sve check-function-bodies test_nonpst7
UNRESOLVED: gcc.target/aarch64/sve/pcs/struct_3_512.c -march=armv8.2-a+sve check-function-bodies test_nonpst8
UNRESOLVED: gcc.target/aarch64/sve/pcs/struct_3_512.c -march=armv8.2-a+sve check-function-bodies ret_nonpst8
UNRESOLVED: gcc.target/aarch64/sve/pcs/struct_3_512.c -march=armv8.2-a+sve scan-assembler \\\\t\\\\.variant_pcs\\\\tsel2_wrap_fixed_int8_t\\\\n
UNRESOLVED: gcc.target/aarch64/sve/pcs/struct_3_512.c -march=armv8.2-a+sve scan-assembler \\\\t\\\\.variant_pcs\\\\tsel2_wrap_fixed_int16_t\\\\n
UNRESOLVED: gcc.target/aarch64/sve/pcs/struct_3_512.c -march=armv8.2-a+sve scan-assembler \\\\t\\\\.variant_pcs\\\\tsel2_wrap_fixed_int32_t\\\\n
UNRESOLVED: gcc.target/aarch64/sve/pcs/struct_3_512.c -march=armv8.2-a+sve scan-assembler \\\\t\\\\.variant_pcs\\\\tsel2_wrap_fixed_int64_t\\\\n
UNRESOLVED: gcc.target/aarch64/sve/pcs/struct_3_512.c -march=armv8.2-a+sve scan-assembler \\\\t\\\\.variant_pcs\\\\tsel2_wrap_fixed_uint8_t\\\\n
UNRESOLVED: gcc.target/aarch64/sve/pcs/struct_3_512.c -march=armv8.2-a+sve scan-assembler \\\\t\\\\.variant_pcs\\\\tsel2_wrap_fixed_uint16_t\\\\n
UNRESOLVED: gcc.target/aarch64/sve/pcs/struct_3_512.c -march=armv8.2-a+sve scan-assembler \\\\t\\\\.variant_pcs\\\\tsel2_wrap_fixed_uint32_t\\\\n
UNRESOLVED: gcc.target/aarch64/sve/pcs/struct_3_512.c -march=armv8.2-a+sve scan-assembler \\\\t\\\\.variant_pcs\\\\tsel2_wrap_fixed_uint64_t\\\\n
UNRESOLVED: gcc.target/aarch64/sve/pcs/struct_3_512.c -march=armv8.2-a+sve scan-assembler \\\\t\\\\.variant_pcs\\\\tsel2_wrap_fixed_bfloat16_t\\\\n
UNRESOLVED: gcc.target/aarch64/sve/pcs/struct_3_512.c -march=armv8.2-a+sve scan-assembler \\\\t\\\\.variant_pcs\\\\tsel2_wrap_fixed_float16_t\\\\n
UNRESOLVED: gcc.target/aarch64/sve/pcs/struct_3_512.c -march=armv8.2-a+sve scan-assembler \\\\t\\\\.variant_pcs\\\\tsel2_wrap_fixed_float32_t\\\\n
UNRESOLVED: gcc.target/aarch64/sve/pcs/struct_3_512.c -march=armv8.2-a+sve scan-assembler \\\\t\\\\.variant_pcs\\\\tsel2_wrap_fixed_float64_t\\\\n
UNRESOLVED: gcc.target/aarch64/sve/pcs/struct_3_512.c -march=armv8.2-a+sve scan-assembler \\\\t\\\\.variant_pcs\\\\tsel2_wrap_fixed_bool_t\\\\n
UNRESOLVED: gcc.target/aarch64/sve/pcs/struct_3_512.c -march=armv8.2-a+sve scan-assembler \\\\t\\\\.variant_pcs\\\\tsel2_pst_arr1\\\\n
UNRESOLVED: gcc.target/aarch64/sve/pcs/struct_3_512.c -march=armv8.2-a+sve scan-assembler \\\\t\\\\.variant_pcs\\\\ttest_pst_arr1\\\\n
UNRESOLVED: gcc.target/aarch64/sve/pcs/struct_3_512.c -march=armv8.2-a+sve scan-assembler \\\\t\\\\.variant_pcs\\\\tsel2_pst_arr2\\\\n
UNRESOLVED: gcc.target/aarch64/sve/pcs/struct_3_512.c -march=armv8.2-a+sve scan-assembler \\\\t\\\\.variant_pcs\\\\ttest_pst_arr2\\\\n
UNRESOLVED: gcc.target/aarch64/sve/pcs/struct_3_512.c -march=armv8.2-a+sve scan-assembler \\\\t\\\\.variant_pcs\\\\tsel2_pst_arr3\\\\n
UNRESOLVED: gcc.target/aarch64/sve/pcs/struct_3_512.c -march=armv8.2-a+sve scan-assembler \\\\t\\\\.variant_pcs\\\\ttest_pst_arr3\\\\n
UNRESOLVED: gcc.target/aarch64/sve/pcs/struct_3_512.c -march=armv8.2-a+sve scan-assembler \\\\t\\\\.variant_pcs\\\\tsel2_pst_arr4\\\\n
UNRESOLVED: gcc.target/aarch64/sve/pcs/struct_3_512.c -march=armv8.2-a+sve scan-assembler \\\\t\\\\.variant_pcs\\\\ttest_pst_arr4\\\\n
UNRESOLVED: gcc.target/aarch64/sve/pcs/struct_3_512.c -march=armv8.2-a+sve scan-assembler \\\\t\\\\.variant_pcs\\\\tsel2_pst_arr5\\\\n
UNRESOLVED: gcc.target/aarch64/sve/pcs/struct_3_512.c -march=armv8.2-a+sve scan-assembler \\\\t\\\\.variant_pcs\\\\ttest_pst_arr5\\\\n
UNRESOLVED: gcc.target/aarch64/sve/pcs/struct_3_512.c -march=armv8.2-a+sve scan-assembler \\\\t\\\\.variant_pcs\\\\ttest_pst_arr5_x0\\\\n
UNRESOLVED: gcc.target/aarch64/sve/pcs/struct_3_512.c -march=armv8.2-a+sve scan-assembler \\\\t\\\\.variant_pcs\\\\ttest_pst_arr5_x7\\\\n
UNRESOLVED: gcc.target/aarch64/sve/pcs/struct_3_512.c -march=armv8.2-a+sve scan-assembler \\\\t\\\\.variant_pcs\\\\ttest_pst_arr5_sp\\\\n
UNRESOLVED: gcc.target/aarch64/sve/pcs/struct_3_512.c -march=armv8.2-a+sve scan-assembler \\\\t\\\\.variant_pcs\\\\tsel2_pst_arr6\\\\n
UNRESOLVED: gcc.target/aarch64/sve/pcs/struct_3_512.c -march=armv8.2-a+sve scan-assembler \\\\t\\\\.variant_pcs\\\\ttest_pst_arr6\\\\n
UNRESOLVED: gcc.target/aarch64/sve/pcs/struct_3_512.c -march=armv8.2-a+sve scan-assembler \\\\t\\\\.variant_pcs\\\\ttest_pst_arr6_x0\\\\n
UNRESOLVED: gcc.target/aarch64/sve/pcs/struct_3_512.c -march=armv8.2-a+sve scan-assembler \\\\t\\\\.variant_pcs\\\\ttest_pst_arr6_x7\\\\n
UNRESOLVED: gcc.target/aarch64/sve/pcs/struct_3_512.c -march=armv8.2-a+sve scan-assembler \\\\t\\\\.variant_pcs\\\\ttest_pst_arr6_sp\\\\n
UNRESOLVED: gcc.target/aarch64/sve/pcs/struct_3_512.c -march=armv8.2-a+sve scan-assembler \\\\t\\\\.variant_pcs\\\\tsel2_pst_uniform1\\\\n
UNRESOLVED: gcc.target/aarch64/sve/pcs/struct_3_512.c -march=armv8.2-a+sve scan-assembler \\\\t\\\\.variant_pcs\\\\ttest_pst_uniform1\\\\n
UNRESOLVED: gcc.target/aarch64/sve/pcs/struct_3_512.c -march=armv8.2-a+sve scan-assembler \\\\t\\\\.variant_pcs\\\\tsel2_pst_uniform2\\\\n
UNRESOLVED: gcc.target/aarch64/sve/pcs/struct_3_512.c -march=armv8.2-a+sve scan-assembler \\\\t\\\\.variant_pcs\\\\ttest_pst_uniform2\\\\n
UNRESOLVED: gcc.target/aarch64/sve/pcs/struct_3_512.c -march=armv8.2-a+sve scan-assembler \\\\t\\\\.variant_pcs\\\\tsel2_pst_uniform3\\\\n
UNRESOLVED: gcc.target/aarch64/sve/pcs/struct_3_512.c -march=armv8.2-a+sve scan-assembler \\\\t\\\\.variant_pcs\\\\ttest_pst_uniform3\\\\n
UNRESOLVED: gcc.target/aarch64/sve/pcs/struct_3_512.c -march=armv8.2-a+sve scan-assembler \\\\t\\\\.variant_pcs\\\\tsel2_pst_uniform4\\\\n
UNRESOLVED: gcc.target/aarch64/sve/pcs/struct_3_512.c -march=armv8.2-a+sve scan-assembler \\\\t\\\\.variant_pcs\\\\ttest_pst_uniform4\\\\n
UNRESOLVED: gcc.target/aarch64/sve/pcs/struct_3_512.c -march=armv8.2-a+sve scan-assembler \\\\t\\\\.variant_pcs\\\\tsel2_pst_mixed1\\\\n
UNRESOLVED: gcc.target/aarch64/sve/pcs/struct_3_512.c -march=armv8.2-a+sve scan-assembler \\\\t\\\\.variant_pcs\\\\ttest_pst_mixed1\\\\n
UNRESOLVED: gcc.target/aarch64/sve/pcs/struct_3_512.c -march=armv8.2-a+sve scan-assembler \\\\t\\\\.variant_pcs\\\\tsel2_pst_mixed2\\\\n
UNRESOLVED: gcc.target/aarch64/sve/pcs/struct_3_512.c -march=armv8.2-a+sve scan-assembler \\\\t\\\\.variant_pcs\\\\ttest_pst_mixed2\\\\n
UNRESOLVED: gcc.target/aarch64/sve/pcs/struct_3_512.c -march=armv8.2-a+sve scan-assembler-not \\\\t\\\\.variant_pcs\\\\tsel2_pst_big1\\\\n
UNRESOLVED: gcc.target/aarch64/sve/pcs/struct_3_512.c -march=armv8.2-a+sve scan-assembler \\\\t\\\\.variant_pcs\\\\ttest_pst_big1_a\\\\n
UNRESOLVED: gcc.target/aarch64/sve/pcs/struct_3_512.c -march=armv8.2-a+sve scan-assembler \\\\t\\\\.variant_pcs\\\\ttest_pst_big1_b\\\\n
UNRESOLVED: gcc.target/aarch64/sve/pcs/struct_3_512.c -march=armv8.2-a+sve scan-assembler-not \\\\t\\\\.variant_pcs\\\\tsel2_pst_big2\\\\n
UNRESOLVED: gcc.target/aarch64/sve/pcs/struct_3_512.c -march=armv8.2-a+sve scan-assembler \\\\t\\\\.variant_pcs\\\\ttest_pst_big2_a\\\\n
UNRESOLVED: gcc.target/aarch64/sve/pcs/struct_3_512.c -march=armv8.2-a+sve scan-assembler \\\\t\\\\.variant_pcs\\\\ttest_pst_big2_b\\\\n
UNRESOLVED: gcc.target/aarch64/sve/pcs/struct_3_512.c -march=armv8.2-a+sve scan-assembler-not \\\\t\\\\.variant_pcs\\\\tsel2_pst_big3\\\\n
UNRESOLVED: gcc.target/aarch64/sve/pcs/struct_3_512.c -march=armv8.2-a+sve scan-assembler \\\\t\\\\.variant_pcs\\\\ttest_pst_big3_a\\\\n
UNRESOLVED: gcc.target/aarch64/sve/pcs/struct_3_512.c -march=armv8.2-a+sve scan-assembler \\\\t\\\\.variant_pcs\\\\ttest_pst_big3_b\\\\n
UNRESOLVED: gcc.target/aarch64/sve/pcs/struct_3_512.c -march=armv8.2-a+sve scan-assembler \\\\t\\\\.variant_pcs\\\\ttest_pst_big3_c\\\\n
UNRESOLVED: gcc.target/aarch64/sve/pcs/struct_3_512.c -march=armv8.2-a+sve scan-assembler \\\\t\\\\.variant_pcs\\\\ttest_pst_big3_d\\\\n
UNRESOLVED: gcc.target/aarch64/sve/pcs/struct_3_512.c -march=armv8.2-a+sve scan-assembler \\\\t\\\\.variant_pcs\\\\ttest_pst_big3_e\\\\n
UNRESOLVED: gcc.target/aarch64/sve/pcs/struct_3_512.c -march=armv8.2-a+sve scan-assembler \\\\t\\\\.variant_pcs\\\\ttest_pst_big3_f\\\\n
UNRESOLVED: gcc.target/aarch64/sve/pcs/struct_3_512.c -march=armv8.2-a+sve scan-assembler \\\\t\\\\.variant_pcs\\\\tsel2_pst_zero1\\\\n
UNRESOLVED: gcc.target/aarch64/sve/pcs/struct_3_512.c -march=armv8.2-a+sve scan-assembler \\\\t\\\\.variant_pcs\\\\ttest_pst_zero1\\\\n
UNRESOLVED: gcc.target/aarch64/sve/pcs/struct_3_512.c -march=armv8.2-a+sve scan-assembler \\\\t\\\\.variant_pcs\\\\tsel2_pst_zero2\\\\n
UNRESOLVED: gcc.target/aarch64/sve/pcs/struct_3_512.c -march=armv8.2-a+sve scan-assembler \\\\t\\\\.variant_pcs\\\\ttest_pst_zero2\\\\n
UNRESOLVED: gcc.target/aarch64/sve/pcs/struct_3_512.c -march=armv8.2-a+sve scan-assembler \\\\t\\\\.variant_pcs\\\\tsel2_pst_zero3\\\\n
UNRESOLVED: gcc.target/aarch64/sve/pcs/struct_3_512.c -march=armv8.2-a+sve scan-assembler \\\\t\\\\.variant_pcs\\\\ttest_pst_zero3\\\\n
UNRESOLVED: gcc.target/aarch64/sve/pcs/struct_3_512.c -march=armv8.2-a+sve scan-assembler-not \\\\t\\\\.variant_pcs\\\\tsel2_pst_nonpst1\\\\n
UNRESOLVED: gcc.target/aarch64/sve/pcs/struct_3_512.c -march=armv8.2-a+sve scan-assembler-not \\\\t\\\\.variant_pcs\\\\ttest_nonpst1\\\\n
UNRESOLVED: gcc.target/aarch64/sve/pcs/struct_3_512.c -march=armv8.2-a+sve scan-assembler-not \\\\t\\\\.variant_pcs\\\\tsel2_pst_nonpst2\\\\n
UNRESOLVED: gcc.target/aarch64/sve/pcs/struct_3_512.c -march=armv8.2-a+sve scan-assembler \\\\t\\\\.variant_pcs\\\\ttest_nonpst2\\\\n
UNRESOLVED: gcc.target/aarch64/sve/pcs/struct_3_512.c -march=armv8.2-a+sve scan-assembler-not \\\\t\\\\.variant_pcs\\\\tret_nonpst2\\\\n
UNRESOLVED: gcc.target/aarch64/sve/pcs/struct_3_512.c -march=armv8.2-a+sve scan-assembler-not \\\\t\\\\.variant_pcs\\\\tsel2_pst_nonpst3\\\\n
UNRESOLVED: gcc.target/aarch64/sve/pcs/struct_3_512.c -march=armv8.2-a+sve scan-assembler \\\\t\\\\.variant_pcs\\\\ttest_nonpst3\\\\n
UNRESOLVED: gcc.target/aarch64/sve/pcs/struct_3_512.c -march=armv8.2-a+sve scan-assembler-not \\\\t\\\\.variant_pcs\\\\tret_nonpst3\\\\n
UNRESOLVED: gcc.target/aarch64/sve/pcs/struct_3_512.c -march=armv8.2-a+sve scan-assembler-not \\\\t\\\\.variant_pcs\\\\tsel2_pst_nonpst4\\\\n
UNRESOLVED: gcc.target/aarch64/sve/pcs/struct_3_512.c -march=armv8.2-a+sve scan-assembler \\\\t\\\\.variant_pcs\\\\ttest_nonpst4\\\\n
UNRESOLVED: gcc.target/aarch64/sve/pcs/struct_3_512.c -march=armv8.2-a+sve scan-assembler-not \\\\t\\\\.variant_pcs\\\\tret_nonpst4\\\\n
UNRESOLVED: gcc.target/aarch64/sve/pcs/struct_3_512.c -march=armv8.2-a+sve scan-assembler-not \\\\t\\\\.variant_pcs\\\\tsel2_pst_nonpst5\\\\n
UNRESOLVED: gcc.target/aarch64/sve/pcs/struct_3_512.c -march=armv8.2-a+sve scan-assembler \\\\t\\\\.variant_pcs\\\\ttest_nonpst5\\\\n
UNRESOLVED: gcc.target/aarch64/sve/pcs/struct_3_512.c -march=armv8.2-a+sve scan-assembler-not \\\\t\\\\.variant_pcs\\\\tsel2_pst_nonpst6\\\\n
UNRESOLVED: gcc.target/aarch64/sve/pcs/struct_3_512.c -march=armv8.2-a+sve scan-assembler \\\\t\\\\.variant_pcs\\\\ttest_nonpst6\\\\n
UNRESOLVED: gcc.target/aarch64/sve/pcs/struct_3_512.c -march=armv8.2-a+sve scan-assembler-not \\\\t\\\\.variant_pcs\\\\tsel2_pst_nonpst7\\\\n
UNRESOLVED: gcc.target/aarch64/sve/pcs/struct_3_512.c -march=armv8.2-a+sve scan-assembler \\\\t\\\\.variant_pcs\\\\ttest_nonpst7\\\\n
UNRESOLVED: gcc.target/aarch64/sve/pcs/struct_3_512.c -march=armv8.2-a+sve scan-assembler-not \\\\t\\\\.variant_pcs\\\\tsel2_pst_nonpst8\\\\n
UNRESOLVED: gcc.target/aarch64/sve/pcs/struct_3_512.c -march=armv8.2-a+sve scan-assembler-not \\\\t\\\\.variant_pcs\\\\ttest_nonpst8\\\\n
UNRESOLVED: gcc.target/aarch64/sve/pcs/struct_3_512.c -march=armv8.2-a+sve scan-assembler-not \\\\t\\\\.variant_pcs\\\\tret_nonpst8\\\\n
=== gcc Summary ===
# of expected passes 286013
# of unexpected failures 104
# of unexpected successes 41
# of expected failures 2623
# of unresolved testcases 419
# of unsupported tests 4407
/opt/gcc/gcc-20230119/Build/gcc/xgcc version 13.0.1 20230119 (experimental) [master 9f98cfa51b4] (GCC)
=== gdc tests ===
Running target unix/-mabi=lp64
FAIL: gdc.dg/Wbuiltin_declaration_mismatch2.d (test for warnings, line 14)
FAIL: gdc.dg/Wbuiltin_declaration_mismatch2.d (test for warnings, line 15)
FAIL: gdc.dg/Wbuiltin_declaration_mismatch2.d (test for warnings, line 20)
FAIL: gdc.dg/Wbuiltin_declaration_mismatch2.d (test for warnings, line 22)
FAIL: gdc.dg/Wbuiltin_declaration_mismatch2.d (test for warnings, line 23)
FAIL: gdc.dg/Wbuiltin_declaration_mismatch2.d (test for warnings, line 28)
FAIL: gdc.dg/Wbuiltin_declaration_mismatch2.d (test for warnings, line 33)
FAIL: gdc.dg/Wbuiltin_declaration_mismatch2.d (test for warnings, line 34)
FAIL: gdc.dg/Wbuiltin_declaration_mismatch2.d (test for warnings, line 35)
FAIL: gdc.dg/Wbuiltin_declaration_mismatch2.d (test for warnings, line 37)
FAIL: gdc.dg/Wbuiltin_declaration_mismatch2.d (test for warnings, line 38)
FAIL: gdc.dg/Wbuiltin_declaration_mismatch2.d (test for warnings, line 39)
FAIL: gdc.dg/Wbuiltin_declaration_mismatch2.d (test for warnings, line 41)
FAIL: gdc.dg/Wbuiltin_declaration_mismatch2.d (test for warnings, line 42)
FAIL: gdc.dg/Wbuiltin_declaration_mismatch2.d (test for warnings, line 43)
FAIL: gdc.dg/Wbuiltin_declaration_mismatch2.d (test for errors, line 46)
FAIL: gdc.dg/Wbuiltin_declaration_mismatch2.d (test for errors, line 47)
FAIL: gdc.dg/Wbuiltin_declaration_mismatch2.d (test for errors, line 48)
FAIL: gdc.dg/Wbuiltin_declaration_mismatch2.d (test for errors, line 49)
FAIL: gdc.dg/Wbuiltin_declaration_mismatch2.d (test for errors, line 50)
FAIL: gdc.dg/Wbuiltin_declaration_mismatch2.d (test for errors, line 51)
FAIL: gdc.dg/Wbuiltin_declaration_mismatch2.d (test for errors, line 53)
FAIL: gdc.dg/Wbuiltin_declaration_mismatch2.d (test for errors, line 54)
FAIL: gdc.dg/Wbuiltin_declaration_mismatch2.d (test for errors, line 56)
FAIL: gdc.dg/Wbuiltin_declaration_mismatch2.d (test for errors, line 57)
FAIL: gdc.dg/Wbuiltin_declaration_mismatch2.d (test for errors, line 58)
FAIL: gdc.dg/Wbuiltin_declaration_mismatch2.d (test for errors, line 59)
FAIL: gdc.dg/Wbuiltin_declaration_mismatch2.d (test for errors, line 61)
FAIL: gdc.dg/Wbuiltin_declaration_mismatch2.d (test for errors, line 62)
FAIL: gdc.dg/Wbuiltin_declaration_mismatch2.d (test for errors, line 63)
FAIL: gdc.dg/Wbuiltin_declaration_mismatch2.d (test for errors, line 64)
FAIL: gdc.dg/Wbuiltin_declaration_mismatch2.d (test for errors, line 66)
FAIL: gdc.dg/Wbuiltin_declaration_mismatch2.d (test for errors, line 67)
FAIL: gdc.dg/Wbuiltin_declaration_mismatch2.d (test for errors, line 69)
FAIL: gdc.dg/Wbuiltin_declaration_mismatch2.d (test for errors, line 70)
FAIL: gdc.dg/Wbuiltin_declaration_mismatch2.d (test for errors, line 71)
FAIL: gdc.dg/Wbuiltin_declaration_mismatch2.d (test for errors, line 72)
FAIL: gdc.dg/Wbuiltin_declaration_mismatch2.d (test for errors, line 73)
FAIL: gdc.dg/Wbuiltin_declaration_mismatch2.d (test for errors, line 74)
FAIL: gdc.dg/Wbuiltin_declaration_mismatch2.d (test for warnings, line 80)
FAIL: gdc.dg/Wbuiltin_declaration_mismatch2.d (test for warnings, line 81)
FAIL: gdc.dg/Wbuiltin_declaration_mismatch2.d (test for warnings, line 82)
FAIL: gdc.dg/Wbuiltin_declaration_mismatch2.d (test for warnings, line 84)
FAIL: gdc.dg/Wbuiltin_declaration_mismatch2.d (test for warnings, line 85)
FAIL: gdc.dg/Wbuiltin_declaration_mismatch2.d (test for errors, line 87)
FAIL: gdc.dg/Wbuiltin_declaration_mismatch2.d (test for errors, line 88)
FAIL: gdc.dg/Wbuiltin_declaration_mismatch2.d (test for errors, line 89)
FAIL: gdc.dg/Wbuiltin_declaration_mismatch2.d (test for warnings, line 90)
FAIL: gdc.dg/Wbuiltin_declaration_mismatch2.d (test for warnings, line 92)
FAIL: gdc.dg/Wbuiltin_declaration_mismatch2.d (test for warnings, line 93)
FAIL: gdc.dg/Wbuiltin_declaration_mismatch2.d (test for warnings, line 94)
FAIL: gdc.dg/Wbuiltin_declaration_mismatch2.d (test for warnings, line 95)
FAIL: gdc.dg/Wbuiltin_declaration_mismatch2.d (test for warnings, line 96)
FAIL: gdc.dg/Wbuiltin_declaration_mismatch2.d (test for warnings, line 98)
FAIL: gdc.dg/Wbuiltin_declaration_mismatch2.d (test for warnings, line 99)
FAIL: gdc.dg/Wbuiltin_declaration_mismatch2.d (test for warnings, line 100)
FAIL: gdc.dg/Wbuiltin_declaration_mismatch2.d (test for errors, line 103)
FAIL: gdc.dg/Wbuiltin_declaration_mismatch2.d (test for errors, line 104)
FAIL: gdc.dg/Wbuiltin_declaration_mismatch2.d (test for errors, line 105)
FAIL: gdc.dg/Wbuiltin_declaration_mismatch2.d (test for warnings, line 110)
FAIL: gdc.dg/Wbuiltin_declaration_mismatch2.d (test for warnings, line 111)
FAIL: gdc.dg/Wbuiltin_declaration_mismatch2.d (test for warnings, line 112)
FAIL: gdc.dg/Wbuiltin_declaration_mismatch2.d (test for warnings, line 114)
FAIL: gdc.dg/Wbuiltin_declaration_mismatch2.d (test for warnings, line 115)
FAIL: gdc.dg/Wbuiltin_declaration_mismatch2.d (test for errors, line 117)
FAIL: gdc.dg/Wbuiltin_declaration_mismatch2.d (test for errors, line 119)
FAIL: gdc.dg/Wbuiltin_declaration_mismatch2.d (test for warnings, line 120)
FAIL: gdc.dg/Wbuiltin_declaration_mismatch2.d (test for warnings, line 122)
FAIL: gdc.dg/Wbuiltin_declaration_mismatch2.d (test for warnings, line 123)
FAIL: gdc.dg/Wbuiltin_declaration_mismatch2.d (test for errors, line 124)
FAIL: gdc.dg/Wbuiltin_declaration_mismatch2.d (test for errors, line 126)
FAIL: gdc.dg/Wbuiltin_declaration_mismatch2.d (test for errors, line 127)
FAIL: gdc.dg/Wbuiltin_declaration_mismatch2.d (test for warnings, line 128)
FAIL: gdc.dg/Wbuiltin_declaration_mismatch2.d (test for warnings, line 130)
FAIL: gdc.dg/Wbuiltin_declaration_mismatch2.d (test for warnings, line 131)
FAIL: gdc.dg/Wbuiltin_declaration_mismatch2.d (test for errors, line 133)
FAIL: gdc.dg/Wbuiltin_declaration_mismatch2.d (test for errors, line 135)
FAIL: gdc.dg/Wbuiltin_declaration_mismatch2.d (test for warnings, line 136)
FAIL: gdc.dg/Wbuiltin_declaration_mismatch2.d (test for warnings, line 138)
FAIL: gdc.dg/Wbuiltin_declaration_mismatch2.d (test for warnings, line 139)
FAIL: gdc.dg/Wbuiltin_declaration_mismatch2.d (test for errors, line 140)
FAIL: gdc.dg/Wbuiltin_declaration_mismatch2.d (test for errors, line 141)
FAIL: gdc.dg/Wbuiltin_declaration_mismatch2.d (test for errors, line 142)
FAIL: gdc.dg/Wbuiltin_declaration_mismatch2.d (test for warnings, line 144)
FAIL: gdc.dg/Wbuiltin_declaration_mismatch2.d (test for warnings, line 149)
FAIL: gdc.dg/Wbuiltin_declaration_mismatch2.d (test for warnings, line 150)
FAIL: gdc.dg/Wbuiltin_declaration_mismatch2.d (test for warnings, line 151)
FAIL: gdc.dg/Wbuiltin_declaration_mismatch2.d (test for warnings, line 153)
FAIL: gdc.dg/Wbuiltin_declaration_mismatch2.d (test for warnings, line 154)
FAIL: gdc.dg/Wbuiltin_declaration_mismatch2.d (test for warnings, line 155)
FAIL: gdc.dg/Wbuiltin_declaration_mismatch2.d (test for warnings, line 157)
FAIL: gdc.dg/Wbuiltin_declaration_mismatch2.d (test for warnings, line 158)
FAIL: gdc.dg/Wbuiltin_declaration_mismatch2.d (test for warnings, line 159)
FAIL: gdc.dg/Wbuiltin_declaration_mismatch2.d (test for errors, line 162)
FAIL: gdc.dg/Wbuiltin_declaration_mismatch2.d (test for errors, line 163)
FAIL: gdc.dg/Wbuiltin_declaration_mismatch2.d (test for errors, line 164)
FAIL: gdc.dg/Wbuiltin_declaration_mismatch2.d (test for errors, line 165)
FAIL: gdc.dg/Wbuiltin_declaration_mismatch2.d (test for errors, line 166)
FAIL: gdc.dg/Wbuiltin_declaration_mismatch2.d (test for errors, line 167)
FAIL: gdc.dg/Wbuiltin_declaration_mismatch2.d (test for errors, line 169)
FAIL: gdc.dg/Wbuiltin_declaration_mismatch2.d (test for errors, line 170)
FAIL: gdc.dg/Wbuiltin_declaration_mismatch2.d (test for errors, line 172)
FAIL: gdc.dg/Wbuiltin_declaration_mismatch2.d (test for errors, line 173)
FAIL: gdc.dg/Wbuiltin_declaration_mismatch2.d (test for errors, line 174)
FAIL: gdc.dg/Wbuiltin_declaration_mismatch2.d (test for errors, line 175)
FAIL: gdc.dg/Wbuiltin_declaration_mismatch2.d (test for errors, line 177)
FAIL: gdc.dg/Wbuiltin_declaration_mismatch2.d (test for errors, line 178)
FAIL: gdc.dg/Wbuiltin_declaration_mismatch2.d (test for errors, line 179)
FAIL: gdc.dg/Wbuiltin_declaration_mismatch2.d (test for errors, line 180)
FAIL: gdc.dg/Wbuiltin_declaration_mismatch2.d (test for errors, line 182)
FAIL: gdc.dg/Wbuiltin_declaration_mismatch2.d (test for errors, line 183)
FAIL: gdc.dg/Wbuiltin_declaration_mismatch2.d (test for errors, line 185)
FAIL: gdc.dg/Wbuiltin_declaration_mismatch2.d (test for errors, line 186)
FAIL: gdc.dg/Wbuiltin_declaration_mismatch2.d (test for errors, line 187)
FAIL: gdc.dg/Wbuiltin_declaration_mismatch2.d (test for errors, line 188)
FAIL: gdc.dg/Wbuiltin_declaration_mismatch2.d (test for errors, line 189)
FAIL: gdc.dg/Wbuiltin_declaration_mismatch2.d (test for errors, line 190)
FAIL: gdc.dg/Wbuiltin_declaration_mismatch2.d (test for excess errors)
=== gdc Summary ===
# of expected passes 12646
# of unexpected failures 118
# of unsupported tests 90
/opt/gcc/gcc-20230119/Build/gcc/gdc version 13.0.1 20230119 (experimental) [master 9f98cfa51b4] (GCC)
=== gfortran tests ===
Running target unix/-mabi=lp64
FAIL: gfortran.dg/gomp/declare-simd-4.f90 -O (test for excess errors)
FAIL: gfortran.dg/gomp/declare-simd-6.f90 -O (test for excess errors)
FAIL: gfortran.dg/ieee/modes_1.f90 -O0 execution test
FAIL: gfortran.dg/ieee/modes_1.f90 -O1 execution test
FAIL: gfortran.dg/ieee/modes_1.f90 -O2 execution test
FAIL: gfortran.dg/ieee/modes_1.f90 -O3 -fomit-frame-pointer -funroll-loops -fpeel-loops -ftracer -finline-functions execution test
FAIL: gfortran.dg/ieee/modes_1.f90 -O3 -g execution test
FAIL: gfortran.dg/ieee/modes_1.f90 -Os execution test
=== gfortran Summary ===
# of expected passes 66762
# of unexpected failures 8
# of expected failures 259
# of unsupported tests 156
/opt/gcc/gcc-20230119/Build/gcc/gfortran version 13.0.1 20230119 (experimental) [master 9f98cfa51b4] (GCC)
=== gm2 tests ===
Running target unix/-mabi=lp64
FAIL: gm2/link/min/pass/tiny.mod, -g
FAIL: gm2/link/min/pass/tiny.mod, -O
FAIL: gm2/link/min/pass/tiny.mod, -O -g
FAIL: gm2/link/min/pass/tiny.mod, -Os
FAIL: gm2/link/min/pass/tiny.mod, -O3 -fomit-frame-pointer
FAIL: gm2/link/min/pass/tiny.mod, -O3 -fomit-frame-pointer -finline-functions
FAIL: gm2/pim/pass/TestLong4.mod, -g
FAIL: gm2/pim/pass/TestLong4.mod, -O
FAIL: gm2/pim/pass/TestLong4.mod, -O -g
FAIL: gm2/pim/pass/TestLong4.mod, -Os
FAIL: gm2/pim/pass/TestLong4.mod, -O3 -fomit-frame-pointer
FAIL: gm2/pim/pass/TestLong4.mod, -O3 -fomit-frame-pointer -finline-functions
FAIL: gm2/pimcoroutines/run/pass/testtime.mod execution, -g
FAIL: gm2/pimcoroutines/run/pass/testtime.mod execution, -O
FAIL: gm2/pimcoroutines/run/pass/testtime.mod execution, -O -g
FAIL: gm2/pimcoroutines/run/pass/testtime.mod execution, -Os
FAIL: gm2/pimcoroutines/run/pass/testtime.mod execution, -O3 -fomit-frame-pointer
FAIL: gm2/pimcoroutines/run/pass/testtime.mod execution, -O3 -fomit-frame-pointer -finline-functions
WARNING: gm2/pimlib/logitech/run/pass/realinput3.mod compilation, -O -g program timed out.
FAIL: gm2/pimlib/logitech/run/pass/realinput3.mod compilation, -O -g
UNRESOLVED: gm2/pimlib/logitech/run/pass/realinput3.mod execution, -O -g (link failed)
WARNING: gm2/pimlib/logitech/run/pass/realinput3.mod compilation, {additional_flags= -Os } timeout=10 program timed out.
WARNING: gm2/projects/iso/run/pass/halma/halma.mod compilation, -g program timed out.
FAIL: gm2/projects/iso/run/pass/halma/halma.mod compilation, -g
UNRESOLVED: gm2/projects/iso/run/pass/halma/halma.mod execution, -g (link failed)
WARNING: gm2/projects/iso/run/pass/halma/halma.mod compilation, {additional_flags= -O } timeout=10 program timed out.
WARNING: gm2/projects/iso/run/pass/halma/halma.mod compilation, -O program timed out.
FAIL: gm2/projects/iso/run/pass/halma/halma.mod compilation, -O
UNRESOLVED: gm2/projects/iso/run/pass/halma/halma.mod execution, -O (link failed)
WARNING: gm2/projects/iso/run/pass/halma/halma.mod compilation, {additional_flags= -O -g } timeout=10 program timed out.
WARNING: gm2/projects/iso/run/pass/halma/halma.mod compilation, -O -g program timed out.
FAIL: gm2/projects/iso/run/pass/halma/halma.mod compilation, -O -g
UNRESOLVED: gm2/projects/iso/run/pass/halma/halma.mod execution, -O -g (link failed)
WARNING: gm2/projects/iso/run/pass/halma/halma.mod compilation, {additional_flags= -Os } timeout=10 program timed out.
WARNING: gm2/projects/iso/run/pass/halma/halma.mod compilation, -Os program timed out.
FAIL: gm2/projects/iso/run/pass/halma/halma.mod compilation, -Os
UNRESOLVED: gm2/projects/iso/run/pass/halma/halma.mod execution, -Os (link failed)
WARNING: gm2/projects/iso/run/pass/halma/halma.mod compilation, {additional_flags= -O3 -fomit-frame-pointer } timeout=10 program timed out.
WARNING: gm2/projects/iso/run/pass/halma/halma.mod compilation, -O3 -fomit-frame-pointer program timed out.
FAIL: gm2/projects/iso/run/pass/halma/halma.mod compilation, -O3 -fomit-frame-pointer
UNRESOLVED: gm2/projects/iso/run/pass/halma/halma.mod execution, -O3 -fomit-frame-pointer (link failed)
WARNING: gm2/projects/iso/run/pass/halma/halma.mod compilation, {additional_flags= -O3 -fomit-frame-pointer -finline-functions } timeout=10 program timed out.
WARNING: gm2/projects/iso/run/pass/halma/halma.mod compilation, -O3 -fomit-frame-pointer -finline-functions program timed out.
FAIL: gm2/projects/iso/run/pass/halma/halma.mod compilation, -O3 -fomit-frame-pointer -finline-functions
UNRESOLVED: gm2/projects/iso/run/pass/halma/halma.mod execution, -O3 -fomit-frame-pointer -finline-functions (link failed)
WARNING: gm2/projects/iso/run/pass/hello/hello.mod compilation, {additional_flags= -g } timeout=10 program timed out.
WARNING: gm2/projects/pim/run/pass/random/Map.mod compilation, -g program timed out.
FAIL: gm2/projects/pim/run/pass/random/Map.mod compilation, -g
UNRESOLVED: gm2/projects/pim/run/pass/random/Map.mod execution, -g (link failed)
WARNING: gm2/projects/pim/run/pass/random/Map.mod compilation, {additional_flags= -O } timeout=10 program timed out.
WARNING: gm2/projects/pim/run/pass/random/Map.mod compilation, -O3 -fomit-frame-pointer -finline-functions program timed out.
FAIL: gm2/projects/pim/run/pass/random/Map.mod compilation, -O3 -fomit-frame-pointer -finline-functions
UNRESOLVED: gm2/projects/pim/run/pass/random/Map.mod execution, -O3 -fomit-frame-pointer -finline-functions (link failed)
=== gm2 Summary ===
# of expected passes 11838
# of unexpected failures 27
# of unresolved testcases 9
=== gnat tests ===
Running target unix/-mabi=lp64
FAIL: gnat.dg/div_zero.adb execution test
=== gnat Summary ===
# of expected passes 3370
# of unexpected failures 1
# of expected failures 23
# of unsupported tests 25
/opt/gcc/gcc-20230119/Build/gcc/gnatmake version 13.0.1 20230119 (experimental) [master 9f98cfa51b4]
=== go tests ===
Running target unix/-mabi=lp64
FAIL: ./index0-out.go execution, -O0 -g -fno-var-tracking-assignments
WARNING: ./issue9604b-out.go compilation, -O0 -g -fno-var-tracking-assignments program timed out.
FAIL: ./issue9604b-out.go compilation, -O0 -g -fno-var-tracking-assignments
WARNING: go.test/test/cmplxdivide.go program timed out.
FAIL: go.test/test/cmplxdivide.go
FAIL: go.test/test/fixedbugs/issue27836.dir/Äfoo.go -O -I. (test for excess errors)
FAIL: go.test/test/fixedbugs/issue27836.dir/Ämain.go -O -I. (test for excess errors)
=== go Summary ===
# of expected passes 8877
# of unexpected failures 5
# of untested testcases 11
# of unsupported tests 32
/opt/gcc/gcc-20230119/Build/gcc/gccgo version 13.0.1 20230119 (experimental) [master 9f98cfa51b4] (GCC)
=== obj-c++ tests ===
Running target unix/-mabi=lp64
=== obj-c++ Summary ===
# of expected passes 1502
# of expected failures 10
# of unsupported tests 79
/opt/gcc/gcc-20230119/Build/gcc/xg++ version 13.0.1 20230119 (experimental) [master 9f98cfa51b4] (GCC)
=== objc tests ===
Running target unix/-mabi=lp64
FAIL: objc/execute/nested-func-1.m compilation, -O0 -fgnu-runtime
UNRESOLVED: objc/execute/nested-func-1.m execution, -O0 -fgnu-runtime
=== objc Summary ===
# of expected passes 2844
# of unexpected failures 1
# of unresolved testcases 1
# of unsupported tests 70
/opt/gcc/gcc-20230119/Build/gcc/xgcc version 13.0.1 20230119 (experimental) [master 9f98cfa51b4] (GCC)
=== rust tests ===
Running target unix/-mabi=lp64
=== rust Summary ===
# of expected passes 4988
# of expected failures 39
# of unsupported tests 1
=== gotools tests ===
FAIL: TestScript
FAIL: go test cmd/go
FAIL: go test runtime
=== gotools Summary ===
# of expected passes 405
# of unexpected failures 3
# of untested testcases 131
/opt/gcc/gcc-20230119/Build/./gcc/gccgo version 13.0.1 20230119 (experimental) [master 9f98cfa51b4] (GCC)
Compiler version: 13.0.1 20230119 (experimental) [master 9f98cfa51b4] (GCC)
Platform: aarch64-suse-linux-gnu
configure flags: --prefix=/usr --build=aarch64-suse-linux --enable-shared --with-system-zlib CFLAGS='-O2 -g' CXXFLAGS='-O2 -g' --with-multilib-list=lp64
More information about the Gcc-testresults
mailing list