Results for gcc gm2 testsuite on x86_64-pc-linux-gnu
Gaius Mulley
gaiusmod2@gmail.com
Mon Jan 16 20:44:26 GMT 2023
gcc-branch: master
git commit 2bf9bbfe5b377003a29d6560d69baa605382b895
Linux 5.10.0-15-amd64 #1 SMP Debian 5.10.120-1 (2022-06-09) x86_64 unknown GNU/Linux
GNU ld (GNU Binutils for Debian) 2.35.2
GNU assembler (GNU Binutils for Debian) 2.35.2
GNU Make 4.3
GNU dejagnu: 1.6.2-1
GNU g++: 10.2.1-6
10.2.1-6
GNU libc: 2.31-13+deb11u3
Native configuration is x86_64-pc-linux-gnu
=== gm2 tests ===
Running target unix
FAIL: gm2/pim/pass/TestLong4.mod, -O
FAIL: gm2/pim/pass/TestLong4.mod, -O -g
FAIL: gm2/pim/pass/TestLong4.mod, -O3 -fomit-frame-pointer
FAIL: gm2/pim/pass/TestLong4.mod, -O3 -fomit-frame-pointer -finline-functions
FAIL: gm2/pim/pass/TestLong4.mod, -Os
FAIL: gm2/pim/pass/TestLong4.mod, -g
=== gm2 Summary ===
# of expected passes 11868
# of unexpected failures 6
Compiler version: gcc gm2
Platform: x86_64-pc-linux-gnu
configure flags: --enable-languages=m2 --disable-multilib --enable-checking --enable-bootstrap --with-build-config=bootstrap-lto-lean --prefix=/home/gaius/opt
More information about the Gcc-testresults
mailing list