Results of testsuite (branch: master; revision: r13-2675-g9a1bc4b463e61c; build config: lto; languages: all,ada; tasks: 32) on x86_64-linux-gnu.
Toon Moene
toon@moene.org
Wed Sep 14 19:42:06 GMT 2022
LAST_UPDATED: Wed Sep 14 18:26:03 UTC 2022 (revision r13-2675-g9a1bc4b463e)
=== acats tests ===
=== acats Summary ===
# of expected passes 2328
# of unexpected failures 0
Native configuration is x86_64-pc-linux-gnu
=== gcc tests ===
Running target unix
FAIL: gcc.dg/pr56837.c scan-tree-dump-times optimized "memset ..c, 68, 16384.;" 1
FAIL: c-c++-common/goacc/mdc-2.c (test for excess errors)
FAIL: c-c++-common/gomp/target-50.c scan-tree-dump-times gimple "map\\\\(struct:\\\\*tmp \\\\[len: 1\\\\]\\\\) map\\\\(alloc:tmp[._0-9]*->arr \\\\[len: [0-9]+\\\\]\\\\) map\\\\(tofrom:\\\\*_[0-9]+ \\\\[len: [0-9]+\\\\]\\\\) map\\\\(attach:tmp[._0-9]*->arr \\\\[bias: 0\\\\]\\\\)" 2
FAIL: gcc.dg/tree-prof/cmpsf-1.c scan-tree-dump-not dom2 "Invalid sum"
FAIL: gcc.target/i386/sse4_2-pcmpestri-1.c (test for excess errors)
FAIL: gcc.target/i386/sse4_2-pcmpestri-2.c (test for excess errors)
FAIL: gcc.target/i386/sse4_2-pcmpestrm-1.c (test for excess errors)
FAIL: gcc.target/i386/sse4_2-pcmpestrm-2.c (test for excess errors)
FAIL: gcc.target/i386/sse4_2-pcmpistri-1.c (test for excess errors)
FAIL: gcc.target/i386/sse4_2-pcmpistri-2.c (test for excess errors)
FAIL: gcc.target/i386/sse4_2-pcmpistrm-1.c (test for excess errors)
FAIL: gcc.target/i386/sse4_2-pcmpistrm-2.c (test for excess errors)
=== gcc Summary ===
# of expected passes 179029
# of unexpected failures 12
# of expected failures 1412
# of unsupported tests 2357
/dev/shm/bld1276660/gcc/xgcc version 13.0.0 20220914 (experimental) [master r13-2675-g9a1bc4b463e] (GCC)
=== gdc tests ===
Running target unix
=== gdc Summary ===
# of expected passes 12479
# of unsupported tests 1
/dev/shm/bld1276660/gcc/gdc version 13.0.0 20220914 (experimental) [master r13-2675-g9a1bc4b463e] (GCC)
=== gfortran tests ===
Running target unix
=== gfortran Summary ===
# of expected passes 66458
# of expected failures 259
# of unsupported tests 77
/dev/shm/bld1276660/gcc/gfortran version 13.0.0 20220914 (experimental) [master r13-2675-g9a1bc4b463e] (GCC)
=== g++ tests ===
Running target unix
FAIL: c-c++-common/goacc/mdc-2.c -std=c++98 (test for excess errors)
FAIL: c-c++-common/goacc/mdc-2.c -std=c++14 (test for excess errors)
FAIL: c-c++-common/goacc/mdc-2.c -std=c++17 (test for excess errors)
FAIL: c-c++-common/goacc/mdc-2.c -std=c++20 (test for excess errors)
FAIL: g++.dg/goacc/mdc.C -std=c++98 (test for excess errors)
FAIL: g++.dg/goacc/mdc.C -std=c++14 (test for excess errors)
FAIL: g++.dg/goacc/mdc.C -std=c++17 (test for excess errors)
FAIL: g++.dg/goacc/mdc.C -std=c++20 (test for excess errors)
FAIL: c-c++-common/gomp/target-50.c -std=c++98 scan-tree-dump-times gimple "map\\\\(struct:\\\\*tmp \\\\[len: 1\\\\]\\\\) map\\\\(alloc:tmp[._0-9]*->arr \\\\[len: [0-9]+\\\\]\\\\) map\\\\(tofrom:\\\\*_[0-9]+ \\\\[len: [0-9]+\\\\]\\\\) map\\\\(attach:tmp[._0-9]*->arr \\\\[bias: 0\\\\]\\\\)" 2
FAIL: c-c++-common/gomp/target-50.c -std=c++14 scan-tree-dump-times gimple "map\\\\(struct:\\\\*tmp \\\\[len: 1\\\\]\\\\) map\\\\(alloc:tmp[._0-9]*->arr \\\\[len: [0-9]+\\\\]\\\\) map\\\\(tofrom:\\\\*_[0-9]+ \\\\[len: [0-9]+\\\\]\\\\) map\\\\(attach:tmp[._0-9]*->arr \\\\[bias: 0\\\\]\\\\)" 2
FAIL: c-c++-common/gomp/target-50.c -std=c++17 scan-tree-dump-times gimple "map\\\\(struct:\\\\*tmp \\\\[len: 1\\\\]\\\\) map\\\\(alloc:tmp[._0-9]*->arr \\\\[len: [0-9]+\\\\]\\\\) map\\\\(tofrom:\\\\*_[0-9]+ \\\\[len: [0-9]+\\\\]\\\\) map\\\\(attach:tmp[._0-9]*->arr \\\\[bias: 0\\\\]\\\\)" 2
FAIL: c-c++-common/gomp/target-50.c -std=c++20 scan-tree-dump-times gimple "map\\\\(struct:\\\\*tmp \\\\[len: 1\\\\]\\\\) map\\\\(alloc:tmp[._0-9]*->arr \\\\[len: [0-9]+\\\\]\\\\) map\\\\(tofrom:\\\\*_[0-9]+ \\\\[len: [0-9]+\\\\]\\\\) map\\\\(attach:tmp[._0-9]*->arr \\\\[bias: 0\\\\]\\\\)" 2
FAIL: g++.dg/modules/xtreme-header-2_a.H -std=c++2b (internal compiler error: tree check: expected record_type or union_type or qual_union_type, have typename_type in friend_from_decl_list, at cp/module.cc:4737)
FAIL: g++.dg/modules/xtreme-header-2_a.H -std=c++2b (test for excess errors)
FAIL: g++.dg/modules/xtreme-header-2_a.H module-cmi (gcm.cache/\$srcdir/g++.dg/modules/xtreme-header-2_a.H.gcm)
FAIL: g++.dg/modules/xtreme-header-2_b.C -std=c++17 (test for excess errors)
FAIL: g++.dg/modules/xtreme-header-2_b.C -std=c++2a (test for excess errors)
FAIL: g++.dg/modules/xtreme-header-2_b.C -std=c++2b (test for excess errors)
FAIL: g++.dg/modules/xtreme-header-2_c.C -std=c++2b (test for excess errors)
FAIL: g++.dg/modules/xtreme-header-4_b.C -std=c++17 (test for excess errors)
FAIL: g++.dg/modules/xtreme-header-4_b.C -std=c++2a (test for excess errors)
FAIL: g++.dg/modules/xtreme-header-4_b.C -std=c++2b (test for excess errors)
FAIL: g++.dg/modules/xtreme-header_b.C -std=c++17 (test for excess errors)
FAIL: g++.dg/modules/xtreme-header_b.C -std=c++2a (test for excess errors)
FAIL: g++.dg/modules/xtreme-header_b.C -std=c++2b (test for excess errors)
=== g++ Summary ===
# of expected passes 232112
# of unexpected failures 25
# of expected failures 2062
# of unsupported tests 9985
/dev/shm/bld1276660/gcc/xg++ version 13.0.0 20220914 (experimental) [master r13-2675-g9a1bc4b463e] (GCC)
=== gnat tests ===
Running target unix
=== gnat Summary ===
# of expected passes 3399
# of expected failures 23
# of unsupported tests 4
/dev/shm/bld1276660/gcc/gnatmake version 13.0.0 20220914 (experimental) [master r13-2675-g9a1bc4b463e]
=== go tests ===
Running target unix
=== go Summary ===
# of expected passes 8898
# of untested testcases 6
# of unsupported tests 27
/dev/shm/bld1276660/gcc/gccgo version 13.0.0 20220914 (experimental) [master r13-2675-g9a1bc4b463e] (GCC)
=== obj-c++ tests ===
Running target unix
=== obj-c++ Summary ===
# of expected passes 1502
# of expected failures 10
# of unsupported tests 79
/dev/shm/bld1276660/gcc/xg++ version 13.0.0 20220914 (experimental) [master r13-2675-g9a1bc4b463e] (GCC)
=== objc tests ===
Running target unix
FAIL: objc/execute/nested-func-1.m compilation, -O0 -fgnu-runtime
UNRESOLVED: objc/execute/nested-func-1.m execution, -O0 -fgnu-runtime
=== objc Summary ===
# of expected passes 2838
# of unexpected failures 1
# of expected failures 6
# of unresolved testcases 1
# of unsupported tests 70
/dev/shm/bld1276660/gcc/xgcc version 13.0.0 20220914 (experimental) [master r13-2675-g9a1bc4b463e] (GCC)
=== gotools tests ===
=== gotools Summary ===
# of expected passes 413
# of untested testcases 131
/dev/shm/bld1276660/./gcc/gccgo version 13.0.0 20220914 (experimental) [master r13-2675-g9a1bc4b463e] (GCC)
=== libatomic tests ===
Running target unix
=== libatomic Summary ===
# of expected passes 54
=== libffi tests ===
Running target unix
=== libffi Summary ===
# of expected passes 2304
=== libgo tests ===
Running target unix
FAIL: runtime/pprof
=== libgo Summary ===
# of expected passes 195
# of unexpected failures 1
/dev/shm/bld1276660/./gcc/gccgo version 13.0.0 20220914 (experimental) [master r13-2675-g9a1bc4b463e] (GCC)
=== libgomp tests ===
Running target unix
=== libgomp Summary ===
# of expected passes 14138
# of expected failures 213
# of unsupported tests 576
=== libitm tests ===
Running target unix
=== libitm Summary ===
# of expected passes 44
# of expected failures 3
# of unsupported tests 1
=== libphobos tests ===
Running target unix
=== libphobos Summary ===
# of expected passes 1109
=== libstdc++ tests ===
Running target unix
=== libstdc++ Summary ===
# of expected passes 14710
# of expected failures 98
# of unsupported tests 692
Compiler version: 13.0.0 20220914 (experimental) [master r13-2675-g9a1bc4b463e] (GCC)
Platform: x86_64-pc-linux-gnu
configure flags: --prefix=/home/toon/compilers/install/gcc --with-gnu-as --with-gnu-ld --enable-languages=all,ada --disable-multilib --disable-nls --with-build-config=bootstrap-lto
More information about the Gcc-testresults
mailing list