Results of testsuite (branch: master; revision: r13-3192-g2bd112dee7f978; build config: O3; languages: all,ada; tasks: 32) on x86_64-linux-gnu.
Toon Moene
toon@moene.org
Mon Oct 10 13:20:52 GMT 2022
LAST_UPDATED: Mon Oct 10 12:30:29 UTC 2022 (revision r13-3192-g2bd112dee7f)
=== acats tests ===
=== acats Summary ===
# of expected passes 2328
# of unexpected failures 0
Native configuration is x86_64-pc-linux-gnu
=== gcc tests ===
Running target unix
FAIL: gcc.dg/pr56837.c scan-tree-dump-times optimized "memset ..c, 68, 16384.;" 1
=== gcc Summary ===
# of expected passes 180249
# of unexpected failures 1
# of expected failures 1414
# of unsupported tests 2358
/dev/shm/bld3131241/gcc/xgcc version 13.0.0 20221010 (experimental) [master r13-3192-g2bd112dee7f] (GCC)
=== gdc tests ===
Running target unix
=== gdc Summary ===
# of expected passes 12519
# of unsupported tests 1
/dev/shm/bld3131241/gcc/gdc version 13.0.0 20221010 (experimental) [master r13-3192-g2bd112dee7f] (GCC)
=== gfortran tests ===
Running target unix
=== gfortran Summary ===
# of expected passes 66856
# of expected failures 259
# of unsupported tests 77
/dev/shm/bld3131241/gcc/gfortran version 13.0.0 20221010 (experimental) [master r13-3192-g2bd112dee7f] (GCC)
=== g++ tests ===
Running target unix
=== g++ Summary ===
# of expected passes 233438
# of expected failures 2046
# of unsupported tests 10119
/dev/shm/bld3131241/gcc/xg++ version 13.0.0 20221010 (experimental) [master r13-3192-g2bd112dee7f] (GCC)
=== gnat tests ===
Running target unix
=== gnat Summary ===
# of expected passes 3403
# of expected failures 23
# of unsupported tests 4
/dev/shm/bld3131241/gcc/gnatmake version 13.0.0 20221010 (experimental) [master r13-3192-g2bd112dee7f]
=== go tests ===
Running target unix
FAIL: ./index0-out.go execution, -O0 -g -fno-var-tracking-assignments
=== go Summary ===
# of expected passes 8897
# of unexpected failures 1
# of untested testcases 6
# of unsupported tests 27
/dev/shm/bld3131241/gcc/gccgo version 13.0.0 20221010 (experimental) [master r13-3192-g2bd112dee7f] (GCC)
=== obj-c++ tests ===
Running target unix
=== obj-c++ Summary ===
# of expected passes 1502
# of expected failures 10
# of unsupported tests 79
/dev/shm/bld3131241/gcc/xg++ version 13.0.0 20221010 (experimental) [master r13-3192-g2bd112dee7f] (GCC)
=== objc tests ===
Running target unix
FAIL: objc/execute/nested-func-1.m compilation, -O0 -fgnu-runtime
UNRESOLVED: objc/execute/nested-func-1.m execution, -O0 -fgnu-runtime
=== objc Summary ===
# of expected passes 2838
# of unexpected failures 1
# of expected failures 6
# of unresolved testcases 1
# of unsupported tests 70
/dev/shm/bld3131241/gcc/xgcc version 13.0.0 20221010 (experimental) [master r13-3192-g2bd112dee7f] (GCC)
=== gotools tests ===
=== gotools Summary ===
# of expected passes 413
# of untested testcases 131
/dev/shm/bld3131241/./gcc/gccgo version 13.0.0 20221010 (experimental) [master r13-3192-g2bd112dee7f] (GCC)
=== libatomic tests ===
Running target unix
=== libatomic Summary ===
# of expected passes 54
=== libffi tests ===
Running target unix
=== libffi Summary ===
# of expected passes 2304
=== libgo tests ===
Running target unix
FAIL: runtime/pprof
=== libgo Summary ===
# of expected passes 195
# of unexpected failures 1
/dev/shm/bld3131241/./gcc/gccgo version 13.0.0 20221010 (experimental) [master r13-3192-g2bd112dee7f] (GCC)
=== libgomp tests ===
Running target unix
=== libgomp Summary ===
# of expected passes 14183
# of expected failures 213
# of unsupported tests 576
=== libitm tests ===
Running target unix
=== libitm Summary ===
# of expected passes 44
# of expected failures 3
# of unsupported tests 1
=== libphobos tests ===
Running target unix
=== libphobos Summary ===
# of expected passes 1105
=== libstdc++ tests ===
Running target unix
=== libstdc++ Summary ===
# of expected passes 14753
# of expected failures 98
# of unsupported tests 692
Compiler version: 13.0.0 20221010 (experimental) [master r13-3192-g2bd112dee7f] (GCC)
Platform: x86_64-pc-linux-gnu
configure flags: --prefix=/home/toon/compilers/install/gcc --with-gnu-as --with-gnu-ld --enable-languages=all,ada --disable-multilib --disable-nls --with-build-config=bootstrap-O3
More information about the Gcc-testresults
mailing list