Results for 10.4.1 20221005 [releases/gcc-10 revision 5a304edf8f9:d571797778e:bfc4cec904e88f391924d1b8399f39bcd2e61457] (GCC) testsuite on powerpc64le-unknown-linux-gnu
Bill Seurer (POWER9)
seurer@linux.ibm.com
Wed Oct 5 01:28:24 GMT 2022
git commit g:bfc4cec904e88f391924d1b8399f39bcd2e61457
gcc-descr r10-11020-gbfc4cec904e88f
Linux 5.15.0-47-generic ppc64le
GNU ld (GNU Binutils for Ubuntu) 2.38
GNU assembler (GNU Binutils for Ubuntu) 2.38
GNU Make 4.3
DejaGnu:
DejaGnu version 1.6.2
Expect version 5.45.4
Tcl version 8.6
64-bit
LAST_UPDATED: Wed Oct 5 00:33:46 UTC 2022 (revision 5a304edf8f9:d571797778e:bfc4cec904e88f391924d1b8399f39bcd2e61457)
Native configuration is powerpc64le-unknown-linux-gnu
=== gcc tests ===
Running target unix
FAIL: gcc.dg/debug/dwarf2/pr97060.c scan-assembler-times DW_AT_declaration 2
XPASS: gcc.dg/Wtrampolines.c standard descriptors (test for warnings, line 29)
XPASS: gcc.dg/graphite/pr69728.c scan-tree-dump graphite "loop nest optimized"
FAIL: gcc.dg/torture/float128-cmp-invalid.c -O0 execution test
FAIL: gcc.dg/torture/float128-cmp-invalid.c -O1 execution test
FAIL: gcc.dg/torture/float128-cmp-invalid.c -O2 execution test
FAIL: gcc.dg/torture/float128-cmp-invalid.c -O3 -g execution test
FAIL: gcc.dg/torture/float128-cmp-invalid.c -Os execution test
FAIL: gcc.dg/torture/float128-cmp-invalid.c -O2 -flto -fno-use-linker-plugin -flto-partition=none execution test
FAIL: gcc.dg/torture/float128-cmp-invalid.c -O2 -flto -fuse-linker-plugin -fno-fat-lto-objects execution test
FAIL: gcc.dg/torture/pr52451.c -O0 execution test
FAIL: gcc.dg/torture/pr52451.c -O1 execution test
FAIL: gcc.dg/torture/pr52451.c -O2 execution test
FAIL: gcc.dg/torture/pr52451.c -O3 -g execution test
FAIL: gcc.dg/torture/pr52451.c -Os execution test
FAIL: gcc.dg/torture/pr52451.c -O2 -flto -fno-use-linker-plugin -flto-partition=none execution test
FAIL: gcc.dg/torture/pr52451.c -O2 -flto -fuse-linker-plugin -fno-fat-lto-objects execution test
FAIL: gcc.dg/torture/pr91323.c -O0 execution test
FAIL: gcc.dg/torture/pr91323.c -O1 execution test
FAIL: gcc.dg/torture/pr91323.c -O2 execution test
FAIL: gcc.dg/torture/pr91323.c -O3 -g execution test
FAIL: gcc.dg/torture/pr91323.c -Os execution test
FAIL: gcc.dg/torture/pr91323.c -O2 -flto -fno-use-linker-plugin -flto-partition=none execution test
FAIL: gcc.dg/torture/pr91323.c -O2 -flto -fuse-linker-plugin -fno-fat-lto-objects execution test
XPASS: gcc.dg/tree-ssa/ssa-dom-cse-2.c scan-tree-dump optimized "return 28;"
FAIL: gcc.target/powerpc/fold-vec-extract-char.p7.c scan-assembler-times \\\\maddi\\\\M 6
FAIL: gcc.target/powerpc/rlwimi-2.c scan-assembler-times (?n)^\\\\s+[a-z] 20217
FAIL: gcc.target/powerpc/rlwimi-2.c scan-assembler-times (?n)^\\\\s+rldicl 6728
FAIL: gcc.target/powerpc/rlwimi-2.c scan-assembler-times (?n)^\\\\s+rlwimi 1692
FAIL: gcc.target/powerpc/rs6000-fpint.c scan-assembler-not stfiwx
FAIL: gcc.target/powerpc/vec-rlmi-rlnm.c scan-assembler-times xxlor 2
XPASS: gcc.target/powerpc/ppc-fortran/ieee128-math.f90 -O (test for excess errors)
=== gcc Summary ===
# of expected passes 137241
# of unexpected failures 28
# of unexpected successes 4
# of expected failures 785
# of unsupported tests 2601
/home/gccbuild/build/nightly/build-gcc-10/gcc/xgcc version 10.4.1 20221005 [releases/gcc-10 revision 5a304edf8f9:d571797778e:bfc4cec904e88f391924d1b8399f39bcd2e61457] (GCC)
=== gfortran tests ===
Running target unix
FAIL: gfortran.dg/analyzer/pr93993.f90 -O (test for excess errors)
XPASS: gfortran.dg/large_real_kind_form_io_2.f90 -O0 execution test
XPASS: gfortran.dg/large_real_kind_form_io_2.f90 -O1 execution test
XPASS: gfortran.dg/large_real_kind_form_io_2.f90 -O2 execution test
XPASS: gfortran.dg/large_real_kind_form_io_2.f90 -O3 -fomit-frame-pointer -funroll-loops -fpeel-loops -ftracer -finline-functions execution test
XPASS: gfortran.dg/large_real_kind_form_io_2.f90 -O3 -g execution test
XPASS: gfortran.dg/large_real_kind_form_io_2.f90 -Os execution test
FAIL: gfortran.dg/pr95690.f90 -O (test for errors, line 5)
FAIL: gfortran.dg/pr95690.f90 -O (test for excess errors)
FAIL: gfortran.dg/ieee/large_2.f90 -O0 execution test
FAIL: gfortran.dg/ieee/large_2.f90 -O1 execution test
FAIL: gfortran.dg/ieee/large_2.f90 -O2 execution test
FAIL: gfortran.dg/ieee/large_2.f90 -O3 -fomit-frame-pointer -funroll-loops -fpeel-loops -ftracer -finline-functions execution test
FAIL: gfortran.dg/ieee/large_2.f90 -O3 -g execution test
FAIL: gfortran.dg/ieee/large_2.f90 -Os execution test
=== gfortran Summary ===
# of expected passes 55119
# of unexpected failures 9
# of unexpected successes 6
# of expected failures 242
# of unsupported tests 138
/home/gccbuild/build/nightly/build-gcc-10/gcc/gfortran version 10.4.1 20221005 [releases/gcc-10 revision 5a304edf8f9:d571797778e:bfc4cec904e88f391924d1b8399f39bcd2e61457] (GCC)
=== g++ tests ===
Running target unix
=== g++ Summary ===
# of expected passes 193721
# of expected failures 914
# of unsupported tests 8701
/home/gccbuild/build/nightly/build-gcc-10/gcc/xg++ version 10.4.1 20221005 [releases/gcc-10 revision 5a304edf8f9:d571797778e:bfc4cec904e88f391924d1b8399f39bcd2e61457] (GCC)
=== obj-c++ tests ===
Running target unix
=== obj-c++ Summary ===
# of expected passes 1449
# of expected failures 10
# of unsupported tests 79
/home/gccbuild/build/nightly/build-gcc-10/gcc/xg++ version 10.4.1 20221005 [releases/gcc-10 revision 5a304edf8f9:d571797778e:bfc4cec904e88f391924d1b8399f39bcd2e61457] (GCC)
=== objc tests ===
Running target unix
=== objc Summary ===
# of expected passes 2792
# of unsupported tests 70
/home/gccbuild/build/nightly/build-gcc-10/gcc/xgcc version 10.4.1 20221005 [releases/gcc-10 revision 5a304edf8f9:d571797778e:bfc4cec904e88f391924d1b8399f39bcd2e61457] (GCC)
=== libatomic tests ===
Running target unix
=== libatomic Summary ===
# of expected passes 54
=== libgomp tests ===
Running target unix
=== libgomp Summary ===
# of expected passes 7712
# of expected failures 4
# of unsupported tests 599
=== libitm tests ===
Running target unix
=== libitm Summary ===
# of expected passes 44
# of expected failures 3
# of unsupported tests 1
=== libstdc++ tests ===
Running target unix
=== libstdc++ Summary ===
# of expected passes 13749
# of expected failures 118
# of unsupported tests 676
Compiler version: 10.4.1 20221005 [releases/gcc-10 revision 5a304edf8f9:d571797778e:bfc4cec904e88f391924d1b8399f39bcd2e61457] (GCC)
Platform: powerpc64le-unknown-linux-gnu
configure flags: --prefix=/opt/gcc-nightly/10 --with-as=/usr/bin/as --with-ld=/usr/bin/ld --enable-languages=c,c++,fortran,objc,obj-c++ --with-cpu=power9
More information about the Gcc-testresults
mailing list