Results for 13.0.0 20221124 (experimental) [master bcc2449384f2092cbdf5d6ac2357aeabe3212b2e] (GCC) testsuite on sparc-sun-solaris2.11
Rainer Orth
ro@CeBiTec.Uni-Bielefeld.DE
Sun Nov 27 21:24:22 GMT 2022
LAST_UPDATED: Fri Nov 25 09:40:51 UTC 2022 (revision bcc2449384f2092cbdf5d6ac2357aeabe3212b2e)
=== acats tests ===
=== acats Summary ===
# of expected passes 2328
# of unexpected failures 0
Native configuration is sparc-sun-solaris2.11
=== g++ tests ===
Running target unix
FAIL: g++.dg/asan/default-options-1.C -O0 execution test
FAIL: g++.dg/asan/default-options-1.C -O1 execution test
FAIL: g++.dg/asan/default-options-1.C -O2 execution test
FAIL: g++.dg/asan/default-options-1.C -O2 -flto execution test
FAIL: g++.dg/asan/default-options-1.C -O2 -flto -flto-partition=none execution test
FAIL: g++.dg/asan/default-options-1.C -O3 -g execution test
FAIL: g++.dg/asan/default-options-1.C -Os execution test
FAIL: c-c++-common/diagnostic-format-sarif-file-4.c -std=gnu++14 scan-sarif-file "text": " int \\\\u6587\\\\u5b57\\\\u5316\\\\u3051 =
FAIL: c-c++-common/diagnostic-format-sarif-file-4.c -std=gnu++17 scan-sarif-file "text": " int \\\\u6587\\\\u5b57\\\\u5316\\\\u3051 =
FAIL: c-c++-common/diagnostic-format-sarif-file-4.c -std=gnu++20 scan-sarif-file "text": " int \\\\u6587\\\\u5b57\\\\u5316\\\\u3051 =
FAIL: c-c++-common/diagnostic-format-sarif-file-4.c -std=gnu++98 scan-sarif-file "text": " int \\\\u6587\\\\u5b57\\\\u5316\\\\u3051 =
FAIL: c-c++-common/pr103798-2.c -std=gnu++14 scan-assembler-not memchr
FAIL: c-c++-common/pr103798-2.c -std=gnu++17 scan-assembler-not memchr
FAIL: c-c++-common/pr103798-2.c -std=gnu++20 scan-assembler-not memchr
FAIL: c-c++-common/pr103798-2.c -std=gnu++98 scan-assembler-not memchr
FAIL: g++.dg/pr71488.C (test for excess errors)
FAIL: g++.dg/pr94920.C -std=gnu++14 scan-tree-dump-times optimized " ABS_EXPR " 6
FAIL: g++.dg/pr94920.C -std=gnu++17 scan-tree-dump-times optimized " ABS_EXPR " 6
FAIL: g++.dg/pr94920.C -std=gnu++20 scan-tree-dump-times optimized " ABS_EXPR " 6
FAIL: g++.dg/pr94920.C -std=gnu++98 scan-tree-dump-times optimized " ABS_EXPR " 6
FAIL: g++.dg/warn/Warray-bounds-16.C -std=gnu++14 (test for excess errors)
FAIL: g++.dg/warn/Warray-bounds-16.C -std=gnu++17 (test for excess errors)
FAIL: g++.dg/warn/Warray-bounds-16.C -std=gnu++20 (test for excess errors)
FAIL: g++.dg/warn/Warray-bounds-16.C -std=gnu++98 (test for excess errors)
FAIL: g++.dg/warn/Wstringop-overflow-4.C -std=gnu++98 (test for excess errors)
FAIL: g++.dg/gcov/pr16855-priority.C -std=gnu++14 gcov: 12 failures in line counts, 0 in branch percentages, 0 in return percentages, 0 in intermediate format
FAIL: g++.dg/gcov/pr16855-priority.C -std=gnu++14 line 14: is 2:should be 1
FAIL: g++.dg/gcov/pr16855-priority.C -std=gnu++14 line 21: is 2:should be 1
FAIL: g++.dg/gcov/pr16855-priority.C -std=gnu++14 line 23: is #####:should be 1
FAIL: g++.dg/gcov/pr16855-priority.C -std=gnu++14 line 37: is 2:should be 1
FAIL: g++.dg/gcov/pr16855-priority.C -std=gnu++14 line 43: is 2:should be 1
FAIL: g++.dg/gcov/pr16855-priority.C -std=gnu++14 line 48: is 2:should be 1
FAIL: g++.dg/gcov/pr16855-priority.C -std=gnu++14 line 53: is 2:should be 1
FAIL: g++.dg/gcov/pr16855-priority.C -std=gnu++14 line 58: is 2:should be 1
FAIL: g++.dg/gcov/pr16855-priority.C -std=gnu++14 line 63: is 2:should be 1
FAIL: g++.dg/gcov/pr16855-priority.C -std=gnu++14 line 68: is 2:should be 1
FAIL: g++.dg/gcov/pr16855-priority.C -std=gnu++14 line 73: is 2:should be 1
FAIL: g++.dg/gcov/pr16855-priority.C -std=gnu++14 line 78: is 2:should be 1
FAIL: g++.dg/gcov/pr16855-priority.C -std=gnu++17 gcov: 12 failures in line counts, 0 in branch percentages, 0 in return percentages, 0 in intermediate format
FAIL: g++.dg/gcov/pr16855-priority.C -std=gnu++17 line 14: is 3:should be 1
FAIL: g++.dg/gcov/pr16855-priority.C -std=gnu++17 line 21: is 3:should be 1
FAIL: g++.dg/gcov/pr16855-priority.C -std=gnu++17 line 23: is #####:should be 1
FAIL: g++.dg/gcov/pr16855-priority.C -std=gnu++17 line 37: is 3:should be 1
FAIL: g++.dg/gcov/pr16855-priority.C -std=gnu++17 line 43: is 3:should be 1
FAIL: g++.dg/gcov/pr16855-priority.C -std=gnu++17 line 48: is 3:should be 1
FAIL: g++.dg/gcov/pr16855-priority.C -std=gnu++17 line 53: is 3:should be 1
FAIL: g++.dg/gcov/pr16855-priority.C -std=gnu++17 line 58: is 3:should be 1
FAIL: g++.dg/gcov/pr16855-priority.C -std=gnu++17 line 63: is 3:should be 1
FAIL: g++.dg/gcov/pr16855-priority.C -std=gnu++17 line 68: is 3:should be 1
FAIL: g++.dg/gcov/pr16855-priority.C -std=gnu++17 line 73: is 3:should be 1
FAIL: g++.dg/gcov/pr16855-priority.C -std=gnu++17 line 78: is 3:should be 1
FAIL: g++.dg/gcov/pr16855-priority.C -std=gnu++20 gcov: 12 failures in line counts, 0 in branch percentages, 0 in return percentages, 0 in intermediate format
FAIL: g++.dg/gcov/pr16855-priority.C -std=gnu++20 line 14: is 4:should be 1
FAIL: g++.dg/gcov/pr16855-priority.C -std=gnu++20 line 21: is 4:should be 1
FAIL: g++.dg/gcov/pr16855-priority.C -std=gnu++20 line 23: is #####:should be 1
FAIL: g++.dg/gcov/pr16855-priority.C -std=gnu++20 line 37: is 4:should be 1
FAIL: g++.dg/gcov/pr16855-priority.C -std=gnu++20 line 43: is 4:should be 1
FAIL: g++.dg/gcov/pr16855-priority.C -std=gnu++20 line 48: is 4:should be 1
FAIL: g++.dg/gcov/pr16855-priority.C -std=gnu++20 line 53: is 4:should be 1
FAIL: g++.dg/gcov/pr16855-priority.C -std=gnu++20 line 58: is 4:should be 1
FAIL: g++.dg/gcov/pr16855-priority.C -std=gnu++20 line 63: is 4:should be 1
FAIL: g++.dg/gcov/pr16855-priority.C -std=gnu++20 line 68: is 4:should be 1
FAIL: g++.dg/gcov/pr16855-priority.C -std=gnu++20 line 73: is 4:should be 1
FAIL: g++.dg/gcov/pr16855-priority.C -std=gnu++20 line 78: is 4:should be 1
FAIL: g++.dg/gcov/pr16855-priority.C -std=gnu++98 gcov: 1 failures in line counts, 0 in branch percentages, 0 in return percentages, 0 in intermediate format
FAIL: g++.dg/gcov/pr16855-priority.C -std=gnu++98 line 23: is #####:should be 1
FAIL: g++.dg/gcov/pr16855.C -std=gnu++14 gcov: 6 failures in line counts, 0 in branch percentages, 0 in return percentages, 0 in intermediate format
FAIL: g++.dg/gcov/pr16855.C -std=gnu++14 line 15: is 2:should be 1
FAIL: g++.dg/gcov/pr16855.C -std=gnu++14 line 22: is 2:should be 1
FAIL: g++.dg/gcov/pr16855.C -std=gnu++14 line 24: is #####:should be 1
FAIL: g++.dg/gcov/pr16855.C -std=gnu++14 line 38: is 2:should be 1
FAIL: g++.dg/gcov/pr16855.C -std=gnu++14 line 44: is 2:should be 1
FAIL: g++.dg/gcov/pr16855.C -std=gnu++14 line 49: is 2:should be 1
FAIL: g++.dg/gcov/pr16855.C -std=gnu++17 gcov: 6 failures in line counts, 0 in branch percentages, 0 in return percentages, 0 in intermediate format
FAIL: g++.dg/gcov/pr16855.C -std=gnu++17 line 15: is 3:should be 1
FAIL: g++.dg/gcov/pr16855.C -std=gnu++17 line 22: is 3:should be 1
FAIL: g++.dg/gcov/pr16855.C -std=gnu++17 line 24: is #####:should be 1
FAIL: g++.dg/gcov/pr16855.C -std=gnu++17 line 38: is 3:should be 1
FAIL: g++.dg/gcov/pr16855.C -std=gnu++17 line 44: is 3:should be 1
FAIL: g++.dg/gcov/pr16855.C -std=gnu++17 line 49: is 3:should be 1
FAIL: g++.dg/gcov/pr16855.C -std=gnu++20 gcov: 6 failures in line counts, 0 in branch percentages, 0 in return percentages, 0 in intermediate format
FAIL: g++.dg/gcov/pr16855.C -std=gnu++20 line 15: is 4:should be 1
FAIL: g++.dg/gcov/pr16855.C -std=gnu++20 line 22: is 4:should be 1
FAIL: g++.dg/gcov/pr16855.C -std=gnu++20 line 24: is #####:should be 1
FAIL: g++.dg/gcov/pr16855.C -std=gnu++20 line 38: is 4:should be 1
FAIL: g++.dg/gcov/pr16855.C -std=gnu++20 line 44: is 4:should be 1
FAIL: g++.dg/gcov/pr16855.C -std=gnu++20 line 49: is 4:should be 1
FAIL: g++.dg/gcov/pr16855.C -std=gnu++98 gcov: 1 failures in line counts, 0 in branch percentages, 0 in return percentages, 0 in intermediate format
FAIL: g++.dg/gcov/pr16855.C -std=gnu++98 line 24: is #####:should be 1
FAIL: g++.dg/modules/pr99023_b.X -std=c++2a 1 blank line(s) in output
FAIL: g++.dg/modules/pr99023_b.X -std=c++2a (test for excess errors)
FAIL: g++.dg/modules/pr99023_b.X -std=c++2b 1 blank line(s) in output
FAIL: g++.dg/modules/pr99023_b.X -std=c++2b (test for excess errors)
FAIL: g++.dg/modules/stdio-1_a.H -std=c++17 scan-lang-dump module "Depset:0 decl entity:[0-9]* function_decl:'::printf'"
FAIL: g++.dg/modules/stdio-1_a.H -std=c++2a scan-lang-dump module "Depset:0 decl entity:[0-9]* function_decl:'::printf'"
FAIL: g++.dg/modules/stdio-1_a.H -std=c++2b scan-lang-dump module "Depset:0 decl entity:[0-9]* function_decl:'::printf'"
=== g++ Summary for unix ===
# of expected passes 225976
# of unexpected failures 96
# of expected failures 1912
# of unsupported tests 11074
Running target unix/-m64
FAIL: c-c++-common/diagnostic-format-sarif-file-4.c -std=gnu++14 scan-sarif-file "text": " int \\\\u6587\\\\u5b57\\\\u5316\\\\u3051 =
FAIL: c-c++-common/diagnostic-format-sarif-file-4.c -std=gnu++17 scan-sarif-file "text": " int \\\\u6587\\\\u5b57\\\\u5316\\\\u3051 =
FAIL: c-c++-common/diagnostic-format-sarif-file-4.c -std=gnu++20 scan-sarif-file "text": " int \\\\u6587\\\\u5b57\\\\u5316\\\\u3051 =
FAIL: c-c++-common/diagnostic-format-sarif-file-4.c -std=gnu++98 scan-sarif-file "text": " int \\\\u6587\\\\u5b57\\\\u5316\\\\u3051 =
FAIL: c-c++-common/pr103798-2.c -std=gnu++14 scan-assembler-not memchr
FAIL: c-c++-common/pr103798-2.c -std=gnu++17 scan-assembler-not memchr
FAIL: c-c++-common/pr103798-2.c -std=gnu++20 scan-assembler-not memchr
FAIL: c-c++-common/pr103798-2.c -std=gnu++98 scan-assembler-not memchr
FAIL: g++.dg/pr71488.C (test for excess errors)
FAIL: g++.dg/pr94920.C -std=gnu++14 scan-tree-dump-times optimized " ABS_EXPR " 6
FAIL: g++.dg/pr94920.C -std=gnu++17 scan-tree-dump-times optimized " ABS_EXPR " 6
FAIL: g++.dg/pr94920.C -std=gnu++20 scan-tree-dump-times optimized " ABS_EXPR " 6
FAIL: g++.dg/pr94920.C -std=gnu++98 scan-tree-dump-times optimized " ABS_EXPR " 6
FAIL: g++.dg/gcov/pr16855-priority.C -std=gnu++14 gcov: 12 failures in line counts, 0 in branch percentages, 0 in return percentages, 0 in intermediate format
FAIL: g++.dg/gcov/pr16855-priority.C -std=gnu++14 line 14: is 2:should be 1
FAIL: g++.dg/gcov/pr16855-priority.C -std=gnu++14 line 21: is 2:should be 1
FAIL: g++.dg/gcov/pr16855-priority.C -std=gnu++14 line 23: is #####:should be 1
FAIL: g++.dg/gcov/pr16855-priority.C -std=gnu++14 line 37: is 2:should be 1
FAIL: g++.dg/gcov/pr16855-priority.C -std=gnu++14 line 43: is 2:should be 1
FAIL: g++.dg/gcov/pr16855-priority.C -std=gnu++14 line 48: is 2:should be 1
FAIL: g++.dg/gcov/pr16855-priority.C -std=gnu++14 line 53: is 2:should be 1
FAIL: g++.dg/gcov/pr16855-priority.C -std=gnu++14 line 58: is 2:should be 1
FAIL: g++.dg/gcov/pr16855-priority.C -std=gnu++14 line 63: is 2:should be 1
FAIL: g++.dg/gcov/pr16855-priority.C -std=gnu++14 line 68: is 2:should be 1
FAIL: g++.dg/gcov/pr16855-priority.C -std=gnu++14 line 73: is 2:should be 1
FAIL: g++.dg/gcov/pr16855-priority.C -std=gnu++14 line 78: is 2:should be 1
FAIL: g++.dg/gcov/pr16855-priority.C -std=gnu++17 gcov: 12 failures in line counts, 0 in branch percentages, 0 in return percentages, 0 in intermediate format
FAIL: g++.dg/gcov/pr16855-priority.C -std=gnu++17 line 14: is 3:should be 1
FAIL: g++.dg/gcov/pr16855-priority.C -std=gnu++17 line 21: is 3:should be 1
FAIL: g++.dg/gcov/pr16855-priority.C -std=gnu++17 line 23: is #####:should be 1
FAIL: g++.dg/gcov/pr16855-priority.C -std=gnu++17 line 37: is 3:should be 1
FAIL: g++.dg/gcov/pr16855-priority.C -std=gnu++17 line 43: is 3:should be 1
FAIL: g++.dg/gcov/pr16855-priority.C -std=gnu++17 line 48: is 3:should be 1
FAIL: g++.dg/gcov/pr16855-priority.C -std=gnu++17 line 53: is 3:should be 1
FAIL: g++.dg/gcov/pr16855-priority.C -std=gnu++17 line 58: is 3:should be 1
FAIL: g++.dg/gcov/pr16855-priority.C -std=gnu++17 line 63: is 3:should be 1
FAIL: g++.dg/gcov/pr16855-priority.C -std=gnu++17 line 68: is 3:should be 1
FAIL: g++.dg/gcov/pr16855-priority.C -std=gnu++17 line 73: is 3:should be 1
FAIL: g++.dg/gcov/pr16855-priority.C -std=gnu++17 line 78: is 3:should be 1
FAIL: g++.dg/gcov/pr16855-priority.C -std=gnu++20 gcov: 12 failures in line counts, 0 in branch percentages, 0 in return percentages, 0 in intermediate format
FAIL: g++.dg/gcov/pr16855-priority.C -std=gnu++20 line 14: is 4:should be 1
FAIL: g++.dg/gcov/pr16855-priority.C -std=gnu++20 line 21: is 4:should be 1
FAIL: g++.dg/gcov/pr16855-priority.C -std=gnu++20 line 23: is #####:should be 1
FAIL: g++.dg/gcov/pr16855-priority.C -std=gnu++20 line 37: is 4:should be 1
FAIL: g++.dg/gcov/pr16855-priority.C -std=gnu++20 line 43: is 4:should be 1
FAIL: g++.dg/gcov/pr16855-priority.C -std=gnu++20 line 48: is 4:should be 1
FAIL: g++.dg/gcov/pr16855-priority.C -std=gnu++20 line 53: is 4:should be 1
FAIL: g++.dg/gcov/pr16855-priority.C -std=gnu++20 line 58: is 4:should be 1
FAIL: g++.dg/gcov/pr16855-priority.C -std=gnu++20 line 63: is 4:should be 1
FAIL: g++.dg/gcov/pr16855-priority.C -std=gnu++20 line 68: is 4:should be 1
FAIL: g++.dg/gcov/pr16855-priority.C -std=gnu++20 line 73: is 4:should be 1
FAIL: g++.dg/gcov/pr16855-priority.C -std=gnu++20 line 78: is 4:should be 1
FAIL: g++.dg/gcov/pr16855-priority.C -std=gnu++98 gcov: 1 failures in line counts, 0 in branch percentages, 0 in return percentages, 0 in intermediate format
FAIL: g++.dg/gcov/pr16855-priority.C -std=gnu++98 line 23: is #####:should be 1
FAIL: g++.dg/gcov/pr16855.C -std=gnu++14 gcov: 6 failures in line counts, 0 in branch percentages, 0 in return percentages, 0 in intermediate format
FAIL: g++.dg/gcov/pr16855.C -std=gnu++14 line 15: is 2:should be 1
FAIL: g++.dg/gcov/pr16855.C -std=gnu++14 line 22: is 2:should be 1
FAIL: g++.dg/gcov/pr16855.C -std=gnu++14 line 24: is #####:should be 1
FAIL: g++.dg/gcov/pr16855.C -std=gnu++14 line 38: is 2:should be 1
FAIL: g++.dg/gcov/pr16855.C -std=gnu++14 line 44: is 2:should be 1
FAIL: g++.dg/gcov/pr16855.C -std=gnu++14 line 49: is 2:should be 1
FAIL: g++.dg/gcov/pr16855.C -std=gnu++17 gcov: 6 failures in line counts, 0 in branch percentages, 0 in return percentages, 0 in intermediate format
FAIL: g++.dg/gcov/pr16855.C -std=gnu++17 line 15: is 3:should be 1
FAIL: g++.dg/gcov/pr16855.C -std=gnu++17 line 22: is 3:should be 1
FAIL: g++.dg/gcov/pr16855.C -std=gnu++17 line 24: is #####:should be 1
FAIL: g++.dg/gcov/pr16855.C -std=gnu++17 line 38: is 3:should be 1
FAIL: g++.dg/gcov/pr16855.C -std=gnu++17 line 44: is 3:should be 1
FAIL: g++.dg/gcov/pr16855.C -std=gnu++17 line 49: is 3:should be 1
FAIL: g++.dg/gcov/pr16855.C -std=gnu++20 gcov: 6 failures in line counts, 0 in branch percentages, 0 in return percentages, 0 in intermediate format
FAIL: g++.dg/gcov/pr16855.C -std=gnu++20 line 15: is 4:should be 1
FAIL: g++.dg/gcov/pr16855.C -std=gnu++20 line 22: is 4:should be 1
FAIL: g++.dg/gcov/pr16855.C -std=gnu++20 line 24: is #####:should be 1
FAIL: g++.dg/gcov/pr16855.C -std=gnu++20 line 38: is 4:should be 1
FAIL: g++.dg/gcov/pr16855.C -std=gnu++20 line 44: is 4:should be 1
FAIL: g++.dg/gcov/pr16855.C -std=gnu++20 line 49: is 4:should be 1
FAIL: g++.dg/gcov/pr16855.C -std=gnu++98 gcov: 1 failures in line counts, 0 in branch percentages, 0 in return percentages, 0 in intermediate format
FAIL: g++.dg/gcov/pr16855.C -std=gnu++98 line 24: is #####:should be 1
FAIL: g++.dg/modules/pr99023_b.X -std=c++2a 1 blank line(s) in output
FAIL: g++.dg/modules/pr99023_b.X -std=c++2a (test for excess errors)
FAIL: g++.dg/modules/pr99023_b.X -std=c++2b 1 blank line(s) in output
FAIL: g++.dg/modules/pr99023_b.X -std=c++2b (test for excess errors)
FAIL: g++.dg/modules/stdio-1_a.H -std=c++17 scan-lang-dump module "Depset:0 decl entity:[0-9]* function_decl:'::printf'"
FAIL: g++.dg/modules/stdio-1_a.H -std=c++2a scan-lang-dump module "Depset:0 decl entity:[0-9]* function_decl:'::printf'"
FAIL: g++.dg/modules/stdio-1_a.H -std=c++2b scan-lang-dump module "Depset:0 decl entity:[0-9]* function_decl:'::printf'"
=== g++ Summary for unix/-m64 ===
# of expected passes 226782
# of unexpected failures 84
# of expected failures 1920
# of unsupported tests 10739
=== g++ Summary ===
# of expected passes 452758
# of unexpected failures 180
# of expected failures 3832
# of unsupported tests 21813
/var/gcc/regression/master/11.4-gcc/build/gcc/xg++ version 13.0.0 20221124 (experimental) [master bcc2449384f2092cbdf5d6ac2357aeabe3212b2e] (GCC)
=== gcc tests ===
Running target unix
FAIL: gcc.dg/analyzer/fd-accept.c (test for excess errors)
FAIL: gcc.dg/analyzer/fd-accept.c final event at line 57 (test for warnings, line 56)
FAIL: gcc.dg/analyzer/fd-accept.c warning (test for warnings, line 56)
FAIL: gcc.dg/analyzer/fd-access-mode-target-headers.c (test for warnings, line 17)
FAIL: gcc.dg/analyzer/fd-access-mode-target-headers.c (test for warnings, line 25)
FAIL: gcc.dg/analyzer/fd-access-mode-target-headers.c (test for warnings, line 30)
FAIL: gcc.dg/analyzer/fd-access-mode-target-headers.c (test for warnings, line 37)
FAIL: gcc.dg/analyzer/fd-access-mode-target-headers.c (test for warnings, line 53)
FAIL: gcc.dg/analyzer/fd-access-mode-target-headers.c (test for excess errors)
FAIL: gcc.dg/analyzer/fd-bind.c (test for excess errors)
FAIL: gcc.dg/analyzer/fd-connect.c (test for warnings, line 34)
FAIL: gcc.dg/analyzer/fd-datagram-socket.c (test for warnings, line 11)
FAIL: gcc.dg/analyzer/fd-datagram-socket.c (test for warnings, line 30)
FAIL: gcc.dg/analyzer/fd-datagram-socket.c (test for warnings, line 36)
FAIL: gcc.dg/analyzer/fd-datagram-socket.c (test for warnings, line 48)
FAIL: gcc.dg/analyzer/fd-datagram-socket.c (test for warnings, line 70)
FAIL: gcc.dg/analyzer/fd-datagram-socket.c (test for warnings, line 81)
FAIL: gcc.dg/analyzer/fd-datagram-socket.c (test for warnings, line 84)
FAIL: gcc.dg/analyzer/fd-datagram-socket.c (test for warnings, line 92)
FAIL: gcc.dg/analyzer/fd-datagram-socket.c (test for warnings, line 96)
FAIL: gcc.dg/analyzer/fd-datagram-socket.c (test for excess errors)
FAIL: gcc.dg/analyzer/fd-datagram-socket.c final event at line 108 (test for warnings, line 107)
FAIL: gcc.dg/analyzer/fd-datagram-socket.c final event at line 86 (test for warnings, line 85)
FAIL: gcc.dg/analyzer/fd-datagram-socket.c warning (test for warnings, line 107)
FAIL: gcc.dg/analyzer/fd-datagram-socket.c warning (test for warnings, line 85)
FAIL: gcc.dg/analyzer/fd-listen.c (test for excess errors)
FAIL: gcc.dg/analyzer/fd-listen.c final event at line 53 (test for warnings, line 52)
FAIL: gcc.dg/analyzer/fd-listen.c warning (test for warnings, line 52)
FAIL: gcc.dg/analyzer/fd-socket-misuse.c (test for warnings, line 16)
FAIL: gcc.dg/analyzer/fd-socket-misuse.c (test for excess errors)
FAIL: gcc.dg/analyzer/fd-socket-misuse.c final event at line 20 (test for warnings, line 19)
FAIL: gcc.dg/analyzer/fd-socket-misuse.c warning (test for warnings, line 19)
FAIL: gcc.dg/analyzer/fd-stream-socket-active-open.c (test for warnings, line 19)
FAIL: gcc.dg/analyzer/fd-stream-socket-active-open.c (test for warnings, line 30)
FAIL: gcc.dg/analyzer/fd-stream-socket-active-open.c (test for warnings, line 37)
FAIL: gcc.dg/analyzer/fd-stream-socket-active-open.c (test for warnings, line 45)
FAIL: gcc.dg/analyzer/fd-stream-socket-active-open.c (test for excess errors)
FAIL: gcc.dg/analyzer/fd-stream-socket-passive-open.c (test for warnings, line 25)
FAIL: gcc.dg/analyzer/fd-stream-socket-passive-open.c (test for warnings, line 33)
FAIL: gcc.dg/analyzer/fd-stream-socket-passive-open.c (test for warnings, line 39)
FAIL: gcc.dg/analyzer/fd-stream-socket-passive-open.c (test for warnings, line 44)
FAIL: gcc.dg/analyzer/fd-stream-socket-passive-open.c (test for excess errors)
FAIL: gcc.dg/analyzer/fd-stream-socket.c (test for warnings, line 11)
FAIL: gcc.dg/analyzer/fd-stream-socket.c (test for warnings, line 35)
FAIL: gcc.dg/analyzer/fd-stream-socket.c (test for warnings, line 68)
FAIL: gcc.dg/analyzer/fd-stream-socket.c (test for warnings, line 79)
FAIL: gcc.dg/analyzer/fd-stream-socket.c (test for warnings, line 90)
FAIL: gcc.dg/analyzer/fd-stream-socket.c (test for excess errors)
FAIL: gcc.dg/analyzer/fd-symbolic-socket.c (test for excess errors)
FAIL: gcc.dg/analyzer/pr104308.c (test for warnings, line 10)
FAIL: gcc.dg/analyzer/pr104308.c (test for warnings, line 9)
XPASS: gcc.dg/debug/dwarf2/inline5.c scan-assembler-not \\\\(DIE \\\\(0x([0-9a-f]*)\\\\) DW_TAG_lexical_block\\\\)[^#/!@;\\\\|]*[#/!@;\\\\|]+ +DW_AT.*DW_TAG_lexical_block\\\\)[^#/!@;\\\\|x]*x\\\\1[^#/!@;\\\\|]*[#/!@;\\\\|] +DW_AT_abstract_origin
FAIL: c-c++-common/diagnostic-format-sarif-file-4.c -Wc++-compat scan-sarif-file "text": " int \\\\u6587\\\\u5b57\\\\u5316\\\\u3051 =
FAIL: gcc.dg/Warray-bounds-48.c pr102706 (test for warnings, line 133)
FAIL: gcc.dg/Warray-bounds-48.c pr102706 (test for warnings, line 33)
FAIL: gcc.dg/fold-overflow-1.c scan-assembler-times 2139095040 2
FAIL: gcc.dg/pr95115.c execution test
FAIL: gcc.dg/signbit-2.c scan-tree-dump optimized "\\\\s+>\\\\s+{ 0(, 0)+ }"
FAIL: gcc.dg/ipa/iinline-attr.c scan-ipa-dump inline "hooray[^\\\\n]*inline copy in test"
FAIL: gcc.dg/ipa/ipa-icf-38.c scan-ltrans-tree-dump-not optimized "Function bar"
FAIL: gcc-dg-lto-modref-3-01.exe scan-wpa-ipa-dump modref "parm 1 flags: no_direct_clobber no_direct_escape"
FAIL: gcc-dg-lto-modref-4-01.exe scan-wpa-ipa-dump modref "parm 1 flags: no_direct_clobber no_direct_escape"
FAIL: gcc.dg/lto/modref-3 c_lto_modref-3_0.o-c_lto_modref-3_1.o execute -O2 -flto-partition=max -fdump-ipa-modref -fno-ipa-sra -fno-ipa-cp -flto
FAIL: gcc.dg/lto/modref-4 c_lto_modref-4_0.o-c_lto_modref-4_1.o execute -O2 -flto-partition=max -fdump-ipa-modref -fno-ipa-sra -flto
FAIL: gcc.dg/simulate-thread/atomic-other-int.c -O2 -g thread simulation test
FAIL: gcc.dg/simulate-thread/atomic-other-int.c -O3 -g thread simulation test
FAIL: gcc.dg/simulate-thread/speculative-store-4.c -O0 -g thread simulation test
FAIL: gcc.dg/simulate-thread/speculative-store-4.c -O2 -g thread simulation test
FAIL: gcc.dg/simulate-thread/speculative-store-4.c -O3 -g thread simulation test
FAIL: gcc.dg/simulate-thread/speculative-store.c -O0 -g thread simulation test
FAIL: gcc.dg/ubsan/object-size-dyn.c -O2 execution test
FAIL: gcc.dg/ubsan/object-size-dyn.c -O2 -flto execution test
FAIL: gcc.dg/ubsan/object-size-dyn.c -O2 -flto -flto-partition=none execution test
FAIL: gcc.dg/vect/bb-slp-21.c -flto -ffat-lto-objects scan-tree-dump-times slp2 "optimized: basic block" 1
FAIL: gcc.dg/vect/bb-slp-21.c scan-tree-dump-times slp2 "optimized: basic block" 1
FAIL: gcc.dg/vect/bb-slp-22.c -flto -ffat-lto-objects scan-tree-dump-times slp2 "optimized: basic block" 1
FAIL: gcc.dg/vect/bb-slp-22.c scan-tree-dump-times slp2 "optimized: basic block" 1
XPASS: gcc.dg/vect/bb-slp-32.c -flto -ffat-lto-objects scan-tree-dump slp2 "vectorization is not profitable"
XPASS: gcc.dg/vect/bb-slp-32.c scan-tree-dump slp2 "vectorization is not profitable"
FAIL: gcc.dg/vect/pr37027.c -flto -ffat-lto-objects scan-tree-dump-times vect "vectorized 1 loops" 1
FAIL: gcc.dg/vect/pr37027.c -flto -ffat-lto-objects scan-tree-dump-times vect "vectorizing stmts using SLP" 1
FAIL: gcc.dg/vect/pr37027.c scan-tree-dump-times vect "vectorized 1 loops" 1
FAIL: gcc.dg/vect/pr37027.c scan-tree-dump-times vect "vectorizing stmts using SLP" 1
FAIL: gcc.dg/vect/pr67790.c -flto -ffat-lto-objects scan-tree-dump vect "vectorizing stmts using SLP"
FAIL: gcc.dg/vect/pr67790.c scan-tree-dump vect "vectorizing stmts using SLP"
FAIL: gcc.dg/vect/pr97428.c -flto -ffat-lto-objects scan-tree-dump vect "Detected interleaving load of size 8"
FAIL: gcc.dg/vect/pr97428.c -flto -ffat-lto-objects scan-tree-dump vect "Detected interleaving store of size 16"
FAIL: gcc.dg/vect/pr97428.c scan-tree-dump vect "Detected interleaving load of size 8"
FAIL: gcc.dg/vect/pr97428.c scan-tree-dump vect "Detected interleaving store of size 16"
FAIL: gcc.dg/vect/slp-47.c -flto -ffat-lto-objects scan-tree-dump-times vect "vectorizing stmts using SLP" 2
FAIL: gcc.dg/vect/slp-47.c scan-tree-dump-times vect "vectorizing stmts using SLP" 2
FAIL: gcc.dg/vect/slp-48.c -flto -ffat-lto-objects scan-tree-dump-times vect "vectorizing stmts using SLP" 2
FAIL: gcc.dg/vect/slp-48.c scan-tree-dump-times vect "vectorizing stmts using SLP" 2
FAIL: gcc.dg/vect/slp-reduc-1.c -flto -ffat-lto-objects scan-tree-dump-times vect "vectorized 1 loops" 1
FAIL: gcc.dg/vect/slp-reduc-1.c -flto -ffat-lto-objects scan-tree-dump-times vect "vectorizing stmts using SLP" 1
FAIL: gcc.dg/vect/slp-reduc-1.c scan-tree-dump-times vect "vectorized 1 loops" 1
FAIL: gcc.dg/vect/slp-reduc-1.c scan-tree-dump-times vect "vectorizing stmts using SLP" 1
FAIL: gcc.dg/vect/slp-reduc-2.c -flto -ffat-lto-objects scan-tree-dump-times vect "vectorized 1 loops" 1
FAIL: gcc.dg/vect/slp-reduc-2.c -flto -ffat-lto-objects scan-tree-dump-times vect "vectorizing stmts using SLP" 1
FAIL: gcc.dg/vect/slp-reduc-2.c scan-tree-dump-times vect "vectorized 1 loops" 1
FAIL: gcc.dg/vect/slp-reduc-2.c scan-tree-dump-times vect "vectorizing stmts using SLP" 1
FAIL: gcc.dg/vect/slp-reduc-7.c -flto -ffat-lto-objects scan-tree-dump-times vect "vectorized 1 loops" 1
FAIL: gcc.dg/vect/slp-reduc-7.c -flto -ffat-lto-objects scan-tree-dump-times vect "vectorizing stmts using SLP" 1
FAIL: gcc.dg/vect/slp-reduc-7.c scan-tree-dump-times vect "vectorized 1 loops" 1
FAIL: gcc.dg/vect/slp-reduc-7.c scan-tree-dump-times vect "vectorizing stmts using SLP" 1
FAIL: gcc.dg/vect/slp-reduc-8.c -flto -ffat-lto-objects scan-tree-dump vect "vectorized 1 loops"
FAIL: gcc.dg/vect/slp-reduc-8.c scan-tree-dump vect "vectorized 1 loops"
XPASS: gcc.dg/vect/vect-alias-check-1.c -flto -ffat-lto-objects scan-tree-dump vect "using an address-based overlap test"
XPASS: gcc.dg/vect/vect-alias-check-1.c scan-tree-dump vect "using an address-based overlap test"
FAIL: gcc.dg/vect/vect-bic-bitmask-10.c -flto -ffat-lto-objects scan-tree-dump dce7 "<=\\\\s*.+{ 255,.+}"
FAIL: gcc.dg/vect/vect-bic-bitmask-10.c scan-tree-dump dce7 "<=\\\\s*.+{ 255,.+}"
FAIL: gcc.dg/vect/vect-bic-bitmask-11.c -flto -ffat-lto-objects scan-tree-dump dce7 ">\\\\s*.+{ 255,.+}"
FAIL: gcc.dg/vect/vect-bic-bitmask-11.c scan-tree-dump dce7 ">\\\\s*.+{ 255,.+}"
FAIL: gcc.dg/vect/vect-bic-bitmask-12.c -flto -ffat-lto-objects scan-tree-dump dce7 "<=\\\\s*.+{ 255,.+}"
FAIL: gcc.dg/vect/vect-bic-bitmask-12.c scan-tree-dump dce7 "<=\\\\s*.+{ 255,.+}"
FAIL: gcc.dg/vect/vect-bic-bitmask-2.c -flto -ffat-lto-objects scan-tree-dump-times dce7 "<=\\\\s*.+{ 255,.+}" 1
FAIL: gcc.dg/vect/vect-bic-bitmask-2.c scan-tree-dump-times dce7 "<=\\\\s*.+{ 255,.+}" 1
FAIL: gcc.dg/vect/vect-bic-bitmask-23.c -flto -ffat-lto-objects scan-tree-dump dce7 "<=\\\\s*.+{ 255, 15, 1, 65535 }"
FAIL: gcc.dg/vect/vect-bic-bitmask-23.c scan-tree-dump dce7 "<=\\\\s*.+{ 255, 15, 1, 65535 }"
FAIL: gcc.dg/vect/vect-bic-bitmask-3.c -flto -ffat-lto-objects scan-tree-dump-times dce7 "<=\\\\s*.+{ 255,.+}" 1
FAIL: gcc.dg/vect/vect-bic-bitmask-3.c scan-tree-dump-times dce7 "<=\\\\s*.+{ 255,.+}" 1
FAIL: gcc.dg/vect/vect-bic-bitmask-5.c -flto -ffat-lto-objects scan-tree-dump-times dce7 ">\\\\s*.+{ 255,.+}" 1
FAIL: gcc.dg/vect/vect-bic-bitmask-5.c scan-tree-dump-times dce7 ">\\\\s*.+{ 255,.+}" 1
FAIL: gcc.dg/vect/vect-bic-bitmask-6.c -flto -ffat-lto-objects scan-tree-dump-times dce7 "<=\\\\s*.+{ 255,.+}" 1
FAIL: gcc.dg/vect/vect-bic-bitmask-6.c scan-tree-dump-times dce7 "<=\\\\s*.+{ 255,.+}" 1
FAIL: gcc.dg/vect/vect-bic-bitmask-8.c -flto -ffat-lto-objects scan-tree-dump-times dce7 ">\\\\s*.+{ 1,.+}" 1
FAIL: gcc.dg/vect/vect-bic-bitmask-8.c scan-tree-dump-times dce7 ">\\\\s*.+{ 1,.+}" 1
FAIL: gcc.dg/vect/vect-bic-bitmask-9.c -flto -ffat-lto-objects scan-tree-dump dce7 "&\\\\s*.+{ 4294967290,.+}"
FAIL: gcc.dg/vect/vect-bic-bitmask-9.c scan-tree-dump dce7 "&\\\\s*.+{ 4294967290,.+}"
FAIL: gcc.dg/vect/vect-bitfield-write-2.c -flto -ffat-lto-objects scan-tree-dump-times vect "vectorized 1 loops" 1
FAIL: gcc.dg/vect/vect-bitfield-write-2.c scan-tree-dump-times vect "vectorized 1 loops" 1
FAIL: gcc.dg/vect/vect-bitfield-write-3.c -flto -ffat-lto-objects scan-tree-dump-times vect "vectorized 1 loops" 1
FAIL: gcc.dg/vect/vect-bitfield-write-3.c scan-tree-dump-times vect "vectorized 1 loops" 1
FAIL: gcc.dg/vect/vect-cost-model-1.c -flto -ffat-lto-objects scan-tree-dump vect "LOOP VECTORIZED"
FAIL: gcc.dg/vect/vect-cost-model-1.c scan-tree-dump vect "LOOP VECTORIZED"
FAIL: gcc.dg/vect/vect-cost-model-3.c -flto -ffat-lto-objects scan-tree-dump vect "LOOP VECTORIZED"
FAIL: gcc.dg/vect/vect-cost-model-3.c scan-tree-dump vect "LOOP VECTORIZED"
FAIL: gcc.dg/vect/vect-cost-model-5.c -flto -ffat-lto-objects scan-tree-dump vect "LOOP VECTORIZED"
FAIL: gcc.dg/vect/vect-cost-model-5.c scan-tree-dump vect "LOOP VECTORIZED"
FAIL: gcc.dg/vect/vect-fmax-1.c -flto -ffat-lto-objects scan-tree-dump vect "Detected reduction"
FAIL: gcc.dg/vect/vect-fmax-1.c scan-tree-dump vect "Detected reduction"
FAIL: gcc.dg/vect/vect-fmax-2.c -flto -ffat-lto-objects scan-tree-dump vect "Detected reduction"
FAIL: gcc.dg/vect/vect-fmax-2.c scan-tree-dump vect "Detected reduction"
FAIL: gcc.dg/vect/vect-fmax-3.c -flto -ffat-lto-objects scan-tree-dump vect "Detected reduction"
FAIL: gcc.dg/vect/vect-fmax-3.c scan-tree-dump vect "Detected reduction"
FAIL: gcc.dg/vect/vect-fmin-1.c -flto -ffat-lto-objects scan-tree-dump vect "Detected reduction"
FAIL: gcc.dg/vect/vect-fmin-1.c -flto -ffat-lto-objects scan-tree-dump vect "Detected reduction"
FAIL: gcc.dg/vect/vect-fmin-1.c scan-tree-dump vect "Detected reduction"
FAIL: gcc.dg/vect/vect-fmin-1.c scan-tree-dump vect "Detected reduction"
FAIL: gcc.dg/vect/vect-fmin-2.c -flto -ffat-lto-objects scan-tree-dump vect "Detected reduction"
FAIL: gcc.dg/vect/vect-fmin-2.c scan-tree-dump vect "Detected reduction"
FAIL: gcc.dg/vect/vect-fmin-3.c -flto -ffat-lto-objects scan-tree-dump vect "Detected reduction"
FAIL: gcc.dg/vect/vect-fmin-3.c scan-tree-dump vect "Detected reduction"
FAIL: gcc.dg/vect/vect-recurr-1.c -flto -ffat-lto-objects scan-tree-dump vect "vectorized 1 loops in function"
FAIL: gcc.dg/vect/vect-recurr-1.c scan-tree-dump vect "vectorized 1 loops in function"
FAIL: gcc.dg/vect/vect-recurr-2.c -flto -ffat-lto-objects scan-tree-dump vect "vectorized 1 loops in function"
FAIL: gcc.dg/vect/vect-recurr-2.c scan-tree-dump vect "vectorized 1 loops in function"
FAIL: gcc.dg/vect/vect-recurr-3.c -flto -ffat-lto-objects scan-tree-dump vect "vectorized 1 loops in function"
FAIL: gcc.dg/vect/vect-recurr-3.c scan-tree-dump vect "vectorized 1 loops in function"
FAIL: gcc.dg/vect/vect-recurr-4.c -flto -ffat-lto-objects scan-tree-dump vect "vectorized 1 loops in function"
FAIL: gcc.dg/vect/vect-recurr-4.c scan-tree-dump vect "vectorized 1 loops in function"
FAIL: gcc.dg/vect/vect-recurr-5.c -flto -ffat-lto-objects scan-tree-dump vect "vectorized 1 loops in function"
FAIL: gcc.dg/vect/vect-recurr-5.c scan-tree-dump vect "vectorized 1 loops in function"
=== gcc Summary for unix ===
# of expected passes 146043
# of unexpected failures 158
# of unexpected successes 5
# of expected failures 1266
# of unsupported tests 4545
Running target unix/-m64
FAIL: gcc.dg/analyzer/fd-accept.c (test for excess errors)
FAIL: gcc.dg/analyzer/fd-accept.c final event at line 57 (test for warnings, line 56)
FAIL: gcc.dg/analyzer/fd-accept.c warning (test for warnings, line 56)
FAIL: gcc.dg/analyzer/fd-access-mode-target-headers.c (test for warnings, line 17)
FAIL: gcc.dg/analyzer/fd-access-mode-target-headers.c (test for warnings, line 25)
FAIL: gcc.dg/analyzer/fd-access-mode-target-headers.c (test for warnings, line 30)
FAIL: gcc.dg/analyzer/fd-access-mode-target-headers.c (test for warnings, line 37)
FAIL: gcc.dg/analyzer/fd-access-mode-target-headers.c (test for warnings, line 53)
FAIL: gcc.dg/analyzer/fd-access-mode-target-headers.c (test for excess errors)
FAIL: gcc.dg/analyzer/fd-bind.c (test for excess errors)
FAIL: gcc.dg/analyzer/fd-connect.c (test for warnings, line 34)
FAIL: gcc.dg/analyzer/fd-datagram-socket.c (test for warnings, line 11)
FAIL: gcc.dg/analyzer/fd-datagram-socket.c (test for warnings, line 30)
FAIL: gcc.dg/analyzer/fd-datagram-socket.c (test for warnings, line 36)
FAIL: gcc.dg/analyzer/fd-datagram-socket.c (test for warnings, line 48)
FAIL: gcc.dg/analyzer/fd-datagram-socket.c (test for warnings, line 70)
FAIL: gcc.dg/analyzer/fd-datagram-socket.c (test for warnings, line 81)
FAIL: gcc.dg/analyzer/fd-datagram-socket.c (test for warnings, line 84)
FAIL: gcc.dg/analyzer/fd-datagram-socket.c (test for warnings, line 92)
FAIL: gcc.dg/analyzer/fd-datagram-socket.c (test for warnings, line 96)
FAIL: gcc.dg/analyzer/fd-datagram-socket.c (test for excess errors)
FAIL: gcc.dg/analyzer/fd-datagram-socket.c final event at line 108 (test for warnings, line 107)
FAIL: gcc.dg/analyzer/fd-datagram-socket.c final event at line 86 (test for warnings, line 85)
FAIL: gcc.dg/analyzer/fd-datagram-socket.c warning (test for warnings, line 107)
FAIL: gcc.dg/analyzer/fd-datagram-socket.c warning (test for warnings, line 85)
FAIL: gcc.dg/analyzer/fd-listen.c (test for excess errors)
FAIL: gcc.dg/analyzer/fd-listen.c final event at line 53 (test for warnings, line 52)
FAIL: gcc.dg/analyzer/fd-listen.c warning (test for warnings, line 52)
FAIL: gcc.dg/analyzer/fd-socket-misuse.c (test for warnings, line 16)
FAIL: gcc.dg/analyzer/fd-socket-misuse.c (test for excess errors)
FAIL: gcc.dg/analyzer/fd-socket-misuse.c final event at line 20 (test for warnings, line 19)
FAIL: gcc.dg/analyzer/fd-socket-misuse.c warning (test for warnings, line 19)
FAIL: gcc.dg/analyzer/fd-stream-socket-active-open.c (test for warnings, line 19)
FAIL: gcc.dg/analyzer/fd-stream-socket-active-open.c (test for warnings, line 30)
FAIL: gcc.dg/analyzer/fd-stream-socket-active-open.c (test for warnings, line 37)
FAIL: gcc.dg/analyzer/fd-stream-socket-active-open.c (test for warnings, line 45)
FAIL: gcc.dg/analyzer/fd-stream-socket-active-open.c (test for excess errors)
FAIL: gcc.dg/analyzer/fd-stream-socket-passive-open.c (test for warnings, line 25)
FAIL: gcc.dg/analyzer/fd-stream-socket-passive-open.c (test for warnings, line 33)
FAIL: gcc.dg/analyzer/fd-stream-socket-passive-open.c (test for warnings, line 39)
FAIL: gcc.dg/analyzer/fd-stream-socket-passive-open.c (test for warnings, line 44)
FAIL: gcc.dg/analyzer/fd-stream-socket-passive-open.c (test for excess errors)
FAIL: gcc.dg/analyzer/fd-stream-socket.c (test for warnings, line 11)
FAIL: gcc.dg/analyzer/fd-stream-socket.c (test for warnings, line 35)
FAIL: gcc.dg/analyzer/fd-stream-socket.c (test for warnings, line 68)
FAIL: gcc.dg/analyzer/fd-stream-socket.c (test for warnings, line 79)
FAIL: gcc.dg/analyzer/fd-stream-socket.c (test for warnings, line 90)
FAIL: gcc.dg/analyzer/fd-stream-socket.c (test for excess errors)
FAIL: gcc.dg/analyzer/fd-symbolic-socket.c (test for excess errors)
FAIL: gcc.dg/analyzer/pr104308.c (test for warnings, line 10)
FAIL: gcc.dg/analyzer/pr104308.c (test for warnings, line 9)
XPASS: gcc.dg/debug/dwarf2/inline5.c scan-assembler-not \\\\(DIE \\\\(0x([0-9a-f]*)\\\\) DW_TAG_lexical_block\\\\)[^#/!@;\\\\|]*[#/!@;\\\\|]+ +DW_AT.*DW_TAG_lexical_block\\\\)[^#/!@;\\\\|x]*x\\\\1[^#/!@;\\\\|]*[#/!@;\\\\|] +DW_AT_abstract_origin
FAIL: c-c++-common/diagnostic-format-sarif-file-4.c -Wc++-compat scan-sarif-file "text": " int \\\\u6587\\\\u5b57\\\\u5316\\\\u3051 =
FAIL: gcc.dg/Warray-bounds-48.c pr102706 (test for warnings, line 133)
FAIL: gcc.dg/Warray-bounds-48.c pr102706 (test for warnings, line 33)
FAIL: gcc.dg/Wzero-length-array-bounds-2.c pr102706 (test for warnings, line 90)
FAIL: gcc.dg/c2x-stdarg-4.c execution test
FAIL: gcc.dg/fold-overflow-1.c scan-assembler-times 2139095040 2
XPASS: gcc.dg/pr84877.c execution test
FAIL: gcc.dg/pr95115.c execution test
FAIL: gcc.dg/signbit-2.c scan-tree-dump optimized "\\\\s+>\\\\s+{ 0(, 0)+ }"
FAIL: gcc.dg/ipa/ipa-icf-38.c scan-ltrans-tree-dump-not optimized "Function bar"
FAIL: gcc-dg-lto-modref-3-01.exe scan-wpa-ipa-dump modref "parm 1 flags: no_direct_clobber no_direct_escape"
FAIL: gcc-dg-lto-modref-4-01.exe scan-wpa-ipa-dump modref "parm 1 flags: no_direct_clobber no_direct_escape"
FAIL: gcc.dg/lto/modref-3 c_lto_modref-3_0.o-c_lto_modref-3_1.o execute -O2 -flto-partition=max -fdump-ipa-modref -fno-ipa-sra -fno-ipa-cp -flto
FAIL: gcc.dg/lto/modref-4 c_lto_modref-4_0.o-c_lto_modref-4_1.o execute -O2 -flto-partition=max -fdump-ipa-modref -fno-ipa-sra -flto
FAIL: gcc.dg/torture/c2x-stdarg-split-1a.c -O0 execution test
FAIL: gcc.dg/torture/c2x-stdarg-split-1a.c -O1 execution test
FAIL: gcc.dg/torture/c2x-stdarg-split-1a.c -O2 execution test
FAIL: gcc.dg/torture/c2x-stdarg-split-1a.c -O2 -flto execution test
FAIL: gcc.dg/torture/c2x-stdarg-split-1a.c -O2 -flto -flto-partition=none execution test
FAIL: gcc.dg/torture/c2x-stdarg-split-1a.c -O3 -g execution test
FAIL: gcc.dg/torture/c2x-stdarg-split-1a.c -Os execution test
FAIL: gcc.dg/vect/bb-slp-21.c -flto -ffat-lto-objects scan-tree-dump-times slp2 "optimized: basic block" 1
FAIL: gcc.dg/vect/bb-slp-21.c scan-tree-dump-times slp2 "optimized: basic block" 1
FAIL: gcc.dg/vect/bb-slp-22.c -flto -ffat-lto-objects scan-tree-dump-times slp2 "optimized: basic block" 1
FAIL: gcc.dg/vect/bb-slp-22.c scan-tree-dump-times slp2 "optimized: basic block" 1
XPASS: gcc.dg/vect/bb-slp-32.c -flto -ffat-lto-objects scan-tree-dump slp2 "vectorization is not profitable"
XPASS: gcc.dg/vect/bb-slp-32.c scan-tree-dump slp2 "vectorization is not profitable"
XPASS: gcc.dg/vect/pr33804.c -flto -ffat-lto-objects scan-tree-dump-times vect "vectorized 1 loops" 1
XPASS: gcc.dg/vect/pr33804.c -flto -ffat-lto-objects scan-tree-dump-times vect "vectorizing stmts using SLP" 1
XPASS: gcc.dg/vect/pr33804.c scan-tree-dump-times vect "vectorized 1 loops" 1
XPASS: gcc.dg/vect/pr33804.c scan-tree-dump-times vect "vectorizing stmts using SLP" 1
FAIL: gcc.dg/vect/pr37027.c -flto -ffat-lto-objects scan-tree-dump-times vect "vectorized 1 loops" 1
FAIL: gcc.dg/vect/pr37027.c -flto -ffat-lto-objects scan-tree-dump-times vect "vectorizing stmts using SLP" 1
FAIL: gcc.dg/vect/pr37027.c scan-tree-dump-times vect "vectorized 1 loops" 1
FAIL: gcc.dg/vect/pr37027.c scan-tree-dump-times vect "vectorizing stmts using SLP" 1
FAIL: gcc.dg/vect/pr67790.c -flto -ffat-lto-objects scan-tree-dump vect "vectorizing stmts using SLP"
FAIL: gcc.dg/vect/pr67790.c scan-tree-dump vect "vectorizing stmts using SLP"
FAIL: gcc.dg/vect/pr97428.c -flto -ffat-lto-objects scan-tree-dump vect "Detected interleaving load of size 8"
FAIL: gcc.dg/vect/pr97428.c -flto -ffat-lto-objects scan-tree-dump vect "Detected interleaving store of size 16"
FAIL: gcc.dg/vect/pr97428.c scan-tree-dump vect "Detected interleaving load of size 8"
FAIL: gcc.dg/vect/pr97428.c scan-tree-dump vect "Detected interleaving store of size 16"
FAIL: gcc.dg/vect/slp-47.c -flto -ffat-lto-objects scan-tree-dump-times vect "vectorizing stmts using SLP" 2
FAIL: gcc.dg/vect/slp-47.c scan-tree-dump-times vect "vectorizing stmts using SLP" 2
FAIL: gcc.dg/vect/slp-48.c -flto -ffat-lto-objects scan-tree-dump-times vect "vectorizing stmts using SLP" 2
FAIL: gcc.dg/vect/slp-48.c scan-tree-dump-times vect "vectorizing stmts using SLP" 2
XPASS: gcc.dg/vect/slp-multitypes-3.c -flto -ffat-lto-objects scan-tree-dump-times vect "vectorized 1 loops" 1
XPASS: gcc.dg/vect/slp-multitypes-3.c -flto -ffat-lto-objects scan-tree-dump-times vect "vectorizing stmts using SLP" 2
XPASS: gcc.dg/vect/slp-multitypes-3.c scan-tree-dump-times vect "vectorized 1 loops" 1
XPASS: gcc.dg/vect/slp-multitypes-3.c scan-tree-dump-times vect "vectorizing stmts using SLP" 2
FAIL: gcc.dg/vect/slp-reduc-1.c -flto -ffat-lto-objects scan-tree-dump-times vect "vectorized 1 loops" 1
FAIL: gcc.dg/vect/slp-reduc-1.c -flto -ffat-lto-objects scan-tree-dump-times vect "vectorizing stmts using SLP" 1
FAIL: gcc.dg/vect/slp-reduc-1.c scan-tree-dump-times vect "vectorized 1 loops" 1
FAIL: gcc.dg/vect/slp-reduc-1.c scan-tree-dump-times vect "vectorizing stmts using SLP" 1
FAIL: gcc.dg/vect/slp-reduc-2.c -flto -ffat-lto-objects scan-tree-dump-times vect "vectorized 1 loops" 1
FAIL: gcc.dg/vect/slp-reduc-2.c -flto -ffat-lto-objects scan-tree-dump-times vect "vectorizing stmts using SLP" 1
FAIL: gcc.dg/vect/slp-reduc-2.c scan-tree-dump-times vect "vectorized 1 loops" 1
FAIL: gcc.dg/vect/slp-reduc-2.c scan-tree-dump-times vect "vectorizing stmts using SLP" 1
FAIL: gcc.dg/vect/slp-reduc-7.c -flto -ffat-lto-objects scan-tree-dump-times vect "vectorized 1 loops" 1
FAIL: gcc.dg/vect/slp-reduc-7.c -flto -ffat-lto-objects scan-tree-dump-times vect "vectorizing stmts using SLP" 1
FAIL: gcc.dg/vect/slp-reduc-7.c scan-tree-dump-times vect "vectorized 1 loops" 1
FAIL: gcc.dg/vect/slp-reduc-7.c scan-tree-dump-times vect "vectorizing stmts using SLP" 1
FAIL: gcc.dg/vect/slp-reduc-8.c -flto -ffat-lto-objects scan-tree-dump vect "vectorized 1 loops"
FAIL: gcc.dg/vect/slp-reduc-8.c scan-tree-dump vect "vectorized 1 loops"
XPASS: gcc.dg/vect/vect-alias-check-1.c -flto -ffat-lto-objects scan-tree-dump vect "using an address-based overlap test"
XPASS: gcc.dg/vect/vect-alias-check-1.c scan-tree-dump vect "using an address-based overlap test"
FAIL: gcc.dg/vect/vect-bic-bitmask-10.c -flto -ffat-lto-objects scan-tree-dump dce7 "<=\\\\s*.+{ 255,.+}"
FAIL: gcc.dg/vect/vect-bic-bitmask-10.c scan-tree-dump dce7 "<=\\\\s*.+{ 255,.+}"
FAIL: gcc.dg/vect/vect-bic-bitmask-11.c -flto -ffat-lto-objects scan-tree-dump dce7 ">\\\\s*.+{ 255,.+}"
FAIL: gcc.dg/vect/vect-bic-bitmask-11.c scan-tree-dump dce7 ">\\\\s*.+{ 255,.+}"
FAIL: gcc.dg/vect/vect-bic-bitmask-12.c -flto -ffat-lto-objects scan-tree-dump dce7 "<=\\\\s*.+{ 255,.+}"
FAIL: gcc.dg/vect/vect-bic-bitmask-12.c scan-tree-dump dce7 "<=\\\\s*.+{ 255,.+}"
FAIL: gcc.dg/vect/vect-bic-bitmask-2.c -flto -ffat-lto-objects scan-tree-dump-times dce7 "<=\\\\s*.+{ 255,.+}" 1
FAIL: gcc.dg/vect/vect-bic-bitmask-2.c scan-tree-dump-times dce7 "<=\\\\s*.+{ 255,.+}" 1
FAIL: gcc.dg/vect/vect-bic-bitmask-23.c -flto -ffat-lto-objects scan-tree-dump dce7 "<=\\\\s*.+{ 255, 15, 1, 65535 }"
FAIL: gcc.dg/vect/vect-bic-bitmask-23.c scan-tree-dump dce7 "<=\\\\s*.+{ 255, 15, 1, 65535 }"
FAIL: gcc.dg/vect/vect-bic-bitmask-3.c -flto -ffat-lto-objects scan-tree-dump-times dce7 "<=\\\\s*.+{ 255,.+}" 1
FAIL: gcc.dg/vect/vect-bic-bitmask-3.c scan-tree-dump-times dce7 "<=\\\\s*.+{ 255,.+}" 1
FAIL: gcc.dg/vect/vect-bic-bitmask-5.c -flto -ffat-lto-objects scan-tree-dump-times dce7 ">\\\\s*.+{ 255,.+}" 1
FAIL: gcc.dg/vect/vect-bic-bitmask-5.c scan-tree-dump-times dce7 ">\\\\s*.+{ 255,.+}" 1
FAIL: gcc.dg/vect/vect-bic-bitmask-6.c -flto -ffat-lto-objects scan-tree-dump-times dce7 "<=\\\\s*.+{ 255,.+}" 1
FAIL: gcc.dg/vect/vect-bic-bitmask-6.c scan-tree-dump-times dce7 "<=\\\\s*.+{ 255,.+}" 1
FAIL: gcc.dg/vect/vect-bic-bitmask-8.c -flto -ffat-lto-objects scan-tree-dump-times dce7 ">\\\\s*.+{ 1,.+}" 1
FAIL: gcc.dg/vect/vect-bic-bitmask-8.c scan-tree-dump-times dce7 ">\\\\s*.+{ 1,.+}" 1
FAIL: gcc.dg/vect/vect-bic-bitmask-9.c -flto -ffat-lto-objects scan-tree-dump dce7 "&\\\\s*.+{ 4294967290,.+}"
FAIL: gcc.dg/vect/vect-bic-bitmask-9.c scan-tree-dump dce7 "&\\\\s*.+{ 4294967290,.+}"
FAIL: gcc.dg/vect/vect-bitfield-write-2.c -flto -ffat-lto-objects scan-tree-dump-times vect "vectorized 1 loops" 1
FAIL: gcc.dg/vect/vect-bitfield-write-2.c scan-tree-dump-times vect "vectorized 1 loops" 1
FAIL: gcc.dg/vect/vect-bitfield-write-3.c -flto -ffat-lto-objects scan-tree-dump-times vect "vectorized 1 loops" 1
FAIL: gcc.dg/vect/vect-bitfield-write-3.c scan-tree-dump-times vect "vectorized 1 loops" 1
FAIL: gcc.dg/vect/vect-cost-model-1.c -flto -ffat-lto-objects scan-tree-dump vect "LOOP VECTORIZED"
FAIL: gcc.dg/vect/vect-cost-model-1.c scan-tree-dump vect "LOOP VECTORIZED"
FAIL: gcc.dg/vect/vect-cost-model-3.c -flto -ffat-lto-objects scan-tree-dump vect "LOOP VECTORIZED"
FAIL: gcc.dg/vect/vect-cost-model-3.c scan-tree-dump vect "LOOP VECTORIZED"
FAIL: gcc.dg/vect/vect-cost-model-5.c -flto -ffat-lto-objects scan-tree-dump vect "LOOP VECTORIZED"
FAIL: gcc.dg/vect/vect-cost-model-5.c scan-tree-dump vect "LOOP VECTORIZED"
FAIL: gcc.dg/vect/vect-fmax-1.c -flto -ffat-lto-objects scan-tree-dump vect "Detected reduction"
FAIL: gcc.dg/vect/vect-fmax-1.c scan-tree-dump vect "Detected reduction"
FAIL: gcc.dg/vect/vect-fmax-2.c -flto -ffat-lto-objects scan-tree-dump vect "Detected reduction"
FAIL: gcc.dg/vect/vect-fmax-2.c scan-tree-dump vect "Detected reduction"
FAIL: gcc.dg/vect/vect-fmax-3.c -flto -ffat-lto-objects scan-tree-dump vect "Detected reduction"
FAIL: gcc.dg/vect/vect-fmax-3.c scan-tree-dump vect "Detected reduction"
FAIL: gcc.dg/vect/vect-fmin-1.c -flto -ffat-lto-objects scan-tree-dump vect "Detected reduction"
FAIL: gcc.dg/vect/vect-fmin-1.c -flto -ffat-lto-objects scan-tree-dump vect "Detected reduction"
FAIL: gcc.dg/vect/vect-fmin-1.c scan-tree-dump vect "Detected reduction"
FAIL: gcc.dg/vect/vect-fmin-1.c scan-tree-dump vect "Detected reduction"
FAIL: gcc.dg/vect/vect-fmin-2.c -flto -ffat-lto-objects scan-tree-dump vect "Detected reduction"
FAIL: gcc.dg/vect/vect-fmin-2.c scan-tree-dump vect "Detected reduction"
FAIL: gcc.dg/vect/vect-fmin-3.c -flto -ffat-lto-objects scan-tree-dump vect "Detected reduction"
FAIL: gcc.dg/vect/vect-fmin-3.c scan-tree-dump vect "Detected reduction"
FAIL: gcc.dg/vect/vect-recurr-1.c -flto -ffat-lto-objects scan-tree-dump vect "vectorized 1 loops in function"
FAIL: gcc.dg/vect/vect-recurr-1.c scan-tree-dump vect "vectorized 1 loops in function"
FAIL: gcc.dg/vect/vect-recurr-2.c -flto -ffat-lto-objects scan-tree-dump vect "vectorized 1 loops in function"
FAIL: gcc.dg/vect/vect-recurr-2.c scan-tree-dump vect "vectorized 1 loops in function"
FAIL: gcc.dg/vect/vect-recurr-3.c -flto -ffat-lto-objects scan-tree-dump vect "vectorized 1 loops in function"
FAIL: gcc.dg/vect/vect-recurr-3.c scan-tree-dump vect "vectorized 1 loops in function"
FAIL: gcc.dg/vect/vect-recurr-4.c -flto -ffat-lto-objects scan-tree-dump vect "vectorized 1 loops in function"
FAIL: gcc.dg/vect/vect-recurr-4.c scan-tree-dump vect "vectorized 1 loops in function"
FAIL: gcc.dg/vect/vect-recurr-5.c -flto -ffat-lto-objects scan-tree-dump vect "vectorized 1 loops in function"
FAIL: gcc.dg/vect/vect-recurr-5.c scan-tree-dump vect "vectorized 1 loops in function"
=== gcc Summary for unix/-m64 ===
# of expected passes 145689
# of unexpected failures 157
# of unexpected successes 14
# of expected failures 1243
# of unsupported tests 3797
=== gcc Summary ===
# of expected passes 291732
# of unexpected failures 315
# of unexpected successes 19
# of expected failures 2509
# of unsupported tests 8342
/var/gcc/regression/master/11.4-gcc/build/gcc/xgcc version 13.0.0 20221124 (experimental) [master bcc2449384f2092cbdf5d6ac2357aeabe3212b2e] (GCC)
=== gdc tests ===
Running target unix
UNRESOLVED: gdc.test/runnable/mangle.d compilation failed to produce executable
UNRESOLVED: gdc.test/runnable/mangle.d -shared-libphobos compilation failed to produce executable
UNRESOLVED: gdc.test/runnable/testmodule.d compilation failed to produce executable
UNRESOLVED: gdc.test/runnable/testmodule.d -shared-libphobos compilation failed to produce executable
UNRESOLVED: gdc.test/runnable/ufcs.d compilation failed to produce executable
UNRESOLVED: gdc.test/runnable/ufcs.d -shared-libphobos compilation failed to produce executable
=== gdc Summary for unix ===
# of expected passes 11656
# of unresolved testcases 6
# of unsupported tests 568
Running target unix/-m64
FAIL: gdc.test/runnable/inline.d execution test
FAIL: gdc.test/runnable/inline.d -shared-libphobos execution test
UNRESOLVED: gdc.test/runnable/mangle.d compilation failed to produce executable
UNRESOLVED: gdc.test/runnable/mangle.d -shared-libphobos compilation failed to produce executable
FAIL: gdc.test/runnable/test42.d execution test
FAIL: gdc.test/runnable/test42.d -shared-libphobos execution test
UNRESOLVED: gdc.test/runnable/testmodule.d compilation failed to produce executable
UNRESOLVED: gdc.test/runnable/testmodule.d -shared-libphobos compilation failed to produce executable
UNRESOLVED: gdc.test/runnable/ufcs.d compilation failed to produce executable
UNRESOLVED: gdc.test/runnable/ufcs.d -shared-libphobos compilation failed to produce executable
=== gdc Summary for unix/-m64 ===
# of expected passes 11647
# of unexpected failures 4
# of unresolved testcases 6
# of unsupported tests 568
=== gdc Summary ===
# of expected passes 23303
# of unexpected failures 4
# of unresolved testcases 12
# of unsupported tests 1136
/var/gcc/regression/master/11.4-gcc/build/gcc/gdc version 13.0.0 20221124 (experimental) [master bcc2449384f2092cbdf5d6ac2357aeabe3212b2e] (GCC)
=== gfortran tests ===
Running target unix
=== gfortran Summary for unix ===
# of expected passes 66562
# of expected failures 261
# of unsupported tests 348
Running target unix/-m64
=== gfortran Summary for unix/-m64 ===
# of expected passes 66864
# of expected failures 259
# of unsupported tests 196
=== gfortran Summary ===
# of expected passes 133426
# of expected failures 520
# of unsupported tests 544
/var/gcc/regression/master/11.4-gcc/build/gcc/gfortran version 13.0.0 20221124 (experimental) [master bcc2449384f2092cbdf5d6ac2357aeabe3212b2e] (GCC)
=== gnat tests ===
Running target unix
=== gnat Summary for unix ===
# of expected passes 3347
# of expected failures 23
# of unsupported tests 37
Running target unix/-m64
FAIL: gnat.dg/unchecked_convert9.adb scan-rtl-dump-times final "set \\\\(mem/v" 1
=== gnat Summary for unix/-m64 ===
# of expected passes 3347
# of unexpected failures 1
# of expected failures 23
# of unsupported tests 35
=== gnat Summary ===
# of expected passes 6694
# of unexpected failures 1
# of expected failures 46
# of unsupported tests 72
/var/gcc/regression/master/11.4-gcc/build/gcc/gnatmake version 13.0.0 20221124 (experimental) [master bcc2449384f2092cbdf5d6ac2357aeabe3212b2e]
=== go tests ===
Running target unix
FAIL: ./index0-out.go execution, -O0 -g -fno-var-tracking-assignments
WARNING: go.test/test/cmplxdivide.go program timed out.
FAIL: go.test/test/cmplxdivide.go
FAIL: go.test/test/fixedbugs/issue22881.go execution, -O2 -g
FAIL: go.test/test/fixedbugs/issue27836.dir/Ãfoo.go -O -I. (test for excess errors)
FAIL: go.test/test/fixedbugs/issue27836.dir/Ãmain.go -O -I. (test for excess errors)
FAIL: go.test/test/fixedbugs/issue32288.go execution, -O2 -g
FAIL: go.test/test/fixedbugs/issue34123.go execution, -O2 -g
FAIL: go.test/test/fixedbugs/issue4562.go execution, -O2 -g
FAIL: go.test/test/nil.go execution, -O2 -g
=== go Summary for unix ===
# of expected passes 8990
# of unexpected failures 9
# of untested testcases 11
# of unsupported tests 34
Running target unix/-m64
FAIL: ./index0-out.go execution, -O0 -g -fno-var-tracking-assignments
WARNING: go.test/test/cmplxdivide.go program timed out.
FAIL: go.test/test/cmplxdivide.go
FAIL: go.test/test/fixedbugs/issue13160.go execution, -O2 -g
FAIL: go.test/test/fixedbugs/issue27836.dir/Ãfoo.go -O -I. (test for excess errors)
FAIL: go.test/test/fixedbugs/issue27836.dir/Ãmain.go -O -I. (test for excess errors)
=== go Summary for unix/-m64 ===
# of expected passes 8876
# of unexpected failures 5
# of untested testcases 11
# of unsupported tests 32
=== go Summary ===
# of expected passes 17866
# of unexpected failures 14
# of untested testcases 22
# of unsupported tests 66
=== obj-c++ tests ===
Running target unix
=== obj-c++ Summary for unix ===
# of expected passes 1510
# of expected failures 2
# of unsupported tests 79
Running target unix/-m64
=== obj-c++ Summary for unix/-m64 ===
# of expected passes 1502
# of expected failures 10
# of unsupported tests 79
=== obj-c++ Summary ===
# of expected passes 3012
# of expected failures 12
# of unsupported tests 158
/var/gcc/regression/master/11.4-gcc/build/gcc/xg++ version 13.0.0 20221124 (experimental) [master bcc2449384f2092cbdf5d6ac2357aeabe3212b2e] (GCC)
=== objc tests ===
Running target unix
=== objc Summary for unix ===
# of expected passes 2846
# of unsupported tests 70
Running target unix/-m64
=== objc Summary for unix/-m64 ===
# of expected passes 2846
# of unsupported tests 70
=== objc Summary ===
# of expected passes 5692
# of unsupported tests 140
/var/gcc/regression/master/11.4-gcc/build/gcc/xgcc version 13.0.0 20221124 (experimental) [master bcc2449384f2092cbdf5d6ac2357aeabe3212b2e] (GCC)
=== gotools tests ===
FAIL: go test cmd/go
FAIL: TestCgoSignalDeadlock
FAIL: TestGccgoCrashTracebackNodebug
FAIL: TestNeedmDeadlock
FAIL: TestSegv
FAIL: go test runtime
FAIL: go test misc/cgo/test
FAIL: TestCompileWithoutShared
FAIL: TestEarlySignalHandler
FAIL: TestOsSignal
FAIL: TestSigaltstack
FAIL: TestSignalForwarding
FAIL: TestSignalForwardingExternal
FAIL: go test misc/cgo/testcarchive
FAIL: TestVet
FAIL: go test cmd/vet
=== gotools Summary ===
# of expected passes 39
# of unexpected failures 16
# of untested testcases 55
/var/gcc/regression/master/11.4-gcc/build/./gcc/gccgo version 13.0.0 20221124 (experimental) [master bcc2449384f2092cbdf5d6ac2357aeabe3212b2e] (GCC)
=== libatomic tests ===
Running target unix
=== libatomic Summary for unix ===
# of expected passes 44
# of unsupported tests 5
Running target unix/-m64
=== libatomic Summary for unix/-m64 ===
# of expected passes 54
=== libatomic Summary ===
# of expected passes 98
# of unsupported tests 5
=== libffi tests ===
Running target unix
FAIL: libffi.closures/single_entry_structs2.c -W -Wall -Wno-psabi -O0 execution test
=== libffi Summary for unix ===
# of expected passes 1572
# of unexpected failures 1
Running target unix/-m64
=== libffi Summary for unix/-m64 ===
# of expected passes 1574
=== libffi Summary ===
# of expected passes 3146
# of unexpected failures 1
=== libgo tests ===
Running target unix
FAIL: go/types
FAIL: net/http/pprof
FAIL: os/signal
FAIL: runtime
FAIL: runtime/pprof
FAIL: sync/atomic
=== libgo Summary for unix ===
# of expected passes 190
# of unexpected failures 6
Running target unix/-m64
FAIL: encoding/json
FAIL: runtime
FAIL: sync/atomic
=== libgo Summary for unix/-m64 ===
# of expected passes 193
# of unexpected failures 3
=== libgo Summary ===
# of expected passes 383
# of unexpected failures 9
/var/gcc/regression/master/11.4-gcc/build/./gcc/gccgo version 13.0.0 20221124 (experimental) [master bcc2449384f2092cbdf5d6ac2357aeabe3212b2e] (GCC)
=== libgomp tests ===
Running target unix
=== libgomp Summary for unix ===
# of expected passes 14563
# of expected failures 285
# of unsupported tests 670
Running target unix/-m64
WARNING: libgomp.c++/task-reduction-10.C execution test program timed out.
FAIL: libgomp.c++/task-reduction-10.C execution test
WARNING: libgomp.c++/task-reduction-13.C execution test program timed out.
FAIL: libgomp.c++/task-reduction-13.C execution test
=== libgomp Summary for unix/-m64 ===
# of expected passes 14561
# of unexpected failures 2
# of expected failures 285
# of unsupported tests 670
=== libgomp Summary ===
# of expected passes 29124
# of unexpected failures 2
# of expected failures 570
# of unsupported tests 1340
=== libitm tests ===
Running target unix
=== libitm Summary for unix ===
# of expected passes 44
# of expected failures 3
# of unsupported tests 1
Running target unix/-m64
=== libitm Summary for unix/-m64 ===
# of expected passes 44
# of expected failures 3
# of unsupported tests 1
=== libitm Summary ===
# of expected passes 88
# of expected failures 6
# of unsupported tests 2
=== libphobos tests ===
Running target unix
WARNING: libphobos.gc/startbackgc.d execution test program timed out.
FAIL: libphobos.gc/startbackgc.d execution test
FAIL: libphobos.phobos/std/datetime/date.d execution test
FAIL: libphobos.phobos/std/datetime/systime.d execution test
FAIL: libphobos.phobos/std/datetime/timezone.d execution test
FAIL: libphobos.phobos/std/digest/murmurhash.d execution test
FAIL: libphobos.phobos/std/experimental/allocator/building_blocks/region.d execution test
FAIL: libphobos.phobos/std/format/internal/floats.d (test for excess errors)
FAIL: libphobos.phobos/std/internal/math/gammafunction.d execution test
FAIL: libphobos.phobos/std/mmfile.d execution test
WARNING: libphobos.phobos/std/net/curl.d execution test program timed out.
FAIL: libphobos.phobos/std/net/curl.d execution test
FAIL: libphobos.phobos/std/parallelism.d execution test
FAIL: libphobos.phobos/std/regex/internal/kickstart.d execution test
FAIL: libphobos.phobos/std/regex/internal/tests.d execution test
FAIL: libphobos.phobos/std/regex/internal/tests2.d execution test
FAIL: libphobos.phobos/std/regex/package.d execution test
FAIL: libphobos.phobos/std/stdio.d execution test
FAIL: libphobos.phobos_shared/std/datetime/date.d execution test
FAIL: libphobos.phobos_shared/std/datetime/systime.d execution test
FAIL: libphobos.phobos_shared/std/datetime/timezone.d execution test
FAIL: libphobos.phobos_shared/std/digest/murmurhash.d execution test
FAIL: libphobos.phobos_shared/std/experimental/allocator/building_blocks/region.d execution test
FAIL: libphobos.phobos_shared/std/format/internal/floats.d (test for excess errors)
FAIL: libphobos.phobos_shared/std/internal/math/gammafunction.d execution test
FAIL: libphobos.phobos_shared/std/mmfile.d execution test
WARNING: libphobos.phobos_shared/std/net/curl.d execution test program timed out.
FAIL: libphobos.phobos_shared/std/net/curl.d execution test
FAIL: libphobos.phobos_shared/std/parallelism.d execution test
FAIL: libphobos.phobos_shared/std/regex/internal/kickstart.d execution test
FAIL: libphobos.phobos_shared/std/regex/internal/tests.d execution test
FAIL: libphobos.phobos_shared/std/regex/internal/tests2.d execution test
FAIL: libphobos.phobos_shared/std/regex/package.d execution test
FAIL: libphobos.phobos_shared/std/stdio.d execution test
FAIL: libphobos.shared/finalize.d -shared-libphobos -ldl execution test
FAIL: libphobos.shared/load.d -shared-libphobos -ldl execution test
FAIL: libphobos.shared/load_13414.d -shared-libphobos -ldl execution test
=== libphobos Summary for unix ===
# of expected passes 1071
# of unexpected failures 34
Running target unix/-m64
FAIL: libphobos.exceptions/assert_fail.d execution test
WARNING: libphobos.phobos/std/array.d (test for excess errors) program timed out.
FAIL: libphobos.phobos/std/array.d (test for excess errors)
UNRESOLVED: libphobos.phobos/std/array.d compilation failed to produce executable
FAIL: libphobos.phobos/std/datetime/date.d execution test
FAIL: libphobos.phobos/std/datetime/interval.d execution test
FAIL: libphobos.phobos/std/datetime/systime.d execution test
FAIL: libphobos.phobos/std/datetime/timezone.d execution test
FAIL: libphobos.phobos/std/digest/murmurhash.d execution test
FAIL: libphobos.phobos/std/experimental/allocator/building_blocks/region.d execution test
FAIL: libphobos.phobos/std/file.d execution test
FAIL: libphobos.phobos/std/format/internal/floats.d (test for excess errors)
FAIL: libphobos.phobos/std/internal/math/gammafunction.d execution test
FAIL: libphobos.phobos/std/parallelism.d execution test
FAIL: libphobos.phobos/std/regex/internal/kickstart.d execution test
FAIL: libphobos.phobos/std/regex/internal/tests.d execution test
FAIL: libphobos.phobos/std/regex/internal/tests2.d execution test
FAIL: libphobos.phobos/std/regex/package.d execution test
WARNING: libphobos.phobos_shared/std/array.d (test for excess errors) program timed out.
FAIL: libphobos.phobos_shared/std/array.d (test for excess errors)
UNRESOLVED: libphobos.phobos_shared/std/array.d compilation failed to produce executable
FAIL: libphobos.phobos_shared/std/datetime/date.d execution test
FAIL: libphobos.phobos_shared/std/datetime/interval.d execution test
FAIL: libphobos.phobos_shared/std/datetime/systime.d execution test
FAIL: libphobos.phobos_shared/std/datetime/timezone.d execution test
FAIL: libphobos.phobos_shared/std/digest/murmurhash.d execution test
FAIL: libphobos.phobos_shared/std/experimental/allocator/building_blocks/region.d execution test
FAIL: libphobos.phobos_shared/std/file.d execution test
FAIL: libphobos.phobos_shared/std/format/internal/floats.d (test for excess errors)
FAIL: libphobos.phobos_shared/std/internal/math/gammafunction.d execution test
FAIL: libphobos.phobos_shared/std/parallelism.d execution test
FAIL: libphobos.phobos_shared/std/regex/internal/kickstart.d execution test
FAIL: libphobos.phobos_shared/std/regex/internal/tests.d execution test
FAIL: libphobos.phobos_shared/std/regex/internal/tests2.d execution test
FAIL: libphobos.phobos_shared/std/regex/package.d execution test
FAIL: libphobos.shared/finalize.d -shared-libphobos -ldl execution test
FAIL: libphobos.shared/load.d -shared-libphobos -ldl execution test
FAIL: libphobos.shared/load_13414.d -shared-libphobos -ldl execution test
=== libphobos Summary for unix/-m64 ===
# of expected passes 1069
# of unexpected failures 34
# of unresolved testcases 2
=== libphobos Summary ===
# of expected passes 2140
# of unexpected failures 68
# of unresolved testcases 2
=== libstdc++ tests ===
Running target unix
=== libstdc++ Summary for unix ===
# of expected passes 15374
# of expected failures 99
# of unsupported tests 764
Running target unix/-m64
FAIL: 29_atomics/atomic/compare_exchange_padding.cc execution test
FAIL: 29_atomics/atomic_ref/compare_exchange_padding.cc execution test
=== libstdc++ Summary for unix/-m64 ===
# of expected passes 15368
# of unexpected failures 2
# of expected failures 99
# of unsupported tests 766
=== libstdc++ Summary ===
# of expected passes 30742
# of unexpected failures 2
# of expected failures 198
# of unsupported tests 1530
Compiler version: 13.0.0 20221124 (experimental) [master bcc2449384f2092cbdf5d6ac2357aeabe3212b2e] (GCC)
Platform: sparc-sun-solaris2.11
configure flags: --prefix=/vol/gcc --target=sparc-sun-solaris2.11 --enable-objc-gc --with-target-bdw-gc-include=/vol/gcc/include --with-target-bdw-gc-lib=/vol/gcc/lib,sparcv9=/vol/gcc/lib/sparcv9 --with-as=/usr/ccs/bin/as --without-gnu-as --with-gmp-include=/vol/gcc/include --with-gmp-lib=/vol/gcc/lib --with-mpfr-include=/vol/gcc/include --with-mpfr-lib=/vol/gcc/lib --with-mpc-include=/vol/gcc/include --with-mpc-lib=/vol/gcc/lib --enable-languages=all,ada,obj-c++,go --with-isl-include=/vol/gcc/include --with-isl-lib=/vol/gcc/lib --with-zstd-include=/vol/gcc/include --with-zstd-lib=/vol/gcc/lib --build=sparc-sun-solaris2.11 --host=sparc-sun-solaris2.11
BOOT_CFLAGS=-g -O2
More information about the Gcc-testresults
mailing list