Results for 12.2.1 20221125 (GCC) testsuite on hppa64-hp-hpux11.11
John David Anglin
dave.anglin@bell.net
Sat Nov 26 13:30:43 GMT 2022
Native configuration is hppa64-hp-hpux11.11
=== g++ tests ===
Running target unix
FAIL: c-c++-common/Wattributes.c -std=gnu++98 (test for excess errors)
FAIL: c-c++-common/Wattributes.c -std=gnu++14 (test for excess errors)
FAIL: c-c++-common/Wattributes.c -std=gnu++17 (test for excess errors)
FAIL: c-c++-common/Wattributes.c -std=gnu++20 (test for excess errors)
FAIL: g++.dg/opt/pr92610.C -std=gnu++14 (internal compiler error: in extract_insn, at recog.cc:2791)
FAIL: g++.dg/opt/pr92610.C -std=gnu++14 (test for excess errors)
FAIL: g++.dg/opt/pr92610.C -std=gnu++17 (internal compiler error: in extract_insn, at recog.cc:2791)
FAIL: g++.dg/opt/pr92610.C -std=gnu++17 (test for excess errors)
FAIL: g++.dg/opt/pr92610.C -std=gnu++20 (internal compiler error: in extract_insn, at recog.cc:2791)
FAIL: g++.dg/opt/pr92610.C -std=gnu++20 (test for excess errors)
FAIL: g++.dg/other/pr104989.C -std=gnu++98 (internal compiler error: Segmentation fault)
FAIL: g++.dg/other/pr104989.C -std=gnu++14 (internal compiler error: Segmentation fault)
FAIL: g++.dg/other/pr104989.C -std=gnu++17 (internal compiler error: Segmentation fault)
FAIL: g++.dg/other/pr104989.C -std=gnu++20 (internal compiler error: Segmentation fault)
FAIL: g++.dg/other/pr84964.C -std=c++98 (internal compiler error: Segmentation fault)
FAIL: g++.dg/other/pr84964.C -std=c++14 (internal compiler error: Segmentation fault)
FAIL: g++.dg/other/pr84964.C -std=c++17 (internal compiler error: Segmentation fault)
FAIL: g++.dg/other/pr84964.C -std=c++20 (internal compiler error: Segmentation fault)
FAIL: g++.dg/pr104869.C (test for excess errors)
ERROR: error deleting "guality_check1408.exe": text file or pseudo-device busy
ERROR: error deleting "guality_check6801.exe": text file or pseudo-device busy
WARNING: tcl error sourcing /home/dave/gnu/gcc/gcc/gcc/testsuite/g++.dg/guality/guality.exp. program timed out.
ERROR: tcl error sourcing /home/dave/gnu/gcc/gcc/gcc/testsuite/g++.dg/guality/guality.exp.
ERROR: tcl error code POSIX ETXTBSY {text file or pseudo-device busy}
WARNING: tcl error sourcing /home/dave/gnu/gcc/gcc/gcc/testsuite/g++.dg/guality/guality.exp. program timed out.
ERROR: tcl error sourcing /home/dave/gnu/gcc/gcc/gcc/testsuite/g++.dg/guality/guality.exp.
ERROR: tcl error code POSIX ETXTBSY {text file or pseudo-device busy}
UNRESOLVED: testcase '/home/dave/gnu/gcc/gcc/gcc/testsuite/g++.dg/guality/guality.exp' aborted due to Tcl error
UNRESOLVED: testcase '/home/dave/gnu/gcc/gcc/gcc/testsuite/g++.dg/guality/guality.exp' aborted due to Tcl error
FAIL: g++-dg-lto-inline-crossmodule-1-01.exe scan-wpa-ipa-dump-times inline "Inlined key[^\\\\n]*\\\\(cross module\\\\)" 1
FAIL: g++-dg-lto-inline-crossmodule-1-01.exe scan-wpa-ipa-dump-times inline "\\\\(cross module\\\\)" 1
FAIL: g++.dg/lto/alias-1 cp_lto_alias-1_0.o-cp_lto_alias-1_1.o execute -O3 -flto
FAIL: g++.dg/lto/alias-2 cp_lto_alias-2_0.o-cp_lto_alias-2_1.o execute -O3 -flto
FAIL: g++.dg/lto/alias-3 cp_lto_alias-3_0.o-cp_lto_alias-3_1.o execute -O3 -flto -fno-early-inlining
FAIL: g++.dg/lto/alias-5 cp_lto_alias-5_0.o-cp_lto_alias-5_2.o execute -O3 -flto
FAIL: g++.dg/lto/pr70929 cp_lto_pr70929_0.o-cp_lto_pr70929_1.o execute -O3 -flto
FAIL: g++.dg/modules/bad-mapper-1.C -std=c++17 at line 3 (test for errors, line )
FAIL: g++.dg/modules/bad-mapper-1.C -std=c++17 (test for excess errors)
FAIL: g++.dg/modules/bad-mapper-1.C -std=c++2a at line 3 (test for errors, line )
FAIL: g++.dg/modules/bad-mapper-1.C -std=c++2a (test for excess errors)
FAIL: g++.dg/modules/bad-mapper-1.C -std=c++2b at line 3 (test for errors, line )
FAIL: g++.dg/modules/bad-mapper-1.C -std=c++2b (test for excess errors)
FAIL: g++.dg/modules/bad-mapper-3.C -std=c++17 at line 3 (test for errors, line )
FAIL: g++.dg/modules/bad-mapper-3.C -std=c++17 (test for excess errors)
FAIL: g++.dg/modules/bad-mapper-3.C -std=c++2a at line 3 (test for errors, line )
FAIL: g++.dg/modules/bad-mapper-3.C -std=c++2a (test for excess errors)
FAIL: g++.dg/modules/bad-mapper-3.C -std=c++2b at line 3 (test for errors, line )
FAIL: g++.dg/modules/bad-mapper-3.C -std=c++2b (test for excess errors)
FAIL: g++.dg/modules/pr98531-1_a.H module-cmi (gcm.cache/\$srcdir/g++.dg/modules/pr98531-1_a.H.gcm)
FAIL: g++.dg/modules/pr98531-1_a.H module-cmi (gcm.cache/\$srcdir/g++.dg/modules/pr98531-1_a.H.gcm)
FAIL: g++.dg/modules/pr98531-1_a.H module-cmi (gcm.cache/\$srcdir/g++.dg/modules/pr98531-1_a.H.gcm)
FAIL: g++.dg/modules/pr99425-2_b.X -std=c++2a (test for excess errors)
FAIL: g++.dg/modules/pr99425-2_b.X -std=c++2b (test for excess errors)
ERROR: tcl error sourcing /home/dave/gnu/gcc/gcc/gcc/testsuite/g++.dg/simulate-thread/simulate-thread.exp.
ERROR: tcl error code NONE
ERROR: tcl error sourcing /home/dave/gnu/gcc/gcc/gcc/testsuite/g++.dg/simulate-thread/simulate-thread.exp.
ERROR: tcl error code NONE
UNRESOLVED: testcase '/home/dave/gnu/gcc/gcc/gcc/testsuite/g++.dg/simulate-thread/simulate-thread.exp' aborted due to Tcl error
UNRESOLVED: testcase '/home/dave/gnu/gcc/gcc/gcc/testsuite/g++.dg/simulate-thread/simulate-thread.exp' aborted due to Tcl error
ERROR: torture-init: torture_without_loops is not empty as expected
ERROR: torture-init: torture_without_loops is not empty as expected
FAIL: c-c++-common/torture/asm-inline.c -Og scan-assembler-times x.x.x.x.x.x.x.x.x.x.x.x.x.x.x.x.x.x.x.x.x.x.x.x.x.x.x.x.x.x 8
FAIL: g++.dg/torture/pr62175.C -O0 (internal compiler error: in extract_insn, at recog.cc:2791)
FAIL: g++.dg/torture/pr62175.C -O0 (test for excess errors)
FAIL: g++.dg/torture/pr62175.C -Og (internal compiler error: in extract_insn, at recog.cc:2791)
FAIL: g++.dg/torture/pr62175.C -Og (test for excess errors)
ERROR: tcl error sourcing /home/dave/gnu/gcc/gcc/gcc/testsuite/g++.dg/torture/stackalign/stackalign.exp.
ERROR: tcl error code NONE
ERROR: tcl error sourcing /home/dave/gnu/gcc/gcc/gcc/testsuite/g++.dg/torture/stackalign/stackalign.exp.
ERROR: tcl error code NONE
UNRESOLVED: testcase '/home/dave/gnu/gcc/gcc/gcc/testsuite/g++.dg/torture/stackalign/stackalign.exp' aborted due to Tcl error
UNRESOLVED: testcase '/home/dave/gnu/gcc/gcc/gcc/testsuite/g++.dg/torture/stackalign/stackalign.exp' aborted due to Tcl error
ERROR: torture-init: torture_without_loops is not empty as expected
ERROR: torture-init: torture_without_loops is not empty as expected
ERROR: tcl error sourcing /home/dave/gnu/gcc/gcc/gcc/testsuite/g++.dg/tsan/tsan.exp.
ERROR: tcl error code NONE
ERROR: tcl error sourcing /home/dave/gnu/gcc/gcc/gcc/testsuite/g++.dg/tsan/tsan.exp.
ERROR: tcl error code NONE
UNRESOLVED: testcase '/home/dave/gnu/gcc/gcc/gcc/testsuite/g++.dg/tsan/tsan.exp' aborted due to Tcl error
UNRESOLVED: testcase '/home/dave/gnu/gcc/gcc/gcc/testsuite/g++.dg/tsan/tsan.exp' aborted due to Tcl error
ERROR: torture-init: torture_without_loops is not empty as expected
ERROR: torture-init: torture_without_loops is not empty as expected
=== g++ Summary ===
# of expected passes 217158
# of unexpected failures 48
# of expected failures 1933
# of unresolved testcases 8
# of unsupported tests 10415
=== gcc tests ===
Running target unix
FAIL: gcc.c-torture/execute/ieee/cdivchkf.c compilation, -O0
UNRESOLVED: gcc.c-torture/execute/ieee/cdivchkf.c execution, -O0
FAIL: gcc.c-torture/execute/ieee/cdivchkf.c compilation, -O1
UNRESOLVED: gcc.c-torture/execute/ieee/cdivchkf.c execution, -O1
FAIL: gcc.c-torture/execute/ieee/cdivchkf.c compilation, -O2
UNRESOLVED: gcc.c-torture/execute/ieee/cdivchkf.c execution, -O2
FAIL: gcc.c-torture/execute/ieee/cdivchkf.c compilation, -O3 -fomit-frame-pointer -funroll-loops -fpeel-loops -ftracer -finline-functions
UNRESOLVED: gcc.c-torture/execute/ieee/cdivchkf.c execution, -O3 -fomit-frame-pointer -funroll-loops -fpeel-loops -ftracer -finline-functions
FAIL: gcc.c-torture/execute/ieee/cdivchkf.c compilation, -O3 -g
UNRESOLVED: gcc.c-torture/execute/ieee/cdivchkf.c execution, -O3 -g
FAIL: gcc.c-torture/execute/ieee/cdivchkf.c compilation, -Os
UNRESOLVED: gcc.c-torture/execute/ieee/cdivchkf.c execution, -Os
FAIL: gcc.c-torture/execute/ieee/cdivchkf.c compilation, -Og -g
UNRESOLVED: gcc.c-torture/execute/ieee/cdivchkf.c execution, -Og -g
FAIL: gcc.c-torture/execute/ieee/cdivchkf.c compilation, -O2 -flto -flto-partition=none
UNRESOLVED: gcc.c-torture/execute/ieee/cdivchkf.c execution, -O2 -flto -flto-partition=none
FAIL: gcc.c-torture/execute/ieee/cdivchkf.c compilation, -O2 -flto
UNRESOLVED: gcc.c-torture/execute/ieee/cdivchkf.c execution, -O2 -flto
FAIL: gcc.dg/analyzer/pr104308.c (test for warnings, line 9)
FAIL: gcc.dg/analyzer/pr104308.c (test for warnings, line 10)
FAIL: gcc.dg/analyzer/strndup-1.c (test for excess errors)
FAIL: gcc.dg/atomic/c11-atomic-exec-4.c -O0 (test for excess errors)
UNRESOLVED: gcc.dg/atomic/c11-atomic-exec-4.c -O0 compilation failed to produce executable
FAIL: gcc.dg/atomic/c11-atomic-exec-4.c -O1 (test for excess errors)
UNRESOLVED: gcc.dg/atomic/c11-atomic-exec-4.c -O1 compilation failed to produce executable
FAIL: gcc.dg/atomic/c11-atomic-exec-4.c -O2 (test for excess errors)
UNRESOLVED: gcc.dg/atomic/c11-atomic-exec-4.c -O2 compilation failed to produce executable
FAIL: gcc.dg/atomic/c11-atomic-exec-4.c -O3 -fomit-frame-pointer -funroll-loops -fpeel-loops -ftracer -finline-functions (test for excess errors)
UNRESOLVED: gcc.dg/atomic/c11-atomic-exec-4.c -O3 -fomit-frame-pointer -funroll-loops -fpeel-loops -ftracer -finline-functions compilation failed to produce executable
FAIL: gcc.dg/atomic/c11-atomic-exec-4.c -O3 -g (test for excess errors)
UNRESOLVED: gcc.dg/atomic/c11-atomic-exec-4.c -O3 -g compilation failed to produce executable
FAIL: gcc.dg/atomic/c11-atomic-exec-4.c -Os (test for excess errors)
UNRESOLVED: gcc.dg/atomic/c11-atomic-exec-4.c -Os compilation failed to produce executable
FAIL: gcc.dg/atomic/c11-atomic-exec-4.c -O2 -flto -flto-partition=none (test for excess errors)
UNRESOLVED: gcc.dg/atomic/c11-atomic-exec-4.c -O2 -flto -flto-partition=none compilation failed to produce executable
FAIL: gcc.dg/atomic/c11-atomic-exec-4.c -O2 -flto (test for excess errors)
UNRESOLVED: gcc.dg/atomic/c11-atomic-exec-4.c -O2 -flto compilation failed to produce executable
FAIL: gcc.dg/atomic/c11-atomic-exec-5.c -O0 (test for excess errors)
UNRESOLVED: gcc.dg/atomic/c11-atomic-exec-5.c -O0 compilation failed to produce executable
FAIL: gcc.dg/atomic/c11-atomic-exec-5.c -O1 (test for excess errors)
UNRESOLVED: gcc.dg/atomic/c11-atomic-exec-5.c -O1 compilation failed to produce executable
FAIL: gcc.dg/atomic/c11-atomic-exec-5.c -O2 (test for excess errors)
UNRESOLVED: gcc.dg/atomic/c11-atomic-exec-5.c -O2 compilation failed to produce executable
FAIL: gcc.dg/atomic/c11-atomic-exec-5.c -O3 -fomit-frame-pointer -funroll-loops -fpeel-loops -ftracer -finline-functions (test for excess errors)
UNRESOLVED: gcc.dg/atomic/c11-atomic-exec-5.c -O3 -fomit-frame-pointer -funroll-loops -fpeel-loops -ftracer -finline-functions compilation failed to produce executable
FAIL: gcc.dg/atomic/c11-atomic-exec-5.c -O3 -g (test for excess errors)
UNRESOLVED: gcc.dg/atomic/c11-atomic-exec-5.c -O3 -g compilation failed to produce executable
FAIL: gcc.dg/atomic/c11-atomic-exec-5.c -Os (test for excess errors)
UNRESOLVED: gcc.dg/atomic/c11-atomic-exec-5.c -Os compilation failed to produce executable
FAIL: gcc.dg/atomic/c11-atomic-exec-5.c -O2 -flto -flto-partition=none (test for excess errors)
UNRESOLVED: gcc.dg/atomic/c11-atomic-exec-5.c -O2 -flto -flto-partition=none compilation failed to produce executable
FAIL: gcc.dg/atomic/c11-atomic-exec-5.c -O2 -flto (test for excess errors)
UNRESOLVED: gcc.dg/atomic/c11-atomic-exec-5.c -O2 -flto compilation failed to produce executable
FAIL: gcc.dg/cpp/_Pragma3.c (test for excess errors)
FAIL: c-c++-common/Wattributes.c -Wc++-compat (test for excess errors)
FAIL: gcc.dg/Warray-bounds-48.c pr102706 (test for warnings, line 33)
FAIL: gcc.dg/Warray-bounds-48.c pr102706 (test for warnings, line 133)
FAIL: gcc.dg/Wattributes-6.c (test for excess errors)
FAIL: gcc.dg/Wzero-length-array-bounds-2.c (test for excess errors)
FAIL: gcc.dg/array-quals-1.c scan-assembler-symbol-section symbol ^_?p\$ (found p) has section ^\\\\.(const|rodata|srodata|sdata)|\\\\[RW\\\\] (found .data.rel.ro.local)
FAIL: gcc.dg/array-quals-1.c scan-assembler-symbol-section symbol ^_?q\$ (found q) has section ^\\\\.(const|rodata|srodata|sdata)|\\\\[RW\\\\] (found .data.rel.ro.local)
FAIL: gcc.dg/array-quals-1.c scan-assembler-symbol-section symbol ^_?r\$ (found r) has section ^\\\\.(const|rodata|srodata|sdata)|\\\\[RW\\\\] (found .data.rel.ro.local)
FAIL: gcc.dg/array-quals-1.c scan-assembler-symbol-section symbol ^_?s\$ (found s) has section ^\\\\.(const|rodata|srodata|sdata)|\\\\[RW\\\\] (found .data.rel.ro.local)
FAIL: gcc.dg/array-quals-1.c scan-assembler-symbol-section symbol ^_?t\$ (found t) has section ^\\\\.(const|rodata|srodata|sdata)|\\\\[RW\\\\] (found .data.rel.ro.local)
FAIL: gcc.dg/array-quals-1.c scan-assembler-symbol-section symbol ^_?p1\$ (found p1) has section ^\\\\.(const|rodata|srodata|sdata)|\\\\[RW\\\\] (found .data.rel.ro.local)
FAIL: gcc.dg/array-quals-1.c scan-assembler-symbol-section symbol ^_?q1\$ (found q1) has section ^\\\\.(const|rodata|srodata|sdata)|\\\\[RW\\\\] (found .data.rel.ro.local)
FAIL: gcc.dg/array-quals-1.c scan-assembler-symbol-section symbol ^_?r1\$ (found r1) has section ^\\\\.(const|rodata|srodata|sdata)|\\\\[RW\\\\] (found .data.rel.ro.local)
FAIL: gcc.dg/array-quals-1.c scan-assembler-symbol-section symbol ^_?s1\$ (found s1) has section ^\\\\.(const|rodata|srodata|sdata)|\\\\[RW\\\\] (found .data.rel.ro.local)
FAIL: gcc.dg/array-quals-1.c scan-assembler-symbol-section symbol ^_?t1\$ (found t1) has section ^\\\\.(const|rodata|srodata|sdata)|\\\\[RW\\\\] (found .data.rel.ro.local)
FAIL: gcc.dg/pr100590.c (test for excess errors)
FAIL: gcc.dg/pr105094.c (test for excess errors)
FAIL: gcc.dg/pthread-init-2.c (test for excess errors)
FAIL: gcc.dg/graphite/scop-19.c scan-tree-dump-times graphite "number of SCoPs: 0" 1
ERROR: error deleting "guality_check1272.exe": text file or pseudo-device busy
ERROR: error deleting "guality_check1779.exe": text file or pseudo-device busy
WARNING: tcl error sourcing /home/dave/gnu/gcc/gcc/gcc/testsuite/gcc.dg/guality/guality.exp. program timed out.
ERROR: tcl error sourcing /home/dave/gnu/gcc/gcc/gcc/testsuite/gcc.dg/guality/guality.exp.
ERROR: tcl error code POSIX ETXTBSY {text file or pseudo-device busy}
WARNING: tcl error sourcing /home/dave/gnu/gcc/gcc/gcc/testsuite/gcc.dg/guality/guality.exp. program timed out.
ERROR: tcl error sourcing /home/dave/gnu/gcc/gcc/gcc/testsuite/gcc.dg/guality/guality.exp.
ERROR: tcl error code POSIX ETXTBSY {text file or pseudo-device busy}
UNRESOLVED: testcase '/home/dave/gnu/gcc/gcc/gcc/testsuite/gcc.dg/guality/guality.exp' aborted due to Tcl error
UNRESOLVED: testcase '/home/dave/gnu/gcc/gcc/gcc/testsuite/gcc.dg/guality/guality.exp' aborted due to Tcl error
FAIL: gcc.dg/ipa/ipa-icf-38.c scan-ltrans-tree-dump-not optimized "Function bar"
FAIL: gcc-dg-lto-modref-3-01.exe scan-wpa-ipa-dump modref "parm 1 flags: no_direct_clobber no_direct_escape"
FAIL: gcc-dg-lto-modref-4-01.exe scan-wpa-ipa-dump modref "parm 1 flags: no_direct_clobber no_direct_escape"
FAIL: gcc.dg/lto/20081201-2 c_lto_20081201-2_0.o-c_lto_20081201-2_1.o execute -O3 -flto -flto-partition=1to1
FAIL: gcc.dg/lto/modref-2 c_lto_modref-2_0.o-c_lto_modref-2_0.o link, -O2 -flto-partition=max -flto -fno-ipa-sra
FAIL: gcc.dg/lto/modref-3 c_lto_modref-3_0.o-c_lto_modref-3_1.o execute -O2 -flto-partition=max -fdump-ipa-modref -fno-ipa-sra -fno-ipa-cp -flto
FAIL: gcc.dg/lto/modref-4 c_lto_modref-4_0.o-c_lto_modref-4_1.o execute -O2 -flto-partition=max -fdump-ipa-modref -fno-ipa-sra -flto
ERROR: tcl error sourcing /home/dave/gnu/gcc/gcc/gcc/testsuite/gcc.dg/pch/pch.exp.
ERROR: tcl error code NONE
ERROR: tcl error sourcing /home/dave/gnu/gcc/gcc/gcc/testsuite/gcc.dg/pch/pch.exp.
ERROR: tcl error code NONE
UNRESOLVED: testcase '/home/dave/gnu/gcc/gcc/gcc/testsuite/gcc.dg/pch/pch.exp' aborted due to Tcl error
UNRESOLVED: testcase '/home/dave/gnu/gcc/gcc/gcc/testsuite/gcc.dg/pch/pch.exp' aborted due to Tcl error
ERROR: torture-init: torture_without_loops is not empty as expected
ERROR: torture-init: torture_without_loops is not empty as expected
FAIL: gcc.dg/plugin/must-tail-call-1.c -fplugin=./must_tail_call_plugin.so (test for excess errors)
ERROR: tcl error sourcing /home/dave/gnu/gcc/gcc/gcc/testsuite/gcc.dg/sancov/sancov.exp.
ERROR: tcl error code NONE
ERROR: tcl error sourcing /home/dave/gnu/gcc/gcc/gcc/testsuite/gcc.dg/sancov/sancov.exp.
ERROR: tcl error code NONE
UNRESOLVED: testcase '/home/dave/gnu/gcc/gcc/gcc/testsuite/gcc.dg/sancov/sancov.exp' aborted due to Tcl error
UNRESOLVED: testcase '/home/dave/gnu/gcc/gcc/gcc/testsuite/gcc.dg/sancov/sancov.exp' aborted due to Tcl error
ERROR: torture-init: torture_without_loops is not empty as expected
ERROR: torture-init: torture_without_loops is not empty as expected
ERROR: tcl error sourcing /home/dave/gnu/gcc/gcc/gcc/testsuite/gcc.dg/simulate-thread/simulate-thread.exp.
ERROR: tcl error code NONE
ERROR: tcl error sourcing /home/dave/gnu/gcc/gcc/gcc/testsuite/gcc.dg/simulate-thread/simulate-thread.exp.
ERROR: tcl error code NONE
UNRESOLVED: testcase '/home/dave/gnu/gcc/gcc/gcc/testsuite/gcc.dg/simulate-thread/simulate-thread.exp' aborted due to Tcl error
UNRESOLVED: testcase '/home/dave/gnu/gcc/gcc/gcc/testsuite/gcc.dg/simulate-thread/simulate-thread.exp' aborted due to Tcl error
ERROR: torture-init: torture_without_loops is not empty as expected
ERROR: torture-init: torture_without_loops is not empty as expected
ERROR: tcl error sourcing /home/dave/gnu/gcc/gcc/gcc/testsuite/gcc.dg/sso/sso.exp.
ERROR: tcl error code NONE
ERROR: tcl error sourcing /home/dave/gnu/gcc/gcc/gcc/testsuite/gcc.dg/sso/sso.exp.
ERROR: tcl error code NONE
UNRESOLVED: testcase '/home/dave/gnu/gcc/gcc/gcc/testsuite/gcc.dg/sso/sso.exp' aborted due to Tcl error
UNRESOLVED: testcase '/home/dave/gnu/gcc/gcc/gcc/testsuite/gcc.dg/sso/sso.exp' aborted due to Tcl error
ERROR: torture-init: torture_without_loops is not empty as expected
ERROR: torture-init: torture_without_loops is not empty as expected
FAIL: c-c++-common/torture/asm-inline.c -Og -DPREVENT_OPTIMIZATION scan-assembler-times x.x.x.x.x.x.x.x.x.x.x.x.x.x.x.x.x.x.x.x.x.x.x.x.x.x.x.x.x.x 8
FAIL: gcc.dg/torture/pr100398.c -O0 (test for excess errors)
UNRESOLVED: gcc.dg/torture/pr23821.c -Og -DPREVENT_OPTIMIZATION scan-tree-dump ivcanon "Added canonical iv"
UNRESOLVED: gcc.dg/torture/pr39074-2.c -Og -DPREVENT_OPTIMIZATION scan-tree-dump alias "y.?.._. = { i }"
UNRESOLVED: gcc.dg/torture/pr39074-2.c -Og -DPREVENT_OPTIMIZATION scan-tree-dump alias "y.?.._., points-to NULL, points-to vars: { D..... }"
UNRESOLVED: gcc.dg/torture/pr39074.c -Og -DPREVENT_OPTIMIZATION scan-tree-dump alias "y.?.._. = { i }"
UNRESOLVED: gcc.dg/torture/pr39074.c -Og -DPREVENT_OPTIMIZATION scan-tree-dump alias "y.?.._., points-to NULL, points-to vars: { D..... }"
XPASS: gcc.dg/torture/pr47917.c -O1 -DPREVENT_OPTIMIZATION execution test
XPASS: gcc.dg/torture/pr47917.c -O2 -DPREVENT_OPTIMIZATION execution test
XPASS: gcc.dg/torture/pr47917.c -O3 -g -DPREVENT_OPTIMIZATION execution test
XPASS: gcc.dg/torture/pr47917.c -Os -DPREVENT_OPTIMIZATION execution test
XPASS: gcc.dg/torture/pr47917.c -Og -DPREVENT_OPTIMIZATION execution test
XPASS: gcc.dg/torture/pr47917.c -O2 -flto -flto-partition=none -DPREVENT_OPTIMIZATION execution test
XPASS: gcc.dg/torture/pr47917.c -O2 -flto -DPREVENT_OPTIMIZATION execution test
UNRESOLVED: gcc.dg/torture/pta-callused-1.c -Og -DPREVENT_OPTIMIZATION scan-tree-dump alias "p.?.._. = { i j }"
UNRESOLVED: gcc.dg/torture/pta-escape-1.c -Og -DPREVENT_OPTIMIZATION scan-tree-dump alias "ESCAPED = {[^\\n}]* i [^\\n}]*}"
UNRESOLVED: gcc.dg/torture/pta-ptrarith-1.c -Og -DPREVENT_OPTIMIZATION scan-tree-dump alias "ESCAPED = {[^\\n}]* i f [^\\n}]*}"
UNRESOLVED: gcc.dg/torture/pta-ptrarith-2.c -Og -DPREVENT_OPTIMIZATION scan-tree-dump alias "= { i j }"
UNRESOLVED: gcc.dg/torture/pta-ptrarith-3.c -Og -DPREVENT_OPTIMIZATION scan-tree-dump alias "q_[0-9]* = { i j k }"
UNRESOLVED: gcc.dg/torture/pta-structcopy-1.c -Og -DPREVENT_OPTIMIZATION scan-tree-dump ealias "y.* = { i }"
UNRESOLVED: gcc.dg/torture/pta-structcopy-1.c -Og -DPREVENT_OPTIMIZATION scan-tree-dump ealias "y.*, points-to vars: { D..... }"
FAIL: gcc.dg/torture/restrict-8.c -Og -DPREVENT_OPTIMIZATION scan-tree-dump fre1 "return 1;"
UNRESOLVED: gcc.dg/torture/ssa-pta-fn-1.c -Og -DPREVENT_OPTIMIZATION scan-tree-dump alias "q_const_. = { NONLOCAL i }"
UNRESOLVED: gcc.dg/torture/ssa-pta-fn-1.c -Og -DPREVENT_OPTIMIZATION scan-tree-dump alias "q_pure_. = { ESCAPED NONLOCAL i }"
UNRESOLVED: gcc.dg/torture/ssa-pta-fn-1.c -Og -DPREVENT_OPTIMIZATION scan-tree-dump alias "q_normal_. = { ESCAPED NONLOCAL i }"
ERROR: tcl error sourcing /home/dave/gnu/gcc/gcc/gcc/testsuite/gcc.dg/torture/stackalign/stackalign.exp.
ERROR: tcl error code NONE
ERROR: tcl error sourcing /home/dave/gnu/gcc/gcc/gcc/testsuite/gcc.dg/torture/stackalign/stackalign.exp.
ERROR: tcl error code NONE
UNRESOLVED: testcase '/home/dave/gnu/gcc/gcc/gcc/testsuite/gcc.dg/torture/stackalign/stackalign.exp' aborted due to Tcl error
UNRESOLVED: testcase '/home/dave/gnu/gcc/gcc/gcc/testsuite/gcc.dg/torture/stackalign/stackalign.exp' aborted due to Tcl error
ERROR: torture-init: torture_without_loops is not empty as expected
ERROR: torture-init: torture_without_loops is not empty as expected
ERROR: tcl error sourcing /home/dave/gnu/gcc/gcc/gcc/testsuite/gcc.dg/torture/tls/tls.exp.
ERROR: tcl error code NONE
ERROR: tcl error sourcing /home/dave/gnu/gcc/gcc/gcc/testsuite/gcc.dg/torture/tls/tls.exp.
ERROR: tcl error code NONE
UNRESOLVED: testcase '/home/dave/gnu/gcc/gcc/gcc/testsuite/gcc.dg/torture/tls/tls.exp' aborted due to Tcl error
UNRESOLVED: testcase '/home/dave/gnu/gcc/gcc/gcc/testsuite/gcc.dg/torture/tls/tls.exp' aborted due to Tcl error
ERROR: torture-init: torture_without_loops is not empty as expected
ERROR: torture-init: torture_without_loops is not empty as expected
FAIL: gcc.dg/tree-ssa/slsr-13.c scan-tree-dump-times optimized " \\\\* 4" 2
FAIL: gcc.dg/tree-ssa/slsr-13.c scan-tree-dump-times optimized " \\\\* 5" 0
FAIL: gcc.dg/tree-ssa/sra-17.c scan-tree-dump-times esra "Removing load: a = \\\\*.?L.?C.?.?.?0;" 1
FAIL: gcc.dg/tree-ssa/sra-17.c scan-tree-dump-times esra "SR[.\$][0-9_]+ = \\\\*.?L.?C.?.?.?0\\\\[" 4
FAIL: gcc.dg/tree-ssa/sra-18.c scan-tree-dump-times esra "Removing load: a = \\\\*.?L.?C.?.?.?0;" 1
FAIL: gcc.dg/tree-ssa/sra-18.c scan-tree-dump-times esra "SR[.\$][0-9_]+ = \\\\*.?L.?C.?.?.?0\\\\.b\\\\[0\\\\]\\\\.f\\\\[0\\\\]\\\\.x" 1
FAIL: gcc.dg/tree-ssa/sra-18.c scan-tree-dump-times esra "SR[.\$][0-9_]+ = \\\\*.?L.?C.?.?.?0\\\\.b\\\\[0\\\\]\\\\.f\\\\[1\\\\]\\\\.x" 1
FAIL: gcc.dg/tree-ssa/sra-18.c scan-tree-dump-times esra "SR[.\$][0-9_]+ = \\\\*.?L.?C.?.?.?0\\\\.b\\\\[1\\\\]\\\\.f\\\\[0\\\\]\\\\.x" 1
FAIL: gcc.dg/tree-ssa/sra-18.c scan-tree-dump-times esra "SR[.\$][0-9_]+ = \\\\*.?L.?C.?.?.?0\\\\.b\\\\[1\\\\]\\\\.f\\\\[1\\\\]\\\\.x" 1
FAIL: gcc.dg/tree-ssa/ssa-sink-18.c scan-tree-dump-times sink2 "Sunk statements: 4" 1
ERROR: tcl error sourcing /home/dave/gnu/gcc/gcc/gcc/testsuite/gcc.dg/tsan/tsan.exp.
ERROR: tcl error code NONE
ERROR: tcl error sourcing /home/dave/gnu/gcc/gcc/gcc/testsuite/gcc.dg/tsan/tsan.exp.
ERROR: tcl error code NONE
UNRESOLVED: testcase '/home/dave/gnu/gcc/gcc/gcc/testsuite/gcc.dg/tsan/tsan.exp' aborted due to Tcl error
UNRESOLVED: testcase '/home/dave/gnu/gcc/gcc/gcc/testsuite/gcc.dg/tsan/tsan.exp' aborted due to Tcl error
ERROR: torture-init: torture_without_loops is not empty as expected
ERROR: torture-init: torture_without_loops is not empty as expected
ERROR: tcl error sourcing /home/dave/gnu/gcc/gcc/gcc/testsuite/gcc.misc-tests/i386-prefetch.exp.
ERROR: tcl error code NONE
ERROR: tcl error sourcing /home/dave/gnu/gcc/gcc/gcc/testsuite/gcc.misc-tests/i386-prefetch.exp.
ERROR: tcl error code NONE
UNRESOLVED: testcase '/home/dave/gnu/gcc/gcc/gcc/testsuite/gcc.misc-tests/i386-prefetch.exp' aborted due to Tcl error
UNRESOLVED: testcase '/home/dave/gnu/gcc/gcc/gcc/testsuite/gcc.misc-tests/i386-prefetch.exp' aborted due to Tcl error
ERROR: torture-init: torture_without_loops is not empty as expected
ERROR: torture-init: torture_without_loops is not empty as expected
=== gcc Summary ===
# of expected passes 128999
# of unexpected failures 69
# of unexpected successes 7
# of expected failures 1050
# of unresolved testcases 58
# of unsupported tests 2546
=== gfortran tests ===
Running target unix
FAIL: gfortran.dg/bind_c_coms.f90 -O0 (test for excess errors)
FAIL: gfortran.dg/bind_c_coms.f90 -O1 (test for excess errors)
FAIL: gfortran.dg/bind_c_coms.f90 -O2 (test for excess errors)
FAIL: gfortran.dg/bind_c_coms.f90 -O3 -fomit-frame-pointer -funroll-loops -fpeel-loops -ftracer -finline-functions (test for excess errors)
FAIL: gfortran.dg/bind_c_coms.f90 -O3 -g (test for excess errors)
FAIL: gfortran.dg/bind_c_coms.f90 -Os (test for excess errors)
FAIL: gfortran.dg/bind_c_vars.f90 -O0 (test for excess errors)
FAIL: gfortran.dg/bind_c_vars.f90 -O1 (test for excess errors)
FAIL: gfortran.dg/bind_c_vars.f90 -O2 (test for excess errors)
FAIL: gfortran.dg/bind_c_vars.f90 -O3 -fomit-frame-pointer -funroll-loops -fpeel-loops -ftracer -finline-functions (test for excess errors)
FAIL: gfortran.dg/bind_c_vars.f90 -O3 -g (test for excess errors)
FAIL: gfortran.dg/bind_c_vars.f90 -Os (test for excess errors)
FAIL: gfortran.dg/dec_math.f90 -O0 (test for excess errors)
FAIL: gfortran.dg/dec_math.f90 -O0 execution test
FAIL: gfortran.dg/dec_math.f90 -O1 (test for excess errors)
FAIL: gfortran.dg/dec_math.f90 -O1 execution test
FAIL: gfortran.dg/dec_math.f90 -O2 (test for excess errors)
FAIL: gfortran.dg/dec_math.f90 -O2 execution test
FAIL: gfortran.dg/dec_math.f90 -O3 -fomit-frame-pointer -funroll-loops -fpeel-loops -ftracer -finline-functions (test for excess errors)
FAIL: gfortran.dg/dec_math.f90 -O3 -fomit-frame-pointer -funroll-loops -fpeel-loops -ftracer -finline-functions execution test
FAIL: gfortran.dg/dec_math.f90 -O3 -g (test for excess errors)
FAIL: gfortran.dg/dec_math.f90 -O3 -g execution test
FAIL: gfortran.dg/dec_math.f90 -Os (test for excess errors)
FAIL: gfortran.dg/dec_math.f90 -Os execution test
FAIL: gfortran.dg/fmt_f_default_field_width_3.f90 -O (test for excess errors)
FAIL: gfortran.dg/fmt_g_default_field_width_3.f90 -O (test for excess errors)
FAIL: gfortran.dg/pr84117.f90 -O (internal compiler error: in extract_insn, at recog.cc:2791)
FAIL: gfortran.dg/pr84117.f90 -O (test for excess errors)
FAIL: gfortran.dg/pr95690.f90 -O (test for errors, line 6)
FAIL: gfortran.dg/pr95690.f90 -O (test for excess errors)
=== gfortran Summary ===
# of expected passes 64501
# of unexpected failures 30
# of expected failures 308
# of unsupported tests 420
/home/dave/gnu/gcc/objdir64/gcc/gfortran version 12.2.1 20221125 (GCC)
=== obj-c++ tests ===
Running target unix
=== obj-c++ Summary ===
# of expected passes 1502
# of expected failures 10
# of unsupported tests 79
/home/dave/gnu/gcc/objdir64/gcc/xg++ version 12.2.1 20221125 (GCC)
=== objc tests ===
Running target unix
=== objc Summary ===
# of expected passes 2846
# of unsupported tests 71
/home/dave/gnu/gcc/objdir64/gcc/xgcc version 12.2.1 20221125 (GCC)
=== libatomic tests ===
Running target unix
=== libatomic Summary ===
# of expected passes 54
=== libgomp tests ===
Running target unix
WARNING: program timed out
FAIL: libgomp.fortran/alloc-comp-3.f90 -O0 (test for excess errors)
UNRESOLVED: libgomp.fortran/alloc-comp-3.f90 -O0 compilation failed to produce executable
FAIL: libgomp.oacc-c++/../libgomp.oacc-c-c++-common/data-clauses-kernels-ipa-pta.c -DACC_DEVICE_TYPE_host=1 -DACC_MEM_SHARED=1 -foffload=disable -O2 (test for excess errors)
=== libgomp Summary ===
# of expected passes 13739
# of unexpected failures 2
# of expected failures 213
# of unresolved testcases 1
# of unsupported tests 643
=== libstdc++ tests ===
Running target unix
FAIL: 20_util/from_chars/4.cc execution test
FAIL: 20_util/to_chars/long_double.cc (test for excess errors)
UNRESOLVED: 20_util/to_chars/long_double.cc compilation failed to produce executable
FAIL: 26_numerics/complex/proj.cc execution test
FAIL: 27_io/basic_ofstream/open/char/noreplace.cc execution test
FAIL: 27_io/basic_ofstream/open/wchar_t/noreplace.cc execution test
WARNING: 30_threads/barrier/arrive_and_wait.cc execution test program timed out.
FAIL: 30_threads/barrier/arrive_and_wait.cc execution test
FAIL: 30_threads/jthread/95989.cc (test for excess errors)
FAIL: 30_threads/jthread/95989.cc execution test
FAIL: experimental/memory_resource/resource_adaptor.cc execution test
FAIL: std/ranges/adaptors/split.cc (test for excess errors)
UNRESOLVED: std/ranges/adaptors/split.cc compilation failed to produce executable
=== libstdc++ Summary ===
# of expected passes 13655
# of unexpected failures 10
# of expected failures 95
# of unresolved testcases 2
# of unsupported tests 1042
Compiler version: 12.2.1 20221125 (GCC)
Platform: hppa64-hp-hpux11.11
configure flags: --without-zstd --with-gnu-as --with-as=/opt/gnu64/bin/as --with-ld=/usr/ccs/bin/ld --enable-shared --with-local-prefix=/opt/gnu64 --prefix=/opt/gnu64/gcc/gcc-12 --disable-nls --without-libiconv-prefix --without-libintl-prefix --enable-threads=posix --with-gmp=/opt/gnu64/gcc/gmp --with-isl=/opt/gnu64/gcc/gmp --with-stage1-ldflags='-Wl,+b -Wl,/opt/gnu64/gcc/gcc-12/lib:/opt/gnu64/lib' --with-boot-ldflags='-Wl,+b -Wl,/opt/gnu64/gcc/gcc-12/lib:/opt/gnu64/lib' --enable-checking=release --enable-libgomp --enable-languages=c,c++,fortran,objc,obj-c++
More information about the Gcc-testresults
mailing list