Results for gcc gm2 testsuite on i686-pc-linux-gnu
Gaius Mulley
gaiusmod2@gmail.com
Tue Nov 22 01:36:57 GMT 2022
gcc-branch: devel/modula-2
git commit 1e33c0019babcb613313ee9a364b65274b4d45c7
Linux 5.10.0-14-686-pae #1 SMP Debian 5.10.113-1 (2022-04-29) i686 unknown GNU/Linux
GNU ld (GNU Binutils for Debian) 2.35.2
GNU assembler (GNU Binutils for Debian) 2.35.2
GNU Make 4.3
GNU dejagnu: 1.6.2-1
GNU g++: 10.2.1-6
GNU libc: 2.31-13+deb11u3
Native configuration is i686-pc-linux-gnu
=== gm2 tests ===
Running target unix
WARNING: program timed out.
FAIL: gm2/coroutines/pim/run/pass/testtransfer.mod execution, -Os
FAIL: gm2/pim/pass/TestLong4.mod, -g
FAIL: gm2/pim/pass/TestLong4.mod, -O
FAIL: gm2/pim/pass/TestLong4.mod, -O -g
FAIL: gm2/pim/pass/TestLong4.mod, -Os
FAIL: gm2/pim/pass/TestLong4.mod, -O3 -fomit-frame-pointer
FAIL: gm2/pim/pass/TestLong4.mod, -O3 -fomit-frame-pointer -finline-functions
=== gm2 Summary ===
# of expected passes 11831
# of unexpected failures 7
Compiler version: gcc gm2
Platform: i686-pc-linux-gnu
configure flags: --enable-languages=c,c++,m2 --enable-bootstrap
More information about the Gcc-testresults
mailing list