Results for 13.0.0 20221117 (experimental) [master 20d2a8c24f3ca487ffd35fefcc9b1562bb10b609] (GCC) testsuite on i386-pc-solaris2.11
Rainer Orth
ro@CeBiTec.Uni-Bielefeld.DE
Sun Nov 20 11:03:44 GMT 2022
LAST_UPDATED: Fri Nov 18 10:45:03 UTC 2022 (revision 20d2a8c24f3ca487ffd35fefcc9b1562bb10b609)
=== acats tests ===
=== acats Summary ===
# of expected passes 2328
# of unexpected failures 0
Native configuration is i386-pc-solaris2.11
=== g++ tests ===
Running target unix
FAIL: g++.dg/asan/default-options-1.C -O0 execution test
FAIL: g++.dg/asan/default-options-1.C -O1 execution test
FAIL: g++.dg/asan/default-options-1.C -O2 execution test
FAIL: g++.dg/asan/default-options-1.C -O2 -flto execution test
FAIL: g++.dg/asan/default-options-1.C -O2 -flto -flto-partition=none execution test
FAIL: g++.dg/asan/default-options-1.C -O3 -g execution test
FAIL: g++.dg/asan/default-options-1.C -Os execution test
FAIL: c-c++-common/diagnostic-format-sarif-file-4.c -std=gnu++14 scan-sarif-file "text": " int \\\\u6587\\\\u5b57\\\\u5316\\\\u3051 =
FAIL: c-c++-common/diagnostic-format-sarif-file-4.c -std=gnu++17 scan-sarif-file "text": " int \\\\u6587\\\\u5b57\\\\u5316\\\\u3051 =
FAIL: c-c++-common/diagnostic-format-sarif-file-4.c -std=gnu++20 scan-sarif-file "text": " int \\\\u6587\\\\u5b57\\\\u5316\\\\u3051 =
FAIL: c-c++-common/diagnostic-format-sarif-file-4.c -std=gnu++98 scan-sarif-file "text": " int \\\\u6587\\\\u5b57\\\\u5316\\\\u3051 =
FAIL: c-c++-common/pr103798-2.c -std=gnu++14 scan-assembler-not memchr
FAIL: c-c++-common/pr103798-2.c -std=gnu++17 scan-assembler-not memchr
FAIL: c-c++-common/pr103798-2.c -std=gnu++20 scan-assembler-not memchr
FAIL: c-c++-common/pr103798-2.c -std=gnu++98 scan-assembler-not memchr
FAIL: g++.dg/pr71488.C (test for excess errors)
FAIL: g++.dg/warn/Warray-bounds-16.C -std=gnu++14 (test for excess errors)
FAIL: g++.dg/warn/Warray-bounds-16.C -std=gnu++17 (test for excess errors)
FAIL: g++.dg/warn/Warray-bounds-16.C -std=gnu++20 (test for excess errors)
FAIL: g++.dg/warn/Warray-bounds-16.C -std=gnu++98 (test for excess errors)
FAIL: g++.dg/warn/Wstringop-overflow-4.C -std=gnu++98 (test for excess errors)
FAIL: g++.dg/gcov/pr16855-priority.C -std=gnu++14 gcov: 12 failures in line counts, 0 in branch percentages, 0 in return percentages, 0 in intermediate format
FAIL: g++.dg/gcov/pr16855-priority.C -std=gnu++14 line 14: is 2:should be 1
FAIL: g++.dg/gcov/pr16855-priority.C -std=gnu++14 line 21: is 2:should be 1
FAIL: g++.dg/gcov/pr16855-priority.C -std=gnu++14 line 23: is #####:should be 1
FAIL: g++.dg/gcov/pr16855-priority.C -std=gnu++14 line 37: is 2:should be 1
FAIL: g++.dg/gcov/pr16855-priority.C -std=gnu++14 line 43: is 2:should be 1
FAIL: g++.dg/gcov/pr16855-priority.C -std=gnu++14 line 48: is 2:should be 1
FAIL: g++.dg/gcov/pr16855-priority.C -std=gnu++14 line 53: is 2:should be 1
FAIL: g++.dg/gcov/pr16855-priority.C -std=gnu++14 line 58: is 2:should be 1
FAIL: g++.dg/gcov/pr16855-priority.C -std=gnu++14 line 63: is 2:should be 1
FAIL: g++.dg/gcov/pr16855-priority.C -std=gnu++14 line 68: is 2:should be 1
FAIL: g++.dg/gcov/pr16855-priority.C -std=gnu++14 line 73: is 2:should be 1
FAIL: g++.dg/gcov/pr16855-priority.C -std=gnu++14 line 78: is 2:should be 1
FAIL: g++.dg/gcov/pr16855-priority.C -std=gnu++17 gcov: 12 failures in line counts, 0 in branch percentages, 0 in return percentages, 0 in intermediate format
FAIL: g++.dg/gcov/pr16855-priority.C -std=gnu++17 line 14: is 3:should be 1
FAIL: g++.dg/gcov/pr16855-priority.C -std=gnu++17 line 21: is 3:should be 1
FAIL: g++.dg/gcov/pr16855-priority.C -std=gnu++17 line 23: is #####:should be 1
FAIL: g++.dg/gcov/pr16855-priority.C -std=gnu++17 line 37: is 3:should be 1
FAIL: g++.dg/gcov/pr16855-priority.C -std=gnu++17 line 43: is 3:should be 1
FAIL: g++.dg/gcov/pr16855-priority.C -std=gnu++17 line 48: is 3:should be 1
FAIL: g++.dg/gcov/pr16855-priority.C -std=gnu++17 line 53: is 3:should be 1
FAIL: g++.dg/gcov/pr16855-priority.C -std=gnu++17 line 58: is 3:should be 1
FAIL: g++.dg/gcov/pr16855-priority.C -std=gnu++17 line 63: is 3:should be 1
FAIL: g++.dg/gcov/pr16855-priority.C -std=gnu++17 line 68: is 3:should be 1
FAIL: g++.dg/gcov/pr16855-priority.C -std=gnu++17 line 73: is 3:should be 1
FAIL: g++.dg/gcov/pr16855-priority.C -std=gnu++17 line 78: is 3:should be 1
FAIL: g++.dg/gcov/pr16855-priority.C -std=gnu++20 gcov: 12 failures in line counts, 0 in branch percentages, 0 in return percentages, 0 in intermediate format
FAIL: g++.dg/gcov/pr16855-priority.C -std=gnu++20 line 14: is 4:should be 1
FAIL: g++.dg/gcov/pr16855-priority.C -std=gnu++20 line 21: is 4:should be 1
FAIL: g++.dg/gcov/pr16855-priority.C -std=gnu++20 line 23: is #####:should be 1
FAIL: g++.dg/gcov/pr16855-priority.C -std=gnu++20 line 37: is 4:should be 1
FAIL: g++.dg/gcov/pr16855-priority.C -std=gnu++20 line 43: is 4:should be 1
FAIL: g++.dg/gcov/pr16855-priority.C -std=gnu++20 line 48: is 4:should be 1
FAIL: g++.dg/gcov/pr16855-priority.C -std=gnu++20 line 53: is 4:should be 1
FAIL: g++.dg/gcov/pr16855-priority.C -std=gnu++20 line 58: is 4:should be 1
FAIL: g++.dg/gcov/pr16855-priority.C -std=gnu++20 line 63: is 4:should be 1
FAIL: g++.dg/gcov/pr16855-priority.C -std=gnu++20 line 68: is 4:should be 1
FAIL: g++.dg/gcov/pr16855-priority.C -std=gnu++20 line 73: is 4:should be 1
FAIL: g++.dg/gcov/pr16855-priority.C -std=gnu++20 line 78: is 4:should be 1
FAIL: g++.dg/gcov/pr16855-priority.C -std=gnu++98 gcov: 1 failures in line counts, 0 in branch percentages, 0 in return percentages, 0 in intermediate format
FAIL: g++.dg/gcov/pr16855-priority.C -std=gnu++98 line 23: is #####:should be 1
FAIL: g++.dg/gcov/pr16855.C -std=gnu++14 gcov: 6 failures in line counts, 0 in branch percentages, 0 in return percentages, 0 in intermediate format
FAIL: g++.dg/gcov/pr16855.C -std=gnu++14 line 15: is 2:should be 1
FAIL: g++.dg/gcov/pr16855.C -std=gnu++14 line 22: is 2:should be 1
FAIL: g++.dg/gcov/pr16855.C -std=gnu++14 line 24: is #####:should be 1
FAIL: g++.dg/gcov/pr16855.C -std=gnu++14 line 38: is 2:should be 1
FAIL: g++.dg/gcov/pr16855.C -std=gnu++14 line 44: is 2:should be 1
FAIL: g++.dg/gcov/pr16855.C -std=gnu++14 line 49: is 2:should be 1
FAIL: g++.dg/gcov/pr16855.C -std=gnu++17 gcov: 6 failures in line counts, 0 in branch percentages, 0 in return percentages, 0 in intermediate format
FAIL: g++.dg/gcov/pr16855.C -std=gnu++17 line 15: is 3:should be 1
FAIL: g++.dg/gcov/pr16855.C -std=gnu++17 line 22: is 3:should be 1
FAIL: g++.dg/gcov/pr16855.C -std=gnu++17 line 24: is #####:should be 1
FAIL: g++.dg/gcov/pr16855.C -std=gnu++17 line 38: is 3:should be 1
FAIL: g++.dg/gcov/pr16855.C -std=gnu++17 line 44: is 3:should be 1
FAIL: g++.dg/gcov/pr16855.C -std=gnu++17 line 49: is 3:should be 1
FAIL: g++.dg/gcov/pr16855.C -std=gnu++20 gcov: 6 failures in line counts, 0 in branch percentages, 0 in return percentages, 0 in intermediate format
FAIL: g++.dg/gcov/pr16855.C -std=gnu++20 line 15: is 4:should be 1
FAIL: g++.dg/gcov/pr16855.C -std=gnu++20 line 22: is 4:should be 1
FAIL: g++.dg/gcov/pr16855.C -std=gnu++20 line 24: is #####:should be 1
FAIL: g++.dg/gcov/pr16855.C -std=gnu++20 line 38: is 4:should be 1
FAIL: g++.dg/gcov/pr16855.C -std=gnu++20 line 44: is 4:should be 1
FAIL: g++.dg/gcov/pr16855.C -std=gnu++20 line 49: is 4:should be 1
FAIL: g++.dg/gcov/pr16855.C -std=gnu++98 gcov: 1 failures in line counts, 0 in branch percentages, 0 in return percentages, 0 in intermediate format
FAIL: g++.dg/gcov/pr16855.C -std=gnu++98 line 24: is #####:should be 1
FAIL: c-c++-common/goacc/kernels-loop-g.c -std=c++14 (test for excess errors)
FAIL: c-c++-common/goacc/kernels-loop-g.c -std=c++17 (test for excess errors)
FAIL: c-c++-common/goacc/kernels-loop-g.c -std=c++20 (test for excess errors)
FAIL: c-c++-common/goacc/kernels-loop-g.c -std=c++98 (test for excess errors)
FAIL: g++.dg/modules/stdio-1_a.H -std=c++17 scan-lang-dump module "Depset:0 decl entity:[0-9]* function_decl:'::printf'"
FAIL: g++.dg/modules/stdio-1_a.H -std=c++2a scan-lang-dump module "Depset:0 decl entity:[0-9]* function_decl:'::printf'"
FAIL: g++.dg/modules/stdio-1_a.H -std=c++2b scan-lang-dump module "Depset:0 decl entity:[0-9]* function_decl:'::printf'"
FAIL: g++.dg/torture/pr80334.C -O0 execution test
=== g++ Summary for unix ===
# of expected passes 228485
# of unexpected failures 93
# of expected failures 2044
# of unsupported tests 10555
Running target unix/-m64
FAIL: c-c++-common/diagnostic-format-sarif-file-4.c -std=gnu++14 scan-sarif-file "text": " int \\\\u6587\\\\u5b57\\\\u5316\\\\u3051 =
FAIL: c-c++-common/diagnostic-format-sarif-file-4.c -std=gnu++17 scan-sarif-file "text": " int \\\\u6587\\\\u5b57\\\\u5316\\\\u3051 =
FAIL: c-c++-common/diagnostic-format-sarif-file-4.c -std=gnu++20 scan-sarif-file "text": " int \\\\u6587\\\\u5b57\\\\u5316\\\\u3051 =
FAIL: c-c++-common/diagnostic-format-sarif-file-4.c -std=gnu++98 scan-sarif-file "text": " int \\\\u6587\\\\u5b57\\\\u5316\\\\u3051 =
FAIL: c-c++-common/pr103798-2.c -std=gnu++14 scan-assembler-not memchr
FAIL: c-c++-common/pr103798-2.c -std=gnu++17 scan-assembler-not memchr
FAIL: c-c++-common/pr103798-2.c -std=gnu++20 scan-assembler-not memchr
FAIL: c-c++-common/pr103798-2.c -std=gnu++98 scan-assembler-not memchr
FAIL: g++.dg/pr71488.C (test for excess errors)
FAIL: g++.dg/gcov/pr16855-priority.C -std=gnu++14 gcov: 12 failures in line counts, 0 in branch percentages, 0 in return percentages, 0 in intermediate format
FAIL: g++.dg/gcov/pr16855-priority.C -std=gnu++14 line 14: is 6:should be 1
FAIL: g++.dg/gcov/pr16855-priority.C -std=gnu++14 line 21: is 6:should be 1
FAIL: g++.dg/gcov/pr16855-priority.C -std=gnu++14 line 23: is #####:should be 1
FAIL: g++.dg/gcov/pr16855-priority.C -std=gnu++14 line 37: is 6:should be 1
FAIL: g++.dg/gcov/pr16855-priority.C -std=gnu++14 line 43: is 6:should be 1
FAIL: g++.dg/gcov/pr16855-priority.C -std=gnu++14 line 48: is 6:should be 1
FAIL: g++.dg/gcov/pr16855-priority.C -std=gnu++14 line 53: is 6:should be 1
FAIL: g++.dg/gcov/pr16855-priority.C -std=gnu++14 line 58: is 6:should be 1
FAIL: g++.dg/gcov/pr16855-priority.C -std=gnu++14 line 63: is 6:should be 1
FAIL: g++.dg/gcov/pr16855-priority.C -std=gnu++14 line 68: is 6:should be 1
FAIL: g++.dg/gcov/pr16855-priority.C -std=gnu++14 line 73: is 6:should be 1
FAIL: g++.dg/gcov/pr16855-priority.C -std=gnu++14 line 78: is 6:should be 1
FAIL: g++.dg/gcov/pr16855-priority.C -std=gnu++17 gcov: 12 failures in line counts, 0 in branch percentages, 0 in return percentages, 0 in intermediate format
FAIL: g++.dg/gcov/pr16855-priority.C -std=gnu++17 line 14: is 7:should be 1
FAIL: g++.dg/gcov/pr16855-priority.C -std=gnu++17 line 21: is 7:should be 1
FAIL: g++.dg/gcov/pr16855-priority.C -std=gnu++17 line 23: is #####:should be 1
FAIL: g++.dg/gcov/pr16855-priority.C -std=gnu++17 line 37: is 7:should be 1
FAIL: g++.dg/gcov/pr16855-priority.C -std=gnu++17 line 43: is 7:should be 1
FAIL: g++.dg/gcov/pr16855-priority.C -std=gnu++17 line 48: is 7:should be 1
FAIL: g++.dg/gcov/pr16855-priority.C -std=gnu++17 line 53: is 7:should be 1
FAIL: g++.dg/gcov/pr16855-priority.C -std=gnu++17 line 58: is 7:should be 1
FAIL: g++.dg/gcov/pr16855-priority.C -std=gnu++17 line 63: is 7:should be 1
FAIL: g++.dg/gcov/pr16855-priority.C -std=gnu++17 line 68: is 7:should be 1
FAIL: g++.dg/gcov/pr16855-priority.C -std=gnu++17 line 73: is 7:should be 1
FAIL: g++.dg/gcov/pr16855-priority.C -std=gnu++17 line 78: is 7:should be 1
FAIL: g++.dg/gcov/pr16855-priority.C -std=gnu++20 gcov: 12 failures in line counts, 0 in branch percentages, 0 in return percentages, 0 in intermediate format
FAIL: g++.dg/gcov/pr16855-priority.C -std=gnu++20 line 14: is 8:should be 1
FAIL: g++.dg/gcov/pr16855-priority.C -std=gnu++20 line 21: is 8:should be 1
FAIL: g++.dg/gcov/pr16855-priority.C -std=gnu++20 line 23: is #####:should be 1
FAIL: g++.dg/gcov/pr16855-priority.C -std=gnu++20 line 37: is 8:should be 1
FAIL: g++.dg/gcov/pr16855-priority.C -std=gnu++20 line 43: is 8:should be 1
FAIL: g++.dg/gcov/pr16855-priority.C -std=gnu++20 line 48: is 8:should be 1
FAIL: g++.dg/gcov/pr16855-priority.C -std=gnu++20 line 53: is 8:should be 1
FAIL: g++.dg/gcov/pr16855-priority.C -std=gnu++20 line 58: is 8:should be 1
FAIL: g++.dg/gcov/pr16855-priority.C -std=gnu++20 line 63: is 8:should be 1
FAIL: g++.dg/gcov/pr16855-priority.C -std=gnu++20 line 68: is 8:should be 1
FAIL: g++.dg/gcov/pr16855-priority.C -std=gnu++20 line 73: is 8:should be 1
FAIL: g++.dg/gcov/pr16855-priority.C -std=gnu++20 line 78: is 8:should be 1
FAIL: g++.dg/gcov/pr16855-priority.C -std=gnu++98 gcov: 12 failures in line counts, 0 in branch percentages, 0 in return percentages, 0 in intermediate format
FAIL: g++.dg/gcov/pr16855-priority.C -std=gnu++98 line 14: is 5:should be 1
FAIL: g++.dg/gcov/pr16855-priority.C -std=gnu++98 line 21: is 5:should be 1
FAIL: g++.dg/gcov/pr16855-priority.C -std=gnu++98 line 23: is #####:should be 1
FAIL: g++.dg/gcov/pr16855-priority.C -std=gnu++98 line 37: is 5:should be 1
FAIL: g++.dg/gcov/pr16855-priority.C -std=gnu++98 line 43: is 5:should be 1
FAIL: g++.dg/gcov/pr16855-priority.C -std=gnu++98 line 48: is 5:should be 1
FAIL: g++.dg/gcov/pr16855-priority.C -std=gnu++98 line 53: is 5:should be 1
FAIL: g++.dg/gcov/pr16855-priority.C -std=gnu++98 line 58: is 5:should be 1
FAIL: g++.dg/gcov/pr16855-priority.C -std=gnu++98 line 63: is 5:should be 1
FAIL: g++.dg/gcov/pr16855-priority.C -std=gnu++98 line 68: is 5:should be 1
FAIL: g++.dg/gcov/pr16855-priority.C -std=gnu++98 line 73: is 5:should be 1
FAIL: g++.dg/gcov/pr16855-priority.C -std=gnu++98 line 78: is 5:should be 1
FAIL: g++.dg/gcov/pr16855.C -std=gnu++14 gcov: 6 failures in line counts, 0 in branch percentages, 0 in return percentages, 0 in intermediate format
FAIL: g++.dg/gcov/pr16855.C -std=gnu++14 line 15: is 2:should be 1
FAIL: g++.dg/gcov/pr16855.C -std=gnu++14 line 22: is 2:should be 1
FAIL: g++.dg/gcov/pr16855.C -std=gnu++14 line 24: is #####:should be 1
FAIL: g++.dg/gcov/pr16855.C -std=gnu++14 line 38: is 2:should be 1
FAIL: g++.dg/gcov/pr16855.C -std=gnu++14 line 44: is 2:should be 1
FAIL: g++.dg/gcov/pr16855.C -std=gnu++14 line 49: is 2:should be 1
FAIL: g++.dg/gcov/pr16855.C -std=gnu++17 gcov: 6 failures in line counts, 0 in branch percentages, 0 in return percentages, 0 in intermediate format
FAIL: g++.dg/gcov/pr16855.C -std=gnu++17 line 15: is 3:should be 1
FAIL: g++.dg/gcov/pr16855.C -std=gnu++17 line 22: is 3:should be 1
FAIL: g++.dg/gcov/pr16855.C -std=gnu++17 line 24: is #####:should be 1
FAIL: g++.dg/gcov/pr16855.C -std=gnu++17 line 38: is 3:should be 1
FAIL: g++.dg/gcov/pr16855.C -std=gnu++17 line 44: is 3:should be 1
FAIL: g++.dg/gcov/pr16855.C -std=gnu++17 line 49: is 3:should be 1
FAIL: g++.dg/gcov/pr16855.C -std=gnu++20 gcov: 6 failures in line counts, 0 in branch percentages, 0 in return percentages, 0 in intermediate format
FAIL: g++.dg/gcov/pr16855.C -std=gnu++20 line 15: is 4:should be 1
FAIL: g++.dg/gcov/pr16855.C -std=gnu++20 line 22: is 4:should be 1
FAIL: g++.dg/gcov/pr16855.C -std=gnu++20 line 24: is #####:should be 1
FAIL: g++.dg/gcov/pr16855.C -std=gnu++20 line 38: is 4:should be 1
FAIL: g++.dg/gcov/pr16855.C -std=gnu++20 line 44: is 4:should be 1
FAIL: g++.dg/gcov/pr16855.C -std=gnu++20 line 49: is 4:should be 1
FAIL: g++.dg/gcov/pr16855.C -std=gnu++98 gcov: 1 failures in line counts, 0 in branch percentages, 0 in return percentages, 0 in intermediate format
FAIL: g++.dg/gcov/pr16855.C -std=gnu++98 line 24: is #####:should be 1
FAIL: g++.dg/modules/stdio-1_a.H -std=c++17 scan-lang-dump module "Depset:0 decl entity:[0-9]* function_decl:'::printf'"
FAIL: g++.dg/modules/stdio-1_a.H -std=c++2a scan-lang-dump module "Depset:0 decl entity:[0-9]* function_decl:'::printf'"
FAIL: g++.dg/modules/stdio-1_a.H -std=c++2b scan-lang-dump module "Depset:0 decl entity:[0-9]* function_decl:'::printf'"
FAIL: g++.target/i386/pr97054.C -std=gnu++14 (test for excess errors)
UNRESOLVED: g++.target/i386/pr97054.C -std=gnu++14 compilation failed to produce executable
FAIL: g++.target/i386/pr97054.C -std=gnu++17 (test for excess errors)
UNRESOLVED: g++.target/i386/pr97054.C -std=gnu++17 compilation failed to produce executable
FAIL: g++.target/i386/pr97054.C -std=gnu++20 (test for excess errors)
UNRESOLVED: g++.target/i386/pr97054.C -std=gnu++20 compilation failed to produce executable
FAIL: g++.target/i386/pr97054.C -std=gnu++98 (test for excess errors)
UNRESOLVED: g++.target/i386/pr97054.C -std=gnu++98 compilation failed to produce executable
=== g++ Summary for unix/-m64 ===
# of expected passes 228907
# of unexpected failures 91
# of expected failures 2052
# of unresolved testcases 4
# of unsupported tests 10477
=== g++ Summary ===
# of expected passes 457392
# of unexpected failures 184
# of expected failures 4096
# of unresolved testcases 4
# of unsupported tests 21032
/var/gcc/regression/master/11.4-gcc/build/gcc/xg++ version 13.0.0 20221117 (experimental) [master 20d2a8c24f3ca487ffd35fefcc9b1562bb10b609] (GCC)
=== gcc tests ===
Running target unix
FAIL: gcc.c-torture/compile/pr61159.c -O0 (test for excess errors)
FAIL: gcc.c-torture/compile/pr61159.c -O1 (test for excess errors)
FAIL: gcc.c-torture/compile/pr61159.c -O2 (test for excess errors)
FAIL: gcc.c-torture/compile/pr61159.c -O2 -flto (test for excess errors)
FAIL: gcc.c-torture/compile/pr61159.c -O2 -flto -flto-partition=none (test for excess errors)
FAIL: gcc.c-torture/compile/pr61159.c -O3 -g (test for excess errors)
FAIL: gcc.c-torture/compile/pr61159.c -Os (test for excess errors)
FAIL: gcc.dg/analyzer/call-summaries-2.c (test for excess errors)
FAIL: gcc.dg/analyzer/errno-1.c (test for warnings, line 22)
FAIL: gcc.dg/analyzer/errno-1.c (test for excess errors)
FAIL: gcc.dg/analyzer/fd-accept.c (test for excess errors)
FAIL: gcc.dg/analyzer/fd-accept.c final event at line 55 (test for warnings, line 54)
FAIL: gcc.dg/analyzer/fd-accept.c warning (test for warnings, line 54)
FAIL: gcc.dg/analyzer/fd-access-mode-target-headers.c (test for warnings, line 17)
FAIL: gcc.dg/analyzer/fd-access-mode-target-headers.c (test for warnings, line 25)
FAIL: gcc.dg/analyzer/fd-access-mode-target-headers.c (test for warnings, line 30)
FAIL: gcc.dg/analyzer/fd-access-mode-target-headers.c (test for warnings, line 37)
FAIL: gcc.dg/analyzer/fd-access-mode-target-headers.c (test for warnings, line 53)
FAIL: gcc.dg/analyzer/fd-access-mode-target-headers.c (test for excess errors)
FAIL: gcc.dg/analyzer/fd-bind.c (test for warnings, line 24)
FAIL: gcc.dg/analyzer/fd-bind.c (test for excess errors)
FAIL: gcc.dg/analyzer/fd-connect.c (test for warnings, line 18)
FAIL: gcc.dg/analyzer/fd-connect.c (test for warnings, line 32)
FAIL: gcc.dg/analyzer/fd-connect.c (test for excess errors)
FAIL: gcc.dg/analyzer/fd-datagram-socket.c (test for warnings, line 28)
FAIL: gcc.dg/analyzer/fd-datagram-socket.c (test for warnings, line 34)
FAIL: gcc.dg/analyzer/fd-datagram-socket.c (test for warnings, line 46)
FAIL: gcc.dg/analyzer/fd-datagram-socket.c (test for warnings, line 68)
FAIL: gcc.dg/analyzer/fd-datagram-socket.c (test for warnings, line 79)
FAIL: gcc.dg/analyzer/fd-datagram-socket.c (test for warnings, line 82)
FAIL: gcc.dg/analyzer/fd-datagram-socket.c (test for warnings, line 9)
FAIL: gcc.dg/analyzer/fd-datagram-socket.c (test for warnings, line 90)
FAIL: gcc.dg/analyzer/fd-datagram-socket.c (test for warnings, line 94)
FAIL: gcc.dg/analyzer/fd-datagram-socket.c (test for excess errors)
FAIL: gcc.dg/analyzer/fd-datagram-socket.c final event at line 106 (test for warnings, line 105)
FAIL: gcc.dg/analyzer/fd-datagram-socket.c final event at line 84 (test for warnings, line 83)
FAIL: gcc.dg/analyzer/fd-datagram-socket.c warning (test for warnings, line 105)
FAIL: gcc.dg/analyzer/fd-datagram-socket.c warning (test for warnings, line 83)
FAIL: gcc.dg/analyzer/fd-listen.c (test for excess errors)
FAIL: gcc.dg/analyzer/fd-listen.c final event at line 51 (test for warnings, line 50)
FAIL: gcc.dg/analyzer/fd-listen.c warning (test for warnings, line 50)
FAIL: gcc.dg/analyzer/fd-socket-misuse.c (test for warnings, line 14)
FAIL: gcc.dg/analyzer/fd-socket-misuse.c (test for excess errors)
FAIL: gcc.dg/analyzer/fd-socket-misuse.c final event at line 18 (test for warnings, line 17)
FAIL: gcc.dg/analyzer/fd-socket-misuse.c warning (test for warnings, line 17)
FAIL: gcc.dg/analyzer/fd-stream-socket-active-open.c (test for warnings, line 14)
FAIL: gcc.dg/analyzer/fd-stream-socket-active-open.c (test for warnings, line 17)
FAIL: gcc.dg/analyzer/fd-stream-socket-active-open.c (test for warnings, line 28)
FAIL: gcc.dg/analyzer/fd-stream-socket-active-open.c (test for warnings, line 29)
FAIL: gcc.dg/analyzer/fd-stream-socket-active-open.c (test for warnings, line 35)
FAIL: gcc.dg/analyzer/fd-stream-socket-active-open.c (test for warnings, line 43)
FAIL: gcc.dg/analyzer/fd-stream-socket-active-open.c (test for warnings, line 59)
FAIL: gcc.dg/analyzer/fd-stream-socket-active-open.c (test for excess errors)
FAIL: gcc.dg/analyzer/fd-stream-socket-passive-open.c (test for warnings, line 110)
FAIL: gcc.dg/analyzer/fd-stream-socket-passive-open.c (test for warnings, line 138)
FAIL: gcc.dg/analyzer/fd-stream-socket-passive-open.c (test for warnings, line 150)
FAIL: gcc.dg/analyzer/fd-stream-socket-passive-open.c (test for warnings, line 179)
FAIL: gcc.dg/analyzer/fd-stream-socket-passive-open.c (test for warnings, line 20)
FAIL: gcc.dg/analyzer/fd-stream-socket-passive-open.c (test for warnings, line 23)
FAIL: gcc.dg/analyzer/fd-stream-socket-passive-open.c (test for warnings, line 31)
FAIL: gcc.dg/analyzer/fd-stream-socket-passive-open.c (test for warnings, line 32)
FAIL: gcc.dg/analyzer/fd-stream-socket-passive-open.c (test for warnings, line 37)
FAIL: gcc.dg/analyzer/fd-stream-socket-passive-open.c (test for warnings, line 42)
FAIL: gcc.dg/analyzer/fd-stream-socket-passive-open.c (test for warnings, line 43)
FAIL: gcc.dg/analyzer/fd-stream-socket-passive-open.c (test for warnings, line 55)
FAIL: gcc.dg/analyzer/fd-stream-socket-passive-open.c (test for warnings, line 87)
FAIL: gcc.dg/analyzer/fd-stream-socket-passive-open.c (test for warnings, line 98)
FAIL: gcc.dg/analyzer/fd-stream-socket-passive-open.c (test for excess errors)
FAIL: gcc.dg/analyzer/fd-stream-socket.c (test for warnings, line 33)
FAIL: gcc.dg/analyzer/fd-stream-socket.c (test for warnings, line 66)
FAIL: gcc.dg/analyzer/fd-stream-socket.c (test for warnings, line 77)
FAIL: gcc.dg/analyzer/fd-stream-socket.c (test for warnings, line 88)
FAIL: gcc.dg/analyzer/fd-stream-socket.c (test for warnings, line 9)
FAIL: gcc.dg/analyzer/fd-stream-socket.c (test for excess errors)
FAIL: gcc.dg/analyzer/fd-symbolic-socket.c (test for excess errors)
XPASS: gcc.dg/debug/dwarf2/inline5.c scan-assembler-not \\\\(DIE \\\\(0x([0-9a-f]*)\\\\) DW_TAG_lexical_block\\\\)[^#/!@;\\\\|]*[#/!@;\\\\|]+ +DW_AT.*DW_TAG_lexical_block\\\\)[^#/!@;\\\\|x]*x\\\\1[^#/!@;\\\\|]*[#/!@;\\\\|] +DW_AT_abstract_origin
FAIL: c-c++-common/diagnostic-format-sarif-file-4.c -Wc++-compat scan-sarif-file "text": " int \\\\u6587\\\\u5b57\\\\u5316\\\\u3051 =
FAIL: gcc.dg/attr-weakref-1.c (test for excess errors)
UNRESOLVED: gcc.dg/attr-weakref-1.c compilation failed to produce executable
FAIL: gcc.dg/fold-overflow-1.c scan-assembler-times 2139095040 2
FAIL: gcc.dg/pr56837.c scan-tree-dump-times optimized "memset ..c, 68, 16384.;" 1
FAIL: gcc.dg/pr95115.c execution test
FAIL: c-c++-common/goacc/kernels-loop-g.c (test for excess errors)
FAIL: gcc.dg/ipa/iinline-attr.c scan-ipa-dump inline "hooray[^\\\\n]*inline copy in test"
FAIL: gcc.dg/ipa/ipa-icf-38.c scan-ltrans-tree-dump-not optimized "Function bar"
FAIL: gcc-dg-lto-modref-3-01.exe scan-wpa-ipa-dump modref "parm 1 flags: no_direct_clobber no_direct_escape"
FAIL: gcc-dg-lto-modref-4-01.exe scan-wpa-ipa-dump modref "parm 1 flags: no_direct_clobber no_direct_escape"
FAIL: gcc.dg/lto/modref-3 c_lto_modref-3_0.o-c_lto_modref-3_1.o execute -O2 -flto-partition=max -fdump-ipa-modref -fno-ipa-sra -fno-ipa-cp -flto
FAIL: gcc.dg/lto/modref-4 c_lto_modref-4_0.o-c_lto_modref-4_1.o execute -O2 -flto-partition=max -fdump-ipa-modref -fno-ipa-sra -flto
XPASS: gcc.dg/plugin/infoleak-vfio_iommu_type1.c -fplugin=./analyzer_kernel_plugin.so (test for bogus messages, line 42)
FAIL: gcc.dg/tree-ssa/scev-3.c scan-tree-dump-times ivopts "&a" 1
FAIL: gcc.dg/tree-ssa/scev-4.c scan-tree-dump-times ivopts "&a" 1
FAIL: gcc.dg/tree-ssa/scev-5.c scan-tree-dump-times ivopts "&a" 1
FAIL: gcc.dg/ubsan/object-size-dyn.c -O2 execution test
FAIL: gcc.dg/ubsan/object-size-dyn.c -O2 -flto execution test
FAIL: gcc.dg/ubsan/object-size-dyn.c -O2 -flto -flto-partition=none execution test
FAIL: gcc.dg/vect/vect-ifcvt-18.c -flto -ffat-lto-objects scan-tree-dump vect "vectorized 3 loops"
FAIL: gcc.dg/vect/vect-ifcvt-18.c -flto -ffat-lto-objects execution test
FAIL: gcc.dg/vect/vect-ifcvt-18.c execution test
FAIL: gcc.dg/vect/vect-ifcvt-18.c scan-tree-dump vect "vectorized 3 loops"
FAIL: gcc.target/i386/avx512bf16-cvtsbh2ss-1.c scan-assembler-times movl 1
FAIL: gcc.target/i386/pieces-memcpy-7.c scan-assembler-not %[re]bp
FAIL: gcc.target/i386/pieces-memcpy-8.c scan-assembler-not %[re]bp
FAIL: gcc.target/i386/pieces-memcpy-9.c scan-assembler-not %[re]bp
FAIL: gcc.target/i386/pieces-memset-36.c scan-assembler-not %[re]bp
FAIL: gcc.target/i386/pieces-memset-40.c scan-assembler-not %[re]bp
FAIL: gcc.target/i386/pieces-memset-40.c scan-assembler-not and[^\\n\\r]*%[re]sp
FAIL: gcc.target/i386/pieces-memset-9.c scan-assembler-not %[re]bp
FAIL: gcc.target/i386/pr107304.c (test for excess errors)
FAIL: gcc.target/i386/pr70321.c scan-assembler-times mov 1
FAIL: gcc.target/i386/pr78794.c scan-assembler pandn
FAIL: gcc.target/i386/pr80569.c (test for excess errors)
FAIL: gcc.target/i386/pr80833-1.c scan-assembler pextrd
=== gcc Summary for unix ===
# of expected passes 172301
# of unexpected failures 110
# of unexpected successes 2
# of expected failures 1430
# of unresolved testcases 1
# of unsupported tests 4945
Running target unix/-m64
FAIL: gcc.c-torture/compile/pr61159.c -O0 (test for excess errors)
FAIL: gcc.c-torture/compile/pr61159.c -O1 (test for excess errors)
FAIL: gcc.c-torture/compile/pr61159.c -O2 (test for excess errors)
FAIL: gcc.c-torture/compile/pr61159.c -O2 -flto (test for excess errors)
FAIL: gcc.c-torture/compile/pr61159.c -O2 -flto -flto-partition=none (test for excess errors)
FAIL: gcc.c-torture/compile/pr61159.c -O3 -g (test for excess errors)
FAIL: gcc.c-torture/compile/pr61159.c -Os (test for excess errors)
FAIL: gcc.dg/analyzer/call-summaries-2.c (test for excess errors)
FAIL: gcc.dg/analyzer/errno-1.c (test for warnings, line 22)
FAIL: gcc.dg/analyzer/errno-1.c (test for excess errors)
FAIL: gcc.dg/analyzer/fd-accept.c (test for excess errors)
FAIL: gcc.dg/analyzer/fd-accept.c final event at line 55 (test for warnings, line 54)
FAIL: gcc.dg/analyzer/fd-accept.c warning (test for warnings, line 54)
FAIL: gcc.dg/analyzer/fd-access-mode-target-headers.c (test for warnings, line 17)
FAIL: gcc.dg/analyzer/fd-access-mode-target-headers.c (test for warnings, line 25)
FAIL: gcc.dg/analyzer/fd-access-mode-target-headers.c (test for warnings, line 30)
FAIL: gcc.dg/analyzer/fd-access-mode-target-headers.c (test for warnings, line 37)
FAIL: gcc.dg/analyzer/fd-access-mode-target-headers.c (test for warnings, line 53)
FAIL: gcc.dg/analyzer/fd-access-mode-target-headers.c (test for excess errors)
FAIL: gcc.dg/analyzer/fd-bind.c (test for warnings, line 24)
FAIL: gcc.dg/analyzer/fd-bind.c (test for excess errors)
FAIL: gcc.dg/analyzer/fd-connect.c (test for warnings, line 18)
FAIL: gcc.dg/analyzer/fd-connect.c (test for warnings, line 32)
FAIL: gcc.dg/analyzer/fd-connect.c (test for excess errors)
FAIL: gcc.dg/analyzer/fd-datagram-socket.c (test for warnings, line 28)
FAIL: gcc.dg/analyzer/fd-datagram-socket.c (test for warnings, line 34)
FAIL: gcc.dg/analyzer/fd-datagram-socket.c (test for warnings, line 46)
FAIL: gcc.dg/analyzer/fd-datagram-socket.c (test for warnings, line 68)
FAIL: gcc.dg/analyzer/fd-datagram-socket.c (test for warnings, line 79)
FAIL: gcc.dg/analyzer/fd-datagram-socket.c (test for warnings, line 82)
FAIL: gcc.dg/analyzer/fd-datagram-socket.c (test for warnings, line 9)
FAIL: gcc.dg/analyzer/fd-datagram-socket.c (test for warnings, line 90)
FAIL: gcc.dg/analyzer/fd-datagram-socket.c (test for warnings, line 94)
FAIL: gcc.dg/analyzer/fd-datagram-socket.c (test for excess errors)
FAIL: gcc.dg/analyzer/fd-datagram-socket.c final event at line 106 (test for warnings, line 105)
FAIL: gcc.dg/analyzer/fd-datagram-socket.c final event at line 84 (test for warnings, line 83)
FAIL: gcc.dg/analyzer/fd-datagram-socket.c warning (test for warnings, line 105)
FAIL: gcc.dg/analyzer/fd-datagram-socket.c warning (test for warnings, line 83)
FAIL: gcc.dg/analyzer/fd-listen.c (test for excess errors)
FAIL: gcc.dg/analyzer/fd-listen.c final event at line 51 (test for warnings, line 50)
FAIL: gcc.dg/analyzer/fd-listen.c warning (test for warnings, line 50)
FAIL: gcc.dg/analyzer/fd-socket-misuse.c (test for warnings, line 14)
FAIL: gcc.dg/analyzer/fd-socket-misuse.c (test for excess errors)
FAIL: gcc.dg/analyzer/fd-socket-misuse.c final event at line 18 (test for warnings, line 17)
FAIL: gcc.dg/analyzer/fd-socket-misuse.c warning (test for warnings, line 17)
FAIL: gcc.dg/analyzer/fd-stream-socket-active-open.c (test for warnings, line 14)
FAIL: gcc.dg/analyzer/fd-stream-socket-active-open.c (test for warnings, line 17)
FAIL: gcc.dg/analyzer/fd-stream-socket-active-open.c (test for warnings, line 28)
FAIL: gcc.dg/analyzer/fd-stream-socket-active-open.c (test for warnings, line 29)
FAIL: gcc.dg/analyzer/fd-stream-socket-active-open.c (test for warnings, line 35)
FAIL: gcc.dg/analyzer/fd-stream-socket-active-open.c (test for warnings, line 43)
FAIL: gcc.dg/analyzer/fd-stream-socket-active-open.c (test for warnings, line 59)
FAIL: gcc.dg/analyzer/fd-stream-socket-active-open.c (test for excess errors)
FAIL: gcc.dg/analyzer/fd-stream-socket-passive-open.c (test for warnings, line 110)
FAIL: gcc.dg/analyzer/fd-stream-socket-passive-open.c (test for warnings, line 138)
FAIL: gcc.dg/analyzer/fd-stream-socket-passive-open.c (test for warnings, line 150)
FAIL: gcc.dg/analyzer/fd-stream-socket-passive-open.c (test for warnings, line 179)
FAIL: gcc.dg/analyzer/fd-stream-socket-passive-open.c (test for warnings, line 20)
FAIL: gcc.dg/analyzer/fd-stream-socket-passive-open.c (test for warnings, line 23)
FAIL: gcc.dg/analyzer/fd-stream-socket-passive-open.c (test for warnings, line 31)
FAIL: gcc.dg/analyzer/fd-stream-socket-passive-open.c (test for warnings, line 32)
FAIL: gcc.dg/analyzer/fd-stream-socket-passive-open.c (test for warnings, line 37)
FAIL: gcc.dg/analyzer/fd-stream-socket-passive-open.c (test for warnings, line 42)
FAIL: gcc.dg/analyzer/fd-stream-socket-passive-open.c (test for warnings, line 43)
FAIL: gcc.dg/analyzer/fd-stream-socket-passive-open.c (test for warnings, line 55)
FAIL: gcc.dg/analyzer/fd-stream-socket-passive-open.c (test for warnings, line 87)
FAIL: gcc.dg/analyzer/fd-stream-socket-passive-open.c (test for warnings, line 98)
FAIL: gcc.dg/analyzer/fd-stream-socket-passive-open.c (test for excess errors)
FAIL: gcc.dg/analyzer/fd-stream-socket.c (test for warnings, line 33)
FAIL: gcc.dg/analyzer/fd-stream-socket.c (test for warnings, line 66)
FAIL: gcc.dg/analyzer/fd-stream-socket.c (test for warnings, line 77)
FAIL: gcc.dg/analyzer/fd-stream-socket.c (test for warnings, line 88)
FAIL: gcc.dg/analyzer/fd-stream-socket.c (test for warnings, line 9)
FAIL: gcc.dg/analyzer/fd-stream-socket.c (test for excess errors)
FAIL: gcc.dg/analyzer/fd-symbolic-socket.c (test for excess errors)
XPASS: gcc.dg/debug/dwarf2/inline5.c scan-assembler-not \\\\(DIE \\\\(0x([0-9a-f]*)\\\\) DW_TAG_lexical_block\\\\)[^#/!@;\\\\|]*[#/!@;\\\\|]+ +DW_AT.*DW_TAG_lexical_block\\\\)[^#/!@;\\\\|x]*x\\\\1[^#/!@;\\\\|]*[#/!@;\\\\|] +DW_AT_abstract_origin
FAIL: c-c++-common/diagnostic-format-sarif-file-4.c -Wc++-compat scan-sarif-file "text": " int \\\\u6587\\\\u5b57\\\\u5316\\\\u3051 =
FAIL: gcc.dg/attr-weakref-1.c (test for excess errors)
UNRESOLVED: gcc.dg/attr-weakref-1.c compilation failed to produce executable
FAIL: gcc.dg/fold-overflow-1.c scan-assembler-times 2139095040 2
FAIL: gcc.dg/pr56837.c scan-tree-dump-times optimized "memset ..c, 68, 16384.;" 1
FAIL: gcc.dg/pr95115.c execution test
FAIL: gcc.dg/ipa/iinline-attr.c scan-ipa-dump inline "hooray[^\\\\n]*inline copy in test"
FAIL: gcc.dg/ipa/ipa-icf-38.c scan-ltrans-tree-dump-not optimized "Function bar"
FAIL: gcc-dg-lto-modref-3-01.exe scan-wpa-ipa-dump modref "parm 1 flags: no_direct_clobber no_direct_escape"
FAIL: gcc-dg-lto-modref-4-01.exe scan-wpa-ipa-dump modref "parm 1 flags: no_direct_clobber no_direct_escape"
FAIL: gcc.dg/lto/modref-3 c_lto_modref-3_0.o-c_lto_modref-3_1.o execute -O2 -flto-partition=max -fdump-ipa-modref -fno-ipa-sra -fno-ipa-cp -flto
FAIL: gcc.dg/lto/modref-4 c_lto_modref-4_0.o-c_lto_modref-4_1.o execute -O2 -flto-partition=max -fdump-ipa-modref -fno-ipa-sra -flto
XPASS: gcc.dg/tree-ssa/builtin-snprintf-6.c scan-tree-dump-times optimized "Function test_assign_aggregate" 1
FAIL: gcc.dg/vect/pr103116-2.c -flto -ffat-lto-objects execution test
FAIL: gcc.dg/vect/pr103116-2.c execution test
FAIL: gcc.dg/vect/vect-bic-bitmask-11.c -flto -ffat-lto-objects (test for excess errors)
UNRESOLVED: gcc.dg/vect/vect-bic-bitmask-11.c -flto -ffat-lto-objects compilation failed to produce executable
FAIL: gcc.dg/vect/vect-bic-bitmask-2.c -flto -ffat-lto-objects (test for excess errors)
UNRESOLVED: gcc.dg/vect/vect-bic-bitmask-2.c -flto -ffat-lto-objects compilation failed to produce executable
FAIL: gcc.dg/vect/vect-bic-bitmask-3.c -flto -ffat-lto-objects (test for excess errors)
UNRESOLVED: gcc.dg/vect/vect-bic-bitmask-3.c -flto -ffat-lto-objects compilation failed to produce executable
FAIL: gcc.dg/vect/vect-bic-bitmask-4.c -flto -ffat-lto-objects (test for excess errors)
UNRESOLVED: gcc.dg/vect/vect-bic-bitmask-4.c -flto -ffat-lto-objects compilation failed to produce executable
FAIL: gcc.dg/vect/vect-bic-bitmask-5.c -flto -ffat-lto-objects (test for excess errors)
UNRESOLVED: gcc.dg/vect/vect-bic-bitmask-5.c -flto -ffat-lto-objects compilation failed to produce executable
FAIL: gcc.dg/vect/vect-ifcvt-18.c -flto -ffat-lto-objects scan-tree-dump vect "vectorized 3 loops"
FAIL: gcc.dg/vect/vect-ifcvt-18.c scan-tree-dump vect "vectorized 3 loops"
FAIL: gcc.target/i386/auto-init-5.c scan-assembler-times \\\\.long\\t0 14
FAIL: gcc.target/i386/auto-init-6.c scan-assembler-times long\\t0 8
FAIL: gcc.target/i386/pr107304.c (test for excess errors)
FAIL: gcc.target/i386/pr61599-1.c (test for excess errors)
UNRESOLVED: gcc.target/i386/pr61599-1.c compilation failed to produce executable
FAIL: gcc.target/i386/pr71321.c scan-assembler-not lea.*0
FAIL: gcc.target/i386/pr80569.c (test for excess errors)
=== gcc Summary for unix/-m64 ===
# of expected passes 173647
# of unexpected failures 101
# of unexpected successes 2
# of expected failures 1413
# of unresolved testcases 7
# of unsupported tests 4099
=== gcc Summary ===
# of expected passes 345948
# of unexpected failures 211
# of unexpected successes 4
# of expected failures 2843
# of unresolved testcases 8
# of unsupported tests 9044
/var/gcc/regression/master/11.4-gcc/build/gcc/xgcc version 13.0.0 20221117 (experimental) [master 20d2a8c24f3ca487ffd35fefcc9b1562bb10b609] (GCC)
=== gdc tests ===
Running target unix
UNRESOLVED: gdc.test/runnable/mangle.d compilation failed to produce executable
UNRESOLVED: gdc.test/runnable/mangle.d -shared-libphobos compilation failed to produce executable
UNRESOLVED: gdc.test/runnable/testmodule.d compilation failed to produce executable
UNRESOLVED: gdc.test/runnable/testmodule.d -shared-libphobos compilation failed to produce executable
UNRESOLVED: gdc.test/runnable/ufcs.d compilation failed to produce executable
UNRESOLVED: gdc.test/runnable/ufcs.d -shared-libphobos compilation failed to produce executable
=== gdc Summary for unix ===
# of expected passes 11692
# of unresolved testcases 6
# of unsupported tests 564
Running target unix/-m64
UNRESOLVED: gdc.test/runnable/mangle.d compilation failed to produce executable
UNRESOLVED: gdc.test/runnable/mangle.d -shared-libphobos compilation failed to produce executable
UNRESOLVED: gdc.test/runnable/testmodule.d compilation failed to produce executable
UNRESOLVED: gdc.test/runnable/testmodule.d -shared-libphobos compilation failed to produce executable
UNRESOLVED: gdc.test/runnable/ufcs.d compilation failed to produce executable
UNRESOLVED: gdc.test/runnable/ufcs.d -shared-libphobos compilation failed to produce executable
=== gdc Summary for unix/-m64 ===
# of expected passes 11687
# of unresolved testcases 6
# of unsupported tests 564
=== gdc Summary ===
# of expected passes 23379
# of unresolved testcases 12
# of unsupported tests 1128
/var/gcc/regression/master/11.4-gcc/build/gcc/gdc version 13.0.0 20221117 (experimental) [master 20d2a8c24f3ca487ffd35fefcc9b1562bb10b609] (GCC)
=== gfortran tests ===
Running target unix
=== gfortran Summary for unix ===
# of expected passes 66790
# of expected failures 261
# of unsupported tests 234
Running target unix/-m64
=== gfortran Summary for unix/-m64 ===
# of expected passes 67086
# of expected failures 259
# of unsupported tests 88
=== gfortran Summary ===
# of expected passes 133876
# of expected failures 520
# of unsupported tests 322
/var/gcc/regression/master/11.4-gcc/build/gcc/gfortran version 13.0.0 20221117 (experimental) [master 20d2a8c24f3ca487ffd35fefcc9b1562bb10b609] (GCC)
=== gnat tests ===
Running target unix
=== gnat Summary for unix ===
# of expected passes 3392
# of expected failures 23
# of unsupported tests 12
Running target unix/-m64
=== gnat Summary for unix/-m64 ===
# of expected passes 3393
# of expected failures 23
# of unsupported tests 10
=== gnat Summary ===
# of expected passes 6785
# of expected failures 46
# of unsupported tests 22
/var/gcc/regression/master/11.4-gcc/build/gcc/gnatmake version 13.0.0 20221117 (experimental) [master 20d2a8c24f3ca487ffd35fefcc9b1562bb10b609]
=== go tests ===
Running target unix
FAIL: ./index0-out.go execution, -O0 -g -fno-var-tracking-assignments
FAIL: go.test/test/fixedbugs/issue16016.go execution, -O2 -g
FAIL: go.test/test/fixedbugs/issue27836.dir/Ãfoo.go -O -I. (test for excess errors)
FAIL: go.test/test/fixedbugs/issue27836.dir/Ãmain.go -O -I. (test for excess errors)
FAIL: issue4458.go -O (test for errors, line 19)
FAIL: issue4458.go -O (test for excess errors)
=== go Summary for unix ===
# of expected passes 8994
# of unexpected failures 6
# of untested testcases 10
# of unsupported tests 34
Running target unix/-m64
FAIL: ./index0-out.go execution, -O0 -g -fno-var-tracking-assignments
FAIL: go.test/test/fixedbugs/issue23781.go -O (test for excess errors)
FAIL: go.test/test/fixedbugs/issue27836.dir/Ãfoo.go -O -I. (test for excess errors)
FAIL: go.test/test/fixedbugs/issue27836.dir/Ãmain.go -O -I. (test for excess errors)
FAIL: issue4458.go -O (test for errors, line 19)
FAIL: issue4458.go -O (test for excess errors)
=== go Summary for unix/-m64 ===
# of expected passes 8882
# of unexpected failures 6
# of untested testcases 10
# of unsupported tests 28
=== go Summary ===
# of expected passes 17876
# of unexpected failures 12
# of untested testcases 20
# of unsupported tests 62
=== obj-c++ tests ===
Running target unix
=== obj-c++ Summary for unix ===
# of expected passes 1510
# of expected failures 2
# of unsupported tests 79
Running target unix/-m64
=== obj-c++ Summary for unix/-m64 ===
# of expected passes 1502
# of expected failures 10
# of unsupported tests 79
=== obj-c++ Summary ===
# of expected passes 3012
# of expected failures 12
# of unsupported tests 158
/var/gcc/regression/master/11.4-gcc/build/gcc/xg++ version 13.0.0 20221117 (experimental) [master 20d2a8c24f3ca487ffd35fefcc9b1562bb10b609] (GCC)
=== objc tests ===
Running target unix
=== objc Summary for unix ===
# of expected passes 2840
# of expected failures 6
# of unsupported tests 70
Running target unix/-m64
=== objc Summary for unix/-m64 ===
# of expected passes 2840
# of expected failures 6
# of unsupported tests 70
=== objc Summary ===
# of expected passes 5680
# of expected failures 12
# of unsupported tests 140
/var/gcc/regression/master/11.4-gcc/build/gcc/xgcc version 13.0.0 20221117 (experimental) [master 20d2a8c24f3ca487ffd35fefcc9b1562bb10b609] (GCC)
=== gotools tests ===
FAIL: TestScript
FAIL: go test cmd/go
FAIL: TestGccgoCrashTracebackNodebug
FAIL: TestMemmoveAtomicity
FAIL: go test runtime
=== gotools Summary ===
# of expected passes 402
# of unexpected failures 5
# of untested testcases 132
/var/gcc/regression/master/11.4-gcc/build/./gcc/gccgo version 13.0.0 20221117 (experimental) [master 20d2a8c24f3ca487ffd35fefcc9b1562bb10b609] (GCC)
=== libatomic tests ===
Running target unix
=== libatomic Summary for unix ===
# of expected passes 44
# of unsupported tests 5
Running target unix/-m64
=== libatomic Summary for unix/-m64 ===
# of expected passes 54
=== libatomic Summary ===
# of expected passes 98
# of unsupported tests 5
=== libffi tests ===
Running target unix
=== libffi Summary for unix ===
# of expected passes 3764
Running target unix/-m64
=== libffi Summary for unix/-m64 ===
# of expected passes 1574
=== libffi Summary ===
# of expected passes 5338
=== libgo tests ===
Running target unix
FAIL: cmd/go/internal/par
FAIL: runtime
=== libgo Summary for unix ===
# of expected passes 194
# of unexpected failures 2
Running target unix/-m64
=== libgo Summary for unix/-m64 ===
# of expected passes 196
=== libgo Summary ===
# of expected passes 390
# of unexpected failures 2
/var/gcc/regression/master/11.4-gcc/build/./gcc/gccgo version 13.0.0 20221117 (experimental) [master 20d2a8c24f3ca487ffd35fefcc9b1562bb10b609] (GCC)
=== libgomp tests ===
Running target unix
WARNING: libgomp.c++/task-reduction-11.C execution test program timed out.
FAIL: libgomp.c++/task-reduction-11.C execution test
FAIL: libgomp.fortran/pointer2.f90 -O2 execution test
FAIL: libgomp.fortran/pointer2.f90 -O3 -fomit-frame-pointer -funroll-loops -fpeel-loops -ftracer -finline-functions execution test
FAIL: libgomp.fortran/pointer2.f90 -O3 -g execution test
FAIL: libgomp.oacc-c++/../libgomp.oacc-c-c++-common/kernels-loop-g.c -DACC_DEVICE_TYPE_host=1 -DACC_MEM_SHARED=1 -foffload=disable -O2 (test for excess errors)
UNRESOLVED: libgomp.oacc-c++/../libgomp.oacc-c-c++-common/kernels-loop-g.c -DACC_DEVICE_TYPE_host=1 -DACC_MEM_SHARED=1 -foffload=disable -O2 compilation failed to produce executable
FAIL: libgomp.oacc-c/../libgomp.oacc-c-c++-common/kernels-loop-g.c -DACC_DEVICE_TYPE_host=1 -DACC_MEM_SHARED=1 -foffload=disable -O2 (test for excess errors)
UNRESOLVED: libgomp.oacc-c/../libgomp.oacc-c-c++-common/kernels-loop-g.c -DACC_DEVICE_TYPE_host=1 -DACC_MEM_SHARED=1 -foffload=disable -O2 compilation failed to produce executable
=== libgomp Summary for unix ===
# of expected passes 14576
# of unexpected failures 6
# of expected failures 285
# of unresolved testcases 2
# of unsupported tests 668
Running target unix/-m64
WARNING: libgomp.c++/task-reduction-10.C execution test program timed out.
FAIL: libgomp.c++/task-reduction-10.C execution test
WARNING: libgomp.c++/task-reduction-11.C execution test program timed out.
FAIL: libgomp.c++/task-reduction-11.C execution test
=== libgomp Summary for unix/-m64 ===
# of expected passes 14583
# of unexpected failures 2
# of expected failures 285
# of unsupported tests 667
=== libgomp Summary ===
# of expected passes 29159
# of unexpected failures 8
# of expected failures 570
# of unresolved testcases 2
# of unsupported tests 1335
=== libitm tests ===
Running target unix
=== libitm Summary for unix ===
# of expected passes 44
# of expected failures 3
# of unsupported tests 1
Running target unix/-m64
=== libitm Summary for unix/-m64 ===
# of expected passes 44
# of expected failures 3
# of unsupported tests 1
=== libitm Summary ===
# of expected passes 88
# of expected failures 6
# of unsupported tests 2
=== libphobos tests ===
Running target unix
FAIL: libphobos.phobos/std/complex.d execution test
FAIL: libphobos.phobos/std/conv.d execution test
FAIL: libphobos.phobos/std/datetime/systime.d execution test
FAIL: libphobos.phobos/std/datetime/timezone.d execution test
FAIL: libphobos.phobos/std/experimental/allocator/building_blocks/region.d execution test
FAIL: libphobos.phobos/std/format/internal/floats.d execution test
FAIL: libphobos.phobos/std/format/internal/write.d execution test
FAIL: libphobos.phobos/std/format/package.d execution test
FAIL: libphobos.phobos/std/format/write.d execution test
FAIL: libphobos.phobos/std/math/hardware.d execution test
FAIL: libphobos.phobos/std/parallelism.d execution test
FAIL: libphobos.phobos/std/typecons.d execution test
FAIL: libphobos.phobos/std/variant.d execution test
FAIL: libphobos.phobos_shared/std/complex.d execution test
FAIL: libphobos.phobos_shared/std/conv.d execution test
FAIL: libphobos.phobos_shared/std/datetime/date.d execution test
FAIL: libphobos.phobos_shared/std/datetime/interval.d execution test
FAIL: libphobos.phobos_shared/std/datetime/systime.d execution test
FAIL: libphobos.phobos_shared/std/datetime/timezone.d execution test
FAIL: libphobos.phobos_shared/std/experimental/allocator/building_blocks/region.d execution test
FAIL: libphobos.phobos_shared/std/format/internal/floats.d execution test
FAIL: libphobos.phobos_shared/std/format/internal/write.d execution test
FAIL: libphobos.phobos_shared/std/format/package.d execution test
FAIL: libphobos.phobos_shared/std/format/write.d execution test
FAIL: libphobos.phobos_shared/std/math/hardware.d execution test
FAIL: libphobos.phobos_shared/std/parallelism.d execution test
FAIL: libphobos.phobos_shared/std/typecons.d execution test
FAIL: libphobos.phobos_shared/std/variant.d execution test
FAIL: libphobos.shared/finalize.d -shared-libphobos -ldl execution test
FAIL: libphobos.shared/load.d -shared-libphobos -ldl execution test
FAIL: libphobos.shared/load_13414.d -shared-libphobos -ldl execution test
=== libphobos Summary for unix ===
# of expected passes 1074
# of unexpected failures 31
Running target unix/-m64
FAIL: libphobos.phobos/std/complex.d execution test
FAIL: libphobos.phobos/std/conv.d execution test
FAIL: libphobos.phobos/std/datetime/date.d execution test
FAIL: libphobos.phobos/std/datetime/systime.d execution test
FAIL: libphobos.phobos/std/datetime/timezone.d execution test
FAIL: libphobos.phobos/std/experimental/allocator/building_blocks/region.d execution test
FAIL: libphobos.phobos/std/format/internal/floats.d execution test
FAIL: libphobos.phobos/std/format/internal/write.d execution test
FAIL: libphobos.phobos/std/format/package.d execution test
FAIL: libphobos.phobos/std/format/write.d execution test
FAIL: libphobos.phobos/std/math/hardware.d execution test
FAIL: libphobos.phobos/std/parallelism.d execution test
FAIL: libphobos.phobos/std/typecons.d execution test
FAIL: libphobos.phobos/std/variant.d execution test
FAIL: libphobos.phobos_shared/std/complex.d execution test
FAIL: libphobos.phobos_shared/std/conv.d execution test
FAIL: libphobos.phobos_shared/std/datetime/date.d execution test
FAIL: libphobos.phobos_shared/std/datetime/interval.d execution test
FAIL: libphobos.phobos_shared/std/datetime/systime.d execution test
FAIL: libphobos.phobos_shared/std/datetime/timezone.d execution test
FAIL: libphobos.phobos_shared/std/experimental/allocator/building_blocks/region.d execution test
FAIL: libphobos.phobos_shared/std/file.d execution test
FAIL: libphobos.phobos_shared/std/format/internal/floats.d execution test
FAIL: libphobos.phobos_shared/std/format/internal/write.d execution test
FAIL: libphobos.phobos_shared/std/format/package.d execution test
FAIL: libphobos.phobos_shared/std/format/write.d execution test
FAIL: libphobos.phobos_shared/std/math/hardware.d execution test
FAIL: libphobos.phobos_shared/std/parallelism.d execution test
FAIL: libphobos.phobos_shared/std/typecons.d execution test
FAIL: libphobos.phobos_shared/std/variant.d execution test
FAIL: libphobos.shared/finalize.d -shared-libphobos -ldl execution test
FAIL: libphobos.shared/load.d -shared-libphobos -ldl execution test
FAIL: libphobos.shared/load_13414.d -shared-libphobos -ldl execution test
=== libphobos Summary for unix/-m64 ===
# of expected passes 1072
# of unexpected failures 33
=== libphobos Summary ===
# of expected passes 2146
# of unexpected failures 64
=== libstdc++ tests ===
Running target unix
FAIL: 30_threads/future/members/poll.cc execution test
FAIL: experimental/filesystem/iterators/error_reporting.cc execution test
FAIL: std/format/functions/format.cc (test for excess errors)
UNRESOLVED: std/format/functions/format.cc compilation failed to produce executable
FAIL: std/format/functions/format_to_n.cc (test for excess errors)
UNRESOLVED: std/format/functions/format_to_n.cc compilation failed to produce executable
=== libstdc++ Summary for unix ===
# of expected passes 15399
# of unexpected failures 4
# of expected failures 99
# of unresolved testcases 2
# of unsupported tests 745
Running target unix/-m64
FAIL: 30_threads/future/members/poll.cc execution test
FAIL: experimental/filesystem/iterators/error_reporting.cc execution test
FAIL: std/format/functions/format.cc (test for excess errors)
UNRESOLVED: std/format/functions/format.cc compilation failed to produce executable
FAIL: std/format/functions/format_to_n.cc (test for excess errors)
UNRESOLVED: std/format/functions/format_to_n.cc compilation failed to produce executable
=== libstdc++ Summary for unix/-m64 ===
# of expected passes 15387
# of unexpected failures 4
# of expected failures 99
# of unresolved testcases 2
# of unsupported tests 751
=== libstdc++ Summary ===
# of expected passes 30786
# of unexpected failures 8
# of expected failures 198
# of unresolved testcases 4
# of unsupported tests 1496
Compiler version: 13.0.0 20221117 (experimental) [master 20d2a8c24f3ca487ffd35fefcc9b1562bb10b609] (GCC)
Platform: i386-pc-solaris2.11
configure flags: --prefix=/vol/gcc --target=i386-pc-solaris2.11 --enable-objc-gc --with-target-bdw-gc-include=/vol/gcc/include --with-target-bdw-gc-lib=/vol/gcc/lib,amd64=/vol/gcc/lib/amd64 --with-as=/usr/ccs/bin/as --without-gnu-as --with-gmp-include=/vol/gcc/include --with-gmp-lib=/vol/gcc/lib --with-mpfr-include=/vol/gcc/include --with-mpfr-lib=/vol/gcc/lib --with-mpc-include=/vol/gcc/include --with-mpc-lib=/vol/gcc/lib --enable-languages=all,ada,obj-c++,go --with-isl-include=/vol/gcc/include --with-isl-lib=/vol/gcc/lib --with-zstd-include=/vol/gcc/include --with-zstd-lib=/vol/gcc/lib --build=i386-pc-solaris2.11 --host=i386-pc-solaris2.11
BOOT_CFLAGS=-g -O2
More information about the Gcc-testresults
mailing list