Results of testsuite (branch: master; revision: r13-4023-g2b85d759dae79c; build config: lto; languages: all,ada; tasks: 32) on x86_64-linux-gnu.
Toon Moene
toon@moene.org
Mon Nov 14 18:13:53 GMT 2022
LAST_UPDATED: Mon Nov 14 17:00:21 UTC 2022 (revision r13-4023-g2b85d759dae)
=== acats tests ===
=== acats Summary ===
# of expected passes 2328
# of unexpected failures 0
Native configuration is x86_64-pc-linux-gnu
=== gcc tests ===
Running target unix
FAIL: gcc.dg/analyzer/pipe-glibc.c (test for excess errors)
FAIL: c-c++-common/diagnostic-format-json-2.c -Wc++-compat dg-regexp 15 not found: ""option_url": "https:[^\\n"]*#cmdoption-Wcpp""
FAIL: c-c++-common/diagnostic-format-json-2.c -Wc++-compat (test for excess errors)
FAIL: c-c++-common/diagnostic-format-json-3.c -Wc++-compat dg-regexp 15 not found: ""option_url": "https:[^\\n"]*#cmdoption-Wcpp""
FAIL: c-c++-common/diagnostic-format-json-3.c -Wc++-compat (test for excess errors)
FAIL: c-c++-common/diagnostic-format-json-4.c -Wc++-compat dg-regexp 45 not found: ""option_url": "https:[^\\n"]*#cmdoption-Wmisleading-indentation""
FAIL: c-c++-common/diagnostic-format-json-4.c -Wc++-compat (test for excess errors)
FAIL: gcc.dg/fold-overflow-1.c scan-assembler-times 2139095040 2
FAIL: gcc.dg/pr56837.c scan-tree-dump-times optimized "memset ..c, 68, 16384.;" 1
FAIL: gcc.dg/pr95115.c execution test
=== gcc Summary ===
# of expected passes 182102
# of unexpected failures 10
# of expected failures 1414
# of unsupported tests 2383
/dev/shm/bld3330814/gcc/xgcc version 13.0.0 20221114 (experimental) [master r13-4023-g2b85d759dae] (GCC)
=== gdc tests ===
Running target unix
=== gdc Summary ===
# of expected passes 12917
# of unsupported tests 1
/dev/shm/bld3330814/gcc/gdc version 13.0.0 20221114 (experimental) [master r13-4023-g2b85d759dae] (GCC)
=== gfortran tests ===
Running target unix
FAIL: gfortran.dg/diagnostic-format-json-2.F90 -O dg-regexp 15 not found: ""option_url": "[^\\n"]*#cmdoption-Wcpp""
FAIL: gfortran.dg/diagnostic-format-json-2.F90 -O (test for excess errors)
FAIL: gfortran.dg/diagnostic-format-json-3.F90 -O dg-regexp 15 not found: ""option_url": "[^\\n"]*#cmdoption-Wcpp""
FAIL: gfortran.dg/diagnostic-format-json-3.F90 -O (test for excess errors)
=== gfortran Summary ===
# of expected passes 67184
# of unexpected failures 4
# of expected failures 259
# of unsupported tests 77
/dev/shm/bld3330814/gcc/gfortran version 13.0.0 20221114 (experimental) [master r13-4023-g2b85d759dae] (GCC)
=== g++ tests ===
Running target unix
FAIL: c-c++-common/diagnostic-format-json-2.c -std=gnu++98 dg-regexp 15 not found: ""option_url": "https:[^\\n"]*#cmdoption-Wcpp""
FAIL: c-c++-common/diagnostic-format-json-2.c -std=gnu++98 (test for excess errors)
FAIL: c-c++-common/diagnostic-format-json-2.c -std=gnu++14 dg-regexp 15 not found: ""option_url": "https:[^\\n"]*#cmdoption-Wcpp""
FAIL: c-c++-common/diagnostic-format-json-2.c -std=gnu++14 (test for excess errors)
FAIL: c-c++-common/diagnostic-format-json-2.c -std=gnu++17 dg-regexp 15 not found: ""option_url": "https:[^\\n"]*#cmdoption-Wcpp""
FAIL: c-c++-common/diagnostic-format-json-2.c -std=gnu++17 (test for excess errors)
FAIL: c-c++-common/diagnostic-format-json-2.c -std=gnu++20 dg-regexp 15 not found: ""option_url": "https:[^\\n"]*#cmdoption-Wcpp""
FAIL: c-c++-common/diagnostic-format-json-2.c -std=gnu++20 (test for excess errors)
FAIL: c-c++-common/diagnostic-format-json-3.c -std=gnu++98 dg-regexp 15 not found: ""option_url": "https:[^\\n"]*#cmdoption-Wcpp""
FAIL: c-c++-common/diagnostic-format-json-3.c -std=gnu++98 (test for excess errors)
FAIL: c-c++-common/diagnostic-format-json-3.c -std=gnu++14 dg-regexp 15 not found: ""option_url": "https:[^\\n"]*#cmdoption-Wcpp""
FAIL: c-c++-common/diagnostic-format-json-3.c -std=gnu++14 (test for excess errors)
FAIL: c-c++-common/diagnostic-format-json-3.c -std=gnu++17 dg-regexp 15 not found: ""option_url": "https:[^\\n"]*#cmdoption-Wcpp""
FAIL: c-c++-common/diagnostic-format-json-3.c -std=gnu++17 (test for excess errors)
FAIL: c-c++-common/diagnostic-format-json-3.c -std=gnu++20 dg-regexp 15 not found: ""option_url": "https:[^\\n"]*#cmdoption-Wcpp""
FAIL: c-c++-common/diagnostic-format-json-3.c -std=gnu++20 (test for excess errors)
FAIL: c-c++-common/diagnostic-format-json-4.c -std=gnu++98 dg-regexp 45 not found: ""option_url": "https:[^\\n"]*#cmdoption-Wmisleading-indentation""
FAIL: c-c++-common/diagnostic-format-json-4.c -std=gnu++98 (test for excess errors)
FAIL: c-c++-common/diagnostic-format-json-4.c -std=gnu++14 dg-regexp 45 not found: ""option_url": "https:[^\\n"]*#cmdoption-Wmisleading-indentation""
FAIL: c-c++-common/diagnostic-format-json-4.c -std=gnu++14 (test for excess errors)
FAIL: c-c++-common/diagnostic-format-json-4.c -std=gnu++17 dg-regexp 45 not found: ""option_url": "https:[^\\n"]*#cmdoption-Wmisleading-indentation""
FAIL: c-c++-common/diagnostic-format-json-4.c -std=gnu++17 (test for excess errors)
FAIL: c-c++-common/diagnostic-format-json-4.c -std=gnu++20 dg-regexp 45 not found: ""option_url": "https:[^\\n"]*#cmdoption-Wmisleading-indentation""
FAIL: c-c++-common/diagnostic-format-json-4.c -std=gnu++20 (test for excess errors)
FAIL: g++.dg/pr71488.C (test for excess errors)
=== g++ Summary ===
# of expected passes 234436
# of unexpected failures 25
# of expected failures 2046
# of unsupported tests 10084
/dev/shm/bld3330814/gcc/xg++ version 13.0.0 20221114 (experimental) [master r13-4023-g2b85d759dae] (GCC)
=== gnat tests ===
Running target unix
=== gnat Summary ===
# of expected passes 3407
# of expected failures 23
# of unsupported tests 4
/dev/shm/bld3330814/gcc/gnatmake version 13.0.0 20221114 (experimental) [master r13-4023-g2b85d759dae]
=== go tests ===
Running target unix
FAIL: ./index0-out.go execution, -O0 -g -fno-var-tracking-assignments
=== go Summary ===
# of expected passes 8897
# of unexpected failures 1
# of untested testcases 6
# of unsupported tests 27
/dev/shm/bld3330814/gcc/gccgo version 13.0.0 20221114 (experimental) [master r13-4023-g2b85d759dae] (GCC)
=== obj-c++ tests ===
Running target unix
=== obj-c++ Summary ===
# of expected passes 1502
# of expected failures 10
# of unsupported tests 79
/dev/shm/bld3330814/gcc/xg++ version 13.0.0 20221114 (experimental) [master r13-4023-g2b85d759dae] (GCC)
=== objc tests ===
Running target unix
FAIL: objc/execute/nested-func-1.m compilation, -O0 -fgnu-runtime
UNRESOLVED: objc/execute/nested-func-1.m execution, -O0 -fgnu-runtime
=== objc Summary ===
# of expected passes 2838
# of unexpected failures 1
# of expected failures 6
# of unresolved testcases 1
# of unsupported tests 70
/dev/shm/bld3330814/gcc/xgcc version 13.0.0 20221114 (experimental) [master r13-4023-g2b85d759dae] (GCC)
=== gotools tests ===
=== gotools Summary ===
# of expected passes 413
# of untested testcases 131
/dev/shm/bld3330814/./gcc/gccgo version 13.0.0 20221114 (experimental) [master r13-4023-g2b85d759dae] (GCC)
=== libatomic tests ===
Running target unix
=== libatomic Summary ===
# of expected passes 54
=== libffi tests ===
Running target unix
=== libffi Summary ===
# of expected passes 2304
=== libgo tests ===
Running target unix
FAIL: runtime/pprof
=== libgo Summary ===
# of expected passes 195
# of unexpected failures 1
/dev/shm/bld3330814/./gcc/gccgo version 13.0.0 20221114 (experimental) [master r13-4023-g2b85d759dae] (GCC)
=== libgomp tests ===
Running target unix
=== libgomp Summary ===
# of expected passes 14752
# of expected failures 285
# of unsupported tests 588
=== libitm tests ===
Running target unix
=== libitm Summary ===
# of expected passes 44
# of expected failures 3
# of unsupported tests 1
=== libphobos tests ===
Running target unix
FAIL: libphobos.phobos/std/math/hardware.d execution test
FAIL: libphobos.phobos_shared/std/math/hardware.d execution test
=== libphobos Summary ===
# of expected passes 1063
# of unexpected failures 2
=== libstdc++ tests ===
Running target unix
=== libstdc++ Summary ===
# of expected passes 14825
# of expected failures 98
# of unsupported tests 692
Compiler version: 13.0.0 20221114 (experimental) [master r13-4023-g2b85d759dae] (GCC)
Platform: x86_64-pc-linux-gnu
configure flags: --prefix=/home/toon/compilers/install/gcc --with-gnu-as --with-gnu-ld --enable-languages=all,ada --disable-multilib --disable-nls --with-build-config=bootstrap-lto
More information about the Gcc-testresults
mailing list