Results for 13.0.0 20220525 (experimental) [master 768f49a20f4] (GCC) testsuite on aarch64-suse-linux-gnu
Andreas Schwab
schwab@suse.de
Wed May 25 07:06:00 GMT 2022
LAST_UPDATED: Wed May 25 02:01:33 UTC 2022 (revision 768f49a20f4)
Native configuration is aarch64-suse-linux-gnu
=== libatomic tests ===
Running target unix/-mabi=lp64
=== libatomic Summary ===
# of expected passes 54
=== libffi tests ===
Running target unix/-mabi=lp64
=== libffi Summary ===
# of expected passes 1574
=== libgo tests ===
Running target unix
FAIL: net
=== libgo Summary ===
# of expected passes 195
# of unexpected failures 1
/opt/gcc/gcc-20220525/Build/./gcc/gccgo version 13.0.0 20220525 (experimental) [master 768f49a20f4] (GCC)
=== libgomp tests ===
Running target unix/-mabi=lp64
=== libgomp Summary ===
# of expected passes 13856
# of expected failures 213
# of unsupported tests 628
=== libitm tests ===
Running target unix/-mabi=lp64
=== libitm Summary ===
# of expected passes 44
# of expected failures 3
# of unsupported tests 1
=== libphobos tests ===
Running target unix/-mabi=lp64
FAIL: libphobos.exceptions/rt_trap_exceptions.d output pattern test
FAIL: libphobos.lifetime/large_aggregate_destroy_21097.d (test for excess errors)
UNRESOLVED: libphobos.lifetime/large_aggregate_destroy_21097.d compilation failed to produce executable
WARNING: libphobos.phobos/std/algorithm/iteration.d (test for excess errors) program timed out.
FAIL: libphobos.phobos/std/algorithm/iteration.d (test for excess errors)
UNRESOLVED: libphobos.phobos/std/algorithm/iteration.d compilation failed to produce executable
WARNING: libphobos.phobos/std/algorithm/searching.d (test for excess errors) program timed out.
FAIL: libphobos.phobos/std/algorithm/searching.d (test for excess errors)
UNRESOLVED: libphobos.phobos/std/algorithm/searching.d compilation failed to produce executable
WARNING: libphobos.phobos/std/array.d (test for excess errors) program timed out.
FAIL: libphobos.phobos/std/array.d (test for excess errors)
UNRESOLVED: libphobos.phobos/std/array.d compilation failed to produce executable
FAIL: libphobos.phobos/std/complex.d execution test
WARNING: libphobos.phobos/std/container/rbtree.d (test for excess errors) program timed out.
FAIL: libphobos.phobos/std/container/rbtree.d (test for excess errors)
UNRESOLVED: libphobos.phobos/std/container/rbtree.d compilation failed to produce executable
WARNING: libphobos.phobos/std/conv.d (test for excess errors) program timed out.
FAIL: libphobos.phobos/std/conv.d (test for excess errors)
UNRESOLVED: libphobos.phobos/std/conv.d compilation failed to produce executable
WARNING: libphobos.phobos/std/datetime/date.d (test for excess errors) program timed out.
FAIL: libphobos.phobos/std/datetime/date.d (test for excess errors)
UNRESOLVED: libphobos.phobos/std/datetime/date.d compilation failed to produce executable
FAIL: libphobos.phobos/std/format/internal/floats.d (test for excess errors)
FAIL: libphobos.phobos/std/format/internal/floats.d execution test
FAIL: libphobos.phobos/std/format/internal/write.d execution test
FAIL: libphobos.phobos/std/internal/math/gammafunction.d execution test
FAIL: libphobos.phobos/std/math/algebraic.d execution test
FAIL: libphobos.phobos/std/math/hardware.d execution test
FAIL: libphobos.phobos/std/math/trigonometry.d execution test
FAIL: libphobos.phobos/std/numeric.d execution test
WARNING: libphobos.phobos/std/range/package.d (test for excess errors) program timed out.
FAIL: libphobos.phobos/std/range/package.d (test for excess errors)
UNRESOLVED: libphobos.phobos/std/range/package.d compilation failed to produce executable
WARNING: libphobos.phobos/std/string.d (test for excess errors) program timed out.
FAIL: libphobos.phobos/std/string.d (test for excess errors)
UNRESOLVED: libphobos.phobos/std/string.d compilation failed to produce executable
WARNING: libphobos.phobos/std/typecons.d (test for excess errors) program timed out.
FAIL: libphobos.phobos/std/typecons.d (test for excess errors)
UNRESOLVED: libphobos.phobos/std/typecons.d compilation failed to produce executable
WARNING: libphobos.phobos_shared/std/algorithm/iteration.d (test for excess errors) program timed out.
FAIL: libphobos.phobos_shared/std/algorithm/iteration.d (test for excess errors)
UNRESOLVED: libphobos.phobos_shared/std/algorithm/iteration.d compilation failed to produce executable
WARNING: libphobos.phobos_shared/std/algorithm/searching.d (test for excess errors) program timed out.
FAIL: libphobos.phobos_shared/std/algorithm/searching.d (test for excess errors)
UNRESOLVED: libphobos.phobos_shared/std/algorithm/searching.d compilation failed to produce executable
WARNING: libphobos.phobos_shared/std/array.d (test for excess errors) program timed out.
FAIL: libphobos.phobos_shared/std/array.d (test for excess errors)
UNRESOLVED: libphobos.phobos_shared/std/array.d compilation failed to produce executable
FAIL: libphobos.phobos_shared/std/complex.d execution test
WARNING: libphobos.phobos_shared/std/container/rbtree.d (test for excess errors) program timed out.
FAIL: libphobos.phobos_shared/std/container/rbtree.d (test for excess errors)
UNRESOLVED: libphobos.phobos_shared/std/container/rbtree.d compilation failed to produce executable
WARNING: libphobos.phobos_shared/std/conv.d (test for excess errors) program timed out.
FAIL: libphobos.phobos_shared/std/conv.d (test for excess errors)
UNRESOLVED: libphobos.phobos_shared/std/conv.d compilation failed to produce executable
WARNING: libphobos.phobos_shared/std/datetime/date.d (test for excess errors) program timed out.
FAIL: libphobos.phobos_shared/std/datetime/date.d (test for excess errors)
UNRESOLVED: libphobos.phobos_shared/std/datetime/date.d compilation failed to produce executable
WARNING: libphobos.phobos_shared/std/datetime/systime.d (test for excess errors) program timed out.
FAIL: libphobos.phobos_shared/std/datetime/systime.d (test for excess errors)
UNRESOLVED: libphobos.phobos_shared/std/datetime/systime.d compilation failed to produce executable
FAIL: libphobos.phobos_shared/std/format/internal/floats.d (test for excess errors)
FAIL: libphobos.phobos_shared/std/format/internal/floats.d execution test
FAIL: libphobos.phobos_shared/std/format/internal/write.d execution test
FAIL: libphobos.phobos_shared/std/internal/math/gammafunction.d execution test
FAIL: libphobos.phobos_shared/std/math/algebraic.d execution test
FAIL: libphobos.phobos_shared/std/math/hardware.d execution test
FAIL: libphobos.phobos_shared/std/math/trigonometry.d execution test
FAIL: libphobos.phobos_shared/std/numeric.d execution test
WARNING: libphobos.phobos_shared/std/range/package.d (test for excess errors) program timed out.
FAIL: libphobos.phobos_shared/std/range/package.d (test for excess errors)
UNRESOLVED: libphobos.phobos_shared/std/range/package.d compilation failed to produce executable
WARNING: libphobos.phobos_shared/std/string.d (test for excess errors) program timed out.
FAIL: libphobos.phobos_shared/std/string.d (test for excess errors)
UNRESOLVED: libphobos.phobos_shared/std/string.d compilation failed to produce executable
WARNING: libphobos.phobos_shared/std/typecons.d (test for excess errors) program timed out.
FAIL: libphobos.phobos_shared/std/typecons.d (test for excess errors)
UNRESOLVED: libphobos.phobos_shared/std/typecons.d compilation failed to produce executable
=== libphobos Summary ===
# of expected passes 1046
# of unexpected failures 39
# of unresolved testcases 20
# of unsupported tests 2
=== libstdc++ tests ===
Running target unix/-mabi=lp64
=== libstdc++ Summary ===
# of expected passes 16077
# of expected failures 95
# of unsupported tests 377
=== acats tests ===
=== acats Summary ===
# of expected passes 2328
# of unexpected failures 0
=== g++ tests ===
Running target unix/-mabi=lp64
FAIL: g++.dg/warn/Waddress-5.C -std=gnu++98 (test for excess errors)
FAIL: g++.dg/warn/Waddress-5.C -std=gnu++14 (test for excess errors)
FAIL: g++.dg/warn/Waddress-5.C -std=gnu++17 (test for excess errors)
FAIL: g++.dg/warn/Waddress-5.C -std=gnu++20 (test for excess errors)
FAIL: g++.dg/gomp/attrs-10.C -std=gnu++14 at line 58 (test for warnings, line 57)
FAIL: g++.dg/gomp/attrs-10.C -std=gnu++14 at line 81 (test for warnings, line 79)
FAIL: g++.dg/gomp/attrs-10.C -std=gnu++14 at line 127 (test for warnings, line 125)
FAIL: g++.dg/gomp/attrs-10.C -std=gnu++14 (test for excess errors)
FAIL: g++.dg/gomp/attrs-10.C -std=gnu++17 at line 58 (test for warnings, line 57)
FAIL: g++.dg/gomp/attrs-10.C -std=gnu++17 at line 81 (test for warnings, line 79)
FAIL: g++.dg/gomp/attrs-10.C -std=gnu++17 at line 127 (test for warnings, line 125)
FAIL: g++.dg/gomp/attrs-10.C -std=gnu++17 (test for excess errors)
FAIL: g++.dg/gomp/attrs-10.C -std=gnu++20 at line 58 (test for warnings, line 57)
FAIL: g++.dg/gomp/attrs-10.C -std=gnu++20 at line 81 (test for warnings, line 79)
FAIL: g++.dg/gomp/attrs-10.C -std=gnu++20 at line 127 (test for warnings, line 125)
FAIL: g++.dg/gomp/attrs-10.C -std=gnu++20 (test for excess errors)
FAIL: g++.dg/gomp/declare-simd-8.C -std=c++98 (test for excess errors)
FAIL: g++.dg/gomp/declare-simd-8.C -std=c++14 (test for excess errors)
FAIL: g++.dg/gomp/declare-simd-8.C -std=c++17 (test for excess errors)
FAIL: g++.dg/gomp/declare-simd-8.C -std=c++20 (test for excess errors)
FAIL: c-c++-common/hwasan/alloca-gets-different-tag.c -O2 -flto -fuse-linker-plugin -fno-fat-lto-objects execution test
FAIL: c-c++-common/hwasan/alloca-outside-caught.c -O2 -flto -fuse-linker-plugin -fno-fat-lto-objects output pattern test
=== g++ Summary ===
# of expected passes 341448
# of unexpected failures 22
# of expected failures 3086
# of unsupported tests 10394
/opt/gcc/gcc-20220525/Build/gcc/xg++ version 13.0.0 20220525 (experimental) [master 768f49a20f4] (GCC)
=== gcc tests ===
Running target unix/-mabi=lp64
FAIL: tmpdir-gcc.dg-struct-layout-1/t028 c_compat_x_tst.o-c_compat_y_tst.o execute
FAIL: c-c++-common/hwasan/alloca-gets-different-tag.c -O2 -flto -fuse-linker-plugin -fno-fat-lto-objects execution test
FAIL: c-c++-common/hwasan/alloca-outside-caught.c -O2 -flto -fuse-linker-plugin -fno-fat-lto-objects output pattern test
FAIL: gcc.dg/simulate-thread/atomic-other-short.c -O0 -g thread simulation test
FAIL: gcc.dg/tree-ssa/ssa-dom-thread-7.c scan-tree-dump thread2 "Jumps threaded: 18"
XPASS: gcc.dg/vect/complex/fast-math-bb-slp-complex-add-pattern-half-float.c scan-tree-dump slp1 "Found COMPLEX_ADD_ROT270"
UNRESOLVED: gcc.dg/vect/complex/fast-math-complex-add-half-float.c scan-tree-dump-times slp1 "stmt.*COMPLEX_ADD_ROT270" 1
UNRESOLVED: gcc.dg/vect/complex/fast-math-complex-add-half-float.c scan-tree-dump-times slp1 "stmt.*COMPLEX_ADD_ROT90" 1
FAIL: gcc.target/aarch64/fcsel_1.c scan-assembler-times \\tfcsel 2
FAIL: gcc.target/aarch64/mgeneral-regs_3.c (test for errors, line 8)
FAIL: gcc.target/aarch64/simd/vqdmlalh_laneq_s16_1.c scan-assembler-times sqdmlal[ \\t]+[sS][0-9]+, ?[hH][0-9]+, ?[vV][0-9]+.[hH]\\\\[7\\\\]\\n 1
FAIL: gcc.target/aarch64/simd/vqdmlals_laneq_s32_1.c scan-assembler-times sqdmlal[ \\t]+[dD][0-9]+, ?[sS][0-9]+, ?[vV][0-9]+.[sS]\\\\[3\\\\]\\n 1
FAIL: gcc.target/aarch64/simd/vqdmlslh_laneq_s16_1.c scan-assembler-times sqdmlsl[ \\t]+[sS][0-9]+, ?[hH][0-9]+, ?[vV][0-9]+.[hH]\\\\[4\\\\]\\n 1
FAIL: gcc.target/aarch64/simd/vqdmlsls_laneq_s32_1.c scan-assembler-times sqdmlsl[ \\t]+[dD][0-9]+, ?[sS][0-9]+, ?[vV][0-9]+.[sS]\\\\[3\\\\]\\n 1
FAIL: gcc.target/aarch64/sve/cond_asrd_1.c scan-assembler-times \\\\tasrd\\\\tz[0-9]+\\\\.b, p[0-7]/m, z[0-9]+\\\\.b, #4\\\\n 3
FAIL: gcc.target/aarch64/sve/cond_asrd_1.c scan-assembler-times \\\\tasrd\\\\tz[0-9]+\\\\.h, p[0-7]/m, z[0-9]+\\\\.h, #4\\\\n 2
FAIL: gcc.target/aarch64/sve/cond_asrd_1.c scan-assembler-times \\\\tasrd\\\\tz[0-9]+\\\\.s, p[0-7]/m, z[0-9]+\\\\.s, #4\\\\n 1
FAIL: gcc.target/aarch64/sve/cond_cnot_4.c scan-assembler-times \\\\tcnot\\\\tz[0-9]+\\\\.b, p[0-7]/m, 3
FAIL: gcc.target/aarch64/sve/cond_cnot_4.c scan-assembler-times \\\\tcnot\\\\tz[0-9]+\\\\.h, p[0-7]/m, 2
FAIL: gcc.target/aarch64/sve/cond_cnot_4.c scan-assembler-times \\\\tcnot\\\\tz[0-9]+\\\\.s, p[0-7]/m, 1
FAIL: gcc.target/aarch64/sve/cond_cnot_6.c scan-assembler-times \\\\tcnot\\\\tz[0-9]+\\\\.b, p[0-7]/m, 3
FAIL: gcc.target/aarch64/sve/cond_cnot_6.c scan-assembler-times \\\\tcnot\\\\tz[0-9]+\\\\.h, p[0-7]/m, 2
FAIL: gcc.target/aarch64/sve/cond_cnot_6.c scan-assembler-times \\\\tcnot\\\\tz[0-9]+\\\\.s, p[0-7]/m, 1
FAIL: gcc.target/aarch64/sve/cond_unary_5.c scan-assembler-times \\\\tabs\\\\tz[0-9]+\\\\.b, p[0-7]/m, 3
FAIL: gcc.target/aarch64/sve/cond_unary_5.c scan-assembler-times \\\\tabs\\\\tz[0-9]+\\\\.h, p[0-7]/m, 2
FAIL: gcc.target/aarch64/sve/cond_unary_5.c scan-assembler-times \\\\tabs\\\\tz[0-9]+\\\\.s, p[0-7]/m, 1
FAIL: gcc.target/aarch64/sve/cond_unary_5.c scan-assembler-times \\\\tneg\\\\tz[0-9]+\\\\.b, p[0-7]/m, 3
FAIL: gcc.target/aarch64/sve/cond_unary_5.c scan-assembler-times \\\\tneg\\\\tz[0-9]+\\\\.h, p[0-7]/m, 2
FAIL: gcc.target/aarch64/sve/cond_unary_5.c scan-assembler-times \\\\tneg\\\\tz[0-9]+\\\\.s, p[0-7]/m, 1
FAIL: gcc.target/aarch64/sve/cond_unary_5.c scan-assembler-times \\\\tnot\\\\tz[0-9]+\\\\.b, p[0-7]/m, 3
FAIL: gcc.target/aarch64/sve/cond_unary_5.c scan-assembler-times \\\\tnot\\\\tz[0-9]+\\\\.h, p[0-7]/m, 2
FAIL: gcc.target/aarch64/sve/cond_unary_5.c scan-assembler-times \\\\tnot\\\\tz[0-9]+\\\\.s, p[0-7]/m, 1
FAIL: gcc.target/aarch64/sve/cond_unary_6.c scan-assembler-times \\\\tabs\\\\tz[0-9]+\\\\.b, p[0-7]/m, 3
FAIL: gcc.target/aarch64/sve/cond_unary_6.c scan-assembler-times \\\\tabs\\\\tz[0-9]+\\\\.h, p[0-7]/m, 2
FAIL: gcc.target/aarch64/sve/cond_unary_6.c scan-assembler-times \\\\tabs\\\\tz[0-9]+\\\\.s, p[0-7]/m, 1
FAIL: gcc.target/aarch64/sve/cond_unary_6.c scan-assembler-times \\\\tneg\\\\tz[0-9]+\\\\.b, p[0-7]/m, 3
FAIL: gcc.target/aarch64/sve/cond_unary_6.c scan-assembler-times \\\\tneg\\\\tz[0-9]+\\\\.h, p[0-7]/m, 2
FAIL: gcc.target/aarch64/sve/cond_unary_6.c scan-assembler-times \\\\tneg\\\\tz[0-9]+\\\\.s, p[0-7]/m, 1
FAIL: gcc.target/aarch64/sve/cond_unary_6.c scan-assembler-times \\\\tnot\\\\tz[0-9]+\\\\.b, p[0-7]/m, 3
FAIL: gcc.target/aarch64/sve/cond_unary_6.c scan-assembler-times \\\\tnot\\\\tz[0-9]+\\\\.h, p[0-7]/m, 2
FAIL: gcc.target/aarch64/sve/cond_unary_6.c scan-assembler-times \\\\tnot\\\\tz[0-9]+\\\\.s, p[0-7]/m, 1
FAIL: gcc.target/aarch64/sve/cond_uxt_5.c scan-assembler \\\\tld1h\\\\t(z[0-9]+)\\\\.d, p[0-7]/z, \\\\[x2[],][^L]*\\\\tuxtb\\\\t\\\\1\\\\.h, p[0-7]/m, \\\\1\\\\.h\\\\n
FAIL: gcc.target/aarch64/sve/cond_uxt_5.c scan-assembler \\\\tld1w\\\\t(z[0-9]+)\\\\.d, p[0-7]/z, \\\\[x2[],][^L]*\\\\tuxtb\\\\t\\\\1\\\\.s, p[0-7]/m, \\\\1\\\\.s\\\\n
FAIL: gcc.target/aarch64/sve/cond_uxt_5.c scan-assembler \\\\tld1w\\\\t(z[0-9]+)\\\\.d, p[0-7]/z, \\\\[x2[],][^L]*\\\\tuxth\\\\t\\\\1\\\\.s, p[0-7]/m, \\\\1\\\\.s\\\\n
XPASS: gcc.target/aarch64/sve/vcond_4_costly.c scan-assembler-times \\\\tfcm(?:eq|ne)\\\\tp[0-9]+\\\\.s, p[0-7]/z, z[0-9]+\\\\.s, z[0-9]+\\\\.s\\\\n 8
XPASS: gcc.target/aarch64/sve/vcond_4_costly.c scan-assembler-times \\\\tfcm(?:eq|ne)\\\\tp[0-9]+\\\\.d, p[0-7]/z, z[0-9]+\\\\.d, z[0-9]+\\\\.d\\\\n 16
=== gcc Summary ===
# of expected passes 279302
# of unexpected failures 41
# of unexpected successes 3
# of expected failures 2624
# of unresolved testcases 2
# of unsupported tests 4344
/opt/gcc/gcc-20220525/Build/gcc/xgcc version 13.0.0 20220525 (experimental) [master 768f49a20f4] (GCC)
=== gdc tests ===
Running target unix/-mabi=lp64
=== gdc Summary ===
# of expected passes 11745
# of unsupported tests 88
/opt/gcc/gcc-20220525/Build/gcc/gdc version 13.0.0 20220525 (experimental) [master 768f49a20f4] (GCC)
=== gfortran tests ===
Running target unix/-mabi=lp64
=== gfortran Summary ===
# of expected passes 65459
# of expected failures 272
# of unsupported tests 159
/opt/gcc/gcc-20220525/Build/gcc/gfortran version 13.0.0 20220525 (experimental) [master 768f49a20f4] (GCC)
=== gnat tests ===
Running target unix/-mabi=lp64
FAIL: gnat.dg/div_zero.adb execution test
=== gnat Summary ===
# of expected passes 3360
# of unexpected failures 1
# of expected failures 23
# of unsupported tests 24
/opt/gcc/gcc-20220525/Build/gcc/gnatmake version 13.0.0 20220525 (experimental) [master 768f49a20f4]
=== go tests ===
Running target unix/-mabi=lp64
FAIL: ./index0-out.go execution, -O0 -g -fno-var-tracking-assignments
WARNING: ./issue9604b-out.go compilation, -O0 -g -fno-var-tracking-assignments program timed out.
FAIL: ./issue9604b-out.go compilation, -O0 -g -fno-var-tracking-assignments
WARNING: go.test/test/cmplxdivide.go program timed out.
FAIL: go.test/test/cmplxdivide.go
FAIL: go.test/test/fixedbugs/issue27836.dir/Äfoo.go -O -I. (test for excess errors)
FAIL: go.test/test/fixedbugs/issue27836.dir/Ämain.go -O -I. (test for excess errors)
=== go Summary ===
# of expected passes 8877
# of unexpected failures 5
# of untested testcases 11
# of unsupported tests 32
/opt/gcc/gcc-20220525/Build/gcc/gccgo version 13.0.0 20220525 (experimental) [master 768f49a20f4] (GCC)
=== obj-c++ tests ===
Running target unix/-mabi=lp64
=== obj-c++ Summary ===
# of expected passes 1502
# of expected failures 10
# of unsupported tests 79
/opt/gcc/gcc-20220525/Build/gcc/xg++ version 13.0.0 20220525 (experimental) [master 768f49a20f4] (GCC)
=== objc tests ===
Running target unix/-mabi=lp64
=== objc Summary ===
# of expected passes 2846
# of unsupported tests 71
/opt/gcc/gcc-20220525/Build/gcc/xgcc version 13.0.0 20220525 (experimental) [master 768f49a20f4] (GCC)
=== gotools tests ===
FAIL: TestScript
FAIL: go test cmd/go
=== gotools Summary ===
# of expected passes 411
# of unexpected failures 2
# of untested testcases 131
/opt/gcc/gcc-20220525/Build/./gcc/gccgo version 13.0.0 20220525 (experimental) [master 768f49a20f4] (GCC)
Compiler version: 13.0.0 20220525 (experimental) [master 768f49a20f4] (GCC)
Platform: aarch64-suse-linux-gnu
configure flags: --prefix=/usr --build=aarch64-suse-linux --enable-shared --with-system-zlib CFLAGS='-O2 -g' CXXFLAGS='-O2 -g' --with-multilib-list=lp64
More information about the Gcc-testresults
mailing list