Results for 13.0.0 20220514 (experimental) [master revision r13-461-g9df4ffe493a4] (GCC) testsuite on i686-apple-darwin9
Iain Sandoe
iains.gcc@gmail.com
Fri May 20 11:23:22 GMT 2022
LAST_UPDATED: Sat May 14 08:32:39 UTC 2022 (revision r13-461-g9df4ffe493a4)
=== acats tests ===
=== acats Summary ===
# of expected passes 2328
# of unexpected failures 0
Native configuration is i686-apple-darwin9
=== g++ tests ===
Running target unix/-m32
FAIL: g++.dg/ext/pr84828.C -std=gnu++98 (internal compiler error: in change_stack, at reg-stack.cc:2660)
FAIL: g++.dg/ext/pr84828.C -std=gnu++98 (test for excess errors)
FAIL: g++.dg/ext/pr84828.C -std=gnu++14 (internal compiler error: in change_stack, at reg-stack.cc:2660)
FAIL: g++.dg/ext/pr84828.C -std=gnu++14 (test for excess errors)
FAIL: g++.dg/ext/pr84828.C -std=gnu++17 (internal compiler error: in change_stack, at reg-stack.cc:2660)
FAIL: g++.dg/ext/pr84828.C -std=gnu++17 (test for excess errors)
FAIL: g++.dg/ext/pr84828.C -std=gnu++20 (internal compiler error: in change_stack, at reg-stack.cc:2660)
FAIL: g++.dg/ext/pr84828.C -std=gnu++20 (test for excess errors)
XPASS: g++.dg/ext/sync-4.C -std=gnu++98 execution test
XPASS: g++.dg/ext/sync-4.C -std=gnu++14 execution test
XPASS: g++.dg/ext/sync-4.C -std=gnu++17 execution test
XPASS: g++.dg/ext/sync-4.C -std=gnu++20 execution test
FAIL: g++.dg/init/array61.C -std=c++14 scan-tree-dump-times gimple "item::item" 1
FAIL: g++.dg/init/array61.C -std=c++17 scan-tree-dump-times gimple "item::item" 1
FAIL: g++.dg/init/array61.C -std=c++20 scan-tree-dump-times gimple "item::item" 1
FAIL: g++.dg/ipa/pr67056.C scan-ipa-dump cp "Speculative outer type:struct CompositeClass"
FAIL: g++.dg/gomp/pr88182.C -std=gnu++98 (test for excess errors)
UNRESOLVED: g++.dg/gomp/pr88182.C -std=gnu++98 compilation failed to produce executable
FAIL: g++.dg/gomp/pr88182.C -std=gnu++14 (test for excess errors)
UNRESOLVED: g++.dg/gomp/pr88182.C -std=gnu++14 compilation failed to produce executable
FAIL: g++.dg/gomp/pr88182.C -std=gnu++17 (test for excess errors)
UNRESOLVED: g++.dg/gomp/pr88182.C -std=gnu++17 compilation failed to produce executable
FAIL: g++.dg/gomp/pr88182.C -std=gnu++20 (test for excess errors)
UNRESOLVED: g++.dg/gomp/pr88182.C -std=gnu++20 compilation failed to produce executable
FAIL: g++.dg/lto/pr65276 cp_lto_pr65276_0.o-cp_lto_pr65276_1.o link, -flto -O0 -std=c++11
FAIL: c-c++-common/simulate-thread/bitfields-1.c -O0 -g thread simulation test
FAIL: c-c++-common/simulate-thread/bitfields-1.c -O1 -g thread simulation test
FAIL: c-c++-common/simulate-thread/bitfields-1.c -O2 -g -std=c++98 thread simulation test
FAIL: c-c++-common/simulate-thread/bitfields-1.c -O3 -g -std=c++11 thread simulation test
FAIL: c-c++-common/simulate-thread/bitfields-1.c -Os -g thread simulation test
FAIL: c-c++-common/simulate-thread/bitfields-2.c -O0 -g thread simulation test
FAIL: c-c++-common/simulate-thread/bitfields-2.c -O1 -g thread simulation test
FAIL: c-c++-common/simulate-thread/bitfields-2.c -O2 -g -std=c++98 thread simulation test
FAIL: c-c++-common/simulate-thread/bitfields-2.c -O3 -g -std=c++11 thread simulation test
FAIL: c-c++-common/simulate-thread/bitfields-2.c -Os -g thread simulation test
FAIL: c-c++-common/simulate-thread/bitfields-3.c -O0 -g thread simulation test
FAIL: c-c++-common/simulate-thread/bitfields-3.c -O1 -g thread simulation test
FAIL: c-c++-common/simulate-thread/bitfields-3.c -O2 -g -std=c++98 thread simulation test
FAIL: c-c++-common/simulate-thread/bitfields-3.c -O3 -g -std=c++11 thread simulation test
FAIL: c-c++-common/simulate-thread/bitfields-3.c -Os -g thread simulation test
FAIL: c-c++-common/simulate-thread/bitfields-4.c -O0 -g thread simulation test
FAIL: c-c++-common/simulate-thread/bitfields-4.c -O1 -g thread simulation test
FAIL: c-c++-common/simulate-thread/bitfields-4.c -O2 -g -std=c++98 thread simulation test
FAIL: c-c++-common/simulate-thread/bitfields-4.c -O3 -g -std=c++11 thread simulation test
FAIL: c-c++-common/simulate-thread/bitfields-4.c -Os -g thread simulation test
FAIL: g++.dg/simulate-thread/atomics-1.C -O0 -g thread simulation test
FAIL: g++.dg/simulate-thread/atomics-1.C -O1 -g thread simulation test
FAIL: g++.dg/simulate-thread/atomics-1.C -O3 -g -std=c++11 thread simulation test
FAIL: g++.dg/simulate-thread/atomics-1.C -Os -g thread simulation test
FAIL: g++.dg/simulate-thread/atomics-2.C -O0 -g thread simulation test
FAIL: g++.dg/simulate-thread/atomics-2.C -O1 -g thread simulation test
FAIL: g++.dg/simulate-thread/atomics-2.C -O3 -g -std=c++11 thread simulation test
FAIL: g++.dg/simulate-thread/atomics-2.C -Os -g thread simulation test
FAIL: g++.dg/simulate-thread/bitfields-2.C -O0 -g thread simulation test
FAIL: g++.dg/simulate-thread/bitfields-2.C -O1 -g thread simulation test
FAIL: g++.dg/simulate-thread/bitfields-2.C -O2 -g -std=c++98 thread simulation test
FAIL: g++.dg/simulate-thread/bitfields-2.C -O3 -g -std=c++11 thread simulation test
FAIL: g++.dg/simulate-thread/bitfields-2.C -Os -g thread simulation test
FAIL: g++.dg/simulate-thread/bitfields.C -O0 -g thread simulation test
FAIL: g++.dg/simulate-thread/bitfields.C -O1 -g thread simulation test
FAIL: g++.dg/simulate-thread/bitfields.C -O2 -g -std=c++98 thread simulation test
FAIL: g++.dg/simulate-thread/bitfields.C -O3 -g -std=c++11 thread simulation test
FAIL: g++.dg/simulate-thread/bitfields.C -Os -g thread simulation test
FAIL: g++.dg/tls/thread_local-order2.C -std=c++14 execution test
FAIL: g++.dg/tls/thread_local-order2.C -std=c++17 execution test
FAIL: g++.dg/tls/thread_local-order2.C -std=c++20 execution test
FAIL: g++.target/i386/avx512vl-pr54700-2b.C (test for excess errors)
UNRESOLVED: g++.target/i386/avx512vl-pr54700-2b.C compilation failed to produce executable
FAIL: g++.target/i386/pr90424-1.C -std=gnu++14 scan-tree-dump-times optimized "BIT_INSERT_EXPR" 9
FAIL: g++.target/i386/pr90424-1.C -std=gnu++14 scan-tree-dump-times optimized "MEM" 9
FAIL: g++.target/i386/pr90424-1.C -std=gnu++17 scan-tree-dump-times optimized "BIT_INSERT_EXPR" 9
FAIL: g++.target/i386/pr90424-1.C -std=gnu++17 scan-tree-dump-times optimized "MEM" 9
FAIL: g++.target/i386/pr90424-1.C -std=gnu++20 scan-tree-dump-times optimized "BIT_INSERT_EXPR" 9
FAIL: g++.target/i386/pr90424-1.C -std=gnu++20 scan-tree-dump-times optimized "MEM" 9
FAIL: g++.target/i386/pr90424-2.C -std=gnu++14 scan-tree-dump-times optimized "BIT_INSERT_EXPR" 9
FAIL: g++.target/i386/pr90424-2.C -std=gnu++14 scan-tree-dump-times optimized "MEM" 9
FAIL: g++.target/i386/pr90424-2.C -std=gnu++17 scan-tree-dump-times optimized "BIT_INSERT_EXPR" 9
FAIL: g++.target/i386/pr90424-2.C -std=gnu++17 scan-tree-dump-times optimized "MEM" 9
FAIL: g++.target/i386/pr90424-2.C -std=gnu++20 scan-tree-dump-times optimized "BIT_INSERT_EXPR" 9
FAIL: g++.target/i386/pr90424-2.C -std=gnu++20 scan-tree-dump-times optimized "MEM" 9
=== g++ Summary for unix/-m32 ===
# of expected passes 219490
# of unexpected failures 71
# of unexpected successes 4
# of expected failures 2076
# of unresolved testcases 5
# of unsupported tests 10006
Running target unix/-m64
FAIL: g++.dg/eh/weak1.C -std=gnu++98 execution test
FAIL: g++.dg/eh/weak1.C -std=gnu++14 execution test
FAIL: g++.dg/eh/weak1.C -std=gnu++17 execution test
FAIL: g++.dg/eh/weak1.C -std=gnu++20 execution test
XPASS: g++.dg/ext/sync-4.C -std=gnu++98 execution test
XPASS: g++.dg/ext/sync-4.C -std=gnu++14 execution test
XPASS: g++.dg/ext/sync-4.C -std=gnu++17 execution test
XPASS: g++.dg/ext/sync-4.C -std=gnu++20 execution test
FAIL: g++.dg/init/array61.C -std=c++14 scan-tree-dump-times gimple "item::item" 1
FAIL: g++.dg/init/array61.C -std=c++17 scan-tree-dump-times gimple "item::item" 1
FAIL: g++.dg/init/array61.C -std=c++20 scan-tree-dump-times gimple "item::item" 1
FAIL: g++.dg/ipa/pr67056.C scan-ipa-dump cp "Speculative outer type:struct CompositeClass"
FAIL: g++.dg/gomp/pr88182.C -std=gnu++98 (test for excess errors)
UNRESOLVED: g++.dg/gomp/pr88182.C -std=gnu++98 compilation failed to produce executable
FAIL: g++.dg/gomp/pr88182.C -std=gnu++14 (test for excess errors)
UNRESOLVED: g++.dg/gomp/pr88182.C -std=gnu++14 compilation failed to produce executable
FAIL: g++.dg/gomp/pr88182.C -std=gnu++17 (test for excess errors)
UNRESOLVED: g++.dg/gomp/pr88182.C -std=gnu++17 compilation failed to produce executable
FAIL: g++.dg/gomp/pr88182.C -std=gnu++20 (test for excess errors)
UNRESOLVED: g++.dg/gomp/pr88182.C -std=gnu++20 compilation failed to produce executable
FAIL: g++.dg/lto/pr65276 cp_lto_pr65276_0.o-cp_lto_pr65276_1.o link, -flto -O0 -std=c++11
FAIL: c-c++-common/simulate-thread/bitfields-1.c -O0 -g thread simulation test
FAIL: c-c++-common/simulate-thread/bitfields-1.c -O1 -g thread simulation test
FAIL: c-c++-common/simulate-thread/bitfields-1.c -O2 -g -std=c++98 thread simulation test
FAIL: c-c++-common/simulate-thread/bitfields-1.c -O3 -g -std=c++11 thread simulation test
FAIL: c-c++-common/simulate-thread/bitfields-1.c -Os -g thread simulation test
FAIL: c-c++-common/simulate-thread/bitfields-2.c -O0 -g thread simulation test
FAIL: c-c++-common/simulate-thread/bitfields-2.c -O1 -g thread simulation test
FAIL: c-c++-common/simulate-thread/bitfields-2.c -O2 -g -std=c++98 thread simulation test
FAIL: c-c++-common/simulate-thread/bitfields-2.c -O3 -g -std=c++11 thread simulation test
FAIL: c-c++-common/simulate-thread/bitfields-2.c -Os -g thread simulation test
FAIL: c-c++-common/simulate-thread/bitfields-3.c -O0 -g thread simulation test
FAIL: c-c++-common/simulate-thread/bitfields-3.c -O1 -g thread simulation test
FAIL: c-c++-common/simulate-thread/bitfields-3.c -O2 -g -std=c++98 thread simulation test
FAIL: c-c++-common/simulate-thread/bitfields-3.c -O3 -g -std=c++11 thread simulation test
FAIL: c-c++-common/simulate-thread/bitfields-3.c -Os -g thread simulation test
FAIL: c-c++-common/simulate-thread/bitfields-4.c -O0 -g thread simulation test
FAIL: c-c++-common/simulate-thread/bitfields-4.c -O1 -g thread simulation test
FAIL: c-c++-common/simulate-thread/bitfields-4.c -O2 -g -std=c++98 thread simulation test
FAIL: c-c++-common/simulate-thread/bitfields-4.c -O3 -g -std=c++11 thread simulation test
FAIL: c-c++-common/simulate-thread/bitfields-4.c -Os -g thread simulation test
FAIL: g++.dg/simulate-thread/atomics-1.C -O0 -g thread simulation test
FAIL: g++.dg/simulate-thread/atomics-1.C -O1 -g thread simulation test
FAIL: g++.dg/simulate-thread/atomics-1.C -O3 -g -std=c++11 thread simulation test
FAIL: g++.dg/simulate-thread/atomics-1.C -Os -g thread simulation test
FAIL: g++.dg/simulate-thread/atomics-2.C -O0 -g thread simulation test
FAIL: g++.dg/simulate-thread/atomics-2.C -O1 -g thread simulation test
FAIL: g++.dg/simulate-thread/atomics-2.C -O3 -g -std=c++11 thread simulation test
FAIL: g++.dg/simulate-thread/atomics-2.C -Os -g thread simulation test
FAIL: g++.dg/simulate-thread/bitfields-2.C -O0 -g thread simulation test
FAIL: g++.dg/simulate-thread/bitfields-2.C -O1 -g thread simulation test
FAIL: g++.dg/simulate-thread/bitfields-2.C -O2 -g -std=c++98 thread simulation test
FAIL: g++.dg/simulate-thread/bitfields-2.C -O3 -g -std=c++11 thread simulation test
FAIL: g++.dg/simulate-thread/bitfields-2.C -Os -g thread simulation test
FAIL: g++.dg/simulate-thread/bitfields.C -O0 -g thread simulation test
FAIL: g++.dg/simulate-thread/bitfields.C -O1 -g thread simulation test
FAIL: g++.dg/simulate-thread/bitfields.C -O2 -g -std=c++98 thread simulation test
FAIL: g++.dg/simulate-thread/bitfields.C -O3 -g -std=c++11 thread simulation test
FAIL: g++.dg/simulate-thread/bitfields.C -Os -g thread simulation test
FAIL: g++.dg/tls/thread_local-order2.C -std=c++14 execution test
FAIL: g++.dg/tls/thread_local-order2.C -std=c++17 execution test
FAIL: g++.dg/tls/thread_local-order2.C -std=c++20 execution test
FAIL: g++.target/i386/avx512vl-pr54700-2b.C (test for excess errors)
UNRESOLVED: g++.target/i386/avx512vl-pr54700-2b.C compilation failed to produce executable
=== g++ Summary for unix/-m64 ===
# of expected passes 289609
# of unexpected failures 94
# of unexpected successes 4
# of expected failures 2934
# of unresolved testcases 5
# of unsupported tests 13919
=== g++ Summary ===
# of expected passes 509099
# of unexpected failures 165
# of unexpected successes 8
# of expected failures 5010
# of unresolved testcases 10
# of unsupported tests 23925
/scratch/10-5-leo/gcc-master/gcc/xg++ version 13.0.0 20220514 (experimental) [master revision r13-461-g9df4ffe493a4] (GCC)
=== gcc tests ===
Running target unix/-m32
FAIL: gcc.c-torture/compile/pr97576.c -O0 (test for excess errors)
FAIL: gcc.c-torture/compile/pr97576.c -O1 (test for excess errors)
FAIL: gcc.c-torture/compile/pr97576.c -O2 (test for excess errors)
FAIL: gcc.c-torture/compile/pr97576.c -O3 -g (test for excess errors)
FAIL: gcc.c-torture/compile/pr97576.c -Os (test for excess errors)
FAIL: gcc.c-torture/compile/pr97576.c -O2 -flto -flto-partition=none (test for excess errors)
FAIL: gcc.c-torture/compile/pr97576.c -O2 -flto (test for excess errors)
FAIL: gcc.dg/debug/dwarf2/inline4.c scan-assembler DW_TAG_inlined_subroutine[^\\\\(]*\\\\([^\\\\)]*\\\\)[^\\\\(]*\\\\(DIE \\\\(0x[0-9a-f]*\\\\) DW_TAG_formal_parameter[^\\\\(]*\\\\(DIE \\\\(0x[0-9a-f]*\\\\) DW_TAG_variable
FAIL: gcc.dg/darwin-comm-1.c (test for errors, line 5)
FAIL: gcc.dg/darwin-comm-1.c (test for excess errors)
FAIL: gcc.dg/devnull-dump.c (test for excess errors)
FAIL: gcc.dg/memcpy-6.c (test for warnings, line 26)
FAIL: gcc.dg/memcpy-6.c scan-tree-dump-not optimized "memcpy"
FAIL: gcc.dg/memcpy-6.c scan-tree-dump-not optimized "memmove"
FAIL: gcc.dg/pr102892-1.c (test for excess errors)
FAIL: gcc.dg/stack-layout-dynamic-1.c (test for excess errors)
UNRESOLVED: gcc.dg/stack-layout-dynamic-1.c scan-assembler-not cfi_def_cfa_register
FAIL: gcc.dg/strlenopt-73.c scan-tree-dump-times optimized "strlen" 0
FAIL: gcc.dg/strlenopt-73.c scan-tree-dump-times optimized "_not_eliminated_" 0
FAIL: gcc.dg/strlenopt-80.c scan-tree-dump-times optimized "failure_on_line \\\\(" 0
FAIL: c-c++-common/goacc/firstprivate-mappings-1.c scan-tree-dump omplower "(?n)#pragma omp target oacc_parallel map\\\\(from:array_so \\\\[len: 4\\\\]\\\\) firstprivate\\\\(array_li.[0-9]+\\\\) map\\\\(tofrom:\\\\(\\\\*array.[0-9]+\\\\) \\\\[len: D\\\\.[0-9]+\\\\]\\\\) map\\\\(firstprivate:array \\\\[pointer assign, bias: 0\\\\]\\\\) \\\\["
FAIL: gcc.dg/graphite/scop-19.c scan-tree-dump-times graphite "number of SCoPs: 0" 1
FAIL: gcc.dg/ipa/ipa-icf-38.c scan-ltrans-tree-dump-not optimized "Function bar"
FAIL: gcc-dg-lto-modref-3-01.exe scan-wpa-ipa-dump modref "parm 1 flags: no_direct_clobber no_direct_escape"
FAIL: gcc-dg-lto-modref-4-01.exe scan-wpa-ipa-dump modref "parm 1 flags: no_direct_clobber no_direct_escape"
FAIL: gcc.dg/lto/modref-3 c_lto_modref-3_0.o-c_lto_modref-3_1.o execute -O2 -flto-partition=max -fdump-ipa-modref -fno-ipa-sra -fno-ipa-cp -flto
FAIL: gcc.dg/lto/modref-4 c_lto_modref-4_0.o-c_lto_modref-4_1.o execute -O2 -flto-partition=max -fdump-ipa-modref -fno-ipa-sra -flto
FAIL: gcc.dg/torture/builtin-self.c -O0 scan-assembler-not \\tcall
FAIL: gcc.dg/torture/pr71522.c -O1 (internal compiler error: in extract_insn, at recog.cc:2791)
FAIL: gcc.dg/torture/pr71522.c -O1 (test for excess errors)
UNRESOLVED: gcc.dg/torture/pr71522.c -O1 compilation failed to produce executable
FAIL: gcc.dg/torture/pr71522.c -O2 (internal compiler error: in extract_insn, at recog.cc:2791)
FAIL: gcc.dg/torture/pr71522.c -O2 (test for excess errors)
UNRESOLVED: gcc.dg/torture/pr71522.c -O2 compilation failed to produce executable
FAIL: gcc.dg/torture/pr71522.c -O3 -g (internal compiler error: in extract_insn, at recog.cc:2791)
FAIL: gcc.dg/torture/pr71522.c -O3 -g (test for excess errors)
UNRESOLVED: gcc.dg/torture/pr71522.c -O3 -g compilation failed to produce executable
FAIL: gcc.dg/torture/pr71522.c -Os (internal compiler error: in extract_insn, at recog.cc:2791)
FAIL: gcc.dg/torture/pr71522.c -Os (test for excess errors)
UNRESOLVED: gcc.dg/torture/pr71522.c -Os compilation failed to produce executable
FAIL: gcc.dg/torture/pr71522.c -O2 -flto -flto-partition=none (internal compiler error: in extract_insn, at recog.cc:2791)
FAIL: gcc.dg/torture/pr71522.c -O2 -flto -flto-partition=none (test for excess errors)
UNRESOLVED: gcc.dg/torture/pr71522.c -O2 -flto -flto-partition=none compilation failed to produce executable
FAIL: gcc.dg/torture/pr71522.c -O2 -flto (internal compiler error: in extract_insn, at recog.cc:2791)
FAIL: gcc.dg/torture/pr71522.c -O2 -flto (test for excess errors)
UNRESOLVED: gcc.dg/torture/pr71522.c -O2 -flto compilation failed to produce executable
FAIL: gcc.dg/tree-ssa/scev-3.c scan-tree-dump-times ivopts "&a" 1
FAIL: gcc.dg/tree-ssa/scev-5.c scan-tree-dump-times ivopts "&a" 1
XPASS: gcc.dg/vect/vect-reduc-in-order-1.c -flto -ffat-lto-objects execution test
XPASS: gcc.dg/vect/vect-reduc-in-order-1.c execution test
XPASS: gcc.dg/vect/vect-reduc-in-order-2.c execution test
XPASS: gcc.dg/vect/vect-reduc-in-order-2.c -flto -ffat-lto-objects execution test
XPASS: gcc.dg/vect/vect-reduc-in-order-3.c execution test
XPASS: gcc.dg/vect/vect-reduc-in-order-3.c -flto -ffat-lto-objects execution test
XPASS: gcc.dg/vect/vect-reduc-in-order-4.c execution test
XPASS: gcc.dg/vect/vect-reduc-in-order-4.c -flto -ffat-lto-objects execution test
FAIL: outputs-25 exe savetmp named2-4: outputs.args.3
FAIL: gcc.target/i386/auto-init-3.c scan-assembler-times fldz 3
FAIL: gcc.target/i386/auto-init-4.c scan-assembler-times long\\t-16843010 3
FAIL: gcc.target/i386/auto-init-5.c scan-assembler-times \\\\.long\\t0 12
FAIL: gcc.target/i386/auto-init-padding-3.c scan-assembler rep stosl
FAIL: gcc.target/i386/auto-init-padding-9.c scan-assembler rep stosl
FAIL: gcc.target/i386/avx2-dest-false-dep-for-glc.c scan-assembler-times vxorps 4
FAIL: gcc.target/i386/avx2-shiftqihi-constant-2.c (test for excess errors)
UNRESOLVED: gcc.target/i386/avx2-shiftqihi-constant-2.c compilation failed to produce executable
FAIL: gcc.target/i386/avx512bf16-cvtsbh2ss-1.c scan-assembler-times movl 1
FAIL: gcc.target/i386/avx512bw-shiftqihi-constant-2.c (test for excess errors)
UNRESOLVED: gcc.target/i386/avx512bw-shiftqihi-constant-2.c compilation failed to produce executable
FAIL: gcc.target/i386/avx512fp16-pr101846.c scan-assembler-times vpmovdw 3
FAIL: gcc.target/i386/avx512fp16-vcvtsh2si-1a.c scan-assembler-times vcvtsh2si[ \\\\t]+[^{\\n]*%xmm[0-9]+[^\\n\\r]*%eax 1
FAIL: gcc.target/i386/avx512fp16-vcvtsh2si-1a.c scan-assembler-times vcvtsh2si[ \\\\t]+{rn-sae}[^{\\n]*%xmm[0-9]+[^\\n\\r]*%eax 1
FAIL: gcc.target/i386/avx512fp16-vcvtsh2usi-1a.c scan-assembler-times vcvtsh2usi[ \\\\t]+[^{\\n]*%xmm[0-9]+[^\\n\\r]*%eax 1
FAIL: gcc.target/i386/avx512fp16-vcvtsh2usi-1a.c scan-assembler-times vcvtsh2usi[ \\\\t]+{rn-sae}[^{\\n]*%xmm[0-9]+[^\\n\\r]*%eax 1
FAIL: gcc.target/i386/avx512fp16-vcvttsh2si-1a.c scan-assembler-times vcvttsh2si[ \\\\t]+[^{\\n]*%xmm[0-9]+[^\\n\\r]*%eax 1
FAIL: gcc.target/i386/avx512fp16-vcvttsh2si-1a.c scan-assembler-times vcvttsh2si[ \\\\t]+{sae}[^{\\n]*%xmm[0-9]+[^\\n\\r]*%eax 1
FAIL: gcc.target/i386/avx512fp16-vcvttsh2usi-1a.c scan-assembler-times vcvttsh2usi[ \\\\t]+[^{\\n]*%xmm[0-9]+[^\\n\\r]*%eax 1
FAIL: gcc.target/i386/avx512fp16-vcvttsh2usi-1a.c scan-assembler-times vcvttsh2usi[ \\\\t]+{sae}[^{\\n]*%xmm[0-9]+[^\\n\\r]*%eax 1
FAIL: gcc.target/i386/avx512fp16-vmovsh-1a.c scan-assembler-times vmovsh[ \\\\t]+%xmm[0-9]+[^\\n\\r]*%[er]ax+[^\\n\\r]*{%k[0-9]}(?:\\n|[ \\\\t]+#) 1
FAIL: gcc.target/i386/avx512fp16-vmovsh-1a.c scan-assembler-times vmovsh[ \\\\t]+[^\\n\\r]*%[er]ax+[^\\n\\r]*%xmm[0-9]+{%k[0-9]}(?:\\n|[ \\\\t]+#) 1
FAIL: gcc.target/i386/avx512fp16-vmovsh-1a.c scan-assembler-times vmovsh[ \\\\t]+[^\\n\\r]*%[er]ax+[^\\n\\r]*%xmm[0-9]+{%k[0-9]}{z}[^\\n\\r]*(?:\\n|[ \\\\t]+#) 1
XPASS: gcc.target/i386/bitwise_mask_op-3.c scan-assembler-times korb[\\t ] 1
XPASS: gcc.target/i386/bitwise_mask_op-3.c scan-assembler-times kxorb[\\t ] 1
XPASS: gcc.target/i386/bitwise_mask_op-3.c scan-assembler-times kmovb[\\t ] 4
FAIL: gcc.target/i386/cond_op_maxmin__Float16-1.c (test for excess errors)
UNRESOLVED: gcc.target/i386/cond_op_maxmin__Float16-1.c scan-tree-dump optimized ".COND_MAX"
UNRESOLVED: gcc.target/i386/cond_op_maxmin__Float16-1.c scan-tree-dump optimized ".COND_MIN"
UNRESOLVED: gcc.target/i386/cond_op_maxmin__Float16-1.c scan-assembler-times vmaxph 1
UNRESOLVED: gcc.target/i386/cond_op_maxmin__Float16-1.c scan-assembler-times vminph 1
FAIL: gcc.target/i386/harden-sls-4.c scan-assembler jmp[ \\t]+\\\\*_?fptr
FAIL: gcc.target/i386/harden-sls-5.c scan-assembler-times ret 1
FAIL: gcc.target/i386/memcpy-strategy-7.c scan-assembler rep movsb
FAIL: gcc.target/i386/memcpy-strategy-9.c scan-assembler rep movsb
FAIL: gcc.target/i386/memset-strategy-6.c scan-assembler rep stosb
FAIL: gcc.target/i386/memset-strategy-8.c scan-assembler rep stosb
FAIL: gcc.target/i386/pad-3.c scan-assembler-not nop
FAIL: gcc.target/i386/pr100704-3.c scan-assembler push[lq]\\tfoooo+
FAIL: gcc.target/i386/pr100865-2.c scan-assembler-times vpbroadcastb[\\\\t ]+%xmm[0-9]+, %xmm[0-9]+ 1
FAIL: gcc.target/i386/pr100865-2.c scan-assembler-not vmovdqa
FAIL: gcc.target/i386/pr100865-3.c scan-assembler-times vpbroadcastb[\\\\t ]+%(?:r|e)[^\\n]*, %xmm[0-9]+ 1
FAIL: gcc.target/i386/pr100865-3.c scan-assembler-not vmovdqa
FAIL: gcc.target/i386/pr100865-4a.c scan-assembler-times vpbroadcastb[\\\\t ]+%xmm[0-9]+, %ymm[0-9]+ 1
FAIL: gcc.target/i386/pr100865-4a.c scan-assembler-not vmovdqa
FAIL: gcc.target/i386/pr100865-4b.c scan-assembler-times vpbroadcastb[\\\\t ]+%(?:r|e)[^\\n]*, %ymm[0-9]+ 1
FAIL: gcc.target/i386/pr100865-4b.c scan-assembler-not vmovdqa
FAIL: gcc.target/i386/pr100865-5a.c scan-assembler-times vpbroadcastw[\\\\t ]+%xmm[0-9]+, %ymm[0-9]+ 1
FAIL: gcc.target/i386/pr100865-5a.c scan-assembler-not vmovdqa
FAIL: gcc.target/i386/pr100865-5b.c scan-assembler-times vpbroadcastw[\\\\t ]+%(?:r|e)[^\\n]*, %ymm[0-9]+ 1
FAIL: gcc.target/i386/pr100865-5b.c scan-assembler-not vmovdqa
FAIL: gcc.target/i386/pr100865-6a.c scan-assembler-times vpbroadcastd[\\\\t ]+%xmm[0-9]+, %ymm[0-9]+ 1
FAIL: gcc.target/i386/pr100865-6a.c scan-assembler-not vmovdqa
FAIL: gcc.target/i386/pr100865-6b.c scan-assembler-times vpbroadcastd[\\\\t ]+%(?:r|e)[^\\n]*, %ymm[0-9]+ 1
FAIL: gcc.target/i386/pr100865-6b.c scan-assembler-not vmovdqa
FAIL: gcc.target/i386/pr100865-6c.c scan-assembler-times vbroadcastss 1
FAIL: gcc.target/i386/pr100865-6c.c scan-assembler-not vmovdqa
FAIL: gcc.target/i386/pr100865-7b.c scan-assembler-times vpbroadcastq[\\\\t ]+[^\\n]*, %ymm[0-9]+ 1
FAIL: gcc.target/i386/pr100865-7b.c scan-assembler-not vmovdqa
FAIL: gcc.target/i386/pr101796-1.c scan-assembler-times vpsrlw[ \\\\t] 1
FAIL: gcc.target/i386/pr101796-1.c scan-assembler-times vpsllw[ \\\\t] 1
FAIL: gcc.target/i386/pr101796-1.c scan-assembler-times vpsraw[ \\\\t] 1
FAIL: gcc.target/i386/pr101796-1.c scan-assembler-not vpsrlvw[ \\\\t]
FAIL: gcc.target/i386/pr101796-1.c scan-assembler-not vpsllvw[ \\\\t]
FAIL: gcc.target/i386/pr101796-1.c scan-assembler-not vpsravw[ \\\\t]
FAIL: gcc.target/i386/pr101846-2.c scan-assembler-times vpmovwb 3
FAIL: gcc.target/i386/pr101846-2.c scan-assembler-times vpmovdw 3
FAIL: gcc.target/i386/pr101846-2.c scan-assembler-times vpmovqd 3
FAIL: gcc.target/i386/pr101908-1.c scan-assembler-not (?n)movhpd[ \\\\t]
FAIL: gcc.target/i386/pr101908-3.c scan-assembler-not (?n)movhpd[ \\\\t]+
FAIL: gcc.target/i386/pr101989-broadcast-1.c scan-assembler-times \\\\{1to4\\\\} 4
FAIL: gcc.target/i386/pr102021.c scan-assembler-times vpbroadcastq[\\\\t ]+[^\\n]*, %ymm[0-9]+ 1
FAIL: gcc.target/i386/pr102021.c scan-assembler-not vmovdqa
FAIL: gcc.target/i386/pr102230.c scan-assembler-times movq[\\\\t ]*%mm2, %mm0 1
FAIL: gcc.target/i386/pr102464-copysign-1.c (test for excess errors)
UNRESOLVED: gcc.target/i386/pr102464-copysign-1.c scan-assembler-not vcvtsh2s[sd]
UNRESOLVED: gcc.target/i386/pr102464-copysign-1.c scan-assembler-not vcvtss2sd
UNRESOLVED: gcc.target/i386/pr102464-copysign-1.c scan-assembler-not fld
UNRESOLVED: gcc.target/i386/pr102464-copysign-1.c scan-assembler-not vcvtph2p[sd]
UNRESOLVED: gcc.target/i386/pr102464-copysign-1.c scan-assembler-not vcvtps2pd
UNRESOLVED: gcc.target/i386/pr102464-copysign-1.c scan-assembler-not extendhfxf
UNRESOLVED: gcc.target/i386/pr102464-copysign-1.c scan-assembler-not \\\\{1to8\\\\}
UNRESOLVED: gcc.target/i386/pr102464-copysign-1.c scan-tree-dump-times optimized ".COPYSIGN" 12
UNRESOLVED: gcc.target/i386/pr102464-copysign-1.c scan-assembler-times vpternlog 12
FAIL: gcc.target/i386/pr102464-fma.c (test for excess errors)
UNRESOLVED: gcc.target/i386/pr102464-fma.c scan-assembler-times vfmadd...ph 3
UNRESOLVED: gcc.target/i386/pr102464-fma.c scan-assembler-times vfmadd...sh 3
UNRESOLVED: gcc.target/i386/pr102464-fma.c scan-assembler-times vfmadd...ps 2
UNRESOLVED: gcc.target/i386/pr102464-fma.c scan-assembler-times vfmadd...ss 2
UNRESOLVED: gcc.target/i386/pr102464-fma.c scan-assembler-times vfmadd...pd 1
UNRESOLVED: gcc.target/i386/pr102464-fma.c scan-assembler-times vfmadd...sd 1
FAIL: gcc.target/i386/pr102464-maxmin.c (test for excess errors)
UNRESOLVED: gcc.target/i386/pr102464-maxmin.c scan-assembler-times vmaxph 3
UNRESOLVED: gcc.target/i386/pr102464-maxmin.c scan-assembler-times vminph 3
UNRESOLVED: gcc.target/i386/pr102464-maxmin.c scan-assembler-times vmaxsh 3
UNRESOLVED: gcc.target/i386/pr102464-maxmin.c scan-assembler-times vminsh 3
UNRESOLVED: gcc.target/i386/pr102464-maxmin.c scan-assembler-times vmaxps 2
UNRESOLVED: gcc.target/i386/pr102464-maxmin.c scan-assembler-times vminps 2
UNRESOLVED: gcc.target/i386/pr102464-maxmin.c scan-assembler-times vmaxss 2
UNRESOLVED: gcc.target/i386/pr102464-maxmin.c scan-assembler-times vminss 2
UNRESOLVED: gcc.target/i386/pr102464-maxmin.c scan-assembler-times vmaxpd 1
UNRESOLVED: gcc.target/i386/pr102464-maxmin.c scan-assembler-times vminpd 1
UNRESOLVED: gcc.target/i386/pr102464-maxmin.c scan-assembler-times vmaxsd 1
UNRESOLVED: gcc.target/i386/pr102464-maxmin.c scan-assembler-times vminsd 1
FAIL: gcc.target/i386/pr102464-sqrtph.c (test for excess errors)
UNRESOLVED: gcc.target/i386/pr102464-sqrtph.c scan-assembler-not vcvtsh2s[sd]
UNRESOLVED: gcc.target/i386/pr102464-sqrtph.c scan-assembler-not vcvtph2p[sd]
UNRESOLVED: gcc.target/i386/pr102464-sqrtph.c scan-assembler-not extendhfxf
UNRESOLVED: gcc.target/i386/pr102464-sqrtph.c scan-assembler-times vsqrtph[^\\n\\r]*xmm[0-9] 3
FAIL: gcc.target/i386/pr102464-sqrtsh.c (test for excess errors)
UNRESOLVED: gcc.target/i386/pr102464-sqrtsh.c scan-assembler-not vcvtsh2s[sd]
UNRESOLVED: gcc.target/i386/pr102464-sqrtsh.c scan-assembler-not extendhfxf
UNRESOLVED: gcc.target/i386/pr102464-sqrtsh.c scan-assembler-times vsqrtsh[^\\n\\r]*xmm[0-9] 3
FAIL: gcc.target/i386/pr102464-vrndscaleph.c (test for excess errors)
UNRESOLVED: gcc.target/i386/pr102464-vrndscaleph.c scan-assembler-not vcvtsh2s[sd]
UNRESOLVED: gcc.target/i386/pr102464-vrndscaleph.c scan-assembler-not vcvtph2p[sd]
UNRESOLVED: gcc.target/i386/pr102464-vrndscaleph.c scan-assembler-not extendhfxf
UNRESOLVED: gcc.target/i386/pr102464-vrndscaleph.c scan-assembler-times vrndscaleph[^\\n\\r]*xmm[0-9] 5
UNRESOLVED: gcc.target/i386/pr102464-vrndscaleph.c scan-assembler-times vrndscaleph[^\\n\\r]*ymm[0-9] 5
UNRESOLVED: gcc.target/i386/pr102464-vrndscaleph.c scan-assembler-times vrndscaleph[^\\n\\r]*zmm[0-9] 5
FAIL: gcc.target/i386/pr104441-1b.c (test for excess errors)
UNRESOLVED: gcc.target/i386/pr104441-1b.c compilation failed to produce executable
FAIL: gcc.target/i386/pr15184-1.c scan-assembler-times movb[ \\\\t]+%al 4
FAIL: gcc.target/i386/pr15184-2.c scan-assembler-times movb[ \\\\t]+%al 2
FAIL: gcc.target/i386/pr36502.c scan-assembler-not esp
FAIL: gcc.target/i386/pr54855-3.c scan-assembler-not movsd
FAIL: gcc.target/i386/pr54855-7.c scan-assembler-not movss
FAIL: gcc.target/i386/pr64110.c scan-assembler vmovd[\\\\t ]
FAIL: gcc.target/i386/pr66334.c scan-assembler movl[ \\\\t].+, %ebx
FAIL: gcc.target/i386/pr78035.c scan-assembler-times cmp 2
FAIL: gcc.target/i386/pr81736-5.c scan-assembler-not %[re]bp
FAIL: gcc.target/i386/pr84278.c scan-assembler-not \\\\(%.sp\\\\)
FAIL: gcc.target/i386/pr85667-6.c scan-assembler-times flds[^\\n\\r]* 1
FAIL: gcc.target/i386/pr90773-17.c scan-assembler-times vpbroadcastb 1
FAIL: gcc.target/i386/pr90773-2.c scan-assembler-times movl[\\\\t ]+\\\\(%[^,]+\\\\), 1
FAIL: gcc.target/i386/pr90773-3.c scan-assembler-times movl[\\\\t ]+\\\\(%[^,]+\\\\), 1
FAIL: gcc.target/i386/pr92651.c scan-assembler-times sub 2
FAIL: gcc.target/i386/pr95443-1.c (test for excess errors)
UNRESOLVED: gcc.target/i386/pr95443-1.c compilation failed to produce executable
FAIL: gcc.target/i386/pr97873-1.c scan-assembler pabsq
FAIL: gcc.target/i386/ret-thunk-22.c scan-assembler call[ \\\\t]*___x86.get_pc_thunk.cx
FAIL: gcc.target/i386/ret-thunk-23.c scan-assembler call[ \\\\t]*___x86.get_pc_thunk.cx
FAIL: gcc.target/i386/ret-thunk-24.c scan-assembler call[ \\\\t]*___x86.get_pc_thunk.cx
FAIL: gcc.target/i386/vect8-ret.c scan-assembler-times movq 1
=== gcc Summary for unix/-m32 ===
# of expected passes 157990
# of unexpected failures 135
# of unexpected successes 11
# of expected failures 1377
# of unresolved testcases 55
# of unsupported tests 5763
Running target unix/-m64
FAIL: gcc.c-torture/compile/pr97576.c -O0 (test for excess errors)
FAIL: gcc.c-torture/compile/pr97576.c -O1 (test for excess errors)
FAIL: gcc.c-torture/compile/pr97576.c -O2 (test for excess errors)
FAIL: gcc.c-torture/compile/pr97576.c -O3 -g (test for excess errors)
FAIL: gcc.c-torture/compile/pr97576.c -Os (test for excess errors)
FAIL: gcc.c-torture/compile/pr97576.c -O2 -flto -flto-partition=none (test for excess errors)
FAIL: gcc.c-torture/compile/pr97576.c -O2 -flto (test for excess errors)
WARNING: gcc.dg/atomic/c11-atomic-exec-5.c -O0 execution test program timed out.
FAIL: gcc.dg/atomic/c11-atomic-exec-5.c -O0 execution test
WARNING: gcc.dg/atomic/c11-atomic-exec-5.c -O1 execution test program timed out.
FAIL: gcc.dg/atomic/c11-atomic-exec-5.c -O1 execution test
WARNING: gcc.dg/atomic/c11-atomic-exec-5.c -O2 execution test program timed out.
FAIL: gcc.dg/atomic/c11-atomic-exec-5.c -O2 execution test
WARNING: gcc.dg/atomic/c11-atomic-exec-5.c -O3 -fomit-frame-pointer -funroll-loops -fpeel-loops -ftracer -finline-functions execution test program timed out.
FAIL: gcc.dg/atomic/c11-atomic-exec-5.c -O3 -fomit-frame-pointer -funroll-loops -fpeel-loops -ftracer -finline-functions execution test
WARNING: gcc.dg/atomic/c11-atomic-exec-5.c -O3 -g execution test program timed out.
FAIL: gcc.dg/atomic/c11-atomic-exec-5.c -O3 -g execution test
WARNING: gcc.dg/atomic/c11-atomic-exec-5.c -Os execution test program timed out.
FAIL: gcc.dg/atomic/c11-atomic-exec-5.c -Os execution test
WARNING: gcc.dg/atomic/c11-atomic-exec-5.c -O2 -flto -flto-partition=none execution test program timed out.
FAIL: gcc.dg/atomic/c11-atomic-exec-5.c -O2 -flto -flto-partition=none execution test
WARNING: gcc.dg/atomic/c11-atomic-exec-5.c -O2 -flto execution test program timed out.
FAIL: gcc.dg/atomic/c11-atomic-exec-5.c -O2 -flto execution test
FAIL: gcc.dg/debug/dwarf2/inline4.c scan-assembler DW_TAG_inlined_subroutine[^\\\\(]*\\\\([^\\\\)]*\\\\)[^\\\\(]*\\\\(DIE \\\\(0x[0-9a-f]*\\\\) DW_TAG_formal_parameter[^\\\\(]*\\\\(DIE \\\\(0x[0-9a-f]*\\\\) DW_TAG_variable
FAIL: gcc.dg/attr-weakref-1.c execution test
FAIL: gcc.dg/darwin-comm-1.c (test for errors, line 5)
FAIL: gcc.dg/darwin-comm-1.c (test for excess errors)
FAIL: gcc.dg/devnull-dump.c (test for excess errors)
FAIL: gcc.dg/stack-layout-dynamic-1.c (test for excess errors)
UNRESOLVED: gcc.dg/stack-layout-dynamic-1.c scan-assembler-not cfi_def_cfa_register
FAIL: gcc.dg/strlenopt-73.c scan-tree-dump-times optimized "strlen" 0
FAIL: gcc.dg/strlenopt-73.c scan-tree-dump-times optimized "_not_eliminated_" 0
FAIL: gcc.dg/strlenopt-80.c scan-tree-dump-times optimized "failure_on_line \\\\(" 0
FAIL: gcc.dg/strlenopt-82.c scan-tree-dump-times optimized "call_in_true_branch_not_eliminated_" 0
FAIL: gcc.dg/graphite/scop-19.c scan-tree-dump-times graphite "number of SCoPs: 0" 1
FAIL: gcc.dg/ipa/ipa-icf-38.c scan-ltrans-tree-dump-not optimized "Function bar"
FAIL: gcc-dg-lto-modref-3-01.exe scan-wpa-ipa-dump modref "parm 1 flags: no_direct_clobber no_direct_escape"
FAIL: gcc-dg-lto-modref-4-01.exe scan-wpa-ipa-dump modref "parm 1 flags: no_direct_clobber no_direct_escape"
FAIL: gcc.dg/lto/modref-3 c_lto_modref-3_0.o-c_lto_modref-3_1.o execute -O2 -flto-partition=max -fdump-ipa-modref -fno-ipa-sra -fno-ipa-cp -flto
FAIL: gcc.dg/lto/modref-4 c_lto_modref-4_0.o-c_lto_modref-4_1.o execute -O2 -flto-partition=max -fdump-ipa-modref -fno-ipa-sra -flto
FAIL: gcc.dg/rtl/x86_64/final.c (internal compiler error: Bus error)
FAIL: gcc.dg/rtl/x86_64/final.c (test for excess errors)
UNRESOLVED: gcc.dg/rtl/x86_64/final.c scan-assembler test_1:
UNRESOLVED: gcc.dg/rtl/x86_64/final.c scan-assembler .cfi_startproc
UNRESOLVED: gcc.dg/rtl/x86_64/final.c scan-assembler .cfi_endproc
UNRESOLVED: gcc.dg/rtl/x86_64/final.c scan-assembler ret
XPASS: gcc.dg/tree-ssa/builtin-snprintf-6.c scan-tree-dump-times optimized "Function test_assign_aggregate" 1
XPASS: gcc.dg/tree-ssa/pr91091-2.c scan-tree-dump-times fre1 "x = " 1
XPASS: gcc.dg/tree-ssa/pr91091-2.c scan-tree-dump-times fre1 " = [^;]*x;" 1
XPASS: gcc.dg/tree-ssa/ssa-fre-77.c scan-tree-dump fre1 "return 1;"
FAIL: gcc.dg/vect/costmodel/x86_64/costmodel-pr104582-2.c scan-tree-dump-not slp2 "basic block part vectorized"
FAIL: outputs-25 exe savetmp named2-4: outputs.args.3
FAIL: gcc.target/i386/auto-init-5.c scan-assembler-times \\\\.long\\t0 14
FAIL: gcc.target/i386/auto-init-6.c scan-assembler-times long\\t0 8
FAIL: gcc.target/i386/auto-init-padding-3.c scan-assembler rep stosq
FAIL: gcc.target/i386/auto-init-padding-9.c scan-assembler rep stosq
FAIL: gcc.target/i386/avx2-dest-false-dep-for-glc.c scan-assembler-times vxorps 4
FAIL: gcc.target/i386/avx2-shiftqihi-constant-2.c (test for excess errors)
UNRESOLVED: gcc.target/i386/avx2-shiftqihi-constant-2.c compilation failed to produce executable
FAIL: gcc.target/i386/avx512bw-pr103750-2.c scan-assembler-not kmov
FAIL: gcc.target/i386/avx512bw-pr88465.c scan-assembler-times kxnor[dq][ \\t] 2
FAIL: gcc.target/i386/avx512bw-shiftqihi-constant-2.c (test for excess errors)
UNRESOLVED: gcc.target/i386/avx512bw-shiftqihi-constant-2.c compilation failed to produce executable
FAIL: gcc.target/i386/avx512dq-pr88465.c scan-assembler-times kxnorb[ \\t] 1
FAIL: gcc.target/i386/avx512f-pr103750-2.c scan-assembler-not kmov
FAIL: gcc.target/i386/avx512f-pr88465.c scan-assembler-times kxnorw[ \\t] 1
FAIL: gcc.target/i386/avx512fp16-pr103750-2.c scan-assembler-not kmov
XPASS: gcc.target/i386/bitwise_mask_op-3.c scan-assembler-times korb[\\t ] 1
XPASS: gcc.target/i386/bitwise_mask_op-3.c scan-assembler-times kxorb[\\t ] 1
XPASS: gcc.target/i386/bitwise_mask_op-3.c scan-assembler-times kmovb[\\t ] 4
FAIL: gcc.target/i386/cond_op_maxmin__Float16-1.c (test for excess errors)
UNRESOLVED: gcc.target/i386/cond_op_maxmin__Float16-1.c scan-tree-dump optimized ".COND_MAX"
UNRESOLVED: gcc.target/i386/cond_op_maxmin__Float16-1.c scan-tree-dump optimized ".COND_MIN"
UNRESOLVED: gcc.target/i386/cond_op_maxmin__Float16-1.c scan-assembler-times vmaxph 1
UNRESOLVED: gcc.target/i386/cond_op_maxmin__Float16-1.c scan-assembler-times vminph 1
FAIL: gcc.target/i386/harden-sls-4.c scan-assembler jmp[ \\t]+\\\\*_?fptr
FAIL: gcc.target/i386/memcpy-strategy-7.c scan-assembler rep movsb
FAIL: gcc.target/i386/memcpy-strategy-9.c scan-assembler rep movsb
FAIL: gcc.target/i386/memset-strategy-6.c scan-assembler rep stosb
FAIL: gcc.target/i386/memset-strategy-8.c scan-assembler rep stosb
FAIL: gcc.target/i386/pr100704-3.c scan-assembler push[lq]\\tfoooo+
FAIL: gcc.target/i386/pr100936.c (test for excess errors)
FAIL: gcc.target/i386/pr101908-1.c scan-assembler-not (?n)movhpd[ \\\\t]
FAIL: gcc.target/i386/pr101908-3.c scan-assembler-not (?n)movhpd[ \\\\t]+
FAIL: gcc.target/i386/pr102464-copysign-1.c (test for excess errors)
UNRESOLVED: gcc.target/i386/pr102464-copysign-1.c scan-assembler-not vcvtsh2s[sd]
UNRESOLVED: gcc.target/i386/pr102464-copysign-1.c scan-assembler-not vcvtss2sd
UNRESOLVED: gcc.target/i386/pr102464-copysign-1.c scan-assembler-not fld
UNRESOLVED: gcc.target/i386/pr102464-copysign-1.c scan-assembler-not vcvtph2p[sd]
UNRESOLVED: gcc.target/i386/pr102464-copysign-1.c scan-assembler-not vcvtps2pd
UNRESOLVED: gcc.target/i386/pr102464-copysign-1.c scan-assembler-not extendhfxf
UNRESOLVED: gcc.target/i386/pr102464-copysign-1.c scan-assembler-not \\\\{1to8\\\\}
UNRESOLVED: gcc.target/i386/pr102464-copysign-1.c scan-tree-dump-times optimized ".COPYSIGN" 12
UNRESOLVED: gcc.target/i386/pr102464-copysign-1.c scan-assembler-times vpternlog 12
FAIL: gcc.target/i386/pr102464-fma.c (test for excess errors)
UNRESOLVED: gcc.target/i386/pr102464-fma.c scan-assembler-times vfmadd...ph 3
UNRESOLVED: gcc.target/i386/pr102464-fma.c scan-assembler-times vfmadd...sh 3
UNRESOLVED: gcc.target/i386/pr102464-fma.c scan-assembler-times vfmadd...ps 2
UNRESOLVED: gcc.target/i386/pr102464-fma.c scan-assembler-times vfmadd...ss 2
UNRESOLVED: gcc.target/i386/pr102464-fma.c scan-assembler-times vfmadd...pd 1
UNRESOLVED: gcc.target/i386/pr102464-fma.c scan-assembler-times vfmadd...sd 1
FAIL: gcc.target/i386/pr102464-maxmin.c (test for excess errors)
UNRESOLVED: gcc.target/i386/pr102464-maxmin.c scan-assembler-times vmaxph 3
UNRESOLVED: gcc.target/i386/pr102464-maxmin.c scan-assembler-times vminph 3
UNRESOLVED: gcc.target/i386/pr102464-maxmin.c scan-assembler-times vmaxsh 3
UNRESOLVED: gcc.target/i386/pr102464-maxmin.c scan-assembler-times vminsh 3
UNRESOLVED: gcc.target/i386/pr102464-maxmin.c scan-assembler-times vmaxps 2
UNRESOLVED: gcc.target/i386/pr102464-maxmin.c scan-assembler-times vminps 2
UNRESOLVED: gcc.target/i386/pr102464-maxmin.c scan-assembler-times vmaxss 2
UNRESOLVED: gcc.target/i386/pr102464-maxmin.c scan-assembler-times vminss 2
UNRESOLVED: gcc.target/i386/pr102464-maxmin.c scan-assembler-times vmaxpd 1
UNRESOLVED: gcc.target/i386/pr102464-maxmin.c scan-assembler-times vminpd 1
UNRESOLVED: gcc.target/i386/pr102464-maxmin.c scan-assembler-times vmaxsd 1
UNRESOLVED: gcc.target/i386/pr102464-maxmin.c scan-assembler-times vminsd 1
FAIL: gcc.target/i386/pr102464-sqrtph.c (test for excess errors)
UNRESOLVED: gcc.target/i386/pr102464-sqrtph.c scan-assembler-not vcvtsh2s[sd]
UNRESOLVED: gcc.target/i386/pr102464-sqrtph.c scan-assembler-not vcvtph2p[sd]
UNRESOLVED: gcc.target/i386/pr102464-sqrtph.c scan-assembler-not extendhfxf
UNRESOLVED: gcc.target/i386/pr102464-sqrtph.c scan-assembler-times vsqrtph[^\\n\\r]*xmm[0-9] 3
FAIL: gcc.target/i386/pr102464-sqrtsh.c (test for excess errors)
UNRESOLVED: gcc.target/i386/pr102464-sqrtsh.c scan-assembler-not vcvtsh2s[sd]
UNRESOLVED: gcc.target/i386/pr102464-sqrtsh.c scan-assembler-not extendhfxf
UNRESOLVED: gcc.target/i386/pr102464-sqrtsh.c scan-assembler-times vsqrtsh[^\\n\\r]*xmm[0-9] 3
FAIL: gcc.target/i386/pr102464-vrndscaleph.c (test for excess errors)
UNRESOLVED: gcc.target/i386/pr102464-vrndscaleph.c scan-assembler-not vcvtsh2s[sd]
UNRESOLVED: gcc.target/i386/pr102464-vrndscaleph.c scan-assembler-not vcvtph2p[sd]
UNRESOLVED: gcc.target/i386/pr102464-vrndscaleph.c scan-assembler-not extendhfxf
UNRESOLVED: gcc.target/i386/pr102464-vrndscaleph.c scan-assembler-times vrndscaleph[^\\n\\r]*xmm[0-9] 5
UNRESOLVED: gcc.target/i386/pr102464-vrndscaleph.c scan-assembler-times vrndscaleph[^\\n\\r]*ymm[0-9] 5
UNRESOLVED: gcc.target/i386/pr102464-vrndscaleph.c scan-assembler-times vrndscaleph[^\\n\\r]*zmm[0-9] 5
FAIL: gcc.target/i386/pr104441-1b.c (test for excess errors)
UNRESOLVED: gcc.target/i386/pr104441-1b.c compilation failed to produce executable
FAIL: gcc.target/i386/pr104704-1.c (test for excess errors)
UNRESOLVED: gcc.target/i386/pr104704-1.c compilation failed to produce executable
FAIL: gcc.target/i386/pr104704-2.c (test for excess errors)
UNRESOLVED: gcc.target/i386/pr104704-2.c compilation failed to produce executable
FAIL: gcc.target/i386/pr104704-4.c (test for excess errors)
UNRESOLVED: gcc.target/i386/pr104704-4.c compilation failed to produce executable
FAIL: gcc.target/i386/pr104704-5.c (test for excess errors)
UNRESOLVED: gcc.target/i386/pr104704-5.c compilation failed to produce executable
FAIL: gcc.target/i386/pr11877-2.c scan-assembler-not \\\\\$0,
FAIL: gcc.target/i386/pr11877.c scan-assembler-not \\\\\$0,
FAIL: gcc.target/i386/pr34256.c scan-assembler-times mov 5
FAIL: gcc.target/i386/pr71321.c scan-assembler-not lea.*0
FAIL: gcc.target/i386/pr78035.c scan-assembler-times cmp 2
FAIL: gcc.target/i386/pr85667-10.c scan-assembler-times movq[ \\t]*%rcx, .* 1
FAIL: gcc.target/i386/pr85667-10.c scan-assembler-times movq[ \\t]*%rdx, .* 1
FAIL: gcc.target/i386/pr85667-10.c scan-assembler-times movq[ \\t]*%r8, .* 1
FAIL: gcc.target/i386/pr85667-10.c scan-assembler-times movq[ \\t]*%r9, .* 1
FAIL: gcc.target/i386/pr85667-10.c scan-assembler-times movq[^\\n\\r]*, %rax 1
FAIL: gcc.target/i386/pr90773-1.c scan-assembler-times movq[\\\\t ]+\\\\(%[^,]+\\\\), 1
FAIL: gcc.target/i386/pr92651.c scan-assembler-times sub 2
FAIL: gcc.target/i386/pr94650.c scan-assembler-not movabs
FAIL: gcc.target/i386/pr94650.c scan-assembler-times shr 3
FAIL: gcc.target/i386/pr95443-1.c (test for excess errors)
UNRESOLVED: gcc.target/i386/pr95443-1.c compilation failed to produce executable
FAIL: gcc.target/i386/pr95740.c scan-assembler-times (?n)movq[\\\\t ]*%xmm0.*%rax 1
FAIL: gcc.target/i386/pr96271.c scan-assembler movq\\t%xmm0, %r
FAIL: gcc.target/i386/pr96271.c scan-assembler movq\\t%xmm1, %r
FAIL: gcc.target/i386/pr98060.c scan-assembler-not set
FAIL: gcc.target/i386/sse2-v1ti-logic-2.c scan-assembler-times por 2
FAIL: gcc.target/i386/stackalign/pr88483-1.c -mstackrealign scan-assembler-not and[lq]?[^\\\\n]*-[0-9]+,[^\\\\n]*sp
FAIL: gcc.target/i386/stackalign/pr88483-1.c -mno-stackrealign scan-assembler-not and[lq]?[^\\\\n]*-[0-9]+,[^\\\\n]*sp
=== gcc Summary for unix/-m64 ===
# of expected passes 160635
# of unexpected failures 91
# of unexpected successes 7
# of expected failures 1373
# of unresolved testcases 57
# of unsupported tests 5302
=== gcc Summary ===
# of expected passes 318625
# of unexpected failures 226
# of unexpected successes 18
# of expected failures 2750
# of unresolved testcases 112
# of unsupported tests 11065
/scratch/10-5-leo/gcc-master/gcc/xgcc version 13.0.0 20220514 (experimental) [master revision r13-461-g9df4ffe493a4] (GCC)
=== gfortran tests ===
Running target unix/-m32
=== gfortran Summary for unix/-m32 ===
# of expected passes 65779
# of expected failures 280
# of unsupported tests 255
Running target unix/-m64
=== gfortran Summary for unix/-m64 ===
# of expected passes 66089
# of expected failures 278
# of unsupported tests 109
=== gfortran Summary ===
# of expected passes 131868
# of expected failures 558
# of unsupported tests 364
/scratch/10-5-leo/gcc-master/gcc/gfortran version 13.0.0 20220514 (experimental) [master revision r13-461-g9df4ffe493a4] (GCC)
=== gnat tests ===
Running target unix/-m32
FAIL: gnat.dg/bias1.adb scan-assembler DW_AT_GNU_bias
FAIL: gnat.dg/debug18.adb scan-assembler-not DW_AT_lower_bound
=== gnat Summary for unix/-m32 ===
# of expected passes 3377
# of unexpected failures 2
# of expected failures 23
# of unsupported tests 16
Running target unix/-m64
FAIL: gnat.dg/bias1.adb scan-assembler DW_AT_GNU_bias
FAIL: gnat.dg/debug18.adb scan-assembler-not DW_AT_lower_bound
=== gnat Summary for unix/-m64 ===
# of expected passes 3378
# of unexpected failures 2
# of expected failures 23
# of unsupported tests 14
=== gnat Summary ===
# of expected passes 6755
# of unexpected failures 4
# of expected failures 46
# of unsupported tests 30
/scratch/10-5-leo/gcc-master/gcc/gnatmake version 13.0.0 20220514 (experimental) [master revision r13-461-g9df4ffe493a4]
=== obj-c++ tests ===
Running target unix/-m32
=== obj-c++ Summary for unix/-m32 ===
# of expected passes 3235
# of expected failures 4
# of unsupported tests 67
Running target unix/-m64
=== obj-c++ Summary for unix/-m64 ===
# of expected passes 3207
# of expected failures 23
# of unsupported tests 68
=== obj-c++ Summary ===
# of expected passes 6442
# of expected failures 27
# of unsupported tests 135
/scratch/10-5-leo/gcc-master/gcc/xg++ version 13.0.0 20220514 (experimental) [master revision r13-461-g9df4ffe493a4] (GCC)
=== objc tests ===
Running target unix/-m32
=== objc Summary for unix/-m32 ===
# of expected passes 5776
# of expected failures 6
# of unsupported tests 85
Running target unix/-m64
=== objc Summary for unix/-m64 ===
# of expected passes 5752
# of expected failures 12
# of unsupported tests 88
=== objc Summary ===
# of expected passes 11528
# of expected failures 18
# of unsupported tests 173
/scratch/10-5-leo/gcc-master/gcc/xgcc version 13.0.0 20220514 (experimental) [master revision r13-461-g9df4ffe493a4] (GCC)
=== libatomic tests ===
Running target unix/-m32
=== libatomic Summary for unix/-m32 ===
# of expected passes 44
# of unsupported tests 5
Running target unix/-m64
=== libatomic Summary for unix/-m64 ===
# of expected passes 54
=== libatomic Summary ===
# of expected passes 98
# of unsupported tests 5
=== libgomp tests ===
Running target unix/-m32
WARNING: program timed out.
FAIL: libgomp.c++/task-reduction-10.C execution test
WARNING: program timed out.
FAIL: libgomp.c++/task-reduction-8.C execution test
=== libgomp Summary for unix/-m32 ===
# of expected passes 13803
# of unexpected failures 2
# of expected failures 213
# of unsupported tests 634
Running target unix/-m64
FAIL: libgomp.c/pr95620.c (test for excess errors)
WARNING: program timed out.
FAIL: libgomp.c++/task-reduction-8.C execution test
=== libgomp Summary for unix/-m64 ===
# of expected passes 13804
# of unexpected failures 2
# of expected failures 213
# of unsupported tests 633
=== libgomp Summary ===
# of expected passes 27607
# of unexpected failures 4
# of expected failures 426
# of unsupported tests 1267
=== libitm tests ===
Running target unix/-m32
=== libitm Summary for unix/-m32 ===
# of expected passes 42
# of expected failures 3
# of unsupported tests 2
Running target unix/-m64
=== libitm Summary for unix/-m64 ===
# of expected passes 42
# of expected failures 3
# of unsupported tests 2
=== libitm Summary ===
# of expected passes 84
# of expected failures 6
# of unsupported tests 4
=== libstdc++ tests ===
Running target unix/-m32
XPASS: 20_util/to_chars/long_double.cc execution test
FAIL: 21_strings/basic_string/allocator/char/operator_plus.cc (test for excess errors)
FAIL: 27_io/basic_filebuf/open/char/2.cc execution test
FAIL: 27_io/filesystem/operations/remove_all.cc execution test
WARNING: 29_atomics/atomic_integral/wait_notify.cc execution test program timed out.
FAIL: 29_atomics/atomic_integral/wait_notify.cc execution test
WARNING: 30_threads/condition_variable/54185.cc execution test program timed out.
FAIL: 30_threads/condition_variable/54185.cc execution test
WARNING: 30_threads/future/members/93456.cc execution test program timed out.
FAIL: 30_threads/future/members/93456.cc execution test
FAIL: experimental/filesystem/operations/remove_all.cc execution test
FAIL: experimental/net/internet/resolver/ops/reverse.cc execution test
FAIL: ext/mt_allocator/deallocate_global_thread-1.cc execution test
FAIL: ext/mt_allocator/deallocate_global_thread-3.cc execution test
FAIL: ext/stdio_filebuf/char/10063-2.cc execution test
FAIL: ext/stdio_filebuf/char/81751.cc execution test
FAIL: std/ranges/access/ssize.cc (test for excess errors)
UNRESOLVED: std/ranges/access/ssize.cc compilation failed to produce executable
=== libstdc++ Summary for unix/-m32 ===
# of expected passes 14197
# of unexpected failures 13
# of unexpected successes 1
# of expected failures 95
# of unresolved testcases 1
# of unsupported tests 787
Running target unix/-m64
XPASS: 20_util/to_chars/long_double.cc execution test
WARNING: 20_util/weak_ptr/atomic_weak_ptr.cc execution test program timed out.
FAIL: 20_util/weak_ptr/atomic_weak_ptr.cc execution test
FAIL: 27_io/basic_filebuf/open/char/2.cc execution test
FAIL: 27_io/filesystem/operations/remove_all.cc execution test
WARNING: 29_atomics/atomic/wait_notify/bool.cc execution test program timed out.
FAIL: 29_atomics/atomic/wait_notify/bool.cc execution test
WARNING: 29_atomics/atomic/wait_notify/generic.cc execution test program timed out.
FAIL: 29_atomics/atomic/wait_notify/generic.cc execution test
WARNING: 29_atomics/atomic/wait_notify/pointers.cc execution test program timed out.
FAIL: 29_atomics/atomic/wait_notify/pointers.cc execution test
WARNING: 29_atomics/atomic_flag/wait_notify/1.cc execution test program timed out.
FAIL: 29_atomics/atomic_flag/wait_notify/1.cc execution test
WARNING: 29_atomics/atomic_float/wait_notify.cc execution test program timed out.
FAIL: 29_atomics/atomic_float/wait_notify.cc execution test
WARNING: 29_atomics/atomic_ref/wait_notify.cc execution test program timed out.
FAIL: 29_atomics/atomic_ref/wait_notify.cc execution test
WARNING: 30_threads/barrier/arrive.cc execution test program timed out.
FAIL: 30_threads/barrier/arrive.cc execution test
FAIL: 30_threads/condition_variable/54185.cc execution test
WARNING: 30_threads/future/members/93456.cc execution test program timed out.
FAIL: 30_threads/future/members/93456.cc execution test
FAIL: experimental/filesystem/operations/remove_all.cc execution test
FAIL: experimental/net/internet/resolver/ops/reverse.cc execution test
FAIL: ext/mt_allocator/deallocate_global_thread-1.cc execution test
FAIL: ext/mt_allocator/deallocate_global_thread-3.cc execution test
FAIL: ext/stdio_filebuf/char/10063-2.cc execution test
FAIL: ext/stdio_filebuf/char/81751.cc execution test
=== libstdc++ Summary for unix/-m64 ===
# of expected passes 14187
# of unexpected failures 18
# of unexpected successes 1
# of expected failures 95
# of unsupported tests 790
=== libstdc++ Summary ===
# of expected passes 28384
# of unexpected failures 31
# of unexpected successes 2
# of expected failures 190
# of unresolved testcases 1
# of unsupported tests 1577
Compiler version: 13.0.0 20220514 (experimental) [master revision r13-461-g9df4ffe493a4] (GCC)
Platform: i686-apple-darwin9
configure flags: --prefix=/opt/iains/i686-apple-darwin9/gcc-13-0-0 --build=i686-apple-darwin9 --with-ld=/usr/bin/ld --with-as=/usr/bin/as --enable-languages=all --with-cpu=core2 CC=i686-apple-darwin-gcc CXX=i686-apple-darwin-g++
More information about the Gcc-testresults
mailing list