Results for 12.1.1 20220513 [releases/gcc-12 5176d2755c6f4e348d1da00abfa4ab9f06a35ddd] (GCC) testsuite on i386-pc-solaris2.11
Rainer Orth
ro@CeBiTec.Uni-Bielefeld.DE
Sun May 15 06:38:21 GMT 2022
LAST_UPDATED: Fri May 13 14:12:43 UTC 2022 (revision 5176d2755c6f4e348d1da00abfa4ab9f06a35ddd)
=== acats tests ===
=== acats Summary ===
# of expected passes 2328
# of unexpected failures 0
Native configuration is i386-pc-solaris2.11
=== g++ tests ===
Running target unix
FAIL: g++.dg/asan/default-options-1.C -O0 execution test
FAIL: g++.dg/asan/default-options-1.C -O1 execution test
FAIL: g++.dg/asan/default-options-1.C -O2 execution test
FAIL: g++.dg/asan/default-options-1.C -O2 -flto execution test
FAIL: g++.dg/asan/default-options-1.C -O2 -flto -flto-partition=none execution test
FAIL: g++.dg/asan/default-options-1.C -O3 -g execution test
FAIL: g++.dg/asan/default-options-1.C -Os execution test
WARNING: g++.dg/asan/function-argument-4.C -Os (test for excess errors) program timed out.
FAIL: g++.dg/asan/function-argument-4.C -Os (test for excess errors)
UNRESOLVED: g++.dg/asan/function-argument-4.C -Os compilation failed to produce executable
WARNING: g++.dg/asan/pr81021.C -O2 -flto -flto-partition=none (test for excess errors) program timed out.
FAIL: g++.dg/asan/pr81021.C -O2 -flto -flto-partition=none (test for excess errors)
UNRESOLVED: g++.dg/asan/pr81021.C -O2 -flto -flto-partition=none compilation failed to produce executable
WARNING: g++.dg/coroutines/torture/co-yield-05-co-aw.C -O2 -flto -flto-partition=none (test for excess errors) program timed out.
FAIL: g++.dg/coroutines/torture/co-yield-05-co-aw.C -O2 -flto -flto-partition=none (test for excess errors)
UNRESOLVED: g++.dg/coroutines/torture/co-yield-05-co-aw.C -O2 -flto -flto-partition=none compilation failed to produce executable
FAIL: g++.dg/gcov/pr16855-priority.C -std=gnu++14 gcov: 12 failures in line counts, 0 in branch percentages, 0 in return percentages, 0 in intermediate format
FAIL: g++.dg/gcov/pr16855-priority.C -std=gnu++14 line 14: is 2:should be 1
FAIL: g++.dg/gcov/pr16855-priority.C -std=gnu++14 line 21: is 2:should be 1
FAIL: g++.dg/gcov/pr16855-priority.C -std=gnu++14 line 23: is #####:should be 1
FAIL: g++.dg/gcov/pr16855-priority.C -std=gnu++14 line 37: is 2:should be 1
FAIL: g++.dg/gcov/pr16855-priority.C -std=gnu++14 line 43: is 2:should be 1
FAIL: g++.dg/gcov/pr16855-priority.C -std=gnu++14 line 48: is 2:should be 1
FAIL: g++.dg/gcov/pr16855-priority.C -std=gnu++14 line 53: is 2:should be 1
FAIL: g++.dg/gcov/pr16855-priority.C -std=gnu++14 line 58: is 2:should be 1
FAIL: g++.dg/gcov/pr16855-priority.C -std=gnu++14 line 63: is 2:should be 1
FAIL: g++.dg/gcov/pr16855-priority.C -std=gnu++14 line 68: is 2:should be 1
FAIL: g++.dg/gcov/pr16855-priority.C -std=gnu++14 line 73: is 2:should be 1
FAIL: g++.dg/gcov/pr16855-priority.C -std=gnu++14 line 78: is 2:should be 1
FAIL: g++.dg/gcov/pr16855-priority.C -std=gnu++17 gcov: 12 failures in line counts, 0 in branch percentages, 0 in return percentages, 0 in intermediate format
FAIL: g++.dg/gcov/pr16855-priority.C -std=gnu++17 line 14: is 3:should be 1
FAIL: g++.dg/gcov/pr16855-priority.C -std=gnu++17 line 21: is 3:should be 1
FAIL: g++.dg/gcov/pr16855-priority.C -std=gnu++17 line 23: is #####:should be 1
FAIL: g++.dg/gcov/pr16855-priority.C -std=gnu++17 line 37: is 3:should be 1
FAIL: g++.dg/gcov/pr16855-priority.C -std=gnu++17 line 43: is 3:should be 1
FAIL: g++.dg/gcov/pr16855-priority.C -std=gnu++17 line 48: is 3:should be 1
FAIL: g++.dg/gcov/pr16855-priority.C -std=gnu++17 line 53: is 3:should be 1
FAIL: g++.dg/gcov/pr16855-priority.C -std=gnu++17 line 58: is 3:should be 1
FAIL: g++.dg/gcov/pr16855-priority.C -std=gnu++17 line 63: is 3:should be 1
FAIL: g++.dg/gcov/pr16855-priority.C -std=gnu++17 line 68: is 3:should be 1
FAIL: g++.dg/gcov/pr16855-priority.C -std=gnu++17 line 73: is 3:should be 1
FAIL: g++.dg/gcov/pr16855-priority.C -std=gnu++17 line 78: is 3:should be 1
FAIL: g++.dg/gcov/pr16855-priority.C -std=gnu++20 gcov: 12 failures in line counts, 0 in branch percentages, 0 in return percentages, 0 in intermediate format
FAIL: g++.dg/gcov/pr16855-priority.C -std=gnu++20 line 14: is 4:should be 1
FAIL: g++.dg/gcov/pr16855-priority.C -std=gnu++20 line 21: is 4:should be 1
FAIL: g++.dg/gcov/pr16855-priority.C -std=gnu++20 line 23: is #####:should be 1
FAIL: g++.dg/gcov/pr16855-priority.C -std=gnu++20 line 37: is 4:should be 1
FAIL: g++.dg/gcov/pr16855-priority.C -std=gnu++20 line 43: is 4:should be 1
FAIL: g++.dg/gcov/pr16855-priority.C -std=gnu++20 line 48: is 4:should be 1
FAIL: g++.dg/gcov/pr16855-priority.C -std=gnu++20 line 53: is 4:should be 1
FAIL: g++.dg/gcov/pr16855-priority.C -std=gnu++20 line 58: is 4:should be 1
FAIL: g++.dg/gcov/pr16855-priority.C -std=gnu++20 line 63: is 4:should be 1
FAIL: g++.dg/gcov/pr16855-priority.C -std=gnu++20 line 68: is 4:should be 1
FAIL: g++.dg/gcov/pr16855-priority.C -std=gnu++20 line 73: is 4:should be 1
FAIL: g++.dg/gcov/pr16855-priority.C -std=gnu++20 line 78: is 4:should be 1
FAIL: g++.dg/gcov/pr16855-priority.C -std=gnu++98 gcov: 1 failures in line counts, 0 in branch percentages, 0 in return percentages, 0 in intermediate format
FAIL: g++.dg/gcov/pr16855-priority.C -std=gnu++98 line 23: is #####:should be 1
FAIL: g++.dg/gcov/pr16855.C -std=gnu++14 gcov: 6 failures in line counts, 0 in branch percentages, 0 in return percentages, 0 in intermediate format
FAIL: g++.dg/gcov/pr16855.C -std=gnu++14 line 15: is 2:should be 1
FAIL: g++.dg/gcov/pr16855.C -std=gnu++14 line 22: is 2:should be 1
FAIL: g++.dg/gcov/pr16855.C -std=gnu++14 line 24: is #####:should be 1
FAIL: g++.dg/gcov/pr16855.C -std=gnu++14 line 38: is 2:should be 1
FAIL: g++.dg/gcov/pr16855.C -std=gnu++14 line 44: is 2:should be 1
FAIL: g++.dg/gcov/pr16855.C -std=gnu++14 line 49: is 2:should be 1
FAIL: g++.dg/gcov/pr16855.C -std=gnu++17 gcov: 6 failures in line counts, 0 in branch percentages, 0 in return percentages, 0 in intermediate format
FAIL: g++.dg/gcov/pr16855.C -std=gnu++17 line 15: is 3:should be 1
FAIL: g++.dg/gcov/pr16855.C -std=gnu++17 line 22: is 3:should be 1
FAIL: g++.dg/gcov/pr16855.C -std=gnu++17 line 24: is #####:should be 1
FAIL: g++.dg/gcov/pr16855.C -std=gnu++17 line 38: is 3:should be 1
FAIL: g++.dg/gcov/pr16855.C -std=gnu++17 line 44: is 3:should be 1
FAIL: g++.dg/gcov/pr16855.C -std=gnu++17 line 49: is 3:should be 1
FAIL: g++.dg/gcov/pr16855.C -std=gnu++20 gcov: 6 failures in line counts, 0 in branch percentages, 0 in return percentages, 0 in intermediate format
FAIL: g++.dg/gcov/pr16855.C -std=gnu++20 line 15: is 4:should be 1
FAIL: g++.dg/gcov/pr16855.C -std=gnu++20 line 22: is 4:should be 1
FAIL: g++.dg/gcov/pr16855.C -std=gnu++20 line 24: is #####:should be 1
FAIL: g++.dg/gcov/pr16855.C -std=gnu++20 line 38: is 4:should be 1
FAIL: g++.dg/gcov/pr16855.C -std=gnu++20 line 44: is 4:should be 1
FAIL: g++.dg/gcov/pr16855.C -std=gnu++20 line 49: is 4:should be 1
FAIL: g++.dg/gcov/pr16855.C -std=gnu++98 gcov: 1 failures in line counts, 0 in branch percentages, 0 in return percentages, 0 in intermediate format
FAIL: g++.dg/gcov/pr16855.C -std=gnu++98 line 24: is #####:should be 1
XPASS: c-c++-common/goacc/kernels-decompose-pr100400-1-2.c -std=c++14 (internal compiler error)
FAIL: c-c++-common/goacc/kernels-decompose-pr100400-1-2.c -std=c++14 (test for excess errors)
XPASS: c-c++-common/goacc/kernels-decompose-pr100400-1-2.c -std=c++17 (internal compiler error)
FAIL: c-c++-common/goacc/kernels-decompose-pr100400-1-2.c -std=c++17 (test for excess errors)
XPASS: c-c++-common/goacc/kernels-decompose-pr100400-1-2.c -std=c++20 (internal compiler error)
FAIL: c-c++-common/goacc/kernels-decompose-pr100400-1-2.c -std=c++20 (test for excess errors)
XPASS: c-c++-common/goacc/kernels-decompose-pr100400-1-2.c -std=c++98 (internal compiler error)
FAIL: c-c++-common/goacc/kernels-decompose-pr100400-1-2.c -std=c++98 (test for excess errors)
FAIL: g++.dg/modules/stdio-1_a.H -std=c++17 scan-lang-dump module "Depset:0 decl entity:[0-9]* function_decl:'::printf'"
FAIL: g++.dg/modules/stdio-1_a.H -std=c++2a scan-lang-dump module "Depset:0 decl entity:[0-9]* function_decl:'::printf'"
FAIL: g++.dg/modules/stdio-1_a.H -std=c++2b scan-lang-dump module "Depset:0 decl entity:[0-9]* function_decl:'::printf'"
FAIL: g++.dg/torture/pr80334.C -O0 execution test
=== g++ Summary for unix ===
# of expected passes 223739
# of unexpected failures 82
# of unexpected successes 4
# of expected failures 2063
# of unresolved testcases 3
# of unsupported tests 10155
Running target unix/-m64
FAIL: g++.dg/gcov/pr16855-priority.C -std=gnu++14 gcov: 12 failures in line counts, 0 in branch percentages, 0 in return percentages, 0 in intermediate format
FAIL: g++.dg/gcov/pr16855-priority.C -std=gnu++14 line 14: is 2:should be 1
FAIL: g++.dg/gcov/pr16855-priority.C -std=gnu++14 line 21: is 2:should be 1
FAIL: g++.dg/gcov/pr16855-priority.C -std=gnu++14 line 23: is #####:should be 1
FAIL: g++.dg/gcov/pr16855-priority.C -std=gnu++14 line 37: is 2:should be 1
FAIL: g++.dg/gcov/pr16855-priority.C -std=gnu++14 line 43: is 2:should be 1
FAIL: g++.dg/gcov/pr16855-priority.C -std=gnu++14 line 48: is 2:should be 1
FAIL: g++.dg/gcov/pr16855-priority.C -std=gnu++14 line 53: is 2:should be 1
FAIL: g++.dg/gcov/pr16855-priority.C -std=gnu++14 line 58: is 2:should be 1
FAIL: g++.dg/gcov/pr16855-priority.C -std=gnu++14 line 63: is 2:should be 1
FAIL: g++.dg/gcov/pr16855-priority.C -std=gnu++14 line 68: is 2:should be 1
FAIL: g++.dg/gcov/pr16855-priority.C -std=gnu++14 line 73: is 2:should be 1
FAIL: g++.dg/gcov/pr16855-priority.C -std=gnu++14 line 78: is 2:should be 1
FAIL: g++.dg/gcov/pr16855-priority.C -std=gnu++17 gcov: 12 failures in line counts, 0 in branch percentages, 0 in return percentages, 0 in intermediate format
FAIL: g++.dg/gcov/pr16855-priority.C -std=gnu++17 line 14: is 3:should be 1
FAIL: g++.dg/gcov/pr16855-priority.C -std=gnu++17 line 21: is 3:should be 1
FAIL: g++.dg/gcov/pr16855-priority.C -std=gnu++17 line 23: is #####:should be 1
FAIL: g++.dg/gcov/pr16855-priority.C -std=gnu++17 line 37: is 3:should be 1
FAIL: g++.dg/gcov/pr16855-priority.C -std=gnu++17 line 43: is 3:should be 1
FAIL: g++.dg/gcov/pr16855-priority.C -std=gnu++17 line 48: is 3:should be 1
FAIL: g++.dg/gcov/pr16855-priority.C -std=gnu++17 line 53: is 3:should be 1
FAIL: g++.dg/gcov/pr16855-priority.C -std=gnu++17 line 58: is 3:should be 1
FAIL: g++.dg/gcov/pr16855-priority.C -std=gnu++17 line 63: is 3:should be 1
FAIL: g++.dg/gcov/pr16855-priority.C -std=gnu++17 line 68: is 3:should be 1
FAIL: g++.dg/gcov/pr16855-priority.C -std=gnu++17 line 73: is 3:should be 1
FAIL: g++.dg/gcov/pr16855-priority.C -std=gnu++17 line 78: is 3:should be 1
FAIL: g++.dg/gcov/pr16855-priority.C -std=gnu++20 gcov: 12 failures in line counts, 0 in branch percentages, 0 in return percentages, 0 in intermediate format
FAIL: g++.dg/gcov/pr16855-priority.C -std=gnu++20 line 14: is 4:should be 1
FAIL: g++.dg/gcov/pr16855-priority.C -std=gnu++20 line 21: is 4:should be 1
FAIL: g++.dg/gcov/pr16855-priority.C -std=gnu++20 line 23: is #####:should be 1
FAIL: g++.dg/gcov/pr16855-priority.C -std=gnu++20 line 37: is 4:should be 1
FAIL: g++.dg/gcov/pr16855-priority.C -std=gnu++20 line 43: is 4:should be 1
FAIL: g++.dg/gcov/pr16855-priority.C -std=gnu++20 line 48: is 4:should be 1
FAIL: g++.dg/gcov/pr16855-priority.C -std=gnu++20 line 53: is 4:should be 1
FAIL: g++.dg/gcov/pr16855-priority.C -std=gnu++20 line 58: is 4:should be 1
FAIL: g++.dg/gcov/pr16855-priority.C -std=gnu++20 line 63: is 4:should be 1
FAIL: g++.dg/gcov/pr16855-priority.C -std=gnu++20 line 68: is 4:should be 1
FAIL: g++.dg/gcov/pr16855-priority.C -std=gnu++20 line 73: is 4:should be 1
FAIL: g++.dg/gcov/pr16855-priority.C -std=gnu++20 line 78: is 4:should be 1
FAIL: g++.dg/gcov/pr16855-priority.C -std=gnu++98 gcov: 1 failures in line counts, 0 in branch percentages, 0 in return percentages, 0 in intermediate format
FAIL: g++.dg/gcov/pr16855-priority.C -std=gnu++98 line 23: is #####:should be 1
FAIL: g++.dg/gcov/pr16855.C -std=gnu++14 gcov: 6 failures in line counts, 0 in branch percentages, 0 in return percentages, 0 in intermediate format
FAIL: g++.dg/gcov/pr16855.C -std=gnu++14 line 15: is 2:should be 1
FAIL: g++.dg/gcov/pr16855.C -std=gnu++14 line 22: is 2:should be 1
FAIL: g++.dg/gcov/pr16855.C -std=gnu++14 line 24: is #####:should be 1
FAIL: g++.dg/gcov/pr16855.C -std=gnu++14 line 38: is 2:should be 1
FAIL: g++.dg/gcov/pr16855.C -std=gnu++14 line 44: is 2:should be 1
FAIL: g++.dg/gcov/pr16855.C -std=gnu++14 line 49: is 2:should be 1
FAIL: g++.dg/gcov/pr16855.C -std=gnu++17 gcov: 6 failures in line counts, 0 in branch percentages, 0 in return percentages, 0 in intermediate format
FAIL: g++.dg/gcov/pr16855.C -std=gnu++17 line 15: is 3:should be 1
FAIL: g++.dg/gcov/pr16855.C -std=gnu++17 line 22: is 3:should be 1
FAIL: g++.dg/gcov/pr16855.C -std=gnu++17 line 24: is #####:should be 1
FAIL: g++.dg/gcov/pr16855.C -std=gnu++17 line 38: is 3:should be 1
FAIL: g++.dg/gcov/pr16855.C -std=gnu++17 line 44: is 3:should be 1
FAIL: g++.dg/gcov/pr16855.C -std=gnu++17 line 49: is 3:should be 1
FAIL: g++.dg/gcov/pr16855.C -std=gnu++20 gcov: 6 failures in line counts, 0 in branch percentages, 0 in return percentages, 0 in intermediate format
FAIL: g++.dg/gcov/pr16855.C -std=gnu++20 line 15: is 4:should be 1
FAIL: g++.dg/gcov/pr16855.C -std=gnu++20 line 22: is 4:should be 1
FAIL: g++.dg/gcov/pr16855.C -std=gnu++20 line 24: is #####:should be 1
FAIL: g++.dg/gcov/pr16855.C -std=gnu++20 line 38: is 4:should be 1
FAIL: g++.dg/gcov/pr16855.C -std=gnu++20 line 44: is 4:should be 1
FAIL: g++.dg/gcov/pr16855.C -std=gnu++20 line 49: is 4:should be 1
FAIL: g++.dg/gcov/pr16855.C -std=gnu++98 gcov: 1 failures in line counts, 0 in branch percentages, 0 in return percentages, 0 in intermediate format
FAIL: g++.dg/gcov/pr16855.C -std=gnu++98 line 24: is #####:should be 1
XPASS: c-c++-common/goacc/kernels-decompose-pr100400-1-2.c -std=c++14 (internal compiler error)
FAIL: c-c++-common/goacc/kernels-decompose-pr100400-1-2.c -std=c++14 (test for excess errors)
XPASS: c-c++-common/goacc/kernels-decompose-pr100400-1-2.c -std=c++17 (internal compiler error)
FAIL: c-c++-common/goacc/kernels-decompose-pr100400-1-2.c -std=c++17 (test for excess errors)
XPASS: c-c++-common/goacc/kernels-decompose-pr100400-1-2.c -std=c++20 (internal compiler error)
FAIL: c-c++-common/goacc/kernels-decompose-pr100400-1-2.c -std=c++20 (test for excess errors)
XPASS: c-c++-common/goacc/kernels-decompose-pr100400-1-2.c -std=c++98 (internal compiler error)
FAIL: c-c++-common/goacc/kernels-decompose-pr100400-1-2.c -std=c++98 (test for excess errors)
FAIL: g++.dg/modules/stdio-1_a.H -std=c++17 scan-lang-dump module "Depset:0 decl entity:[0-9]* function_decl:'::printf'"
FAIL: g++.dg/modules/stdio-1_a.H -std=c++2a scan-lang-dump module "Depset:0 decl entity:[0-9]* function_decl:'::printf'"
FAIL: g++.dg/modules/stdio-1_a.H -std=c++2b scan-lang-dump module "Depset:0 decl entity:[0-9]* function_decl:'::printf'"
FAIL: g++.target/i386/pr97054.C -std=gnu++14 (test for excess errors)
UNRESOLVED: g++.target/i386/pr97054.C -std=gnu++14 compilation failed to produce executable
FAIL: g++.target/i386/pr97054.C -std=gnu++17 (test for excess errors)
UNRESOLVED: g++.target/i386/pr97054.C -std=gnu++17 compilation failed to produce executable
FAIL: g++.target/i386/pr97054.C -std=gnu++20 (test for excess errors)
UNRESOLVED: g++.target/i386/pr97054.C -std=gnu++20 compilation failed to produce executable
FAIL: g++.target/i386/pr97054.C -std=gnu++98 (test for excess errors)
UNRESOLVED: g++.target/i386/pr97054.C -std=gnu++98 compilation failed to produce executable
=== g++ Summary for unix/-m64 ===
# of expected passes 224112
# of unexpected failures 75
# of unexpected successes 4
# of expected failures 2071
# of unresolved testcases 4
# of unsupported tests 10098
=== g++ Summary ===
# of expected passes 447851
# of unexpected failures 157
# of unexpected successes 8
# of expected failures 4134
# of unresolved testcases 7
# of unsupported tests 20253
/var/gcc/regression/gcc-12-branch/11.4-gcc-gas/build/gcc/xg++ version 12.1.1 20220513 [releases/gcc-12 5176d2755c6f4e348d1da00abfa4ab9f06a35ddd] (GCC)
=== gcc tests ===
Running target unix
WARNING: gcc.c-torture/execute/920506-1.c -O2 (test for excess errors) program timed out.
FAIL: gcc.c-torture/execute/920506-1.c -O2 (test for excess errors)
UNRESOLVED: gcc.c-torture/execute/920506-1.c -O2 compilation failed to produce executable
WARNING: gcc.c-torture/execute/pr59643.c -O3 -g (test for excess errors) program timed out.
FAIL: gcc.c-torture/execute/pr59643.c -O3 -g (test for excess errors)
UNRESOLVED: gcc.c-torture/execute/pr59643.c -O3 -g compilation failed to produce executable
FAIL: gcc.dg/ipa/iinline-attr.c scan-ipa-dump inline "hooray[^\\\\n]*inline copy in test"
FAIL: gcc.dg/ipa/ipa-icf-38.c scan-ltrans-tree-dump-not optimized "Function bar"
FAIL: gcc-dg-lto-modref-3-01.exe scan-wpa-ipa-dump modref "parm 1 flags: no_direct_clobber no_direct_escape"
FAIL: gcc-dg-lto-modref-4-01.exe scan-wpa-ipa-dump modref "parm 1 flags: no_direct_clobber no_direct_escape"
FAIL: gcc.dg/lto/modref-3 c_lto_modref-3_0.o-c_lto_modref-3_1.o execute -O2 -flto-partition=max -fdump-ipa-modref -fno-ipa-sra -fno-ipa-cp -flto
FAIL: gcc.dg/lto/modref-4 c_lto_modref-4_0.o-c_lto_modref-4_1.o execute -O2 -flto-partition=max -fdump-ipa-modref -fno-ipa-sra -flto
WARNING: gcc.dg/plugin/one_time_plugin.c compilation program timed out.
FAIL: gcc.dg/plugin/one_time_plugin.c compilation
WARNING: gcc.dg/plugin/poly-int-01_plugin.c compilation program timed out.
FAIL: gcc.dg/plugin/poly-int-01_plugin.c compilation
FAIL: gcc.dg/simulate-thread/atomic-other-longlong.c -O2 -g thread simulation test
FAIL: gcc.dg/tree-ssa/scev-3.c scan-tree-dump-times ivopts "&a" 1
FAIL: gcc.dg/tree-ssa/scev-4.c scan-tree-dump-times ivopts "&a" 1
FAIL: gcc.dg/tree-ssa/scev-5.c scan-tree-dump-times ivopts "&a" 1
WARNING: c-c++-common/ubsan/pr59333.c -O1 (test for excess errors) program timed out.
FAIL: c-c++-common/ubsan/pr59333.c -O1 (test for excess errors)
UNRESOLVED: c-c++-common/ubsan/pr59333.c -O1 compilation failed to produce executable
WARNING: gcc.dg/vect/tsvc/vect-tsvc-s128.c (test for excess errors) program timed out.
FAIL: gcc.dg/vect/tsvc/vect-tsvc-s128.c (test for excess errors)
UNRESOLVED: gcc.dg/vect/tsvc/vect-tsvc-s128.c compilation failed to produce executable
UNRESOLVED: gcc.dg/vect/tsvc/vect-tsvc-s128.c scan-tree-dump-times vect "vectorized 1 loops" 1
WARNING: gcc.dg/vect/tsvc/vect-tsvc-s162.c (test for excess errors) program timed out.
FAIL: gcc.dg/vect/tsvc/vect-tsvc-s162.c (test for excess errors)
UNRESOLVED: gcc.dg/vect/tsvc/vect-tsvc-s162.c compilation failed to produce executable
UNRESOLVED: gcc.dg/vect/tsvc/vect-tsvc-s162.c scan-tree-dump-times vect "vectorized 1 loops" 1
WARNING: gcc.dg/vect/tsvc/vect-tsvc-s3112.c (test for excess errors) program timed out.
FAIL: gcc.dg/vect/tsvc/vect-tsvc-s3112.c (test for excess errors)
UNRESOLVED: gcc.dg/vect/tsvc/vect-tsvc-s3112.c compilation failed to produce executable
UNRESOLVED: gcc.dg/vect/tsvc/vect-tsvc-s3112.c scan-tree-dump vect "vectorized 1 loops"
WARNING: gcc.dg/vect/tsvc/vect-tsvc-s319.c (test for excess errors) program timed out.
FAIL: gcc.dg/vect/tsvc/vect-tsvc-s319.c (test for excess errors)
UNRESOLVED: gcc.dg/vect/tsvc/vect-tsvc-s319.c compilation failed to produce executable
UNRESOLVED: gcc.dg/vect/tsvc/vect-tsvc-s319.c scan-tree-dump vect "vectorized 1 loops"
WARNING: gcc.dg/vect/tsvc/vect-tsvc-s4116.c (test for excess errors) program timed out.
FAIL: gcc.dg/vect/tsvc/vect-tsvc-s4116.c (test for excess errors)
UNRESOLVED: gcc.dg/vect/tsvc/vect-tsvc-s4116.c compilation failed to produce executable
UNRESOLVED: gcc.dg/vect/tsvc/vect-tsvc-s4116.c scan-tree-dump-times vect "vectorized 1 loops" 1
WARNING: gcc.dg/vect/tsvc/vect-tsvc-s481.c (test for excess errors) program timed out.
FAIL: gcc.dg/vect/tsvc/vect-tsvc-s481.c (test for excess errors)
UNRESOLVED: gcc.dg/vect/tsvc/vect-tsvc-s481.c compilation failed to produce executable
UNRESOLVED: gcc.dg/vect/tsvc/vect-tsvc-s481.c scan-tree-dump vect "vectorized 1 loops"
WARNING: gcc.dg/vect/vect-20.c (test for excess errors) program timed out.
FAIL: gcc.dg/vect/vect-20.c (test for excess errors)
UNRESOLVED: gcc.dg/vect/vect-20.c compilation failed to produce executable
WARNING: gcc.target/i386/avx-cvt-3.c (test for excess errors) program timed out.
FAIL: gcc.target/i386/avx-cvt-3.c (test for excess errors)
UNRESOLVED: gcc.target/i386/avx-cvt-3.c scan-assembler vcvtdq2pd[^\\n\\r]*xmm[^\\n\\r]*xmm
UNRESOLVED: gcc.target/i386/avx-cvt-3.c scan-assembler vcvtdq2ps[^\\n\\r]*xmm
UNRESOLVED: gcc.target/i386/avx-cvt-3.c scan-assembler vcvtpd2ps(x[^\\n\\r]*%xmm|[^\\n\\r]*xmm[^\\n\\r]*XMMWORD PTR)
UNRESOLVED: gcc.target/i386/avx-cvt-3.c scan-assembler vcvtps2pd[^\\n\\r]*(%xmm[^\\n\\r]*%xmm|xmm[^\\n\\r]*xmm)
UNRESOLVED: gcc.target/i386/avx-cvt-3.c scan-assembler vcvttpd2dq(x[^\\n\\r]*%xmm|[^\\n\\r]*xmm[^\\n\\r]*XMMWORD PTR)
UNRESOLVED: gcc.target/i386/avx-cvt-3.c scan-assembler vcvttps2dq[^\\n\\r]*xmm
UNRESOLVED: gcc.target/i386/avx-cvt-3.c scan-tree-dump-times vect "vectorized 1 loops in function" 6
FAIL: gcc.target/i386/pieces-memcpy-7.c scan-assembler-not %[re]bp
FAIL: gcc.target/i386/pieces-memcpy-8.c scan-assembler-not %[re]bp
FAIL: gcc.target/i386/pieces-memcpy-9.c scan-assembler-not %[re]bp
FAIL: gcc.target/i386/pieces-memset-36.c scan-assembler-not %[re]bp
FAIL: gcc.target/i386/pieces-memset-40.c scan-assembler-not %[re]bp
FAIL: gcc.target/i386/pieces-memset-40.c scan-assembler-not and[^\\n\\r]*%[re]sp
FAIL: gcc.target/i386/pieces-memset-9.c scan-assembler-not %[re]bp
=== gcc Summary for unix ===
# of expected passes 169692
# of unexpected failures 30
# of expected failures 1394
# of unresolved testcases 23
# of unsupported tests 3612
Running target unix/-m64
FAIL: gcc.dg/ipa/iinline-attr.c scan-ipa-dump inline "hooray[^\\\\n]*inline copy in test"
FAIL: gcc.dg/ipa/ipa-icf-38.c scan-ltrans-tree-dump-not optimized "Function bar"
FAIL: gcc-dg-lto-modref-3-01.exe scan-wpa-ipa-dump modref "parm 1 flags: no_direct_clobber no_direct_escape"
FAIL: gcc-dg-lto-modref-4-01.exe scan-wpa-ipa-dump modref "parm 1 flags: no_direct_clobber no_direct_escape"
FAIL: gcc.dg/lto/modref-3 c_lto_modref-3_0.o-c_lto_modref-3_1.o execute -O2 -flto-partition=max -fdump-ipa-modref -fno-ipa-sra -fno-ipa-cp -flto
FAIL: gcc.dg/lto/modref-4 c_lto_modref-4_0.o-c_lto_modref-4_1.o execute -O2 -flto-partition=max -fdump-ipa-modref -fno-ipa-sra -flto
WARNING: gcc.dg/plugin/diagnostic_plugin_test_show_locus.c compilation program timed out.
FAIL: gcc.dg/plugin/diagnostic_plugin_test_show_locus.c compilation
XPASS: gcc.dg/tree-ssa/builtin-snprintf-6.c scan-tree-dump-times optimized "Function test_assign_aggregate" 1
WARNING: gcc.dg/vect/tsvc/vect-tsvc-s231.c (test for excess errors) program timed out.
FAIL: gcc.dg/vect/tsvc/vect-tsvc-s231.c (test for excess errors)
UNRESOLVED: gcc.dg/vect/tsvc/vect-tsvc-s231.c compilation failed to produce executable
UNRESOLVED: gcc.dg/vect/tsvc/vect-tsvc-s231.c scan-tree-dump-times vect "vectorized 1 loops" 1
WARNING: gcc.dg/vect/vect-simd-clone-10.c (test for excess errors) program timed out.
FAIL: gcc.dg/vect/vect-simd-clone-10.c (test for excess errors)
UNRESOLVED: gcc.dg/vect/vect-simd-clone-10.c compilation failed to produce executable
=== gcc Summary for unix/-m64 ===
# of expected passes 171024
# of unexpected failures 9
# of unexpected successes 1
# of expected failures 1381
# of unresolved testcases 3
# of unsupported tests 2776
=== gcc Summary ===
# of expected passes 340716
# of unexpected failures 39
# of unexpected successes 1
# of expected failures 2775
# of unresolved testcases 26
# of unsupported tests 6388
/var/gcc/regression/gcc-12-branch/11.4-gcc-gas/build/gcc/xgcc version 12.1.1 20220513 [releases/gcc-12 5176d2755c6f4e348d1da00abfa4ab9f06a35ddd] (GCC)
=== gdc tests ===
Running target unix
WARNING: gdc.dg/torture/gdc171.d -O3 -frelease -g (test for excess errors) program timed out.
FAIL: gdc.dg/torture/gdc171.d -O3 -frelease -g (test for excess errors)
UNRESOLVED: gdc.dg/torture/gdc171.d -O3 -frelease -g compilation failed to produce executable
WARNING: gdc.dg/torture/gdc191.d -O1 -frelease (test for excess errors) program timed out.
FAIL: gdc.dg/torture/gdc191.d -O1 -frelease (test for excess errors)
UNRESOLVED: gdc.dg/torture/gdc191.d -O1 -frelease compilation failed to produce executable
WARNING: gdc.dg/torture/init1.d -O2 -frelease (test for excess errors) program timed out.
FAIL: gdc.dg/torture/init1.d -O2 -frelease (test for excess errors)
UNRESOLVED: gdc.dg/torture/init1.d -O2 -frelease compilation failed to produce executable
WARNING: gdc.dg/torture/pr101273.d -Os (test for excess errors) program timed out.
FAIL: gdc.dg/torture/pr101273.d -Os (test for excess errors)
UNRESOLVED: gdc.dg/torture/pr101273.d -Os compilation failed to produce executable
WARNING: gdc.dg/torture/pr101282.d -Os -frelease (test for excess errors) program timed out.
FAIL: gdc.dg/torture/pr101282.d -Os -frelease (test for excess errors)
UNRESOLVED: gdc.dg/torture/pr101282.d -Os -frelease compilation failed to produce executable
WARNING: gdc.test/runnable/test12874.d -shared-libphobos (test for excess errors) program timed out.
UNRESOLVED: gdc.test/runnable/test12874.d -shared-libphobos compilation failed to produce executable
WARNING: gdc.test/runnable/test17072.d -O2 (test for excess errors) program timed out.
UNRESOLVED: gdc.test/runnable/test17072.d -O2 compilation failed to produce executable
WARNING: gdc.test/runnable/testassert.d -O2 -finline-functions -shared-libphobos (test for excess errors) program timed out.
UNRESOLVED: gdc.test/runnable/testassert.d -O2 -finline-functions -shared-libphobos compilation failed to produce executable
=== gdc Summary for unix ===
# of expected passes 11067
# of unexpected failures 5
# of unresolved testcases 8
# of unsupported tests 435
Running target unix/-m64
WARNING: gdc.dg/torture/gdc250.d -O2 (test for excess errors) program timed out.
FAIL: gdc.dg/torture/gdc250.d -O2 (test for excess errors)
UNRESOLVED: gdc.dg/torture/gdc250.d -O2 compilation failed to produce executable
WARNING: gdc.test/compilable/betterc.d (test for excess errors) program timed out.
FAIL: gdc.test/compilable/betterc.d output-exists betterc.s
=== gdc Summary for unix/-m64 ===
# of expected passes 11076
# of unexpected failures 2
# of unresolved testcases 1
# of unsupported tests 435
=== gdc Summary ===
# of expected passes 22143
# of unexpected failures 7
# of unresolved testcases 9
# of unsupported tests 870
/var/gcc/regression/gcc-12-branch/11.4-gcc-gas/build/gcc/gdc version 12.1.1 20220513 [releases/gcc-12 5176d2755c6f4e348d1da00abfa4ab9f06a35ddd] (GCC)
=== gfortran tests ===
Running target unix
FAIL: gfortran.dg/default_format_1.f90 -O0 execution test
FAIL: gfortran.dg/default_format_1.f90 -O1 execution test
FAIL: gfortran.dg/default_format_1.f90 -O2 execution test
FAIL: gfortran.dg/default_format_1.f90 -O3 -fomit-frame-pointer -funroll-loops -fpeel-loops -ftracer -finline-functions execution test
FAIL: gfortran.dg/default_format_1.f90 -O3 -g execution test
FAIL: gfortran.dg/default_format_1.f90 -Os execution test
FAIL: gfortran.dg/fmt_g0_1.f08 -O0 execution test
FAIL: gfortran.dg/fmt_g0_1.f08 -O1 execution test
FAIL: gfortran.dg/fmt_g0_1.f08 -O2 execution test
FAIL: gfortran.dg/fmt_g0_1.f08 -O3 -fomit-frame-pointer -funroll-loops -fpeel-loops -ftracer -finline-functions execution test
FAIL: gfortran.dg/fmt_g0_1.f08 -O3 -g execution test
FAIL: gfortran.dg/fmt_g0_1.f08 -Os execution test
WARNING: gfortran.dg/recursive_check_9.f90 -O0 (test for excess errors) program timed out.
FAIL: gfortran.dg/recursive_check_9.f90 -O0 (test for excess errors)
UNRESOLVED: gfortran.dg/recursive_check_9.f90 -O0 compilation failed to produce executable
WARNING: gfortran.dg/recursive_stack.f90 -Os (test for excess errors) program timed out.
FAIL: gfortran.dg/recursive_stack.f90 -Os (test for excess errors)
UNRESOLVED: gfortran.dg/recursive_stack.f90 -Os compilation failed to produce executable
WARNING: gfortran.dg/reshape-complex.f90 -Os (test for excess errors) program timed out.
FAIL: gfortran.dg/reshape-complex.f90 -Os (test for excess errors)
UNRESOLVED: gfortran.dg/reshape-complex.f90 -Os compilation failed to produce executable
FAIL: gfortran.dg/round_4.f90 -O0 execution test
FAIL: gfortran.dg/round_4.f90 -O1 execution test
FAIL: gfortran.dg/round_4.f90 -O2 execution test
FAIL: gfortran.dg/round_4.f90 -O3 -fomit-frame-pointer -funroll-loops -fpeel-loops -ftracer -finline-functions execution test
FAIL: gfortran.dg/round_4.f90 -O3 -g execution test
FAIL: gfortran.dg/round_4.f90 -Os execution test
=== gfortran Summary for unix ===
# of expected passes 65753
# of unexpected failures 21
# of expected failures 274
# of unresolved testcases 3
# of unsupported tests 251
Running target unix/-m64
=== gfortran Summary for unix/-m64 ===
# of expected passes 66074
# of expected failures 272
# of unsupported tests 105
=== gfortran Summary ===
# of expected passes 131827
# of unexpected failures 21
# of expected failures 546
# of unresolved testcases 3
# of unsupported tests 356
/var/gcc/regression/gcc-12-branch/11.4-gcc-gas/build/gcc/gfortran version 12.1.1 20220513 [releases/gcc-12 5176d2755c6f4e348d1da00abfa4ab9f06a35ddd] (GCC)
=== gnat tests ===
Running target unix
WARNING: gnat.dg/sso/p11.adb -O1 -fno-inline (test for excess errors) program timed out.
FAIL: gnat.dg/sso/p11.adb -O1 -fno-inline (test for excess errors)
UNRESOLVED: gnat.dg/sso/p11.adb -O1 -fno-inline compilation failed to produce executable
WARNING: gnat.dg/sso/q2.adb -O3 -finline-functions (test for excess errors) program timed out.
FAIL: gnat.dg/sso/q2.adb -O3 -finline-functions (test for excess errors)
UNRESOLVED: gnat.dg/sso/q2.adb -O3 -finline-functions compilation failed to produce executable
=== gnat Summary for unix ===
# of expected passes 3373
# of unexpected failures 2
# of expected failures 23
# of unresolved testcases 2
# of unsupported tests 12
Running target unix/-m64
WARNING: gnat.dg/equal4.adb (test for excess errors) program timed out.
FAIL: gnat.dg/equal4.adb (test for excess errors)
WARNING: gnat.dg/interface3.adb (test for excess errors) program timed out.
FAIL: gnat.dg/interface3.adb (test for excess errors)
UNRESOLVED: gnat.dg/interface3.adb compilation failed to produce executable
WARNING: gnat.dg/sso/q4.adb -O1 -fno-inline (test for excess errors) program timed out.
FAIL: gnat.dg/sso/q4.adb -O1 -fno-inline (test for excess errors)
UNRESOLVED: gnat.dg/sso/q4.adb -O1 -fno-inline compilation failed to produce executable
WARNING: gnat.dg/sso/t10.adb -Og -g (test for excess errors) program timed out.
FAIL: gnat.dg/sso/t10.adb -Og -g (test for excess errors)
UNRESOLVED: gnat.dg/sso/t10.adb -Og -g compilation failed to produce executable
WARNING: gnat.dg/sso/t11.adb -Og -g (test for excess errors) program timed out.
FAIL: gnat.dg/sso/t11.adb -Og -g (test for excess errors)
UNRESOLVED: gnat.dg/sso/t11.adb -Og -g compilation failed to produce executable
WARNING: gnat.dg/sso/t3.adb -O1 -fno-inline (test for excess errors) program timed out.
FAIL: gnat.dg/sso/t3.adb -O1 -fno-inline (test for excess errors)
UNRESOLVED: gnat.dg/sso/t3.adb -O1 -fno-inline compilation failed to produce executable
WARNING: gnat.dg/sso/u11.adb -Os (test for excess errors) program timed out.
FAIL: gnat.dg/sso/u11.adb -Os (test for excess errors)
UNRESOLVED: gnat.dg/sso/u11.adb -Os compilation failed to produce executable
WARNING: gnat.dg/sso/u5.adb -Og -g (test for excess errors) program timed out.
FAIL: gnat.dg/sso/u5.adb -Og -g (test for excess errors)
UNRESOLVED: gnat.dg/sso/u5.adb -Og -g compilation failed to produce executable
=== gnat Summary for unix/-m64 ===
# of expected passes 3359
# of unexpected failures 8
# of expected failures 23
# of unresolved testcases 7
# of unsupported tests 10
=== gnat Summary ===
# of expected passes 6732
# of unexpected failures 10
# of expected failures 46
# of unresolved testcases 9
# of unsupported tests 22
/var/gcc/regression/gcc-12-branch/11.4-gcc-gas/build/gcc/gnatmake version 12.1.1 20220513 [releases/gcc-12 5176d2755c6f4e348d1da00abfa4ab9f06a35ddd]
=== go tests ===
Running target unix
FAIL: ./index0-out.go execution, -O0 -g -fno-var-tracking-assignments
FAIL: go.test/test/fixedbugs/issue16016.go execution, -O2 -g
FAIL: go.test/test/fixedbugs/issue27836.dir/Ãfoo.go -O -I. (test for excess errors)
FAIL: go.test/test/fixedbugs/issue27836.dir/Ãmain.go -O -I. (test for excess errors)
FAIL: issue4458.go -O (test for errors, line 19)
FAIL: issue4458.go -O (test for excess errors)
=== go Summary for unix ===
# of expected passes 8994
# of unexpected failures 6
# of untested testcases 10
# of unsupported tests 34
Running target unix/-m64
FAIL: ./index0-out.go execution, -O0 -g -fno-var-tracking-assignments
FAIL: go.test/test/fixedbugs/issue23781.go -O (test for excess errors)
FAIL: go.test/test/fixedbugs/issue27836.dir/Ãfoo.go -O -I. (test for excess errors)
FAIL: go.test/test/fixedbugs/issue27836.dir/Ãmain.go -O -I. (test for excess errors)
FAIL: issue4458.go -O (test for errors, line 19)
FAIL: issue4458.go -O (test for excess errors)
=== go Summary for unix/-m64 ===
# of expected passes 8882
# of unexpected failures 6
# of untested testcases 10
# of unsupported tests 28
=== go Summary ===
# of expected passes 17876
# of unexpected failures 12
# of untested testcases 20
# of unsupported tests 62
=== obj-c++ tests ===
Running target unix
=== obj-c++ Summary for unix ===
# of expected passes 1510
# of expected failures 2
# of unsupported tests 79
Running target unix/-m64
WARNING: program timed out
FAIL: obj-c++.dg/basic.mm -fgnu-runtime (test for excess errors)
UNRESOLVED: obj-c++.dg/basic.mm -fgnu-runtime compilation failed to produce executable
=== obj-c++ Summary for unix/-m64 ===
# of expected passes 1500
# of unexpected failures 1
# of expected failures 10
# of unresolved testcases 1
# of unsupported tests 79
=== obj-c++ Summary ===
# of expected passes 3010
# of unexpected failures 1
# of expected failures 12
# of unresolved testcases 1
# of unsupported tests 158
/var/gcc/regression/gcc-12-branch/11.4-gcc-gas/build/gcc/xg++ version 12.1.1 20220513 [releases/gcc-12 5176d2755c6f4e348d1da00abfa4ab9f06a35ddd] (GCC)
=== objc tests ===
Running target unix
=== objc Summary for unix ===
# of expected passes 2840
# of expected failures 6
# of unsupported tests 71
Running target unix/-m64
=== objc Summary for unix/-m64 ===
# of expected passes 2840
# of expected failures 6
# of unsupported tests 71
=== objc Summary ===
# of expected passes 5680
# of expected failures 12
# of unsupported tests 142
/var/gcc/regression/gcc-12-branch/11.4-gcc-gas/build/gcc/xgcc version 12.1.1 20220513 [releases/gcc-12 5176d2755c6f4e348d1da00abfa4ab9f06a35ddd] (GCC)
=== gotools tests ===
FAIL: TestScript
FAIL: go test cmd/go
FAIL: go test runtime
FAIL: TestSignalForwardingExternal
FAIL: go test misc/cgo/testcarchive
=== gotools Summary ===
# of expected passes 151
# of unexpected failures 5
# of untested testcases 60
/var/gcc/regression/gcc-12-branch/11.4-gcc-gas/build/./gcc/gccgo version 12.1.1 20220513 [releases/gcc-12 5176d2755c6f4e348d1da00abfa4ab9f06a35ddd] (GCC)
=== libatomic tests ===
Running target unix
=== libatomic Summary for unix ===
# of expected passes 44
# of unsupported tests 5
Running target unix/-m64
=== libatomic Summary for unix/-m64 ===
# of expected passes 54
=== libatomic Summary ===
# of expected passes 98
# of unsupported tests 5
=== libffi tests ===
Running target unix
=== libffi Summary for unix ===
# of expected passes 3764
Running target unix/-m64
=== libffi Summary for unix/-m64 ===
# of expected passes 1574
=== libffi Summary ===
# of expected passes 5338
=== libgo tests ===
Running target unix
FAIL: runtime
=== libgo Summary for unix ===
# of expected passes 195
# of unexpected failures 1
Running target unix/-m64
=== libgo Summary for unix/-m64 ===
# of expected passes 196
=== libgo Summary ===
# of expected passes 391
# of unexpected failures 1
/var/gcc/regression/gcc-12-branch/11.4-gcc-gas/build/./gcc/gccgo version 12.1.1 20220513 [releases/gcc-12 5176d2755c6f4e348d1da00abfa4ab9f06a35ddd] (GCC)
=== libgomp tests ===
Running target unix
WARNING: libgomp.c++/task-reduction-10.C execution test program timed out.
FAIL: libgomp.c++/task-reduction-10.C execution test
WARNING: libgomp.c++/task-reduction-11.C execution test program timed out.
FAIL: libgomp.c++/task-reduction-11.C execution test
WARNING: libgomp.c++/task-reduction-13.C execution test program timed out.
FAIL: libgomp.c++/task-reduction-13.C execution test
WARNING: libgomp.c++/task-reduction-8.C execution test program timed out.
FAIL: libgomp.c++/task-reduction-8.C execution test
FAIL: libgomp.fortran/pointer2.f90 -O2 execution test
FAIL: libgomp.fortran/pointer2.f90 -O3 -fomit-frame-pointer -funroll-loops -fpeel-loops -ftracer -finline-functions execution test
FAIL: libgomp.fortran/pointer2.f90 -O3 -g execution test
=== libgomp Summary for unix ===
# of expected passes 13887
# of unexpected failures 7
# of expected failures 213
# of unsupported tests 569
Running target unix/-m64
WARNING: libgomp.c++/task-reduction-10.C execution test program timed out.
FAIL: libgomp.c++/task-reduction-10.C execution test
WARNING: libgomp.c++/task-reduction-13.C execution test program timed out.
FAIL: libgomp.c++/task-reduction-13.C execution test
WARNING: libgomp.c++/task-reduction-8.C execution test program timed out.
FAIL: libgomp.c++/task-reduction-8.C execution test
=== libgomp Summary for unix/-m64 ===
# of expected passes 13892
# of unexpected failures 3
# of expected failures 213
# of unsupported tests 568
=== libgomp Summary ===
# of expected passes 27779
# of unexpected failures 10
# of expected failures 426
# of unsupported tests 1137
=== libitm tests ===
Running target unix
=== libitm Summary for unix ===
# of expected passes 44
# of expected failures 3
# of unsupported tests 1
Running target unix/-m64
=== libitm Summary for unix/-m64 ===
# of expected passes 44
# of expected failures 3
# of unsupported tests 1
=== libitm Summary ===
# of expected passes 88
# of expected failures 6
# of unsupported tests 2
=== libphobos tests ===
Running target unix
WARNING: libphobos.gc/startbackgc.d execution test program timed out.
FAIL: libphobos.gc/startbackgc.d execution test
WARNING: libphobos.phobos/std/algorithm/mutation.d (test for excess errors) program timed out.
FAIL: libphobos.phobos/std/algorithm/mutation.d (test for excess errors)
UNRESOLVED: libphobos.phobos/std/algorithm/mutation.d compilation failed to produce executable
WARNING: libphobos.phobos/std/array.d (test for excess errors) program timed out.
FAIL: libphobos.phobos/std/array.d (test for excess errors)
UNRESOLVED: libphobos.phobos/std/array.d compilation failed to produce executable
FAIL: libphobos.phobos/std/complex.d execution test
WARNING: libphobos.phobos/std/conv.d (test for excess errors) program timed out.
FAIL: libphobos.phobos/std/conv.d (test for excess errors)
UNRESOLVED: libphobos.phobos/std/conv.d compilation failed to produce executable
WARNING: libphobos.phobos/std/datetime/systime.d (test for excess errors) program timed out.
FAIL: libphobos.phobos/std/datetime/systime.d (test for excess errors)
UNRESOLVED: libphobos.phobos/std/datetime/systime.d compilation failed to produce executable
FAIL: libphobos.phobos/std/datetime/timezone.d execution test
WARNING: libphobos.phobos/std/digest/murmurhash.d (test for excess errors) program timed out.
FAIL: libphobos.phobos/std/digest/murmurhash.d (test for excess errors)
UNRESOLVED: libphobos.phobos/std/digest/murmurhash.d compilation failed to produce executable
WARNING: libphobos.phobos/std/experimental/allocator/building_blocks/kernighan_ritchie.d (test for excess errors) program timed out.
FAIL: libphobos.phobos/std/experimental/allocator/building_blocks/kernighan_ritchie.d (test for excess errors)
UNRESOLVED: libphobos.phobos/std/experimental/allocator/building_blocks/kernighan_ritchie.d compilation failed to produce executable
FAIL: libphobos.phobos/std/experimental/allocator/building_blocks/region.d execution test
WARNING: libphobos.phobos/std/experimental/allocator/package.d (test for excess errors) program timed out.
FAIL: libphobos.phobos/std/experimental/allocator/package.d (test for excess errors)
UNRESOLVED: libphobos.phobos/std/experimental/allocator/package.d compilation failed to produce executable
WARNING: libphobos.phobos/std/experimental/allocator/showcase.d (test for excess errors) program timed out.
FAIL: libphobos.phobos/std/experimental/allocator/showcase.d (test for excess errors)
UNRESOLVED: libphobos.phobos/std/experimental/allocator/showcase.d compilation failed to produce executable
FAIL: libphobos.phobos/std/format/internal/floats.d execution test
FAIL: libphobos.phobos/std/format/internal/write.d execution test
FAIL: libphobos.phobos/std/format/package.d execution test
FAIL: libphobos.phobos/std/format/write.d execution test
WARNING: libphobos.phobos/std/internal/test/dummyrange.d (test for excess errors) program timed out.
FAIL: libphobos.phobos/std/internal/test/dummyrange.d (test for excess errors)
UNRESOLVED: libphobos.phobos/std/internal/test/dummyrange.d compilation failed to produce executable
FAIL: libphobos.phobos/std/math/hardware.d execution test
FAIL: libphobos.phobos/std/parallelism.d execution test
WARNING: libphobos.phobos/std/range/package.d (test for excess errors) program timed out.
FAIL: libphobos.phobos/std/range/package.d (test for excess errors)
UNRESOLVED: libphobos.phobos/std/range/package.d compilation failed to produce executable
WARNING: libphobos.phobos/std/string.d (test for excess errors) program timed out.
FAIL: libphobos.phobos/std/string.d (test for excess errors)
UNRESOLVED: libphobos.phobos/std/string.d compilation failed to produce executable
WARNING: libphobos.phobos/std/sumtype.d (test for excess errors) program timed out.
FAIL: libphobos.phobos/std/sumtype.d (test for excess errors)
UNRESOLVED: libphobos.phobos/std/sumtype.d compilation failed to produce executable
WARNING: libphobos.phobos/std/typecons.d (test for excess errors) program timed out.
FAIL: libphobos.phobos/std/typecons.d (test for excess errors)
UNRESOLVED: libphobos.phobos/std/typecons.d compilation failed to produce executable
WARNING: libphobos.phobos/std/variant.d (test for excess errors) program timed out.
FAIL: libphobos.phobos/std/variant.d (test for excess errors)
UNRESOLVED: libphobos.phobos/std/variant.d compilation failed to produce executable
WARNING: libphobos.phobos_shared/std/algorithm/searching.d (test for excess errors) program timed out.
FAIL: libphobos.phobos_shared/std/algorithm/searching.d (test for excess errors)
UNRESOLVED: libphobos.phobos_shared/std/algorithm/searching.d compilation failed to produce executable
FAIL: libphobos.phobos_shared/std/complex.d execution test
WARNING: libphobos.phobos_shared/std/container/rbtree.d (test for excess errors) program timed out.
FAIL: libphobos.phobos_shared/std/container/rbtree.d (test for excess errors)
UNRESOLVED: libphobos.phobos_shared/std/container/rbtree.d compilation failed to produce executable
FAIL: libphobos.phobos_shared/std/conv.d execution test
FAIL: libphobos.phobos_shared/std/datetime/date.d execution test
FAIL: libphobos.phobos_shared/std/datetime/interval.d execution test
WARNING: libphobos.phobos_shared/std/datetime/systime.d (test for excess errors) program timed out.
FAIL: libphobos.phobos_shared/std/datetime/systime.d (test for excess errors)
UNRESOLVED: libphobos.phobos_shared/std/datetime/systime.d compilation failed to produce executable
WARNING: libphobos.phobos_shared/std/datetime/timezone.d (test for excess errors) program timed out.
FAIL: libphobos.phobos_shared/std/datetime/timezone.d (test for excess errors)
UNRESOLVED: libphobos.phobos_shared/std/datetime/timezone.d compilation failed to produce executable
FAIL: libphobos.phobos_shared/std/experimental/allocator/building_blocks/region.d execution test
WARNING: libphobos.phobos_shared/std/format/internal/floats.d (test for excess errors) program timed out.
FAIL: libphobos.phobos_shared/std/format/internal/floats.d (test for excess errors)
UNRESOLVED: libphobos.phobos_shared/std/format/internal/floats.d compilation failed to produce executable
FAIL: libphobos.phobos_shared/std/format/internal/write.d execution test
FAIL: libphobos.phobos_shared/std/format/package.d execution test
FAIL: libphobos.phobos_shared/std/format/write.d execution test
FAIL: libphobos.phobos_shared/std/math/hardware.d execution test
FAIL: libphobos.phobos_shared/std/parallelism.d execution test
WARNING: libphobos.phobos_shared/std/range/package.d (test for excess errors) program timed out.
FAIL: libphobos.phobos_shared/std/range/package.d (test for excess errors)
UNRESOLVED: libphobos.phobos_shared/std/range/package.d compilation failed to produce executable
WARNING: libphobos.phobos_shared/std/sumtype.d (test for excess errors) program timed out.
FAIL: libphobos.phobos_shared/std/sumtype.d (test for excess errors)
UNRESOLVED: libphobos.phobos_shared/std/sumtype.d compilation failed to produce executable
FAIL: libphobos.phobos_shared/std/typecons.d execution test
WARNING: libphobos.phobos_shared/std/uni/package.d (test for excess errors) program timed out.
FAIL: libphobos.phobos_shared/std/uni/package.d (test for excess errors)
UNRESOLVED: libphobos.phobos_shared/std/uni/package.d compilation failed to produce executable
FAIL: libphobos.phobos_shared/std/variant.d execution test
FAIL: libphobos.shared/finalize.d -shared-libphobos -ldl execution test
FAIL: libphobos.shared/load.d -shared-libphobos -ldl execution test
FAIL: libphobos.shared/load_13414.d -shared-libphobos -ldl execution test
=== libphobos Summary for unix ===
# of expected passes 1040
# of unexpected failures 47
# of unresolved testcases 22
Running target unix/-m64
WARNING: libphobos.phobos/std/algorithm/searching.d (test for excess errors) program timed out.
FAIL: libphobos.phobos/std/algorithm/searching.d (test for excess errors)
UNRESOLVED: libphobos.phobos/std/algorithm/searching.d compilation failed to produce executable
WARNING: libphobos.phobos/std/array.d (test for excess errors) program timed out.
FAIL: libphobos.phobos/std/array.d (test for excess errors)
UNRESOLVED: libphobos.phobos/std/array.d compilation failed to produce executable
FAIL: libphobos.phobos/std/complex.d execution test
WARNING: libphobos.phobos/std/conv.d (test for excess errors) program timed out.
FAIL: libphobos.phobos/std/conv.d (test for excess errors)
UNRESOLVED: libphobos.phobos/std/conv.d compilation failed to produce executable
FAIL: libphobos.phobos/std/datetime/date.d execution test
FAIL: libphobos.phobos/std/datetime/interval.d execution test
FAIL: libphobos.phobos/std/datetime/systime.d execution test
FAIL: libphobos.phobos/std/datetime/timezone.d execution test
FAIL: libphobos.phobos/std/experimental/allocator/building_blocks/region.d execution test
FAIL: libphobos.phobos/std/file.d execution test
WARNING: libphobos.phobos/std/format/internal/floats.d (test for excess errors) program timed out.
FAIL: libphobos.phobos/std/format/internal/floats.d (test for excess errors)
UNRESOLVED: libphobos.phobos/std/format/internal/floats.d compilation failed to produce executable
FAIL: libphobos.phobos/std/format/internal/write.d execution test
FAIL: libphobos.phobos/std/format/package.d execution test
FAIL: libphobos.phobos/std/format/write.d execution test
FAIL: libphobos.phobos/std/math/hardware.d execution test
FAIL: libphobos.phobos/std/parallelism.d execution test
FAIL: libphobos.phobos/std/typecons.d execution test
FAIL: libphobos.phobos/std/variant.d execution test
FAIL: libphobos.phobos_shared/std/complex.d execution test
FAIL: libphobos.phobos_shared/std/conv.d execution test
FAIL: libphobos.phobos_shared/std/datetime/date.d execution test
FAIL: libphobos.phobos_shared/std/datetime/interval.d execution test
FAIL: libphobos.phobos_shared/std/datetime/systime.d execution test
FAIL: libphobos.phobos_shared/std/datetime/timezone.d execution test
FAIL: libphobos.phobos_shared/std/experimental/allocator/building_blocks/region.d execution test
FAIL: libphobos.phobos_shared/std/file.d execution test
FAIL: libphobos.phobos_shared/std/format/internal/floats.d execution test
FAIL: libphobos.phobos_shared/std/format/internal/write.d execution test
FAIL: libphobos.phobos_shared/std/format/package.d execution test
FAIL: libphobos.phobos_shared/std/format/write.d execution test
FAIL: libphobos.phobos_shared/std/math/hardware.d execution test
FAIL: libphobos.phobos_shared/std/parallelism.d execution test
FAIL: libphobos.phobos_shared/std/typecons.d execution test
FAIL: libphobos.phobos_shared/std/variant.d execution test
FAIL: libphobos.shared/finalize.d -shared-libphobos -ldl execution test
FAIL: libphobos.shared/load.d -shared-libphobos -ldl execution test
FAIL: libphobos.shared/load_13414.d -shared-libphobos -ldl execution test
=== libphobos Summary for unix/-m64 ===
# of expected passes 1068
# of unexpected failures 37
# of unresolved testcases 4
=== libphobos Summary ===
# of expected passes 2108
# of unexpected failures 84
# of unresolved testcases 26
=== libstdc++ tests ===
Running target unix
WARNING: 17_intro/headers/c++2014/all_pedantic_errors.cc (test for excess errors) program timed out.
FAIL: 17_intro/headers/c++2014/all_pedantic_errors.cc (test for excess errors)
WARNING: 21_strings/basic_string/requirements/exception/generation_prohibited.cc (test for excess errors) program timed out.
FAIL: 21_strings/basic_string/requirements/exception/generation_prohibited.cc (test for excess errors)
UNRESOLVED: 21_strings/basic_string/requirements/exception/generation_prohibited.cc compilation failed to produce executable
WARNING: 23_containers/deque/requirements/exception/generation_prohibited.cc (test for excess errors) program timed out.
FAIL: 23_containers/deque/requirements/exception/generation_prohibited.cc (test for excess errors)
UNRESOLVED: 23_containers/deque/requirements/exception/generation_prohibited.cc compilation failed to produce executable
WARNING: 23_containers/forward_list/requirements/exception/generation_prohibited.cc (test for excess errors) program timed out.
FAIL: 23_containers/forward_list/requirements/exception/generation_prohibited.cc (test for excess errors)
UNRESOLVED: 23_containers/forward_list/requirements/exception/generation_prohibited.cc compilation failed to produce executable
WARNING: 23_containers/list/modifiers/insert/25288.cc (test for excess errors) program timed out.
FAIL: 23_containers/list/modifiers/insert/25288.cc (test for excess errors)
UNRESOLVED: 23_containers/list/modifiers/insert/25288.cc compilation failed to produce executable
WARNING: 29_atomics/atomic_integral/wait_notify.cc execution test program timed out.
FAIL: 29_atomics/atomic_integral/wait_notify.cc execution test
WARNING: 29_atomics/atomic_ref/wait_notify.cc execution test program timed out.
FAIL: 29_atomics/atomic_ref/wait_notify.cc execution test
WARNING: 30_threads/barrier/completion.cc execution test program timed out.
FAIL: 30_threads/barrier/completion.cc execution test
FAIL: 30_threads/future/members/poll.cc execution test
FAIL: ext/random/k_distribution/operators/serialize.cc execution test
WARNING: special_functions/02_assoc_legendre/compile.cc (test for excess errors) program timed out.
FAIL: special_functions/02_assoc_legendre/compile.cc (test for excess errors)
=== libstdc++ Summary for unix ===
# of expected passes 15136
# of unexpected failures 11
# of expected failures 96
# of unresolved testcases 4
# of unsupported tests 739
Running target unix/-m64
WARNING: 27_io/basic_fstream/open/char/path.cc program timed out.
WARNING: 29_atomics/atomic_integral/wait_notify.cc execution test program timed out.
FAIL: 29_atomics/atomic_integral/wait_notify.cc execution test
WARNING: 29_atomics/atomic_ref/wait_notify.cc execution test program timed out.
FAIL: 29_atomics/atomic_ref/wait_notify.cc execution test
FAIL: 30_threads/future/members/poll.cc execution test
ERROR: could not compile testsuite_character.cc
ERROR: could not compile testsuite_shared.cc
ERROR: tcl error code NONE
ERROR: tcl error code NONE
WARNING: tcl error sourcing /vol/gcc/src/hg/gcc-12-branch/local/libstdc++-v3/testsuite/libstdc++-dg/conformance.exp. program timed out.
ERROR: tcl error sourcing /vol/gcc/src/hg/gcc-12-branch/local/libstdc++-v3/testsuite/libstdc++-dg/conformance.exp.
WARNING: tcl error sourcing /vol/gcc/src/hg/gcc-12-branch/local/libstdc++-v3/testsuite/libstdc++-dg/conformance.exp. program timed out.
ERROR: tcl error sourcing /vol/gcc/src/hg/gcc-12-branch/local/libstdc++-v3/testsuite/libstdc++-dg/conformance.exp.
UNRESOLVED: testcase '/vol/gcc/src/hg/gcc-12-branch/local/libstdc++-v3/testsuite/libstdc++-dg/conformance.exp' aborted due to Tcl error
UNRESOLVED: testcase '/vol/gcc/src/hg/gcc-12-branch/local/libstdc++-v3/testsuite/libstdc++-dg/conformance.exp' aborted due to Tcl error
=== libstdc++ Summary for unix/-m64 ===
# of expected passes 15026
# of unexpected failures 3
# of expected failures 96
# of unresolved testcases 2
# of unsupported tests 802
=== libstdc++ Summary ===
# of expected passes 30162
# of unexpected failures 14
# of expected failures 192
# of unresolved testcases 6
# of unsupported tests 1541
ERROR: -------------------------------------------
ERROR: in testcase /vol/gcc/src/hg/gcc-12-branch/local/libstdc++-v3/testsuite/libstdc++-dg/conformance.exp
ERROR: could not compile testsuite_character.cc
ERROR: tcl error code NONE
ERROR: tcl error info:
Compiler version: 12.1.1 20220513 [releases/gcc-12 5176d2755c6f4e348d1da00abfa4ab9f06a35ddd] (GCC)
Platform: i386-pc-solaris2.11
configure flags: --prefix=/vol/gcc --target=i386-pc-solaris2.11 --enable-objc-gc --with-target-bdw-gc-include=/vol/gcc/include --with-target-bdw-gc-lib=/vol/gcc/lib,amd64=/vol/gcc/lib/amd64 --with-as=/vol/gcc/bin/gas-2.38 --with-gnu-as --with-gmp-include=/vol/gcc/include --with-gmp-lib=/vol/gcc/lib --with-mpfr-include=/vol/gcc/include --with-mpfr-lib=/vol/gcc/lib --with-mpc-include=/vol/gcc/include --with-mpc-lib=/vol/gcc/lib --enable-languages=all,ada,obj-c++,go --with-isl-include=/vol/gcc/include --with-isl-lib=/vol/gcc/lib --with-zstd-include=/vol/gcc/include --with-zstd-lib=/vol/gcc/lib --build=i386-pc-solaris2.11 --host=i386-pc-solaris2.11
BOOT_CFLAGS=-g -O2
More information about the Gcc-testresults
mailing list