Results for 12.0.1 20220429 (prerelease) [gcc-12-1rc1 revision r12-8321-g621650f64fb6] (GCC) testsuite on x86_64-apple-darwin13
Iain Sandoe
iains.gcc@gmail.com
Sun May 1 22:38:49 GMT 2022
(bootstrap with clang, patch to add initializer-list to analyzer)
LAST_UPDATED: Fri Apr 29 14:52:10 UTC 2022 (revision r12-8321-g621650f64fb6)
Native configuration is x86_64-apple-darwin13
=== g++ tests ===
Running target unix/-m32
FAIL: c-c++-common/asan/null-deref-1.c -O0 output pattern test
FAIL: c-c++-common/asan/null-deref-1.c -O1 output pattern test
FAIL: c-c++-common/asan/null-deref-1.c -O2 output pattern test
FAIL: c-c++-common/asan/null-deref-1.c -O2 -flto output pattern test
FAIL: c-c++-common/asan/null-deref-1.c -O2 -flto -flto-partition=none output pattern test
FAIL: c-c++-common/asan/null-deref-1.c -O3 -g output pattern test
FAIL: c-c++-common/asan/null-deref-1.c -Os output pattern test
FAIL: g++.dg/ext/pr84828.C -std=gnu++14 (test for excess errors)
FAIL: g++.dg/ext/pr84828.C -std=gnu++17 (test for excess errors)
FAIL: g++.dg/ext/pr84828.C -std=gnu++20 (test for excess errors)
FAIL: g++.dg/ext/pr84828.C -std=gnu++98 (test for excess errors)
FAIL: g++.dg/init/array61.C -std=c++14 scan-tree-dump-times gimple "item::item" 1
FAIL: g++.dg/init/array61.C -std=c++17 scan-tree-dump-times gimple "item::item" 1
FAIL: g++.dg/init/array61.C -std=c++20 scan-tree-dump-times gimple "item::item" 1
FAIL: g++.dg/ipa/pr67056.C scan-ipa-dump cp "Speculative outer type:struct CompositeClass"
XPASS: c-c++-common/goacc/kernels-decompose-pr100400-1-2.c -std=c++14 (internal compiler error)
FAIL: c-c++-common/goacc/kernels-decompose-pr100400-1-2.c -std=c++14 (test for excess errors)
XPASS: c-c++-common/goacc/kernels-decompose-pr100400-1-2.c -std=c++17 (internal compiler error)
FAIL: c-c++-common/goacc/kernels-decompose-pr100400-1-2.c -std=c++17 (test for excess errors)
XPASS: c-c++-common/goacc/kernels-decompose-pr100400-1-2.c -std=c++20 (internal compiler error)
FAIL: c-c++-common/goacc/kernels-decompose-pr100400-1-2.c -std=c++20 (test for excess errors)
XPASS: c-c++-common/goacc/kernels-decompose-pr100400-1-2.c -std=c++98 (internal compiler error)
FAIL: c-c++-common/goacc/kernels-decompose-pr100400-1-2.c -std=c++98 (test for excess errors)
FAIL: g++.dg/gomp/pr88182.C -std=gnu++14 (test for excess errors)
UNRESOLVED: g++.dg/gomp/pr88182.C -std=gnu++14 compilation failed to produce executable
FAIL: g++.dg/gomp/pr88182.C -std=gnu++17 (test for excess errors)
UNRESOLVED: g++.dg/gomp/pr88182.C -std=gnu++17 compilation failed to produce executable
FAIL: g++.dg/gomp/pr88182.C -std=gnu++20 (test for excess errors)
UNRESOLVED: g++.dg/gomp/pr88182.C -std=gnu++20 compilation failed to produce executable
FAIL: g++.dg/gomp/pr88182.C -std=gnu++98 (test for excess errors)
UNRESOLVED: g++.dg/gomp/pr88182.C -std=gnu++98 compilation failed to produce executable
FAIL: g++.dg/lto/pr65276 cp_lto_pr65276_0.o-cp_lto_pr65276_1.o link, -flto -O0 -std=c++11
WARNING: g++.old-deja/g++.brendan/ctors2.C -std=c++17 (test for excess errors) program timed out.
FAIL: g++.old-deja/g++.brendan/ctors2.C -std=c++17 (test for excess errors)
WARNING: g++.old-deja/g++.pt/spec6.C -std=c++98 (test for warnings, line 6) program timed out.
FAIL: g++.target/i386/avx512vl-pr54700-2b.C (test for excess errors)
UNRESOLVED: g++.target/i386/avx512vl-pr54700-2b.C compilation failed to produce executable
=== g++ Summary for unix/-m32 ===
# of expected passes 222941
# of unexpected failures 26
# of unexpected successes 4
# of expected failures 2080
# of unresolved testcases 5
# of unsupported tests 10413
Running target unix/-m64
FAIL: g++.dg/init/array61.C -std=c++14 scan-tree-dump-times gimple "item::item" 1
FAIL: g++.dg/init/array61.C -std=c++17 scan-tree-dump-times gimple "item::item" 1
FAIL: g++.dg/init/array61.C -std=c++20 scan-tree-dump-times gimple "item::item" 1
FAIL: g++.dg/ipa/pr67056.C scan-ipa-dump cp "Speculative outer type:struct CompositeClass"
XPASS: c-c++-common/goacc/kernels-decompose-pr100400-1-2.c -std=c++14 (internal compiler error)
FAIL: c-c++-common/goacc/kernels-decompose-pr100400-1-2.c -std=c++14 (test for excess errors)
XPASS: c-c++-common/goacc/kernels-decompose-pr100400-1-2.c -std=c++17 (internal compiler error)
FAIL: c-c++-common/goacc/kernels-decompose-pr100400-1-2.c -std=c++17 (test for excess errors)
XPASS: c-c++-common/goacc/kernels-decompose-pr100400-1-2.c -std=c++20 (internal compiler error)
FAIL: c-c++-common/goacc/kernels-decompose-pr100400-1-2.c -std=c++20 (test for excess errors)
XPASS: c-c++-common/goacc/kernels-decompose-pr100400-1-2.c -std=c++98 (internal compiler error)
FAIL: c-c++-common/goacc/kernels-decompose-pr100400-1-2.c -std=c++98 (test for excess errors)
FAIL: g++.dg/gomp/pr88182.C -std=gnu++14 (test for excess errors)
UNRESOLVED: g++.dg/gomp/pr88182.C -std=gnu++14 compilation failed to produce executable
FAIL: g++.dg/gomp/pr88182.C -std=gnu++17 (test for excess errors)
UNRESOLVED: g++.dg/gomp/pr88182.C -std=gnu++17 compilation failed to produce executable
FAIL: g++.dg/gomp/pr88182.C -std=gnu++20 (test for excess errors)
UNRESOLVED: g++.dg/gomp/pr88182.C -std=gnu++20 compilation failed to produce executable
FAIL: g++.dg/gomp/pr88182.C -std=gnu++98 (test for excess errors)
UNRESOLVED: g++.dg/gomp/pr88182.C -std=gnu++98 compilation failed to produce executable
FAIL: g++.dg/lto/pr65276 cp_lto_pr65276_0.o-cp_lto_pr65276_1.o link, -flto -O0 -std=c++11
FAIL: g++.target/i386/avx512vl-pr54700-2b.C (test for excess errors)
UNRESOLVED: g++.target/i386/avx512vl-pr54700-2b.C compilation failed to produce executable
=== g++ Summary for unix/-m64 ===
# of expected passes 225319
# of unexpected failures 14
# of unexpected successes 4
# of expected failures 2088
# of unresolved testcases 5
# of unsupported tests 10556
=== g++ Summary ===
# of expected passes 448260
# of unexpected failures 40
# of unexpected successes 8
# of expected failures 4168
# of unresolved testcases 10
# of unsupported tests 20969
/scratch/10-13-mav/gcc-12-wip/gcc/xg++ version 12.0.1 20220429 (prerelease) [gcc-12-1rc1 revision r12-8321-g621650f64fb6] (GCC)
=== gcc tests ===
Running target unix/-m32
FAIL: gcc.c-torture/compile/pr97576.c -O0 (test for excess errors)
FAIL: gcc.c-torture/compile/pr97576.c -O1 (test for excess errors)
FAIL: gcc.c-torture/compile/pr97576.c -O2 (test for excess errors)
FAIL: gcc.c-torture/compile/pr97576.c -O2 -flto (test for excess errors)
FAIL: gcc.c-torture/compile/pr97576.c -O2 -flto -flto-partition=none (test for excess errors)
FAIL: gcc.c-torture/compile/pr97576.c -O3 -g (test for excess errors)
FAIL: gcc.c-torture/compile/pr97576.c -Os (test for excess errors)
WARNING: gcc.c-torture/execute/ieee/fp-cmp-4f.c compilation, -O1 program timed out.
FAIL: gcc.c-torture/execute/ieee/fp-cmp-4f.c compilation, -O1
UNRESOLVED: gcc.c-torture/execute/ieee/fp-cmp-4f.c execution, -O1
FAIL: gcc.dg/analyzer/asm-x86-dyndbg-1.c (test for excess errors)
FAIL: gcc.dg/analyzer/asm-x86-dyndbg-2.c (test for excess errors)
FAIL: gcc.dg/analyzer/memcpy-1.c (test for warnings, line 162)
FAIL: gcc.dg/analyzer/memcpy-1.c (test for warnings, line 167)
FAIL: gcc.dg/analyzer/pr104308.c (test for warnings, line 10)
FAIL: gcc.dg/analyzer/pr104308.c (test for warnings, line 17)
FAIL: gcc.dg/analyzer/pr104308.c (test for warnings, line 18)
FAIL: gcc.dg/analyzer/pr104308.c (test for warnings, line 9)
FAIL: gcc.dg/analyzer/taint-size-1.c (test for warnings, line 40)
FAIL: gcc.dg/analyzer/taint-size-1.c event: following true branch at line 23 (test for warnings, line 22)
FAIL: gcc.dg/analyzer/taint-size-1.c event: to here at line 25 (test for warnings, line 24)
FAIL: gcc.dg/analyzer/taint-size-1.c final event at line 29 (test for warnings, line 27)
FAIL: gcc.dg/analyzer/taint-size-1.c warning (test for warnings, line 27)
FAIL: gcc.dg/analyzer/write-to-string-literal-1.c (test for warnings, line 15)
FAIL: c-c++-common/asan/null-deref-1.c -O0 output pattern test
FAIL: c-c++-common/asan/null-deref-1.c -O1 output pattern test
FAIL: c-c++-common/asan/null-deref-1.c -O2 output pattern test
FAIL: c-c++-common/asan/null-deref-1.c -O2 -flto output pattern test
FAIL: c-c++-common/asan/null-deref-1.c -O2 -flto -flto-partition=none output pattern test
FAIL: c-c++-common/asan/null-deref-1.c -O3 -g output pattern test
FAIL: c-c++-common/asan/null-deref-1.c -Os output pattern test
FAIL: gcc.dg/debug/dwarf2/inline4.c scan-assembler DW_TAG_inlined_subroutine[^\\\\(]*\\\\([^\\\\)]*\\\\)[^\\\\(]*\\\\(DIE \\\\(0x[0-9a-f]*\\\\) DW_TAG_formal_parameter[^\\\\(]*\\\\(DIE \\\\(0x[0-9a-f]*\\\\) DW_TAG_variable
FAIL: gcc.dg/devnull-dump.c (test for excess errors)
FAIL: gcc.dg/pr102892-1.c (test for excess errors)
FAIL: c-c++-common/goacc/firstprivate-mappings-1.c scan-tree-dump omplower "(?n)#pragma omp target oacc_parallel map\\\\(from:array_so \\\\[len: 4\\\\]\\\\) firstprivate\\\\(array_li.[0-9]+\\\\) map\\\\(tofrom:\\\\(\\\\*array.[0-9]+\\\\) \\\\[len: D\\\\.[0-9]+\\\\]\\\\) map\\\\(firstprivate:array \\\\[pointer assign, bias: 0\\\\]\\\\) \\\\["
FAIL: gcc.dg/graphite/scop-19.c scan-tree-dump-times graphite "number of SCoPs: 0" 1
FAIL: gcc.dg/ipa/ipa-icf-38.c scan-ltrans-tree-dump-not optimized "Function bar"
FAIL: gcc-dg-lto-modref-3-01.exe scan-wpa-ipa-dump modref "parm 1 flags: no_direct_clobber no_direct_escape"
FAIL: gcc-dg-lto-modref-4-01.exe scan-wpa-ipa-dump modref "parm 1 flags: no_direct_clobber no_direct_escape"
FAIL: gcc.dg/lto/modref-3 c_lto_modref-3_0.o-c_lto_modref-3_1.o execute -O2 -flto-partition=max -fdump-ipa-modref -fno-ipa-sra -fno-ipa-cp -flto
FAIL: gcc.dg/lto/modref-4 c_lto_modref-4_0.o-c_lto_modref-4_1.o execute -O2 -flto-partition=max -fdump-ipa-modref -fno-ipa-sra -flto
FAIL: gcc.dg/torture/builtin-self.c -O0 scan-assembler-not \\tcall
FAIL: gcc.dg/tree-ssa/scev-3.c scan-tree-dump-times ivopts "&a" 1
FAIL: gcc.dg/tree-ssa/scev-5.c scan-tree-dump-times ivopts "&a" 1
XPASS: gcc.dg/vect/vect-reduc-in-order-1.c -flto -ffat-lto-objects execution test
XPASS: gcc.dg/vect/vect-reduc-in-order-1.c execution test
XPASS: gcc.dg/vect/vect-reduc-in-order-2.c -flto -ffat-lto-objects execution test
XPASS: gcc.dg/vect/vect-reduc-in-order-2.c execution test
XPASS: gcc.dg/vect/vect-reduc-in-order-3.c -flto -ffat-lto-objects execution test
XPASS: gcc.dg/vect/vect-reduc-in-order-3.c execution test
XPASS: gcc.dg/vect/vect-reduc-in-order-4.c -flto -ffat-lto-objects execution test
XPASS: gcc.dg/vect/vect-reduc-in-order-4.c execution test
FAIL: outputs-25 exe savetmp named2-4: outputs.args.3
FAIL: outputs-25 exe savetmp named2-4: std out
FAIL: gcc.target/i386/auto-init-3.c scan-assembler-times fldz 3
FAIL: gcc.target/i386/auto-init-4.c scan-assembler-times long\\t-16843010 3
FAIL: gcc.target/i386/auto-init-5.c scan-assembler-times \\\\.long\\t0 12
FAIL: gcc.target/i386/auto-init-padding-3.c scan-assembler rep stosl
FAIL: gcc.target/i386/auto-init-padding-9.c scan-assembler rep stosl
FAIL: gcc.target/i386/avx2-dest-false-dep-for-glc.c scan-assembler-times vxorps 4
FAIL: gcc.target/i386/avx2-shiftqihi-constant-2.c (test for excess errors)
UNRESOLVED: gcc.target/i386/avx2-shiftqihi-constant-2.c compilation failed to produce executable
FAIL: gcc.target/i386/avx512bf16-cvtsbh2ss-1.c scan-assembler-times movl 1
FAIL: gcc.target/i386/avx512bw-shiftqihi-constant-2.c (test for excess errors)
UNRESOLVED: gcc.target/i386/avx512bw-shiftqihi-constant-2.c compilation failed to produce executable
FAIL: gcc.target/i386/avx512fp16-13.c scan-assembler-times vmovdqu16[ \\\\t]*[^,]*,[^{\\n]*%xmm[0-9] 1
FAIL: gcc.target/i386/avx512fp16-13.c scan-assembler-times vmovdqu16[ \\\\t]*[^,]*,[^{\\n]*%ymm[0-9] 1
FAIL: gcc.target/i386/avx512fp16-13.c scan-assembler-times vmovdqu16[ \\\\t]*[^{\\n]*%xmm[0-9], *[^,]* 1
FAIL: gcc.target/i386/avx512fp16-13.c scan-assembler-times vmovdqu16[ \\\\t]*[^{\\n]*%ymm[0-9], *[^,]* 1
FAIL: gcc.target/i386/avx512fp16-pr101846.c scan-assembler-times vpmovdw 3
FAIL: gcc.target/i386/avx512fp16-vcvtsh2si-1a.c scan-assembler-times vcvtsh2si[ \\\\t]+[^{\\n]*%xmm[0-9]+[^\\n\\r]*%eax 1
FAIL: gcc.target/i386/avx512fp16-vcvtsh2si-1a.c scan-assembler-times vcvtsh2si[ \\\\t]+{rn-sae}[^{\\n]*%xmm[0-9]+[^\\n\\r]*%eax 1
FAIL: gcc.target/i386/avx512fp16-vcvtsh2usi-1a.c scan-assembler-times vcvtsh2usi[ \\\\t]+[^{\\n]*%xmm[0-9]+[^\\n\\r]*%eax 1
FAIL: gcc.target/i386/avx512fp16-vcvtsh2usi-1a.c scan-assembler-times vcvtsh2usi[ \\\\t]+{rn-sae}[^{\\n]*%xmm[0-9]+[^\\n\\r]*%eax 1
FAIL: gcc.target/i386/avx512fp16-vcvttsh2si-1a.c scan-assembler-times vcvttsh2si[ \\\\t]+[^{\\n]*%xmm[0-9]+[^\\n\\r]*%eax 1
FAIL: gcc.target/i386/avx512fp16-vcvttsh2si-1a.c scan-assembler-times vcvttsh2si[ \\\\t]+{sae}[^{\\n]*%xmm[0-9]+[^\\n\\r]*%eax 1
FAIL: gcc.target/i386/avx512fp16-vcvttsh2usi-1a.c scan-assembler-times vcvttsh2usi[ \\\\t]+[^{\\n]*%xmm[0-9]+[^\\n\\r]*%eax 1
FAIL: gcc.target/i386/avx512fp16-vcvttsh2usi-1a.c scan-assembler-times vcvttsh2usi[ \\\\t]+{sae}[^{\\n]*%xmm[0-9]+[^\\n\\r]*%eax 1
FAIL: gcc.target/i386/avx512fp16-vmovsh-1a.c scan-assembler-times vmovsh[ \\\\t]+%xmm[0-9]+[^\\n\\r]*%[er]ax+[^\\n\\r]*{%k[0-9]}(?:\\n|[ \\\\t]+#) 1
FAIL: gcc.target/i386/avx512fp16-vmovsh-1a.c scan-assembler-times vmovsh[ \\\\t]+[^\\n\\r]*%[er]ax+[^\\n\\r]*%xmm[0-9]+{%k[0-9]}(?:\\n|[ \\\\t]+#) 1
FAIL: gcc.target/i386/avx512fp16-vmovsh-1a.c scan-assembler-times vmovsh[ \\\\t]+[^\\n\\r]*%[er]ax+[^\\n\\r]*%xmm[0-9]+{%k[0-9]}{z}[^\\n\\r]*(?:\\n|[ \\\\t]+#) 1
XPASS: gcc.target/i386/bitwise_mask_op-3.c scan-assembler-times kmovb[\\t ] 4
XPASS: gcc.target/i386/bitwise_mask_op-3.c scan-assembler-times korb[\\t ] 1
XPASS: gcc.target/i386/bitwise_mask_op-3.c scan-assembler-times kxorb[\\t ] 1
FAIL: gcc.target/i386/harden-sls-4.c scan-assembler jmp[ \\t]+\\\\*_?fptr
FAIL: gcc.target/i386/harden-sls-5.c scan-assembler-times ret 1
FAIL: gcc.target/i386/memcpy-strategy-7.c scan-assembler rep movsb
FAIL: gcc.target/i386/memcpy-strategy-9.c scan-assembler rep movsb
FAIL: gcc.target/i386/memset-strategy-6.c scan-assembler rep stosb
FAIL: gcc.target/i386/memset-strategy-8.c scan-assembler rep stosb
FAIL: gcc.target/i386/pad-3.c scan-assembler-not nop
FAIL: gcc.target/i386/pieces-memset-11.c scan-assembler-times vmovdqu[ \\\\t]+[^\\n]*%ymm 2
FAIL: gcc.target/i386/pieces-memset-14.c scan-assembler-times vmovdqu[ \\\\t]+[^\\n]*%ymm 1
FAIL: gcc.target/i386/pieces-memset-2.c scan-assembler-times vmovdqu[ \\\\t]+[^\\n]*%ymm 2
FAIL: gcc.target/i386/pieces-memset-20.c scan-assembler-times vmovdqu[ \\\\t]+[^\\n]*%ymm 2
FAIL: gcc.target/i386/pieces-memset-23.c scan-assembler-times vmovdqu[ \\\\t]+[^\\n]*%ymm 1
FAIL: gcc.target/i386/pieces-memset-29.c scan-assembler-times vmovdqu[ \\\\t]+[^\\n]*%ymm 2
FAIL: gcc.target/i386/pieces-memset-30.c scan-assembler-times vmovdqu[ \\\\t]+[^\\n]*%ymm 2
FAIL: gcc.target/i386/pieces-memset-33.c scan-assembler-times vmovdqu[ \\\\t]+[^\\n]*%ymm 1
FAIL: gcc.target/i386/pieces-memset-34.c scan-assembler-times vmovdqu[ \\\\t]+[^\\n]*%ymm 1
FAIL: gcc.target/i386/pieces-memset-37.c scan-assembler-times vmovdqu[ \\\\t]+[^\\n]*%ymm 2
FAIL: gcc.target/i386/pieces-memset-44.c scan-assembler-times vmovdqu[ \\\\t]+[^\\n]*%ymm 1
FAIL: gcc.target/i386/pieces-memset-5.c scan-assembler-times vmovdqu[ \\\\t]+[^\\n]*%ymm 1
FAIL: gcc.target/i386/pr100704-3.c scan-assembler push[lq]\\tfoooo+
FAIL: gcc.target/i386/pr100865-2.c scan-assembler-not vmovdqa
FAIL: gcc.target/i386/pr100865-2.c scan-assembler-times vpbroadcastb[\\\\t ]+%xmm[0-9]+, %xmm[0-9]+ 1
FAIL: gcc.target/i386/pr100865-3.c scan-assembler-not vmovdqa
FAIL: gcc.target/i386/pr100865-3.c scan-assembler-times vpbroadcastb[\\\\t ]+%(?:r|e)[^\\n]*, %xmm[0-9]+ 1
FAIL: gcc.target/i386/pr100865-4a.c scan-assembler-not vmovdqa
FAIL: gcc.target/i386/pr100865-4a.c scan-assembler-times vpbroadcastb[\\\\t ]+%xmm[0-9]+, %ymm[0-9]+ 1
FAIL: gcc.target/i386/pr100865-4b.c scan-assembler-not vmovdqa
FAIL: gcc.target/i386/pr100865-4b.c scan-assembler-times vpbroadcastb[\\\\t ]+%(?:r|e)[^\\n]*, %ymm[0-9]+ 1
FAIL: gcc.target/i386/pr100865-5a.c scan-assembler-not vmovdqa
FAIL: gcc.target/i386/pr100865-5a.c scan-assembler-times vpbroadcastw[\\\\t ]+%xmm[0-9]+, %ymm[0-9]+ 1
FAIL: gcc.target/i386/pr100865-5b.c scan-assembler-not vmovdqa
FAIL: gcc.target/i386/pr100865-5b.c scan-assembler-times vpbroadcastw[\\\\t ]+%(?:r|e)[^\\n]*, %ymm[0-9]+ 1
FAIL: gcc.target/i386/pr100865-6a.c scan-assembler-not vmovdqa
FAIL: gcc.target/i386/pr100865-6a.c scan-assembler-times vpbroadcastd[\\\\t ]+%xmm[0-9]+, %ymm[0-9]+ 1
FAIL: gcc.target/i386/pr100865-6b.c scan-assembler-not vmovdqa
FAIL: gcc.target/i386/pr100865-6b.c scan-assembler-times vpbroadcastd[\\\\t ]+%(?:r|e)[^\\n]*, %ymm[0-9]+ 1
FAIL: gcc.target/i386/pr100865-6c.c scan-assembler-not vmovdqa
FAIL: gcc.target/i386/pr100865-6c.c scan-assembler-times vbroadcastss 1
FAIL: gcc.target/i386/pr100865-7b.c scan-assembler-not vmovdqa
FAIL: gcc.target/i386/pr100865-7b.c scan-assembler-times vpbroadcastq[\\\\t ]+[^\\n]*, %ymm[0-9]+ 1
FAIL: gcc.target/i386/pr101796-1.c scan-assembler-not vpsllvw[ \\\\t]
FAIL: gcc.target/i386/pr101796-1.c scan-assembler-not vpsravw[ \\\\t]
FAIL: gcc.target/i386/pr101796-1.c scan-assembler-not vpsrlvw[ \\\\t]
FAIL: gcc.target/i386/pr101796-1.c scan-assembler-times vpsllw[ \\\\t] 1
FAIL: gcc.target/i386/pr101796-1.c scan-assembler-times vpsraw[ \\\\t] 1
FAIL: gcc.target/i386/pr101796-1.c scan-assembler-times vpsrlw[ \\\\t] 1
FAIL: gcc.target/i386/pr101846-2.c scan-assembler-times vpmovdw 3
FAIL: gcc.target/i386/pr101846-2.c scan-assembler-times vpmovqd 3
FAIL: gcc.target/i386/pr101846-2.c scan-assembler-times vpmovwb 3
FAIL: gcc.target/i386/pr101989-broadcast-1.c scan-assembler-times \\\\{1to4\\\\} 4
FAIL: gcc.target/i386/pr102021.c scan-assembler-not vmovdqa
FAIL: gcc.target/i386/pr102021.c scan-assembler-times vpbroadcastq[\\\\t ]+[^\\n]*, %ymm[0-9]+ 1
FAIL: gcc.target/i386/pr102230.c scan-assembler-times movq[\\\\t ]*%mm2, %mm0 1
FAIL: gcc.target/i386/pr104441-1b.c (test for excess errors)
UNRESOLVED: gcc.target/i386/pr104441-1b.c compilation failed to produce executable
FAIL: gcc.target/i386/pr11877-2.c scan-assembler-not \\\\\$0,
FAIL: gcc.target/i386/pr11877.c scan-assembler-not \\\\\$0,
FAIL: gcc.target/i386/pr15184-1.c scan-assembler-times movb[ \\\\t]+%al 4
FAIL: gcc.target/i386/pr15184-2.c scan-assembler-times movb[ \\\\t]+%al 2
FAIL: gcc.target/i386/pr36502.c scan-assembler-not esp
FAIL: gcc.target/i386/pr54855-3.c scan-assembler-not movsd
FAIL: gcc.target/i386/pr54855-7.c scan-assembler-not movss
FAIL: gcc.target/i386/pr57275.c (test for excess errors)
UNRESOLVED: gcc.target/i386/pr57275.c compilation failed to produce executable
FAIL: gcc.target/i386/pr64110.c scan-assembler vmovd[\\\\t ]
FAIL: gcc.target/i386/pr66334.c scan-assembler movl[ \\\\t].+, %ebx
FAIL: gcc.target/i386/pr71321.c scan-assembler-not lea.*0
FAIL: gcc.target/i386/pr78035.c scan-assembler-times cmp 2
FAIL: gcc.target/i386/pr81736-5.c scan-assembler-not %[re]bp
FAIL: gcc.target/i386/pr84278.c scan-assembler-not \\\\(%.sp\\\\)
FAIL: gcc.target/i386/pr85667-6.c scan-assembler-times flds[^\\n\\r]* 1
FAIL: gcc.target/i386/pr90773-17.c scan-assembler-times vpbroadcastb 1
FAIL: gcc.target/i386/pr90773-2.c scan-assembler-times movl[\\\\t ]+\\\\(%[^,]+\\\\), 1
FAIL: gcc.target/i386/pr90773-3.c scan-assembler-times movl[\\\\t ]+\\\\(%[^,]+\\\\), 1
FAIL: gcc.target/i386/pr92651.c scan-assembler-times sub 2
FAIL: gcc.target/i386/pr97873-1.c scan-assembler pabsq
FAIL: gcc.target/i386/pr98060.c scan-assembler-not set
FAIL: gcc.target/i386/ret-thunk-22.c scan-assembler call[ \\\\t]*___x86.get_pc_thunk.cx
FAIL: gcc.target/i386/ret-thunk-23.c scan-assembler call[ \\\\t]*___x86.get_pc_thunk.cx
FAIL: gcc.target/i386/ret-thunk-24.c scan-assembler call[ \\\\t]*___x86.get_pc_thunk.cx
FAIL: gcc.target/i386/vect8-ret.c scan-assembler-times movq 1
=== gcc Summary for unix/-m32 ===
# of expected passes 163281
# of unexpected failures 148
# of unexpected successes 11
# of expected failures 1383
# of unresolved testcases 5
# of unsupported tests 6293
Running target unix/-m64
FAIL: gcc.c-torture/compile/pr97576.c -O0 (test for excess errors)
FAIL: gcc.c-torture/compile/pr97576.c -O1 (test for excess errors)
FAIL: gcc.c-torture/compile/pr97576.c -O2 (test for excess errors)
FAIL: gcc.c-torture/compile/pr97576.c -O2 -flto (test for excess errors)
FAIL: gcc.c-torture/compile/pr97576.c -O2 -flto -flto-partition=none (test for excess errors)
FAIL: gcc.c-torture/compile/pr97576.c -O3 -g (test for excess errors)
FAIL: gcc.c-torture/compile/pr97576.c -Os (test for excess errors)
FAIL: gcc.dg/analyzer/memcpy-1.c (test for warnings, line 162)
FAIL: gcc.dg/analyzer/memcpy-1.c (test for warnings, line 167)
FAIL: gcc.dg/analyzer/pr104308.c (test for warnings, line 10)
FAIL: gcc.dg/analyzer/pr104308.c (test for warnings, line 17)
FAIL: gcc.dg/analyzer/pr104308.c (test for warnings, line 18)
FAIL: gcc.dg/analyzer/pr104308.c (test for warnings, line 9)
FAIL: gcc.dg/analyzer/taint-size-1.c (test for warnings, line 40)
FAIL: gcc.dg/analyzer/taint-size-1.c event: following true branch at line 23 (test for warnings, line 22)
FAIL: gcc.dg/analyzer/taint-size-1.c event: to here at line 25 (test for warnings, line 24)
FAIL: gcc.dg/analyzer/taint-size-1.c final event at line 29 (test for warnings, line 27)
FAIL: gcc.dg/analyzer/taint-size-1.c warning (test for warnings, line 27)
FAIL: gcc.dg/analyzer/write-to-string-literal-1.c (test for warnings, line 15)
FAIL: gcc.dg/debug/dwarf2/inline4.c scan-assembler DW_TAG_inlined_subroutine[^\\\\(]*\\\\([^\\\\)]*\\\\)[^\\\\(]*\\\\(DIE \\\\(0x[0-9a-f]*\\\\) DW_TAG_formal_parameter[^\\\\(]*\\\\(DIE \\\\(0x[0-9a-f]*\\\\) DW_TAG_variable
FAIL: gcc.dg/devnull-dump.c (test for excess errors)
FAIL: gcc.dg/graphite/scop-19.c scan-tree-dump-times graphite "number of SCoPs: 0" 1
FAIL: gcc.dg/ipa/ipa-icf-38.c scan-ltrans-tree-dump-not optimized "Function bar"
FAIL: gcc-dg-lto-modref-3-01.exe scan-wpa-ipa-dump modref "parm 1 flags: no_direct_clobber no_direct_escape"
FAIL: gcc-dg-lto-modref-4-01.exe scan-wpa-ipa-dump modref "parm 1 flags: no_direct_clobber no_direct_escape"
FAIL: gcc.dg/lto/modref-3 c_lto_modref-3_0.o-c_lto_modref-3_1.o execute -O2 -flto-partition=max -fdump-ipa-modref -fno-ipa-sra -fno-ipa-cp -flto
FAIL: gcc.dg/lto/modref-4 c_lto_modref-4_0.o-c_lto_modref-4_1.o execute -O2 -flto-partition=max -fdump-ipa-modref -fno-ipa-sra -flto
FAIL: gcc.dg/rtl/x86_64/final.c (internal compiler error: Segmentation fault: 11)
FAIL: gcc.dg/rtl/x86_64/final.c (test for excess errors)
UNRESOLVED: gcc.dg/rtl/x86_64/final.c scan-assembler .cfi_endproc
UNRESOLVED: gcc.dg/rtl/x86_64/final.c scan-assembler .cfi_startproc
UNRESOLVED: gcc.dg/rtl/x86_64/final.c scan-assembler ret
UNRESOLVED: gcc.dg/rtl/x86_64/final.c scan-assembler test_1:
XPASS: gcc.dg/tree-ssa/pr91091-2.c scan-tree-dump-times fre1 " = [^;]*x;" 1
XPASS: gcc.dg/tree-ssa/pr91091-2.c scan-tree-dump-times fre1 "x = " 1
XPASS: gcc.dg/tree-ssa/ssa-fre-77.c scan-tree-dump fre1 "return 1;"
FAIL: gcc.dg/vect/costmodel/x86_64/costmodel-pr104582-2.c scan-tree-dump-not slp2 "basic block part vectorized"
FAIL: outputs-25 exe savetmp named2-4: outputs.args.3
FAIL: outputs-25 exe savetmp named2-4: std out
FAIL: gcc.target/i386/auto-init-5.c scan-assembler-times \\\\.long\\t0 14
FAIL: gcc.target/i386/auto-init-6.c scan-assembler-times long\\t0 8
FAIL: gcc.target/i386/auto-init-padding-3.c scan-assembler rep stosq
FAIL: gcc.target/i386/auto-init-padding-9.c scan-assembler rep stosq
FAIL: gcc.target/i386/avx2-dest-false-dep-for-glc.c scan-assembler-times vxorps 4
FAIL: gcc.target/i386/avx2-shiftqihi-constant-2.c (test for excess errors)
UNRESOLVED: gcc.target/i386/avx2-shiftqihi-constant-2.c compilation failed to produce executable
FAIL: gcc.target/i386/avx512bw-pr103750-2.c scan-assembler-not kmov
FAIL: gcc.target/i386/avx512bw-pr88465.c scan-assembler-times kxnor[dq][ \\t] 2
FAIL: gcc.target/i386/avx512bw-shiftqihi-constant-2.c (test for excess errors)
UNRESOLVED: gcc.target/i386/avx512bw-shiftqihi-constant-2.c compilation failed to produce executable
FAIL: gcc.target/i386/avx512dq-pr88465.c scan-assembler-times kxnorb[ \\t] 1
FAIL: gcc.target/i386/avx512f-pr103750-2.c scan-assembler-not kmov
FAIL: gcc.target/i386/avx512f-pr88465.c scan-assembler-times kxnorw[ \\t] 1
FAIL: gcc.target/i386/avx512fp16-13.c scan-assembler-times vmovdqu16[ \\\\t]*[^,]*,[^{\\n]*%xmm[0-9] 1
FAIL: gcc.target/i386/avx512fp16-13.c scan-assembler-times vmovdqu16[ \\\\t]*[^,]*,[^{\\n]*%ymm[0-9] 1
FAIL: gcc.target/i386/avx512fp16-13.c scan-assembler-times vmovdqu16[ \\\\t]*[^{\\n]*%xmm[0-9], *[^,]* 1
FAIL: gcc.target/i386/avx512fp16-13.c scan-assembler-times vmovdqu16[ \\\\t]*[^{\\n]*%ymm[0-9], *[^,]* 1
FAIL: gcc.target/i386/avx512fp16-pr103750-2.c scan-assembler-not kmov
XPASS: gcc.target/i386/bitwise_mask_op-3.c scan-assembler-times kmovb[\\t ] 4
XPASS: gcc.target/i386/bitwise_mask_op-3.c scan-assembler-times korb[\\t ] 1
XPASS: gcc.target/i386/bitwise_mask_op-3.c scan-assembler-times kxorb[\\t ] 1
FAIL: gcc.target/i386/harden-sls-4.c scan-assembler jmp[ \\t]+\\\\*_?fptr
FAIL: gcc.target/i386/memcpy-strategy-7.c scan-assembler rep movsb
FAIL: gcc.target/i386/memcpy-strategy-9.c scan-assembler rep movsb
FAIL: gcc.target/i386/memset-strategy-6.c scan-assembler rep stosb
FAIL: gcc.target/i386/memset-strategy-8.c scan-assembler rep stosb
FAIL: gcc.target/i386/pieces-memset-11.c scan-assembler-times vmovdqu[ \\\\t]+[^\\n]*%ymm 2
FAIL: gcc.target/i386/pieces-memset-14.c scan-assembler-times vmovdqu[ \\\\t]+[^\\n]*%ymm 1
FAIL: gcc.target/i386/pieces-memset-2.c scan-assembler-times vmovdqu[ \\\\t]+[^\\n]*%ymm 2
FAIL: gcc.target/i386/pieces-memset-20.c scan-assembler-times vmovdqu[ \\\\t]+[^\\n]*%ymm 2
FAIL: gcc.target/i386/pieces-memset-23.c scan-assembler-times vmovdqu[ \\\\t]+[^\\n]*%ymm 1
FAIL: gcc.target/i386/pieces-memset-29.c scan-assembler-times vmovdqu[ \\\\t]+[^\\n]*%ymm 2
FAIL: gcc.target/i386/pieces-memset-30.c scan-assembler-times vmovdqu[ \\\\t]+[^\\n]*%ymm 2
FAIL: gcc.target/i386/pieces-memset-33.c scan-assembler-times vmovdqu[ \\\\t]+[^\\n]*%ymm 1
FAIL: gcc.target/i386/pieces-memset-34.c scan-assembler-times vmovdqu[ \\\\t]+[^\\n]*%ymm 1
FAIL: gcc.target/i386/pieces-memset-37.c scan-assembler-times vmovdqu[ \\\\t]+[^\\n]*%ymm 2
FAIL: gcc.target/i386/pieces-memset-44.c scan-assembler-times vmovdqu[ \\\\t]+[^\\n]*%ymm 1
FAIL: gcc.target/i386/pieces-memset-5.c scan-assembler-times vmovdqu[ \\\\t]+[^\\n]*%ymm 1
FAIL: gcc.target/i386/pr100704-3.c scan-assembler push[lq]\\tfoooo+
FAIL: gcc.target/i386/pr100936.c (test for excess errors)
FAIL: gcc.target/i386/pr104441-1b.c (test for excess errors)
UNRESOLVED: gcc.target/i386/pr104441-1b.c compilation failed to produce executable
FAIL: gcc.target/i386/pr104704-1.c (test for excess errors)
UNRESOLVED: gcc.target/i386/pr104704-1.c compilation failed to produce executable
FAIL: gcc.target/i386/pr104704-2.c (test for excess errors)
UNRESOLVED: gcc.target/i386/pr104704-2.c compilation failed to produce executable
FAIL: gcc.target/i386/pr104704-4.c (test for excess errors)
UNRESOLVED: gcc.target/i386/pr104704-4.c compilation failed to produce executable
FAIL: gcc.target/i386/pr104704-5.c (test for excess errors)
UNRESOLVED: gcc.target/i386/pr104704-5.c compilation failed to produce executable
FAIL: gcc.target/i386/pr11877-2.c scan-assembler-not \\\\\$0,
FAIL: gcc.target/i386/pr11877.c scan-assembler-not \\\\\$0,
FAIL: gcc.target/i386/pr34256.c scan-assembler-times mov 5
FAIL: gcc.target/i386/pr57275.c (test for excess errors)
UNRESOLVED: gcc.target/i386/pr57275.c compilation failed to produce executable
FAIL: gcc.target/i386/pr71321.c scan-assembler-not lea.*0
FAIL: gcc.target/i386/pr78035.c scan-assembler-times cmp 2
FAIL: gcc.target/i386/pr85667-10.c scan-assembler-times movq[ \\t]*%r8, .* 1
FAIL: gcc.target/i386/pr85667-10.c scan-assembler-times movq[ \\t]*%r9, .* 1
FAIL: gcc.target/i386/pr85667-10.c scan-assembler-times movq[ \\t]*%rcx, .* 1
FAIL: gcc.target/i386/pr85667-10.c scan-assembler-times movq[ \\t]*%rdx, .* 1
FAIL: gcc.target/i386/pr85667-10.c scan-assembler-times movq[^\\n\\r]*, %rax 1
FAIL: gcc.target/i386/pr90773-1.c scan-assembler-times movq[\\\\t ]+\\\\(%[^,]+\\\\), 1
FAIL: gcc.target/i386/pr92651.c scan-assembler-times sub 2
FAIL: gcc.target/i386/pr95740.c scan-assembler-times (?n)movq[\\\\t ]*%xmm0.*%rax 1
FAIL: gcc.target/i386/pr96271.c scan-assembler movq\\t%xmm0, %r
FAIL: gcc.target/i386/pr96271.c scan-assembler movq\\t%xmm1, %r
FAIL: gcc.target/i386/pr98060.c scan-assembler-not set
FAIL: gcc.target/i386/sse2-v1ti-logic-2.c scan-assembler-times por 2
=== gcc Summary for unix/-m64 ===
# of expected passes 166221
# of unexpected failures 91
# of unexpected successes 6
# of expected failures 1379
# of unresolved testcases 12
# of unsupported tests 5742
=== gcc Summary ===
# of expected passes 329502
# of unexpected failures 239
# of unexpected successes 17
# of expected failures 2762
# of unresolved testcases 17
# of unsupported tests 12035
/scratch/10-13-mav/gcc-12-wip/gcc/xgcc version 12.0.1 20220429 (prerelease) [gcc-12-1rc1 revision r12-8321-g621650f64fb6] (GCC)
=== gfortran tests ===
Running target unix/-m32
=== gfortran Summary for unix/-m32 ===
# of expected passes 65763
# of expected failures 274
# of unsupported tests 255
Running target unix/-m64
WARNING: gfortran.dg/dec-comparison-real_2.f90 -O1 at line 9 (test for warnings, line 10) program timed out.
=== gfortran Summary for unix/-m64 ===
# of expected passes 66073
# of expected failures 272
# of unsupported tests 109
=== gfortran Summary ===
# of expected passes 131836
# of expected failures 546
# of unsupported tests 364
/scratch/10-13-mav/gcc-12-wip/gcc/gfortran version 12.0.1 20220429 (prerelease) [gcc-12-1rc1 revision r12-8321-g621650f64fb6] (GCC)
=== jit tests ===
Running target unix/-m32
=== jit Summary for unix/-m32 ===
Running target unix/-m64
FAIL: output-of-test-link-section-assembler.c.s output pattern test, is .text
FAIL: output-of-test-setting-alignment.c.s output pattern test, is .text
FAIL: test-combination.c.exe killed: 12062 exp14 0 0 CHILDKILLED SIGSEGV {segmentation violation}
FAIL: test-threads.c.exe killed: 37169 exp14 0 0 CHILDKILLED SIGSEGV {segmentation violation}
FAIL: test-tls.c.exe killed: 38994 exp14 0 0 CHILDKILLED SIGSEGV {segmentation violation}
=== jit Summary for unix/-m64 ===
# of expected passes 8792
# of unexpected failures 5
# of unsupported tests 4
=== jit Summary ===
# of expected passes 8792
# of unexpected failures 5
# of unsupported tests 4
=== obj-c++ tests ===
Running target unix/-m64
=== obj-c++ Summary for unix/-m64 ===
# of expected passes 3199
# of expected failures 22
# of unsupported tests 70
Running target unix/-m32
=== obj-c++ Summary for unix/-m32 ===
# of expected passes 3233
# of expected failures 4
# of unsupported tests 68
=== obj-c++ Summary ===
# of expected passes 6432
# of expected failures 26
# of unsupported tests 138
/scratch/10-13-mav/gcc-12-wip/gcc/xg++ version 12.0.1 20220429 (prerelease) [gcc-12-1rc1 revision r12-8321-g621650f64fb6] (GCC)
=== objc tests ===
Running target unix/-m32
=== objc Summary for unix/-m32 ===
# of expected passes 5776
# of expected failures 6
# of unsupported tests 85
Running target unix/-m64
=== objc Summary for unix/-m64 ===
# of expected passes 5752
# of expected failures 12
# of unsupported tests 88
=== objc Summary ===
# of expected passes 11528
# of expected failures 18
# of unsupported tests 173
/scratch/10-13-mav/gcc-12-wip/gcc/xgcc version 12.0.1 20220429 (prerelease) [gcc-12-1rc1 revision r12-8321-g621650f64fb6] (GCC)
=== libatomic tests ===
Running target unix/-m64
=== libatomic Summary for unix/-m64 ===
# of expected passes 54
Running target unix/-m32
=== libatomic Summary for unix/-m32 ===
# of expected passes 44
# of unsupported tests 5
=== libatomic Summary ===
# of expected passes 98
# of unsupported tests 5
=== libgomp tests ===
Running target unix/-m64
FAIL: libgomp.c/pr95620.c (test for excess errors)
=== libgomp Summary for unix/-m64 ===
# of expected passes 13759
# of unexpected failures 1
# of expected failures 213
# of unsupported tests 633
Running target unix/-m32
=== libgomp Summary for unix/-m32 ===
# of expected passes 13759
# of expected failures 213
# of unsupported tests 634
=== libgomp Summary ===
# of expected passes 27518
# of unexpected failures 1
# of expected failures 426
# of unsupported tests 1267
=== libitm tests ===
Running target unix/-m64
=== libitm Summary for unix/-m64 ===
# of expected passes 42
# of expected failures 3
# of unsupported tests 2
Running target unix/-m32
=== libitm Summary for unix/-m32 ===
# of expected passes 42
# of expected failures 3
# of unsupported tests 2
=== libitm Summary ===
# of expected passes 84
# of expected failures 6
# of unsupported tests 4
=== libstdc++ tests ===
Running target unix/-m32
FAIL: 27_io/filesystem/iterators/caching.cc execution test
FAIL: 27_io/filesystem/iterators/pop.cc execution test
FAIL: 27_io/filesystem/iterators/recursion_pending.cc execution test
FAIL: 27_io/filesystem/iterators/recursive_directory_iterator.cc execution test
FAIL: 27_io/filesystem/operations/canonical.cc execution test
FAIL: 27_io/filesystem/operations/copy.cc execution test
FAIL: 27_io/filesystem/operations/create_directories.cc execution test
WARNING: 27_io/filesystem/operations/is_empty.cc execution test program timed out.
FAIL: 27_io/filesystem/operations/is_empty.cc execution test
FAIL: 27_io/filesystem/operations/remove_all.cc execution test
WARNING: 27_io/filesystem/operations/rename.cc execution test program timed out.
FAIL: 27_io/filesystem/operations/rename.cc execution test
WARNING: 30_threads/future/members/93456.cc execution test program timed out.
FAIL: 30_threads/future/members/93456.cc execution test
FAIL: 30_threads/future/members/poll.cc execution test
FAIL: experimental/filesystem/iterators/error_reporting.cc execution test
FAIL: experimental/filesystem/iterators/pop.cc execution test
FAIL: experimental/filesystem/iterators/recursive_directory_iterator.cc execution test
FAIL: experimental/filesystem/operations/copy.cc execution test
FAIL: experimental/filesystem/operations/create_directories.cc execution test
WARNING: experimental/filesystem/operations/is_empty.cc execution test program timed out.
FAIL: experimental/filesystem/operations/is_empty.cc execution test
FAIL: experimental/filesystem/operations/remove_all.cc execution test
WARNING: experimental/filesystem/operations/rename.cc execution test program timed out.
FAIL: experimental/filesystem/operations/rename.cc execution test
FAIL: std/ranges/access/ssize.cc (test for excess errors)
UNRESOLVED: std/ranges/access/ssize.cc compilation failed to produce executable
=== libstdc++ Summary for unix/-m32 ===
# of expected passes 14192
# of unexpected failures 21
# of expected failures 96
# of unresolved testcases 1
# of unsupported tests 782
Running target unix/-m64
FAIL: 27_io/filesystem/iterators/caching.cc execution test
FAIL: 27_io/filesystem/iterators/pop.cc execution test
FAIL: 27_io/filesystem/iterators/recursion_pending.cc execution test
FAIL: 27_io/filesystem/iterators/recursive_directory_iterator.cc execution test
FAIL: 27_io/filesystem/operations/canonical.cc execution test
FAIL: 27_io/filesystem/operations/copy.cc execution test
FAIL: 27_io/filesystem/operations/create_directories.cc execution test
WARNING: 27_io/filesystem/operations/is_empty.cc execution test program timed out.
FAIL: 27_io/filesystem/operations/is_empty.cc execution test
FAIL: 27_io/filesystem/operations/remove_all.cc execution test
WARNING: 27_io/filesystem/operations/rename.cc execution test program timed out.
FAIL: 27_io/filesystem/operations/rename.cc execution test
FAIL: 30_threads/future/members/poll.cc execution test
FAIL: experimental/filesystem/iterators/error_reporting.cc execution test
FAIL: experimental/filesystem/iterators/pop.cc execution test
FAIL: experimental/filesystem/iterators/recursive_directory_iterator.cc execution test
FAIL: experimental/filesystem/operations/copy.cc execution test
FAIL: experimental/filesystem/operations/create_directories.cc execution test
WARNING: experimental/filesystem/operations/is_empty.cc execution test program timed out.
FAIL: experimental/filesystem/operations/is_empty.cc execution test
FAIL: experimental/filesystem/operations/remove_all.cc execution test
WARNING: experimental/filesystem/operations/rename.cc execution test program timed out.
FAIL: experimental/filesystem/operations/rename.cc execution test
=== libstdc++ Summary for unix/-m64 ===
# of expected passes 14189
# of unexpected failures 19
# of expected failures 96
# of unsupported tests 785
=== libstdc++ Summary ===
# of expected passes 28381
# of unexpected failures 40
# of expected failures 192
# of unresolved testcases 1
# of unsupported tests 1567
Compiler version: 12.0.1 20220429 (prerelease) [gcc-12-1rc1 revision r12-8321-g621650f64fb6] (GCC)
Platform: x86_64-apple-darwin13
configure flags: --prefix=/opt/iains/x86_64-apple-darwin13/gcc-12-1rc1c --build=x86_64-apple-darwin13 --with-sysroot=/Library/Developer/CommandLineTools/SDKs/MacOSX.sdk --with-cpu=corei7 --enable-languages=all CC=clang CXX='clang++ -stdlib=libc++'
More information about the Gcc-testresults
mailing list