Results for 12.0.1 20220429 (prerelease) [gcc-12-1rc1 revision r12-8321-g621650f64fb6] (GCC) testsuite on x86_64-apple-darwin20
Iain Sandoe
iains.gcc@gmail.com
Sun May 1 09:43:24 GMT 2022
LAST_UPDATED: Fri Apr 29 14:44:08 UTC 2022 (revision r12-8321-g621650f64fb6)
=== acats tests ===
=== acats Summary ===
# of expected passes 2328
# of unexpected failures 0
Native configuration is x86_64-apple-darwin20
=== g++ tests ===
Running target unix
FAIL: g++.dg/init/array61.C -std=c++14 scan-tree-dump-times gimple "item::item" 1
FAIL: g++.dg/init/array61.C -std=c++17 scan-tree-dump-times gimple "item::item" 1
FAIL: g++.dg/init/array61.C -std=c++20 scan-tree-dump-times gimple "item::item" 1
FAIL: g++.dg/ipa/pr67056.C scan-ipa-dump cp "Speculative outer type:struct CompositeClass"
XPASS: c-c++-common/goacc/kernels-decompose-pr100400-1-2.c -std=c++14 (internal compiler error)
FAIL: c-c++-common/goacc/kernels-decompose-pr100400-1-2.c -std=c++14 (test for excess errors)
XPASS: c-c++-common/goacc/kernels-decompose-pr100400-1-2.c -std=c++17 (internal compiler error)
FAIL: c-c++-common/goacc/kernels-decompose-pr100400-1-2.c -std=c++17 (test for excess errors)
XPASS: c-c++-common/goacc/kernels-decompose-pr100400-1-2.c -std=c++20 (internal compiler error)
FAIL: c-c++-common/goacc/kernels-decompose-pr100400-1-2.c -std=c++20 (test for excess errors)
XPASS: c-c++-common/goacc/kernels-decompose-pr100400-1-2.c -std=c++98 (internal compiler error)
FAIL: c-c++-common/goacc/kernels-decompose-pr100400-1-2.c -std=c++98 (test for excess errors)
FAIL: g++.dg/lto/pr65276 cp_lto_pr65276_0.o-cp_lto_pr65276_1.o link, -flto -O0 -std=c++11
=== g++ Summary ===
# of expected passes 223628
# of unexpected failures 9
# of unexpected successes 4
# of expected failures 1944
# of unsupported tests 10517
/scratch/11-0-sur/gcc-12-wip/gcc/xg++ version 12.0.1 20220429 (prerelease) [gcc-12-1rc1 revision r12-8321-g621650f64fb6] (GCC)
=== gcc tests ===
Running target unix
FAIL: gcc.dg/analyzer/memcpy-1.c (test for warnings, line 162)
FAIL: gcc.dg/analyzer/memcpy-1.c (test for warnings, line 167)
FAIL: gcc.dg/analyzer/pr104308.c (test for warnings, line 10)
FAIL: gcc.dg/analyzer/pr104308.c (test for warnings, line 17)
FAIL: gcc.dg/analyzer/pr104308.c (test for warnings, line 18)
FAIL: gcc.dg/analyzer/pr104308.c (test for warnings, line 9)
FAIL: gcc.dg/analyzer/taint-size-1.c (test for warnings, line 40)
FAIL: gcc.dg/analyzer/taint-size-1.c event: following true branch at line 23 (test for warnings, line 22)
FAIL: gcc.dg/analyzer/taint-size-1.c event: to here at line 25 (test for warnings, line 24)
FAIL: gcc.dg/analyzer/taint-size-1.c final event at line 29 (test for warnings, line 27)
FAIL: gcc.dg/analyzer/taint-size-1.c warning (test for warnings, line 27)
FAIL: gcc.dg/analyzer/write-to-string-literal-1.c (test for warnings, line 15)
FAIL: gcc.dg/debug/dwarf2/inline4.c scan-assembler DW_TAG_inlined_subroutine[^\\\\(]*\\\\([^\\\\)]*\\\\)[^\\\\(]*\\\\(DIE \\\\(0x[0-9a-f]*\\\\) DW_TAG_formal_parameter[^\\\\(]*\\\\(DIE \\\\(0x[0-9a-f]*\\\\) DW_TAG_variable
FAIL: gcc.dg/Warray-bounds-51.c (test for excess errors)
FAIL: gcc.dg/Wstringop-overflow-14.c (test for excess errors)
FAIL: gcc.dg/Wstringop-overflow-14.c pr102706 (test for warnings, line 40)
FAIL: gcc.dg/ira-loop-pressure.c scan-rtl-dump loop2_invariant "Decided to move invariant"
FAIL: gcc.dg/graphite/scop-19.c scan-tree-dump-times graphite "number of SCoPs: 0" 1
FAIL: gcc.dg/ipa/ipa-icf-38.c scan-ltrans-tree-dump-not optimized "Function bar"
FAIL: gcc-dg-lto-modref-3-01.exe scan-wpa-ipa-dump modref "parm 1 flags: no_direct_clobber no_direct_escape"
FAIL: gcc-dg-lto-modref-4-01.exe scan-wpa-ipa-dump modref "parm 1 flags: no_direct_clobber no_direct_escape"
FAIL: gcc.dg/lto/modref-3 c_lto_modref-3_0.o-c_lto_modref-3_1.o execute -O2 -flto-partition=max -fdump-ipa-modref -fno-ipa-sra -fno-ipa-cp -flto
FAIL: gcc.dg/lto/modref-4 c_lto_modref-4_0.o-c_lto_modref-4_1.o execute -O2 -flto-partition=max -fdump-ipa-modref -fno-ipa-sra -flto
XPASS: gcc.dg/tree-ssa/pr91091-2.c scan-tree-dump-times fre1 " = [^;]*x;" 1
XPASS: gcc.dg/tree-ssa/pr91091-2.c scan-tree-dump-times fre1 "x = " 1
XPASS: gcc.dg/tree-ssa/ssa-fre-77.c scan-tree-dump fre1 "return 1;"
FAIL: outputs-25 exe savetmp named2-4: outputs.args.3
FAIL: outputs-25 exe savetmp named2-4: std out
FAIL: gcc.target/i386/auto-init-5.c scan-assembler-times \\\\.long\\t0 14
FAIL: gcc.target/i386/auto-init-6.c scan-assembler-times long\\t0 8
FAIL: gcc.target/i386/avx2-dest-false-dep-for-glc.c scan-assembler-times vxorps 4
FAIL: gcc.target/i386/harden-sls-4.c scan-assembler jmp[ \\t]+\\\\*_?fptr
FAIL: gcc.target/i386/pr100704-3.c scan-assembler push[lq]\\tfoooo+
FAIL: gcc.target/i386/pr100936.c (test for excess errors)
FAIL: gcc.target/i386/pr11877-2.c scan-assembler-not \\\\\$0,
FAIL: gcc.target/i386/pr11877.c scan-assembler-not \\\\\$0,
FAIL: gcc.target/i386/pr34256.c scan-assembler-times mov 5
FAIL: gcc.target/i386/pr71321.c scan-assembler-not lea.*0
FAIL: gcc.target/i386/pr78035.c scan-assembler-times cmp 2
FAIL: gcc.target/i386/pr90773-1.c scan-assembler-times movq[\\\\t ]+\\\\(%[^,]+\\\\), 1
FAIL: gcc.target/i386/pr91333.c scan-assembler-times vmovapd|vmovsd 3
FAIL: gcc.target/i386/pr92651.c scan-assembler-times sub 2
FAIL: gcc.target/i386/pr98060.c scan-assembler-not set
FAIL: gcc.target/i386/sse2-v1ti-logic-2.c scan-assembler-times por 2
=== gcc Summary ===
# of expected passes 168991
# of unexpected failures 41
# of unexpected successes 3
# of expected failures 1338
# of unsupported tests 3455
/scratch/11-0-sur/gcc-12-wip/gcc/xgcc version 12.0.1 20220429 (prerelease) [gcc-12-1rc1 revision r12-8321-g621650f64fb6] (GCC)
=== gdc tests ===
Running target unix
=== gdc Summary ===
# of expected passes 11867
# of unsupported tests 2
/scratch/11-0-sur/gcc-12-wip/gcc/gdc version 12.0.1 20220429 (prerelease) [gcc-12-1rc1 revision r12-8321-g621650f64fb6] (GCC)
=== gfortran tests ===
Running target unix
=== gfortran Summary ===
# of expected passes 66013
# of expected failures 272
# of unsupported tests 90
/scratch/11-0-sur/gcc-12-wip/gcc/gfortran version 12.0.1 20220429 (prerelease) [gcc-12-1rc1 revision r12-8321-g621650f64fb6] (GCC)
=== gnat tests ===
Running target unix
FAIL: gnat.dg/bias1.adb scan-assembler DW_AT_GNU_bias
FAIL: gnat.dg/debug18.adb scan-assembler-not DW_AT_lower_bound
=== gnat Summary ===
# of expected passes 3369
# of unexpected failures 2
# of expected failures 23
# of unsupported tests 13
/scratch/11-0-sur/gcc-12-wip/gcc/gnatmake version 12.0.1 20220429 (prerelease) [gcc-12-1rc1 revision r12-8321-g621650f64fb6]
=== jit tests ===
Running target unix
FAIL: output-of-test-link-section-assembler.c.s output pattern test, is .text
FAIL: output-of-test-setting-alignment.c.s output pattern test, is .text
FAIL: test-combination.c.exe killed: 59980 exp13 0 0 CHILDKILLED SIGSEGV {segmentation violation}
FAIL: test-threads.c.exe killed: 76940 exp13 0 0 CHILDKILLED SIGSEGV {segmentation violation}
FAIL: test-tls.c.exe killed: 82196 exp13 0 0 CHILDKILLED SIGSEGV {segmentation violation}
=== jit Summary ===
# of expected passes 9419
# of unexpected failures 5
# of unsupported tests 4
=== obj-c++ tests ===
Running target unix
=== obj-c++ Summary ===
# of expected passes 3197
# of expected failures 22
# of unsupported tests 71
/scratch/11-0-sur/gcc-12-wip/gcc/xg++ version 12.0.1 20220429 (prerelease) [gcc-12-1rc1 revision r12-8321-g621650f64fb6] (GCC)
=== objc tests ===
Running target unix
FAIL: objc.dg/headers.m -fnext-runtime (test for excess errors)
=== objc Summary ===
# of expected passes 5749
# of unexpected failures 1
# of expected failures 12
# of unsupported tests 89
/scratch/11-0-sur/gcc-12-wip/gcc/xgcc version 12.0.1 20220429 (prerelease) [gcc-12-1rc1 revision r12-8321-g621650f64fb6] (GCC)
=== libatomic tests ===
Running target unix
=== libatomic Summary ===
# of expected passes 54
=== libgomp tests ===
Running target unix
WARNING: program timed out.
FAIL: libgomp.c++/task-reduction-8.C execution test
FAIL: libgomp.fortran/examples-4/simd-3.f90 -Os execution test
=== libgomp Summary ===
# of expected passes 13912
# of unexpected failures 2
# of expected failures 213
# of unsupported tests 559
=== libitm tests ===
Running target unix
=== libitm Summary ===
# of expected passes 42
# of expected failures 3
# of unsupported tests 2
=== libphobos tests ===
Running target unix
=== libphobos Summary ===
# of expected passes 604
# of unsupported tests 1
=== libstdc++ tests ===
Running target unix
WARNING: 29_atomics/atomic_integral/wait_notify.cc execution test program timed out.
FAIL: 29_atomics/atomic_integral/wait_notify.cc execution test
=== libstdc++ Summary ===
# of expected passes 14207
# of unexpected failures 1
# of expected failures 96
# of unsupported tests 785
Compiler version: 12.0.1 20220429 (prerelease) [gcc-12-1rc1 revision r12-8321-g621650f64fb6] (GCC)
Platform: x86_64-apple-darwin20
configure flags: --prefix=/opt/iains/x86_64-apple-darwin20/gcc-12-1rc1 --build=x86_64-apple-darwin20 --with-sysroot=/Library/Developer/CommandLineTools/SDKs/MacOSX.sdk --enable-languages=all CC=x86_64-apple-darwin20-gcc CXX=x86_64-apple-darwin20-g++ --with-cpu=skylake --enable-libphobos
More information about the Gcc-testresults
mailing list