Results for 12.0.1 20220325 (experimental) [master revision r12-7821-g81faedaa8e28] (GCC) testsuite on i686-apple-darwin17
Iain Sandoe
iains.gcc@gmail.com
Mon Mar 28 12:42:41 GMT 2022
LAST_UPDATED: Sat Mar 26 00:22:11 UTC 2022 (revision r12-7821-g81faedaa8e28)
=== acats tests ===
=== acats Summary ===
# of expected passes 2328
# of unexpected failures 0
Native configuration is i686-apple-darwin17
=== g++ tests ===
Running target unix/-m32
FAIL: c-c++-common/asan/alloca_big_alignment.c -Os output pattern test
FAIL: c-c++-common/asan/alloca_detect_custom_size.c -Os output pattern test
FAIL: c-c++-common/asan/alloca_overflow_partial.c -Os output pattern test
FAIL: c-c++-common/asan/alloca_overflow_right.c -Os output pattern test
FAIL: c-c++-common/asan/alloca_underflow_left.c -Os output pattern test
FAIL: g++.dg/asan/pr69276.C -O0 output pattern test
FAIL: g++.dg/cpp0x/variadic-alias3.C -std=c++14 (internal compiler error: in hashtab_chk_error, at hash-table.cc:137)
FAIL: g++.dg/cpp0x/variadic-alias3.C -std=c++14 (test for excess errors)
FAIL: g++.dg/ext/pr84828.C -std=gnu++14 (internal compiler error: in change_stack, at reg-stack.cc:2660)
FAIL: g++.dg/ext/pr84828.C -std=gnu++14 (test for excess errors)
FAIL: g++.dg/ext/pr84828.C -std=gnu++17 (internal compiler error: in change_stack, at reg-stack.cc:2660)
FAIL: g++.dg/ext/pr84828.C -std=gnu++17 (test for excess errors)
FAIL: g++.dg/ext/pr84828.C -std=gnu++20 (internal compiler error: in change_stack, at reg-stack.cc:2660)
FAIL: g++.dg/ext/pr84828.C -std=gnu++20 (test for excess errors)
FAIL: g++.dg/ext/pr84828.C -std=gnu++98 (internal compiler error: in change_stack, at reg-stack.cc:2660)
FAIL: g++.dg/ext/pr84828.C -std=gnu++98 (test for excess errors)
FAIL: g++.dg/init/array61.C -std=c++14 scan-tree-dump-times gimple "item::item" 1
FAIL: g++.dg/init/array61.C -std=c++17 scan-tree-dump-times gimple "item::item" 1
FAIL: g++.dg/init/array61.C -std=c++20 scan-tree-dump-times gimple "item::item" 1
FAIL: g++.dg/ipa/pr67056.C scan-ipa-dump cp "Speculative outer type:struct CompositeClass"
FAIL: g++.dg/lto/pr65276 cp_lto_pr65276_0.o-cp_lto_pr65276_1.o link, -flto -O0 -std=c++11
=== g++ Summary for unix/-m32 ===
# of expected passes 220784
# of unexpected failures 21
# of expected failures 2083
# of unsupported tests 10345
Running target unix/-m64
FAIL: c-c++-common/asan/alloca_big_alignment.c -Os output pattern test
FAIL: c-c++-common/asan/alloca_detect_custom_size.c -Os output pattern test
FAIL: c-c++-common/asan/alloca_overflow_partial.c -Os output pattern test
FAIL: c-c++-common/asan/alloca_overflow_right.c -Os output pattern test
FAIL: c-c++-common/asan/alloca_underflow_left.c -Os output pattern test
FAIL: g++.dg/asan/pr69276.C -O0 output pattern test
FAIL: g++.dg/init/array61.C -std=c++14 scan-tree-dump-times gimple "item::item" 1
FAIL: g++.dg/init/array61.C -std=c++17 scan-tree-dump-times gimple "item::item" 1
FAIL: g++.dg/init/array61.C -std=c++20 scan-tree-dump-times gimple "item::item" 1
FAIL: g++.dg/ipa/pr67056.C scan-ipa-dump cp "Speculative outer type:struct CompositeClass"
FAIL: g++.dg/lto/pr65276 cp_lto_pr65276_0.o-cp_lto_pr65276_1.o link, -flto -O0 -std=c++11
=== g++ Summary for unix/-m64 ===
# of expected passes 223125
# of unexpected failures 11
# of expected failures 2091
# of unsupported tests 10503
=== g++ Summary ===
# of expected passes 443909
# of unexpected failures 32
# of expected failures 4174
# of unsupported tests 20848
/scratch/10-13-his/gcc-master-i686/gcc/xg++ version 12.0.1 20220325 (experimental) [master revision r12-7821-g81faedaa8e28] (GCC)
=== gcc tests ===
Running target unix/-m32
FAIL: gcc.dg/analyzer/memcpy-1.c (test for warnings, line 162)
FAIL: gcc.dg/analyzer/memcpy-1.c (test for warnings, line 167)
FAIL: gcc.dg/analyzer/taint-size-1.c (test for warnings, line 40)
FAIL: gcc.dg/analyzer/taint-size-1.c event: following true branch at line 23 (test for warnings, line 22)
FAIL: gcc.dg/analyzer/taint-size-1.c event: to here at line 25 (test for warnings, line 24)
FAIL: gcc.dg/analyzer/taint-size-1.c final event at line 29 (test for warnings, line 27)
FAIL: gcc.dg/analyzer/taint-size-1.c warning (test for warnings, line 27)
FAIL: gcc.dg/analyzer/write-to-string-literal-1.c (test for warnings, line 15)
FAIL: c-c++-common/asan/alloca_big_alignment.c -Os output pattern test
FAIL: c-c++-common/asan/alloca_detect_custom_size.c -Os output pattern test
FAIL: c-c++-common/asan/alloca_overflow_partial.c -Os output pattern test
FAIL: c-c++-common/asan/alloca_overflow_right.c -Os output pattern test
FAIL: c-c++-common/asan/alloca_underflow_left.c -Os output pattern test
WARNING: gcc.dg/atomic/c11-atomic-exec-5.c -O0 execution test program timed out.
FAIL: gcc.dg/atomic/c11-atomic-exec-5.c -O0 execution test
WARNING: gcc.dg/atomic/c11-atomic-exec-5.c -O1 execution test program timed out.
FAIL: gcc.dg/atomic/c11-atomic-exec-5.c -O1 execution test
WARNING: gcc.dg/atomic/c11-atomic-exec-5.c -O2 execution test program timed out.
FAIL: gcc.dg/atomic/c11-atomic-exec-5.c -O2 execution test
WARNING: gcc.dg/atomic/c11-atomic-exec-5.c -O2 -flto execution test program timed out.
FAIL: gcc.dg/atomic/c11-atomic-exec-5.c -O2 -flto execution test
WARNING: gcc.dg/atomic/c11-atomic-exec-5.c -O2 -flto -flto-partition=none execution test program timed out.
FAIL: gcc.dg/atomic/c11-atomic-exec-5.c -O2 -flto -flto-partition=none execution test
WARNING: gcc.dg/atomic/c11-atomic-exec-5.c -O3 -fomit-frame-pointer -funroll-loops -fpeel-loops -ftracer -finline-functions execution test program timed out.
FAIL: gcc.dg/atomic/c11-atomic-exec-5.c -O3 -fomit-frame-pointer -funroll-loops -fpeel-loops -ftracer -finline-functions execution test
WARNING: gcc.dg/atomic/c11-atomic-exec-5.c -O3 -g execution test program timed out.
FAIL: gcc.dg/atomic/c11-atomic-exec-5.c -O3 -g execution test
WARNING: gcc.dg/atomic/c11-atomic-exec-5.c -Os execution test program timed out.
FAIL: gcc.dg/atomic/c11-atomic-exec-5.c -Os execution test
FAIL: gcc.dg/debug/dwarf2/inline4.c scan-assembler DW_TAG_inlined_subroutine[^\\\\(]*\\\\([^\\\\)]*\\\\)[^\\\\(]*\\\\(DIE \\\\(0x[0-9a-f]*\\\\) DW_TAG_formal_parameter[^\\\\(]*\\\\(DIE \\\\(0x[0-9a-f]*\\\\) DW_TAG_variable
FAIL: gcc.dg/pr102892-1.c (test for excess errors)
FAIL: c-c++-common/goacc/firstprivate-mappings-1.c scan-tree-dump omplower "(?n)#pragma omp target oacc_parallel map\\\\(from:array_so \\\\[len: 4\\\\]\\\\) firstprivate\\\\(array_li.[0-9]+\\\\) map\\\\(tofrom:\\\\(\\\\*array.[0-9]+\\\\) \\\\[len: D\\\\.[0-9]+\\\\]\\\\) map\\\\(firstprivate:array \\\\[pointer assign, bias: 0\\\\]\\\\) \\\\["
FAIL: gcc.dg/graphite/scop-19.c scan-tree-dump-times graphite "number of SCoPs: 0" 1
FAIL: gcc.dg/ipa/ipa-icf-38.c scan-ltrans-tree-dump-not optimized "Function bar"
FAIL: gcc-dg-lto-modref-3-01.exe scan-wpa-ipa-dump modref "parm 1 flags: no_direct_clobber no_direct_escape"
FAIL: gcc-dg-lto-modref-4-01.exe scan-wpa-ipa-dump modref "parm 1 flags: no_direct_clobber no_direct_escape"
FAIL: gcc.dg/lto/modref-3 c_lto_modref-3_0.o-c_lto_modref-3_1.o execute -O2 -flto-partition=max -fdump-ipa-modref -fno-ipa-sra -fno-ipa-cp -flto
FAIL: gcc.dg/lto/modref-4 c_lto_modref-4_0.o-c_lto_modref-4_1.o execute -O2 -flto-partition=max -fdump-ipa-modref -fno-ipa-sra -flto
FAIL: gcc.dg/torture/builtin-self.c -O0 scan-assembler-not \\tcall
FAIL: gcc.dg/torture/pr100786.c -O0 (test for excess errors)
FAIL: gcc.dg/torture/pr100786.c -O1 (test for excess errors)
FAIL: gcc.dg/torture/pr100786.c -O2 (test for excess errors)
FAIL: gcc.dg/torture/pr100786.c -O2 -flto (test for excess errors)
FAIL: gcc.dg/torture/pr100786.c -O2 -flto -flto-partition=none (test for excess errors)
FAIL: gcc.dg/torture/pr100786.c -O3 -g (test for excess errors)
FAIL: gcc.dg/torture/pr100786.c -Os (test for excess errors)
FAIL: gcc.dg/torture/pr71522.c -O1 (internal compiler error: in extract_insn, at recog.cc:2769)
FAIL: gcc.dg/torture/pr71522.c -O1 (test for excess errors)
UNRESOLVED: gcc.dg/torture/pr71522.c -O1 compilation failed to produce executable
FAIL: gcc.dg/torture/pr71522.c -O2 (internal compiler error: in extract_insn, at recog.cc:2769)
FAIL: gcc.dg/torture/pr71522.c -O2 (test for excess errors)
UNRESOLVED: gcc.dg/torture/pr71522.c -O2 compilation failed to produce executable
FAIL: gcc.dg/torture/pr71522.c -O2 -flto (internal compiler error: in extract_insn, at recog.cc:2769)
FAIL: gcc.dg/torture/pr71522.c -O2 -flto (test for excess errors)
UNRESOLVED: gcc.dg/torture/pr71522.c -O2 -flto compilation failed to produce executable
FAIL: gcc.dg/torture/pr71522.c -O2 -flto -flto-partition=none (internal compiler error: in extract_insn, at recog.cc:2769)
FAIL: gcc.dg/torture/pr71522.c -O2 -flto -flto-partition=none (test for excess errors)
UNRESOLVED: gcc.dg/torture/pr71522.c -O2 -flto -flto-partition=none compilation failed to produce executable
FAIL: gcc.dg/torture/pr71522.c -O3 -g (internal compiler error: in extract_insn, at recog.cc:2769)
FAIL: gcc.dg/torture/pr71522.c -O3 -g (test for excess errors)
UNRESOLVED: gcc.dg/torture/pr71522.c -O3 -g compilation failed to produce executable
FAIL: gcc.dg/torture/pr71522.c -Os (internal compiler error: in extract_insn, at recog.cc:2769)
FAIL: gcc.dg/torture/pr71522.c -Os (test for excess errors)
UNRESOLVED: gcc.dg/torture/pr71522.c -Os compilation failed to produce executable
FAIL: gcc.dg/tree-ssa/scev-3.c scan-tree-dump-times ivopts "&a" 1
FAIL: gcc.dg/tree-ssa/scev-5.c scan-tree-dump-times ivopts "&a" 1
XPASS: gcc.dg/vect/vect-reduc-in-order-1.c -flto -ffat-lto-objects execution test
XPASS: gcc.dg/vect/vect-reduc-in-order-1.c execution test
XPASS: gcc.dg/vect/vect-reduc-in-order-2.c -flto -ffat-lto-objects execution test
XPASS: gcc.dg/vect/vect-reduc-in-order-2.c execution test
XPASS: gcc.dg/vect/vect-reduc-in-order-3.c -flto -ffat-lto-objects execution test
XPASS: gcc.dg/vect/vect-reduc-in-order-3.c execution test
XPASS: gcc.dg/vect/vect-reduc-in-order-4.c -flto -ffat-lto-objects execution test
XPASS: gcc.dg/vect/vect-reduc-in-order-4.c execution test
FAIL: outputs-25 exe savetmp named2-4: outputs.args.3
FAIL: outputs-25 exe savetmp named2-4: std out
FAIL: gcc.target/i386/auto-init-3.c scan-assembler-times fldz 3
FAIL: gcc.target/i386/auto-init-4.c scan-assembler-times long\\t-16843010 3
FAIL: gcc.target/i386/auto-init-5.c scan-assembler-times \\\\.long\\t0 12
FAIL: gcc.target/i386/avx2-dest-false-dep-for-glc.c scan-assembler-times vxorps 4
FAIL: gcc.target/i386/avx2-shiftqihi-constant-2.c (test for excess errors)
UNRESOLVED: gcc.target/i386/avx2-shiftqihi-constant-2.c compilation failed to produce executable
FAIL: gcc.target/i386/avx512bf16-cvtsbh2ss-1.c scan-assembler-times movl 1
FAIL: gcc.target/i386/avx512fp16-pr101846.c scan-assembler-times vpmovdw 3
FAIL: gcc.target/i386/avx512fp16-vcvtsh2si-1a.c scan-assembler-times vcvtsh2si[ \\\\t]+[^{\\n]*%xmm[0-9]+[^\\n\\r]*%eax 1
FAIL: gcc.target/i386/avx512fp16-vcvtsh2si-1a.c scan-assembler-times vcvtsh2si[ \\\\t]+{rn-sae}[^{\\n]*%xmm[0-9]+[^\\n\\r]*%eax 1
FAIL: gcc.target/i386/avx512fp16-vcvtsh2usi-1a.c scan-assembler-times vcvtsh2usi[ \\\\t]+[^{\\n]*%xmm[0-9]+[^\\n\\r]*%eax 1
FAIL: gcc.target/i386/avx512fp16-vcvtsh2usi-1a.c scan-assembler-times vcvtsh2usi[ \\\\t]+{rn-sae}[^{\\n]*%xmm[0-9]+[^\\n\\r]*%eax 1
FAIL: gcc.target/i386/avx512fp16-vcvttsh2si-1a.c scan-assembler-times vcvttsh2si[ \\\\t]+[^{\\n]*%xmm[0-9]+[^\\n\\r]*%eax 1
FAIL: gcc.target/i386/avx512fp16-vcvttsh2si-1a.c scan-assembler-times vcvttsh2si[ \\\\t]+{sae}[^{\\n]*%xmm[0-9]+[^\\n\\r]*%eax 1
FAIL: gcc.target/i386/avx512fp16-vcvttsh2usi-1a.c scan-assembler-times vcvttsh2usi[ \\\\t]+[^{\\n]*%xmm[0-9]+[^\\n\\r]*%eax 1
FAIL: gcc.target/i386/avx512fp16-vcvttsh2usi-1a.c scan-assembler-times vcvttsh2usi[ \\\\t]+{sae}[^{\\n]*%xmm[0-9]+[^\\n\\r]*%eax 1
FAIL: gcc.target/i386/avx512fp16-vmovsh-1a.c scan-assembler-times vmovsh[ \\\\t]+%xmm[0-9]+[^\\n\\r]*%[er]ax+[^\\n\\r]*{%k[0-9]}(?:\\n|[ \\\\t]+#) 1
FAIL: gcc.target/i386/avx512fp16-vmovsh-1a.c scan-assembler-times vmovsh[ \\\\t]+[^\\n\\r]*%[er]ax+[^\\n\\r]*%xmm[0-9]+{%k[0-9]}(?:\\n|[ \\\\t]+#) 1
FAIL: gcc.target/i386/avx512fp16-vmovsh-1a.c scan-assembler-times vmovsh[ \\\\t]+[^\\n\\r]*%[er]ax+[^\\n\\r]*%xmm[0-9]+{%k[0-9]}{z}[^\\n\\r]*(?:\\n|[ \\\\t]+#) 1
XPASS: gcc.target/i386/bitwise_mask_op-3.c scan-assembler-times kmovb[\\t ] 4
XPASS: gcc.target/i386/bitwise_mask_op-3.c scan-assembler-times korb[\\t ] 1
XPASS: gcc.target/i386/bitwise_mask_op-3.c scan-assembler-times kxorb[\\t ] 1
FAIL: gcc.target/i386/harden-sls-4.c scan-assembler jmp[ \\t]+\\\\*_?fptr
FAIL: gcc.target/i386/harden-sls-5.c scan-assembler-times ret 1
FAIL: gcc.target/i386/memcpy-strategy-10.c scan-assembler call\\tmemcpy
FAIL: gcc.target/i386/memcpy-strategy-5.c scan-assembler call\\tmemcpy
FAIL: gcc.target/i386/memset-strategy-5.c scan-assembler call\\tmemset
FAIL: gcc.target/i386/memset-strategy-7.c scan-assembler call\\tmemset
FAIL: gcc.target/i386/pad-3.c scan-assembler-not nop
FAIL: gcc.target/i386/pr100704-3.c scan-assembler push[lq]\\tfoooo+
FAIL: gcc.target/i386/pr100865-2.c scan-assembler-not vmovdqa
FAIL: gcc.target/i386/pr100865-2.c scan-assembler-times vpbroadcastb[\\\\t ]+%xmm[0-9]+, %xmm[0-9]+ 1
FAIL: gcc.target/i386/pr100865-3.c scan-assembler-not vmovdqa
FAIL: gcc.target/i386/pr100865-3.c scan-assembler-times vpbroadcastb[\\\\t ]+%(?:r|e)[^\\n]*, %xmm[0-9]+ 1
FAIL: gcc.target/i386/pr100865-4a.c scan-assembler-not vmovdqa
FAIL: gcc.target/i386/pr100865-4a.c scan-assembler-times vpbroadcastb[\\\\t ]+%xmm[0-9]+, %ymm[0-9]+ 1
FAIL: gcc.target/i386/pr100865-4b.c scan-assembler-not vmovdqa
FAIL: gcc.target/i386/pr100865-4b.c scan-assembler-times vpbroadcastb[\\\\t ]+%(?:r|e)[^\\n]*, %ymm[0-9]+ 1
FAIL: gcc.target/i386/pr100865-5a.c scan-assembler-not vmovdqa
FAIL: gcc.target/i386/pr100865-5a.c scan-assembler-times vpbroadcastw[\\\\t ]+%xmm[0-9]+, %ymm[0-9]+ 1
FAIL: gcc.target/i386/pr100865-5b.c scan-assembler-not vmovdqa
FAIL: gcc.target/i386/pr100865-5b.c scan-assembler-times vpbroadcastw[\\\\t ]+%(?:r|e)[^\\n]*, %ymm[0-9]+ 1
FAIL: gcc.target/i386/pr100865-6a.c scan-assembler-not vmovdqa
FAIL: gcc.target/i386/pr100865-6a.c scan-assembler-times vpbroadcastd[\\\\t ]+%xmm[0-9]+, %ymm[0-9]+ 1
FAIL: gcc.target/i386/pr100865-6b.c scan-assembler-not vmovdqa
FAIL: gcc.target/i386/pr100865-6b.c scan-assembler-times vpbroadcastd[\\\\t ]+%(?:r|e)[^\\n]*, %ymm[0-9]+ 1
FAIL: gcc.target/i386/pr100865-6c.c scan-assembler-not vmovdqa
FAIL: gcc.target/i386/pr100865-6c.c scan-assembler-times vbroadcastss 1
FAIL: gcc.target/i386/pr100865-7b.c scan-assembler-not vmovdqa
FAIL: gcc.target/i386/pr100865-7b.c scan-assembler-times vpbroadcastq[\\\\t ]+[^\\n]*, %ymm[0-9]+ 1
FAIL: gcc.target/i386/pr101796-1.c scan-assembler-not vpsllvw[ \\\\t]
FAIL: gcc.target/i386/pr101796-1.c scan-assembler-not vpsravw[ \\\\t]
FAIL: gcc.target/i386/pr101796-1.c scan-assembler-not vpsrlvw[ \\\\t]
FAIL: gcc.target/i386/pr101796-1.c scan-assembler-times vpsllw[ \\\\t] 1
FAIL: gcc.target/i386/pr101796-1.c scan-assembler-times vpsraw[ \\\\t] 1
FAIL: gcc.target/i386/pr101796-1.c scan-assembler-times vpsrlw[ \\\\t] 1
FAIL: gcc.target/i386/pr101846-2.c scan-assembler-times vpmovdw 3
FAIL: gcc.target/i386/pr101846-2.c scan-assembler-times vpmovqd 3
FAIL: gcc.target/i386/pr101846-2.c scan-assembler-times vpmovwb 3
FAIL: gcc.target/i386/pr101989-broadcast-1.c scan-assembler-times \\\\{1to4\\\\} 4
FAIL: gcc.target/i386/pr102021.c scan-assembler-not vmovdqa
FAIL: gcc.target/i386/pr102021.c scan-assembler-times vpbroadcastq[\\\\t ]+[^\\n]*, %ymm[0-9]+ 1
FAIL: gcc.target/i386/pr102230.c scan-assembler-times movq[\\\\t ]*%mm2, %mm0 1
FAIL: gcc.target/i386/pr11877-2.c scan-assembler-not \\\\\$0,
FAIL: gcc.target/i386/pr11877.c scan-assembler-not \\\\\$0,
FAIL: gcc.target/i386/pr15184-1.c scan-assembler-times movb[ \\\\t]+%al 4
FAIL: gcc.target/i386/pr15184-2.c scan-assembler-times movb[ \\\\t]+%al 2
FAIL: gcc.target/i386/pr36502.c scan-assembler-not esp
FAIL: gcc.target/i386/pr54855-3.c scan-assembler-not movsd
FAIL: gcc.target/i386/pr54855-7.c scan-assembler-not movss
FAIL: gcc.target/i386/pr64110.c scan-assembler vmovd[\\\\t ]
FAIL: gcc.target/i386/pr66334.c scan-assembler movl[ \\\\t].+, %ebx
FAIL: gcc.target/i386/pr71321.c scan-assembler-not lea.*0
FAIL: gcc.target/i386/pr78035.c scan-assembler-times cmp 2
FAIL: gcc.target/i386/pr81736-5.c scan-assembler-not %[re]bp
FAIL: gcc.target/i386/pr84278.c scan-assembler-not \\\\(%.sp\\\\)
FAIL: gcc.target/i386/pr85667-6.c scan-assembler-times flds[^\\n\\r]* 1
FAIL: gcc.target/i386/pr90773-17.c scan-assembler-times vpbroadcastb 1
FAIL: gcc.target/i386/pr90773-2.c scan-assembler-times movl[\\\\t ]+\\\\(%[^,]+\\\\), 1
FAIL: gcc.target/i386/pr90773-3.c scan-assembler-times movl[\\\\t ]+\\\\(%[^,]+\\\\), 1
FAIL: gcc.target/i386/pr92651.c scan-assembler-times sub 2
FAIL: gcc.target/i386/pr97873-1.c scan-assembler pabsq
FAIL: gcc.target/i386/pr98060.c scan-assembler-not set
FAIL: gcc.target/i386/ret-thunk-22.c scan-assembler call[ \\\\t]*___x86.get_pc_thunk.cx
FAIL: gcc.target/i386/ret-thunk-23.c scan-assembler call[ \\\\t]*___x86.get_pc_thunk.cx
FAIL: gcc.target/i386/ret-thunk-24.c scan-assembler call[ \\\\t]*___x86.get_pc_thunk.cx
FAIL: gcc.target/i386/vect8-ret.c scan-assembler-times movq 1
=== gcc Summary for unix/-m32 ===
# of expected passes 163130
# of unexpected failures 137
# of unexpected successes 11
# of expected failures 1381
# of unresolved testcases 7
# of unsupported tests 5338
Running target unix/-m64
FAIL: gcc.dg/analyzer/memcpy-1.c (test for warnings, line 162)
FAIL: gcc.dg/analyzer/memcpy-1.c (test for warnings, line 167)
FAIL: gcc.dg/analyzer/taint-size-1.c (test for warnings, line 40)
FAIL: gcc.dg/analyzer/taint-size-1.c event: following true branch at line 23 (test for warnings, line 22)
FAIL: gcc.dg/analyzer/taint-size-1.c event: to here at line 25 (test for warnings, line 24)
FAIL: gcc.dg/analyzer/taint-size-1.c final event at line 29 (test for warnings, line 27)
FAIL: gcc.dg/analyzer/taint-size-1.c warning (test for warnings, line 27)
FAIL: gcc.dg/analyzer/write-to-string-literal-1.c (test for warnings, line 15)
FAIL: c-c++-common/asan/alloca_big_alignment.c -Os output pattern test
FAIL: c-c++-common/asan/alloca_detect_custom_size.c -Os output pattern test
FAIL: c-c++-common/asan/alloca_overflow_partial.c -Os output pattern test
FAIL: c-c++-common/asan/alloca_overflow_right.c -Os output pattern test
FAIL: c-c++-common/asan/alloca_underflow_left.c -Os output pattern test
WARNING: gcc.dg/atomic/c11-atomic-exec-5.c -O0 execution test program timed out.
FAIL: gcc.dg/atomic/c11-atomic-exec-5.c -O0 execution test
WARNING: gcc.dg/atomic/c11-atomic-exec-5.c -O1 execution test program timed out.
FAIL: gcc.dg/atomic/c11-atomic-exec-5.c -O1 execution test
WARNING: gcc.dg/atomic/c11-atomic-exec-5.c -O2 execution test program timed out.
FAIL: gcc.dg/atomic/c11-atomic-exec-5.c -O2 execution test
WARNING: gcc.dg/atomic/c11-atomic-exec-5.c -O2 -flto execution test program timed out.
FAIL: gcc.dg/atomic/c11-atomic-exec-5.c -O2 -flto execution test
WARNING: gcc.dg/atomic/c11-atomic-exec-5.c -O2 -flto -flto-partition=none execution test program timed out.
FAIL: gcc.dg/atomic/c11-atomic-exec-5.c -O2 -flto -flto-partition=none execution test
WARNING: gcc.dg/atomic/c11-atomic-exec-5.c -O3 -fomit-frame-pointer -funroll-loops -fpeel-loops -ftracer -finline-functions execution test program timed out.
FAIL: gcc.dg/atomic/c11-atomic-exec-5.c -O3 -fomit-frame-pointer -funroll-loops -fpeel-loops -ftracer -finline-functions execution test
WARNING: gcc.dg/atomic/c11-atomic-exec-5.c -O3 -g execution test program timed out.
FAIL: gcc.dg/atomic/c11-atomic-exec-5.c -O3 -g execution test
WARNING: gcc.dg/atomic/c11-atomic-exec-5.c -Os execution test program timed out.
FAIL: gcc.dg/atomic/c11-atomic-exec-5.c -Os execution test
FAIL: gcc.dg/debug/dwarf2/inline4.c scan-assembler DW_TAG_inlined_subroutine[^\\\\(]*\\\\([^\\\\)]*\\\\)[^\\\\(]*\\\\(DIE \\\\(0x[0-9a-f]*\\\\) DW_TAG_formal_parameter[^\\\\(]*\\\\(DIE \\\\(0x[0-9a-f]*\\\\) DW_TAG_variable
FAIL: gcc.dg/strlenopt-82.c scan-tree-dump-times optimized "call_in_true_branch_not_eliminated_" 0
FAIL: gcc.dg/graphite/scop-19.c scan-tree-dump-times graphite "number of SCoPs: 0" 1
FAIL: gcc.dg/ipa/ipa-icf-38.c scan-ltrans-tree-dump-not optimized "Function bar"
FAIL: gcc-dg-lto-modref-3-01.exe scan-wpa-ipa-dump modref "parm 1 flags: no_direct_clobber no_direct_escape"
FAIL: gcc-dg-lto-modref-4-01.exe scan-wpa-ipa-dump modref "parm 1 flags: no_direct_clobber no_direct_escape"
FAIL: gcc.dg/lto/modref-3 c_lto_modref-3_0.o-c_lto_modref-3_1.o execute -O2 -flto-partition=max -fdump-ipa-modref -fno-ipa-sra -fno-ipa-cp -flto
FAIL: gcc.dg/lto/modref-4 c_lto_modref-4_0.o-c_lto_modref-4_1.o execute -O2 -flto-partition=max -fdump-ipa-modref -fno-ipa-sra -flto
FAIL: gcc.dg/torture/pr100786.c -O0 (test for excess errors)
FAIL: gcc.dg/torture/pr100786.c -O1 (test for excess errors)
FAIL: gcc.dg/torture/pr100786.c -O2 (test for excess errors)
FAIL: gcc.dg/torture/pr100786.c -O2 -flto (test for excess errors)
FAIL: gcc.dg/torture/pr100786.c -O2 -flto -flto-partition=none (test for excess errors)
FAIL: gcc.dg/torture/pr100786.c -O3 -g (test for excess errors)
FAIL: gcc.dg/torture/pr100786.c -Os (test for excess errors)
XPASS: gcc.dg/tree-ssa/builtin-snprintf-6.c scan-tree-dump-times optimized "Function test_assign_aggregate" 1
XPASS: gcc.dg/tree-ssa/pr91091-2.c scan-tree-dump-times fre1 " = [^;]*x;" 1
XPASS: gcc.dg/tree-ssa/pr91091-2.c scan-tree-dump-times fre1 "x = " 1
XPASS: gcc.dg/tree-ssa/ssa-fre-77.c scan-tree-dump fre1 "return 1;"
FAIL: gcc.dg/vect/costmodel/x86_64/costmodel-pr104582-2.c scan-tree-dump-not slp2 "basic block part vectorized"
FAIL: outputs-25 exe savetmp named2-4: outputs.args.3
FAIL: outputs-25 exe savetmp named2-4: std out
FAIL: gcc.target/i386/auto-init-4.c scan-assembler-times long\\t-16843010 5
FAIL: gcc.target/i386/auto-init-5.c scan-assembler-times \\\\.long\\t0 14
FAIL: gcc.target/i386/auto-init-6.c scan-assembler-times long\\t0 8
FAIL: gcc.target/i386/avx2-dest-false-dep-for-glc.c scan-assembler-times vxorps 4
FAIL: gcc.target/i386/avx2-shiftqihi-constant-2.c (test for excess errors)
UNRESOLVED: gcc.target/i386/avx2-shiftqihi-constant-2.c compilation failed to produce executable
FAIL: gcc.target/i386/avx512bw-pr103750-2.c scan-assembler-not kmov
FAIL: gcc.target/i386/avx512bw-pr88465.c scan-assembler-times kxnor[dq][ \\t] 2
FAIL: gcc.target/i386/avx512dq-pr88465.c scan-assembler-times kxnorb[ \\t] 1
FAIL: gcc.target/i386/avx512f-pr103750-2.c scan-assembler-not kmov
FAIL: gcc.target/i386/avx512f-pr88465.c scan-assembler-times kxnorw[ \\t] 1
FAIL: gcc.target/i386/avx512fp16-pr103750-2.c scan-assembler-not kmov
XPASS: gcc.target/i386/bitwise_mask_op-3.c scan-assembler-times kmovb[\\t ] 4
XPASS: gcc.target/i386/bitwise_mask_op-3.c scan-assembler-times korb[\\t ] 1
XPASS: gcc.target/i386/bitwise_mask_op-3.c scan-assembler-times kxorb[\\t ] 1
FAIL: gcc.target/i386/harden-sls-4.c scan-assembler jmp[ \\t]+\\\\*_?fptr
FAIL: gcc.target/i386/memcpy-strategy-10.c scan-assembler jmp\\tmemcpy
FAIL: gcc.target/i386/memcpy-strategy-5.c scan-assembler jmp\\tmemcpy
FAIL: gcc.target/i386/memset-strategy-5.c scan-assembler jmp\\tmemset
FAIL: gcc.target/i386/memset-strategy-7.c scan-assembler jmp\\tmemset
FAIL: gcc.target/i386/pr100704-3.c scan-assembler push[lq]\\tfoooo+
FAIL: gcc.target/i386/pr100936.c (test for excess errors)
FAIL: gcc.target/i386/pr104704-1.c (test for excess errors)
UNRESOLVED: gcc.target/i386/pr104704-1.c compilation failed to produce executable
FAIL: gcc.target/i386/pr104704-4.c (test for excess errors)
UNRESOLVED: gcc.target/i386/pr104704-4.c compilation failed to produce executable
FAIL: gcc.target/i386/pr11877-2.c scan-assembler-not \\\\\$0,
FAIL: gcc.target/i386/pr11877.c scan-assembler-not \\\\\$0,
FAIL: gcc.target/i386/pr34256.c scan-assembler-times mov 5
FAIL: gcc.target/i386/pr71321.c scan-assembler-not lea.*0
FAIL: gcc.target/i386/pr78035.c scan-assembler-times cmp 2
FAIL: gcc.target/i386/pr90773-1.c scan-assembler-times movq[\\\\t ]+\\\\(%[^,]+\\\\), 1
FAIL: gcc.target/i386/pr92651.c scan-assembler-times sub 2
FAIL: gcc.target/i386/pr94650.c scan-assembler-not movabs
FAIL: gcc.target/i386/pr94650.c scan-assembler-times shr 3
FAIL: gcc.target/i386/pr98060.c scan-assembler-not set
FAIL: gcc.target/i386/sse2-v1ti-logic-2.c scan-assembler-times por 2
FAIL: gcc.target/i386/stackalign/pr88483-1.c -mno-stackrealign scan-assembler-not and[lq]?[^\\\\n]*-[0-9]+,[^\\\\n]*sp
FAIL: gcc.target/i386/stackalign/pr88483-1.c -mstackrealign scan-assembler-not and[lq]?[^\\\\n]*-[0-9]+,[^\\\\n]*sp
=== gcc Summary for unix/-m64 ===
# of expected passes 166035
# of unexpected failures 72
# of unexpected successes 7
# of expected failures 1377
# of unresolved testcases 3
# of unsupported tests 4808
=== gcc Summary ===
# of expected passes 329165
# of unexpected failures 209
# of unexpected successes 18
# of expected failures 2758
# of unresolved testcases 10
# of unsupported tests 10146
/scratch/10-13-his/gcc-master-i686/gcc/xgcc version 12.0.1 20220325 (experimental) [master revision r12-7821-g81faedaa8e28] (GCC)
=== gfortran tests ===
Running target unix/-m32
FAIL: gfortran.dg/unlimited_polymorphic_3.f03 -Os execution test
FAIL: gfortran.dg/vector_subscript_1.f90 -O1 execution test
FAIL: gfortran.dg/vector_subscript_1.f90 -O2 execution test
FAIL: gfortran.dg/vector_subscript_1.f90 -O3 -fomit-frame-pointer -funroll-loops -fpeel-loops -ftracer -finline-functions execution test
FAIL: gfortran.dg/vector_subscript_1.f90 -O3 -g execution test
FAIL: gfortran.dg/vector_subscript_1.f90 -Os execution test
=== gfortran Summary for unix/-m32 ===
# of expected passes 65450
# of unexpected failures 6
# of expected failures 274
# of unsupported tests 238
Running target unix/-m64
FAIL: gfortran.dg/unlimited_polymorphic_3.f03 -Os execution test
FAIL: gfortran.dg/vector_subscript_1.f90 -O1 execution test
FAIL: gfortran.dg/vector_subscript_1.f90 -O2 execution test
FAIL: gfortran.dg/vector_subscript_1.f90 -O3 -fomit-frame-pointer -funroll-loops -fpeel-loops -ftracer -finline-functions execution test
FAIL: gfortran.dg/vector_subscript_1.f90 -O3 -g execution test
FAIL: gfortran.dg/vector_subscript_1.f90 -Os execution test
=== gfortran Summary for unix/-m64 ===
# of expected passes 65760
# of unexpected failures 6
# of expected failures 272
# of unsupported tests 92
=== gfortran Summary ===
# of expected passes 131210
# of unexpected failures 12
# of expected failures 546
# of unsupported tests 330
/scratch/10-13-his/gcc-master-i686/gcc/gfortran version 12.0.1 20220325 (experimental) [master revision r12-7821-g81faedaa8e28] (GCC)
=== gnat tests ===
Running target unix/-m32
FAIL: gnat.dg/bias1.adb scan-assembler DW_AT_GNU_bias
FAIL: gnat.dg/debug18.adb scan-assembler-not DW_AT_lower_bound
=== gnat Summary for unix/-m32 ===
# of expected passes 3364
# of unexpected failures 2
# of expected failures 23
# of unsupported tests 15
Running target unix/-m64
FAIL: gnat.dg/bias1.adb scan-assembler DW_AT_GNU_bias
FAIL: gnat.dg/debug18.adb scan-assembler-not DW_AT_lower_bound
=== gnat Summary for unix/-m64 ===
# of expected passes 3365
# of unexpected failures 2
# of expected failures 23
# of unsupported tests 13
=== gnat Summary ===
# of expected passes 6729
# of unexpected failures 4
# of expected failures 46
# of unsupported tests 28
/scratch/10-13-his/gcc-master-i686/gcc/gnatmake version 12.0.1 20220325 (experimental) [master revision r12-7821-g81faedaa8e28]
=== obj-c++ tests ===
Running target unix/-m64
=== obj-c++ Summary for unix/-m64 ===
# of expected passes 3198
# of expected failures 22
# of unsupported tests 71
Running target unix/-m32
=== obj-c++ Summary for unix/-m32 ===
# of expected passes 3232
# of expected failures 4
# of unsupported tests 69
=== obj-c++ Summary ===
# of expected passes 6430
# of expected failures 26
# of unsupported tests 140
/scratch/10-13-his/gcc-master-i686/gcc/xg++ version 12.0.1 20220325 (experimental) [master revision r12-7821-g81faedaa8e28] (GCC)
=== objc tests ===
Running target unix/-m32
=== objc Summary for unix/-m32 ===
# of expected passes 5774
# of expected failures 7
# of unsupported tests 86
Running target unix/-m64
=== objc Summary for unix/-m64 ===
# of expected passes 5750
# of expected failures 13
# of unsupported tests 89
=== objc Summary ===
# of expected passes 11524
# of expected failures 20
# of unsupported tests 175
/scratch/10-13-his/gcc-master-i686/gcc/xgcc version 12.0.1 20220325 (experimental) [master revision r12-7821-g81faedaa8e28] (GCC)
=== libatomic tests ===
Running target unix/-m64
=== libatomic Summary for unix/-m64 ===
# of expected passes 54
Running target unix/-m32
=== libatomic Summary for unix/-m32 ===
# of expected passes 44
# of unsupported tests 5
=== libatomic Summary ===
# of expected passes 98
# of unsupported tests 5
=== libgomp tests ===
Running target unix/-m64
WARNING: program timed out.
FAIL: libgomp.c++/task-reduction-10.C execution test
WARNING: program timed out.
FAIL: libgomp.c++/task-reduction-8.C execution test
=== libgomp Summary for unix/-m64 ===
# of expected passes 13692
# of unexpected failures 2
# of expected failures 213
# of unsupported tests 633
Running target unix/-m32
=== libgomp Summary for unix/-m32 ===
# of expected passes 13693
# of expected failures 213
# of unsupported tests 634
=== libgomp Summary ===
# of expected passes 27385
# of unexpected failures 2
# of expected failures 426
# of unsupported tests 1267
=== libitm tests ===
Running target unix/-m64
=== libitm Summary for unix/-m64 ===
# of expected passes 42
# of expected failures 3
# of unsupported tests 2
Running target unix/-m32
=== libitm Summary for unix/-m32 ===
# of expected passes 42
# of expected failures 3
# of unsupported tests 2
=== libitm Summary ===
# of expected passes 84
# of expected failures 6
# of unsupported tests 4
=== libstdc++ tests ===
Running target unix/-m32
FAIL: 21_strings/basic_string/allocator/char/operator_plus.cc (test for excess errors)
WARNING: 29_atomics/atomic_integral/wait_notify.cc execution test program timed out.
FAIL: 29_atomics/atomic_integral/wait_notify.cc execution test
WARNING: 30_threads/barrier/arrive_and_wait.cc execution test program timed out.
FAIL: 30_threads/barrier/arrive_and_wait.cc execution test
WARNING: 30_threads/future/members/93456.cc execution test program timed out.
FAIL: 30_threads/future/members/93456.cc execution test
FAIL: std/ranges/access/ssize.cc (test for excess errors)
UNRESOLVED: std/ranges/access/ssize.cc compilation failed to produce executable
=== libstdc++ Summary for unix/-m32 ===
# of expected passes 14156
# of unexpected failures 5
# of expected failures 96
# of unresolved testcases 1
# of unsupported tests 780
Running target unix/-m64
WARNING: 29_atomics/atomic_integral/wait_notify.cc execution test program timed out.
FAIL: 29_atomics/atomic_integral/wait_notify.cc execution test
WARNING: 30_threads/barrier/arrive_and_wait.cc execution test program timed out.
FAIL: 30_threads/barrier/arrive_and_wait.cc execution test
WARNING: 30_threads/barrier/completion.cc execution test program timed out.
FAIL: 30_threads/barrier/completion.cc execution test
=== libstdc++ Summary for unix/-m64 ===
# of expected passes 14153
# of unexpected failures 3
# of expected failures 96
# of unsupported tests 783
=== libstdc++ Summary ===
# of expected passes 28309
# of unexpected failures 8
# of expected failures 192
# of unresolved testcases 1
# of unsupported tests 1563
Compiler version: 12.0.1 20220325 (experimental) [master revision r12-7821-g81faedaa8e28] (GCC)
Platform: i686-apple-darwin17
configure flags: --prefix=/opt/iains/i686-apple-darwin17/gcc-12-0-1 --build=i686-apple-darwin17 --with-sysroot=/Library/Developer/CommandLineTools/SDKs/MacOSX.sdk --enable-languages=all CC='x86_64-apple-darwin17-gcc -m32' CXX='x86_64-apple-darwin17-g++ -m32'
More information about the Gcc-testresults
mailing list