Results for 12.0.1 20220325 (experimental) [master 5f6197d7c197f9d2b7fb2e1a19dac39a023755e8] (GCC) testsuite on x86_64-pc-solaris2.11
Rainer Orth
ro@CeBiTec.Uni-Bielefeld.DE
Sun Mar 27 17:18:32 GMT 2022
LAST_UPDATED: Fri Mar 25 09:53:20 UTC 2022 (revision 5f6197d7c197f9d2b7fb2e1a19dac39a023755e8)
Native configuration is x86_64-pc-solaris2.11
=== libatomic tests ===
Running target unix/-m32
=== libatomic Summary for unix/-m32 ===
# of expected passes 44
# of unsupported tests 5
Running target unix
=== libatomic Summary for unix ===
# of expected passes 54
=== libatomic Summary ===
# of expected passes 98
# of unsupported tests 5
=== libffi tests ===
Running target unix/-m32
=== libffi Summary for unix/-m32 ===
# of expected passes 3764
Running target unix
=== libffi Summary for unix ===
# of expected passes 2304
=== libffi Summary ===
# of expected passes 6068
=== libgo tests ===
Running target unix
=== libgo Summary for unix ===
# of expected passes 196
Running target unix/-m32
FAIL: runtime/pprof
=== libgo Summary for unix/-m32 ===
# of expected passes 195
# of unexpected failures 1
=== libgo Summary ===
# of expected passes 391
# of unexpected failures 1
/var/gcc/regression/master/11.4-gcc-64/build/./gcc/gccgo version 12.0.1 20220325 (experimental) [master 5f6197d7c197f9d2b7fb2e1a19dac39a023755e8] (GCC)
=== libgomp tests ===
Running target unix
WARNING: libgomp.c++/task-reduction-10.C execution test program timed out.
FAIL: libgomp.c++/task-reduction-10.C execution test
WARNING: libgomp.c++/task-reduction-11.C execution test program timed out.
FAIL: libgomp.c++/task-reduction-11.C execution test
WARNING: libgomp.c++/task-reduction-13.C execution test program timed out.
FAIL: libgomp.c++/task-reduction-13.C execution test
WARNING: libgomp.c++/task-reduction-8.C execution test program timed out.
FAIL: libgomp.c++/task-reduction-8.C execution test
=== libgomp Summary for unix ===
# of expected passes 13700
# of unexpected failures 4
# of expected failures 213
# of unsupported tests 629
Running target unix/-m32
WARNING: libgomp.c++/task-reduction-8.C execution test program timed out.
FAIL: libgomp.c++/task-reduction-8.C execution test
FAIL: libgomp.fortran/pointer2.f90 -O2 execution test
FAIL: libgomp.fortran/pointer2.f90 -O3 -fomit-frame-pointer -funroll-loops -fpeel-loops -ftracer -finline-functions execution test
FAIL: libgomp.fortran/pointer2.f90 -O3 -g execution test
=== libgomp Summary for unix/-m32 ===
# of expected passes 13699
# of unexpected failures 4
# of expected failures 213
# of unsupported tests 630
=== libgomp Summary ===
# of expected passes 27399
# of unexpected failures 8
# of expected failures 426
# of unsupported tests 1259
=== libitm tests ===
Running target unix/-m32
=== libitm Summary for unix/-m32 ===
# of expected passes 44
# of expected failures 3
# of unsupported tests 1
Running target unix
=== libitm Summary for unix ===
# of expected passes 44
# of expected failures 3
# of unsupported tests 1
=== libitm Summary ===
# of expected passes 88
# of expected failures 6
# of unsupported tests 2
=== libphobos tests ===
Running target unix
WARNING: libphobos.gc/startbackgc.d execution test program timed out.
FAIL: libphobos.gc/startbackgc.d execution test
FAIL: libphobos.phobos/std/complex.d execution test
FAIL: libphobos.phobos/std/conv.d execution test
FAIL: libphobos.phobos/std/datetime/date.d execution test
FAIL: libphobos.phobos/std/datetime/interval.d execution test
FAIL: libphobos.phobos/std/datetime/systime.d execution test
FAIL: libphobos.phobos/std/datetime/timezone.d execution test
FAIL: libphobos.phobos/std/experimental/allocator/building_blocks/region.d execution test
FAIL: libphobos.phobos/std/file.d execution test
FAIL: libphobos.phobos/std/format/internal/floats.d execution test
FAIL: libphobos.phobos/std/format/internal/write.d execution test
FAIL: libphobos.phobos/std/format/package.d execution test
FAIL: libphobos.phobos/std/format/write.d execution test
FAIL: libphobos.phobos/std/math/hardware.d execution test
FAIL: libphobos.phobos/std/parallelism.d execution test
FAIL: libphobos.phobos/std/typecons.d execution test
FAIL: libphobos.phobos/std/variant.d execution test
FAIL: libphobos.phobos_shared/std/complex.d execution test
FAIL: libphobos.phobos_shared/std/conv.d execution test
FAIL: libphobos.phobos_shared/std/datetime/date.d execution test
FAIL: libphobos.phobos_shared/std/datetime/interval.d execution test
FAIL: libphobos.phobos_shared/std/datetime/systime.d execution test
FAIL: libphobos.phobos_shared/std/datetime/timezone.d execution test
FAIL: libphobos.phobos_shared/std/experimental/allocator/building_blocks/region.d execution test
FAIL: libphobos.phobos_shared/std/file.d execution test
FAIL: libphobos.phobos_shared/std/format/internal/floats.d execution test
FAIL: libphobos.phobos_shared/std/format/internal/write.d execution test
FAIL: libphobos.phobos_shared/std/format/package.d execution test
FAIL: libphobos.phobos_shared/std/format/write.d execution test
FAIL: libphobos.phobos_shared/std/math/hardware.d execution test
FAIL: libphobos.phobos_shared/std/parallelism.d execution test
FAIL: libphobos.phobos_shared/std/typecons.d execution test
FAIL: libphobos.phobos_shared/std/variant.d execution test
FAIL: libphobos.shared/finalize.d -shared-libphobos -ldl execution test
FAIL: libphobos.shared/load.d -shared-libphobos -ldl execution test
FAIL: libphobos.shared/load_13414.d -shared-libphobos -ldl execution test
=== libphobos Summary for unix ===
# of expected passes 1066
# of unexpected failures 36
Running target unix/-m32
WARNING: libphobos.gc/forkgc2.d execution test program timed out.
FAIL: libphobos.gc/forkgc2.d execution test
WARNING: libphobos.gc/startbackgc.d execution test program timed out.
FAIL: libphobos.gc/startbackgc.d execution test
FAIL: libphobos.phobos/std/complex.d execution test
FAIL: libphobos.phobos/std/conv.d execution test
FAIL: libphobos.phobos/std/datetime/systime.d execution test
FAIL: libphobos.phobos/std/datetime/timezone.d execution test
FAIL: libphobos.phobos/std/experimental/allocator/building_blocks/region.d execution test
FAIL: libphobos.phobos/std/format/internal/floats.d execution test
FAIL: libphobos.phobos/std/format/internal/write.d execution test
FAIL: libphobos.phobos/std/format/package.d execution test
FAIL: libphobos.phobos/std/format/write.d execution test
FAIL: libphobos.phobos/std/math/hardware.d execution test
FAIL: libphobos.phobos/std/parallelism.d execution test
FAIL: libphobos.phobos/std/typecons.d execution test
FAIL: libphobos.phobos/std/variant.d execution test
FAIL: libphobos.phobos_shared/std/complex.d execution test
FAIL: libphobos.phobos_shared/std/conv.d execution test
FAIL: libphobos.phobos_shared/std/datetime/date.d execution test
FAIL: libphobos.phobos_shared/std/datetime/interval.d execution test
FAIL: libphobos.phobos_shared/std/datetime/systime.d execution test
FAIL: libphobos.phobos_shared/std/datetime/timezone.d execution test
FAIL: libphobos.phobos_shared/std/experimental/allocator/building_blocks/region.d execution test
FAIL: libphobos.phobos_shared/std/format/internal/floats.d execution test
FAIL: libphobos.phobos_shared/std/format/internal/write.d execution test
FAIL: libphobos.phobos_shared/std/format/package.d execution test
FAIL: libphobos.phobos_shared/std/format/write.d execution test
FAIL: libphobos.phobos_shared/std/math/hardware.d execution test
FAIL: libphobos.phobos_shared/std/parallelism.d execution test
FAIL: libphobos.phobos_shared/std/typecons.d execution test
FAIL: libphobos.phobos_shared/std/variant.d execution test
FAIL: libphobos.shared/finalize.d -shared-libphobos -ldl execution test
FAIL: libphobos.shared/load.d -shared-libphobos -ldl execution test
FAIL: libphobos.shared/load_13414.d -shared-libphobos -ldl execution test
=== libphobos Summary for unix/-m32 ===
# of expected passes 1069
# of unexpected failures 33
=== libphobos Summary ===
# of expected passes 2135
# of unexpected failures 69
=== libstdc++ tests ===
Running target unix
FAIL: 27_io/filesystem/iterators/error_reporting.cc (test for excess errors)
WARNING: 29_atomics/atomic_float/wait_notify.cc execution test program timed out.
FAIL: 29_atomics/atomic_float/wait_notify.cc execution test
WARNING: 29_atomics/atomic_integral/wait_notify.cc execution test program timed out.
FAIL: 29_atomics/atomic_integral/wait_notify.cc execution test
WARNING: 30_threads/barrier/completion.cc execution test program timed out.
FAIL: 30_threads/barrier/completion.cc execution test
FAIL: 30_threads/future/members/poll.cc execution test
=== libstdc++ Summary for unix ===
# of expected passes 15060
# of unexpected failures 5
# of expected failures 96
# of unsupported tests 743
Running target unix/-m32
FAIL: 27_io/filesystem/iterators/error_reporting.cc (test for excess errors)
WARNING: 29_atomics/atomic_integral/wait_notify.cc execution test program timed out.
FAIL: 29_atomics/atomic_integral/wait_notify.cc execution test
WARNING: 30_threads/barrier/completion.cc execution test program timed out.
FAIL: 30_threads/barrier/completion.cc execution test
FAIL: 30_threads/future/members/poll.cc execution test
FAIL: ext/random/k_distribution/operators/serialize.cc execution test
=== libstdc++ Summary for unix/-m32 ===
# of expected passes 15072
# of unexpected failures 5
# of expected failures 96
# of unsupported tests 737
=== libstdc++ Summary ===
# of expected passes 30132
# of unexpected failures 10
# of expected failures 192
# of unsupported tests 1480
=== acats tests ===
=== acats Summary ===
# of expected passes 2328
# of unexpected failures 0
=== g++ tests ===
Running target unix
FAIL: g++.dg/cpp0x/variadic-alias3.C -std=c++14 (internal compiler error: in hashtab_chk_error, at hash-table.cc:137)
FAIL: g++.dg/cpp0x/variadic-alias3.C -std=c++14 (test for excess errors)
FAIL: g++.dg/gcov/pr16855-priority.C -std=gnu++14 gcov: 12 failures in line counts, 0 in branch percentages, 0 in return percentages, 0 in intermediate format
FAIL: g++.dg/gcov/pr16855-priority.C -std=gnu++14 line 14: is 2:should be 1
FAIL: g++.dg/gcov/pr16855-priority.C -std=gnu++14 line 21: is 2:should be 1
FAIL: g++.dg/gcov/pr16855-priority.C -std=gnu++14 line 23: is #####:should be 1
FAIL: g++.dg/gcov/pr16855-priority.C -std=gnu++14 line 37: is 2:should be 1
FAIL: g++.dg/gcov/pr16855-priority.C -std=gnu++14 line 43: is 2:should be 1
FAIL: g++.dg/gcov/pr16855-priority.C -std=gnu++14 line 48: is 2:should be 1
FAIL: g++.dg/gcov/pr16855-priority.C -std=gnu++14 line 53: is 2:should be 1
FAIL: g++.dg/gcov/pr16855-priority.C -std=gnu++14 line 58: is 2:should be 1
FAIL: g++.dg/gcov/pr16855-priority.C -std=gnu++14 line 63: is 2:should be 1
FAIL: g++.dg/gcov/pr16855-priority.C -std=gnu++14 line 68: is 2:should be 1
FAIL: g++.dg/gcov/pr16855-priority.C -std=gnu++14 line 73: is 2:should be 1
FAIL: g++.dg/gcov/pr16855-priority.C -std=gnu++14 line 78: is 2:should be 1
FAIL: g++.dg/gcov/pr16855-priority.C -std=gnu++17 gcov: 12 failures in line counts, 0 in branch percentages, 0 in return percentages, 0 in intermediate format
FAIL: g++.dg/gcov/pr16855-priority.C -std=gnu++17 line 14: is 3:should be 1
FAIL: g++.dg/gcov/pr16855-priority.C -std=gnu++17 line 21: is 3:should be 1
FAIL: g++.dg/gcov/pr16855-priority.C -std=gnu++17 line 23: is #####:should be 1
FAIL: g++.dg/gcov/pr16855-priority.C -std=gnu++17 line 37: is 3:should be 1
FAIL: g++.dg/gcov/pr16855-priority.C -std=gnu++17 line 43: is 3:should be 1
FAIL: g++.dg/gcov/pr16855-priority.C -std=gnu++17 line 48: is 3:should be 1
FAIL: g++.dg/gcov/pr16855-priority.C -std=gnu++17 line 53: is 3:should be 1
FAIL: g++.dg/gcov/pr16855-priority.C -std=gnu++17 line 58: is 3:should be 1
FAIL: g++.dg/gcov/pr16855-priority.C -std=gnu++17 line 63: is 3:should be 1
FAIL: g++.dg/gcov/pr16855-priority.C -std=gnu++17 line 68: is 3:should be 1
FAIL: g++.dg/gcov/pr16855-priority.C -std=gnu++17 line 73: is 3:should be 1
FAIL: g++.dg/gcov/pr16855-priority.C -std=gnu++17 line 78: is 3:should be 1
FAIL: g++.dg/gcov/pr16855-priority.C -std=gnu++20 gcov: 12 failures in line counts, 0 in branch percentages, 0 in return percentages, 0 in intermediate format
FAIL: g++.dg/gcov/pr16855-priority.C -std=gnu++20 line 14: is 4:should be 1
FAIL: g++.dg/gcov/pr16855-priority.C -std=gnu++20 line 21: is 4:should be 1
FAIL: g++.dg/gcov/pr16855-priority.C -std=gnu++20 line 23: is #####:should be 1
FAIL: g++.dg/gcov/pr16855-priority.C -std=gnu++20 line 37: is 4:should be 1
FAIL: g++.dg/gcov/pr16855-priority.C -std=gnu++20 line 43: is 4:should be 1
FAIL: g++.dg/gcov/pr16855-priority.C -std=gnu++20 line 48: is 4:should be 1
FAIL: g++.dg/gcov/pr16855-priority.C -std=gnu++20 line 53: is 4:should be 1
FAIL: g++.dg/gcov/pr16855-priority.C -std=gnu++20 line 58: is 4:should be 1
FAIL: g++.dg/gcov/pr16855-priority.C -std=gnu++20 line 63: is 4:should be 1
FAIL: g++.dg/gcov/pr16855-priority.C -std=gnu++20 line 68: is 4:should be 1
FAIL: g++.dg/gcov/pr16855-priority.C -std=gnu++20 line 73: is 4:should be 1
FAIL: g++.dg/gcov/pr16855-priority.C -std=gnu++20 line 78: is 4:should be 1
FAIL: g++.dg/gcov/pr16855-priority.C -std=gnu++98 gcov: 1 failures in line counts, 0 in branch percentages, 0 in return percentages, 0 in intermediate format
FAIL: g++.dg/gcov/pr16855-priority.C -std=gnu++98 line 23: is #####:should be 1
FAIL: g++.dg/gcov/pr16855.C -std=gnu++14 gcov: 6 failures in line counts, 0 in branch percentages, 0 in return percentages, 0 in intermediate format
FAIL: g++.dg/gcov/pr16855.C -std=gnu++14 line 15: is 2:should be 1
FAIL: g++.dg/gcov/pr16855.C -std=gnu++14 line 22: is 2:should be 1
FAIL: g++.dg/gcov/pr16855.C -std=gnu++14 line 24: is #####:should be 1
FAIL: g++.dg/gcov/pr16855.C -std=gnu++14 line 38: is 2:should be 1
FAIL: g++.dg/gcov/pr16855.C -std=gnu++14 line 44: is 2:should be 1
FAIL: g++.dg/gcov/pr16855.C -std=gnu++14 line 49: is 2:should be 1
FAIL: g++.dg/gcov/pr16855.C -std=gnu++17 gcov: 6 failures in line counts, 0 in branch percentages, 0 in return percentages, 0 in intermediate format
FAIL: g++.dg/gcov/pr16855.C -std=gnu++17 line 15: is 3:should be 1
FAIL: g++.dg/gcov/pr16855.C -std=gnu++17 line 22: is 3:should be 1
FAIL: g++.dg/gcov/pr16855.C -std=gnu++17 line 24: is #####:should be 1
FAIL: g++.dg/gcov/pr16855.C -std=gnu++17 line 38: is 3:should be 1
FAIL: g++.dg/gcov/pr16855.C -std=gnu++17 line 44: is 3:should be 1
FAIL: g++.dg/gcov/pr16855.C -std=gnu++17 line 49: is 3:should be 1
FAIL: g++.dg/gcov/pr16855.C -std=gnu++20 gcov: 6 failures in line counts, 0 in branch percentages, 0 in return percentages, 0 in intermediate format
FAIL: g++.dg/gcov/pr16855.C -std=gnu++20 line 15: is 4:should be 1
FAIL: g++.dg/gcov/pr16855.C -std=gnu++20 line 22: is 4:should be 1
FAIL: g++.dg/gcov/pr16855.C -std=gnu++20 line 24: is #####:should be 1
FAIL: g++.dg/gcov/pr16855.C -std=gnu++20 line 38: is 4:should be 1
FAIL: g++.dg/gcov/pr16855.C -std=gnu++20 line 44: is 4:should be 1
FAIL: g++.dg/gcov/pr16855.C -std=gnu++20 line 49: is 4:should be 1
FAIL: g++.dg/gcov/pr16855.C -std=gnu++98 gcov: 1 failures in line counts, 0 in branch percentages, 0 in return percentages, 0 in intermediate format
FAIL: g++.dg/gcov/pr16855.C -std=gnu++98 line 24: is #####:should be 1
FAIL: g++.dg/modules/stdio-1_a.H -std=c++17 scan-lang-dump module "Depset:0 decl entity:[0-9]* function_decl:'::printf'"
FAIL: g++.dg/modules/stdio-1_a.H -std=c++2a scan-lang-dump module "Depset:0 decl entity:[0-9]* function_decl:'::printf'"
FAIL: g++.dg/modules/stdio-1_a.H -std=c++2b scan-lang-dump module "Depset:0 decl entity:[0-9]* function_decl:'::printf'"
FAIL: g++.target/i386/pr97054.C -std=gnu++14 (test for excess errors)
UNRESOLVED: g++.target/i386/pr97054.C -std=gnu++14 compilation failed to produce executable
FAIL: g++.target/i386/pr97054.C -std=gnu++17 (test for excess errors)
UNRESOLVED: g++.target/i386/pr97054.C -std=gnu++17 compilation failed to produce executable
FAIL: g++.target/i386/pr97054.C -std=gnu++20 (test for excess errors)
UNRESOLVED: g++.target/i386/pr97054.C -std=gnu++20 compilation failed to produce executable
FAIL: g++.target/i386/pr97054.C -std=gnu++98 (test for excess errors)
UNRESOLVED: g++.target/i386/pr97054.C -std=gnu++98 compilation failed to produce executable
=== g++ Summary for unix ===
# of expected passes 223423
# of unexpected failures 73
# of expected failures 2078
# of unresolved testcases 4
# of unsupported tests 10097
Running target unix/-m32
FAIL: g++.dg/asan/default-options-1.C -O0 execution test
FAIL: g++.dg/asan/default-options-1.C -O1 execution test
FAIL: g++.dg/asan/default-options-1.C -O2 execution test
FAIL: g++.dg/asan/default-options-1.C -O2 -flto execution test
FAIL: g++.dg/asan/default-options-1.C -O2 -flto -flto-partition=none execution test
FAIL: g++.dg/asan/default-options-1.C -O3 -g execution test
FAIL: g++.dg/asan/default-options-1.C -Os execution test
FAIL: g++.dg/opt/pr59470.C -std=gnu++14 (test for excess errors)
UNRESOLVED: g++.dg/opt/pr59470.C -std=gnu++14 compilation failed to produce executable
FAIL: g++.dg/opt/pr59470.C -std=gnu++17 (test for excess errors)
UNRESOLVED: g++.dg/opt/pr59470.C -std=gnu++17 compilation failed to produce executable
FAIL: g++.dg/opt/pr59470.C -std=gnu++20 (test for excess errors)
UNRESOLVED: g++.dg/opt/pr59470.C -std=gnu++20 compilation failed to produce executable
FAIL: g++.dg/opt/pr59470.C -std=gnu++98 (test for excess errors)
UNRESOLVED: g++.dg/opt/pr59470.C -std=gnu++98 compilation failed to produce executable
FAIL: g++.dg/gcov/pr16855-priority.C -std=gnu++14 gcov: 12 failures in line counts, 0 in branch percentages, 0 in return percentages, 0 in intermediate format
FAIL: g++.dg/gcov/pr16855-priority.C -std=gnu++14 line 14: is 2:should be 1
FAIL: g++.dg/gcov/pr16855-priority.C -std=gnu++14 line 21: is 2:should be 1
FAIL: g++.dg/gcov/pr16855-priority.C -std=gnu++14 line 23: is #####:should be 1
FAIL: g++.dg/gcov/pr16855-priority.C -std=gnu++14 line 37: is 2:should be 1
FAIL: g++.dg/gcov/pr16855-priority.C -std=gnu++14 line 43: is 2:should be 1
FAIL: g++.dg/gcov/pr16855-priority.C -std=gnu++14 line 48: is 2:should be 1
FAIL: g++.dg/gcov/pr16855-priority.C -std=gnu++14 line 53: is 2:should be 1
FAIL: g++.dg/gcov/pr16855-priority.C -std=gnu++14 line 58: is 2:should be 1
FAIL: g++.dg/gcov/pr16855-priority.C -std=gnu++14 line 63: is 2:should be 1
FAIL: g++.dg/gcov/pr16855-priority.C -std=gnu++14 line 68: is 2:should be 1
FAIL: g++.dg/gcov/pr16855-priority.C -std=gnu++14 line 73: is 2:should be 1
FAIL: g++.dg/gcov/pr16855-priority.C -std=gnu++14 line 78: is 2:should be 1
FAIL: g++.dg/gcov/pr16855-priority.C -std=gnu++17 gcov: 12 failures in line counts, 0 in branch percentages, 0 in return percentages, 0 in intermediate format
FAIL: g++.dg/gcov/pr16855-priority.C -std=gnu++17 line 14: is 3:should be 1
FAIL: g++.dg/gcov/pr16855-priority.C -std=gnu++17 line 21: is 3:should be 1
FAIL: g++.dg/gcov/pr16855-priority.C -std=gnu++17 line 23: is #####:should be 1
FAIL: g++.dg/gcov/pr16855-priority.C -std=gnu++17 line 37: is 3:should be 1
FAIL: g++.dg/gcov/pr16855-priority.C -std=gnu++17 line 43: is 3:should be 1
FAIL: g++.dg/gcov/pr16855-priority.C -std=gnu++17 line 48: is 3:should be 1
FAIL: g++.dg/gcov/pr16855-priority.C -std=gnu++17 line 53: is 3:should be 1
FAIL: g++.dg/gcov/pr16855-priority.C -std=gnu++17 line 58: is 3:should be 1
FAIL: g++.dg/gcov/pr16855-priority.C -std=gnu++17 line 63: is 3:should be 1
FAIL: g++.dg/gcov/pr16855-priority.C -std=gnu++17 line 68: is 3:should be 1
FAIL: g++.dg/gcov/pr16855-priority.C -std=gnu++17 line 73: is 3:should be 1
FAIL: g++.dg/gcov/pr16855-priority.C -std=gnu++17 line 78: is 3:should be 1
FAIL: g++.dg/gcov/pr16855-priority.C -std=gnu++20 gcov: 12 failures in line counts, 0 in branch percentages, 0 in return percentages, 0 in intermediate format
FAIL: g++.dg/gcov/pr16855-priority.C -std=gnu++20 line 14: is 4:should be 1
FAIL: g++.dg/gcov/pr16855-priority.C -std=gnu++20 line 21: is 4:should be 1
FAIL: g++.dg/gcov/pr16855-priority.C -std=gnu++20 line 23: is #####:should be 1
FAIL: g++.dg/gcov/pr16855-priority.C -std=gnu++20 line 37: is 4:should be 1
FAIL: g++.dg/gcov/pr16855-priority.C -std=gnu++20 line 43: is 4:should be 1
FAIL: g++.dg/gcov/pr16855-priority.C -std=gnu++20 line 48: is 4:should be 1
FAIL: g++.dg/gcov/pr16855-priority.C -std=gnu++20 line 53: is 4:should be 1
FAIL: g++.dg/gcov/pr16855-priority.C -std=gnu++20 line 58: is 4:should be 1
FAIL: g++.dg/gcov/pr16855-priority.C -std=gnu++20 line 63: is 4:should be 1
FAIL: g++.dg/gcov/pr16855-priority.C -std=gnu++20 line 68: is 4:should be 1
FAIL: g++.dg/gcov/pr16855-priority.C -std=gnu++20 line 73: is 4:should be 1
FAIL: g++.dg/gcov/pr16855-priority.C -std=gnu++20 line 78: is 4:should be 1
FAIL: g++.dg/gcov/pr16855-priority.C -std=gnu++98 gcov: 1 failures in line counts, 0 in branch percentages, 0 in return percentages, 0 in intermediate format
FAIL: g++.dg/gcov/pr16855-priority.C -std=gnu++98 line 23: is #####:should be 1
FAIL: g++.dg/gcov/pr16855.C -std=gnu++14 gcov: 6 failures in line counts, 0 in branch percentages, 0 in return percentages, 0 in intermediate format
FAIL: g++.dg/gcov/pr16855.C -std=gnu++14 line 15: is 2:should be 1
FAIL: g++.dg/gcov/pr16855.C -std=gnu++14 line 22: is 2:should be 1
FAIL: g++.dg/gcov/pr16855.C -std=gnu++14 line 24: is #####:should be 1
FAIL: g++.dg/gcov/pr16855.C -std=gnu++14 line 38: is 2:should be 1
FAIL: g++.dg/gcov/pr16855.C -std=gnu++14 line 44: is 2:should be 1
FAIL: g++.dg/gcov/pr16855.C -std=gnu++14 line 49: is 2:should be 1
FAIL: g++.dg/gcov/pr16855.C -std=gnu++17 gcov: 6 failures in line counts, 0 in branch percentages, 0 in return percentages, 0 in intermediate format
FAIL: g++.dg/gcov/pr16855.C -std=gnu++17 line 15: is 3:should be 1
FAIL: g++.dg/gcov/pr16855.C -std=gnu++17 line 22: is 3:should be 1
FAIL: g++.dg/gcov/pr16855.C -std=gnu++17 line 24: is #####:should be 1
FAIL: g++.dg/gcov/pr16855.C -std=gnu++17 line 38: is 3:should be 1
FAIL: g++.dg/gcov/pr16855.C -std=gnu++17 line 44: is 3:should be 1
FAIL: g++.dg/gcov/pr16855.C -std=gnu++17 line 49: is 3:should be 1
FAIL: g++.dg/gcov/pr16855.C -std=gnu++20 gcov: 6 failures in line counts, 0 in branch percentages, 0 in return percentages, 0 in intermediate format
FAIL: g++.dg/gcov/pr16855.C -std=gnu++20 line 15: is 4:should be 1
FAIL: g++.dg/gcov/pr16855.C -std=gnu++20 line 22: is 4:should be 1
FAIL: g++.dg/gcov/pr16855.C -std=gnu++20 line 24: is #####:should be 1
FAIL: g++.dg/gcov/pr16855.C -std=gnu++20 line 38: is 4:should be 1
FAIL: g++.dg/gcov/pr16855.C -std=gnu++20 line 44: is 4:should be 1
FAIL: g++.dg/gcov/pr16855.C -std=gnu++20 line 49: is 4:should be 1
FAIL: g++.dg/gcov/pr16855.C -std=gnu++98 gcov: 1 failures in line counts, 0 in branch percentages, 0 in return percentages, 0 in intermediate format
FAIL: g++.dg/gcov/pr16855.C -std=gnu++98 line 24: is #####:should be 1
FAIL: g++.dg/modules/stdio-1_a.H -std=c++17 scan-lang-dump module "Depset:0 decl entity:[0-9]* function_decl:'::printf'"
FAIL: g++.dg/modules/stdio-1_a.H -std=c++2a scan-lang-dump module "Depset:0 decl entity:[0-9]* function_decl:'::printf'"
FAIL: g++.dg/modules/stdio-1_a.H -std=c++2b scan-lang-dump module "Depset:0 decl entity:[0-9]* function_decl:'::printf'"
FAIL: g++.dg/torture/pr80334.C -O0 execution test
=== g++ Summary for unix/-m32 ===
# of expected passes 223056
# of unexpected failures 79
# of expected failures 2070
# of unresolved testcases 4
# of unsupported tests 10151
=== g++ Summary ===
# of expected passes 446479
# of unexpected failures 152
# of expected failures 4148
# of unresolved testcases 8
# of unsupported tests 20248
/var/gcc/regression/master/11.4-gcc-64/build/gcc/xg++ version 12.0.1 20220325 (experimental) [master 5f6197d7c197f9d2b7fb2e1a19dac39a023755e8] (GCC)
=== gcc tests ===
Running target unix
FAIL: gcc.c-torture/compile/pr61159.c -O0 (test for excess errors)
FAIL: gcc.c-torture/compile/pr61159.c -O1 (test for excess errors)
FAIL: gcc.c-torture/compile/pr61159.c -O2 (test for excess errors)
FAIL: gcc.c-torture/compile/pr61159.c -O2 -flto (test for excess errors)
FAIL: gcc.c-torture/compile/pr61159.c -O2 -flto -flto-partition=none (test for excess errors)
FAIL: gcc.c-torture/compile/pr61159.c -O3 -g (test for excess errors)
FAIL: gcc.c-torture/compile/pr61159.c -Os (test for excess errors)
XPASS: gcc.dg/debug/dwarf2/inline5.c scan-assembler-not \\\\(DIE \\\\(0x([0-9a-f]*)\\\\) DW_TAG_lexical_block\\\\)[^#/!@;\\\\|]*[#/!@;\\\\|]+ +DW_AT.*DW_TAG_lexical_block\\\\)[^#/!@;\\\\|x]*x\\\\1[^#/!@;\\\\|]*[#/!@;\\\\|] +DW_AT_abstract_origin
FAIL: gcc.dg/attr-weakref-1.c (test for excess errors)
UNRESOLVED: gcc.dg/attr-weakref-1.c compilation failed to produce executable
FAIL: gcc.dg/ipa/iinline-attr.c scan-ipa-dump inline "hooray[^\\\\n]*inline copy in test"
FAIL: gcc.dg/ipa/ipa-icf-38.c scan-ltrans-tree-dump-not optimized "Function bar"
FAIL: gcc-dg-lto-modref-3-01.exe scan-wpa-ipa-dump modref "parm 1 flags: no_direct_clobber no_direct_escape"
FAIL: gcc-dg-lto-modref-4-01.exe scan-wpa-ipa-dump modref "parm 1 flags: no_direct_clobber no_direct_escape"
FAIL: gcc.dg/lto/modref-3 c_lto_modref-3_0.o-c_lto_modref-3_1.o execute -O2 -flto-partition=max -fdump-ipa-modref -fno-ipa-sra -fno-ipa-cp -flto
FAIL: gcc.dg/lto/modref-4 c_lto_modref-4_0.o-c_lto_modref-4_1.o execute -O2 -flto-partition=max -fdump-ipa-modref -fno-ipa-sra -flto
FAIL: gcc.dg/vect/vect-bic-bitmask-2.c -flto -ffat-lto-objects (test for excess errors)
UNRESOLVED: gcc.dg/vect/vect-bic-bitmask-2.c -flto -ffat-lto-objects compilation failed to produce executable
FAIL: gcc.dg/vect/vect-bic-bitmask-3.c -flto -ffat-lto-objects (test for excess errors)
UNRESOLVED: gcc.dg/vect/vect-bic-bitmask-3.c -flto -ffat-lto-objects compilation failed to produce executable
FAIL: gcc.dg/vect/vect-bic-bitmask-4.c -flto -ffat-lto-objects (test for excess errors)
UNRESOLVED: gcc.dg/vect/vect-bic-bitmask-4.c -flto -ffat-lto-objects compilation failed to produce executable
FAIL: gcc.dg/vect/vect-bic-bitmask-5.c -flto -ffat-lto-objects (test for excess errors)
UNRESOLVED: gcc.dg/vect/vect-bic-bitmask-5.c -flto -ffat-lto-objects compilation failed to produce executable
FAIL: gcc.dg/vect/vect-bic-bitmask-6.c -flto -ffat-lto-objects (test for excess errors)
UNRESOLVED: gcc.dg/vect/vect-bic-bitmask-6.c -flto -ffat-lto-objects compilation failed to produce executable
FAIL: gcc.dg/vect/vect-bic-bitmask-8.c -flto -ffat-lto-objects (test for excess errors)
UNRESOLVED: gcc.dg/vect/vect-bic-bitmask-8.c -flto -ffat-lto-objects compilation failed to produce executable
FAIL: gcc.dg/vect/vect-bic-bitmask-9.c -flto -ffat-lto-objects (test for excess errors)
UNRESOLVED: gcc.dg/vect/vect-bic-bitmask-9.c -flto -ffat-lto-objects compilation failed to produce executable
FAIL: gcc.target/i386/auto-init-4.c scan-assembler-times long\\t-16843010 5
FAIL: gcc.target/i386/auto-init-5.c scan-assembler-times \\\\.long\\t0 14
FAIL: gcc.target/i386/auto-init-6.c scan-assembler-times long\\t0 8
FAIL: gcc.target/i386/pr61599-1.c (test for excess errors)
UNRESOLVED: gcc.target/i386/pr61599-1.c compilation failed to produce executable
FAIL: gcc.target/i386/pr71321.c scan-assembler-not lea.*0
FAIL: gcc.target/i386/pr80569.c (test for excess errors)
=== gcc Summary for unix ===
# of expected passes 168029
# of unexpected failures 27
# of unexpected successes 1
# of expected failures 1381
# of unresolved testcases 9
# of unsupported tests 3958
Running target unix/-m32
FAIL: gcc.c-torture/compile/pr61159.c -O0 (test for excess errors)
FAIL: gcc.c-torture/compile/pr61159.c -O1 (test for excess errors)
FAIL: gcc.c-torture/compile/pr61159.c -O2 (test for excess errors)
FAIL: gcc.c-torture/compile/pr61159.c -O2 -flto (test for excess errors)
FAIL: gcc.c-torture/compile/pr61159.c -O2 -flto -flto-partition=none (test for excess errors)
FAIL: gcc.c-torture/compile/pr61159.c -O3 -g (test for excess errors)
FAIL: gcc.c-torture/compile/pr61159.c -Os (test for excess errors)
XPASS: gcc.dg/debug/dwarf2/inline5.c scan-assembler-not \\\\(DIE \\\\(0x([0-9a-f]*)\\\\) DW_TAG_lexical_block\\\\)[^#/!@;\\\\|]*[#/!@;\\\\|]+ +DW_AT.*DW_TAG_lexical_block\\\\)[^#/!@;\\\\|x]*x\\\\1[^#/!@;\\\\|]*[#/!@;\\\\|] +DW_AT_abstract_origin
FAIL: gcc.dg/attr-weakref-1.c (test for excess errors)
UNRESOLVED: gcc.dg/attr-weakref-1.c compilation failed to produce executable
FAIL: gcc.dg/ipa/iinline-attr.c scan-ipa-dump inline "hooray[^\\\\n]*inline copy in test"
FAIL: gcc.dg/ipa/ipa-icf-38.c scan-ltrans-tree-dump-not optimized "Function bar"
FAIL: gcc-dg-lto-modref-3-01.exe scan-wpa-ipa-dump modref "parm 1 flags: no_direct_clobber no_direct_escape"
FAIL: gcc-dg-lto-modref-4-01.exe scan-wpa-ipa-dump modref "parm 1 flags: no_direct_clobber no_direct_escape"
FAIL: gcc.dg/lto/modref-3 c_lto_modref-3_0.o-c_lto_modref-3_1.o execute -O2 -flto-partition=max -fdump-ipa-modref -fno-ipa-sra -fno-ipa-cp -flto
FAIL: gcc.dg/lto/modref-4 c_lto_modref-4_0.o-c_lto_modref-4_1.o execute -O2 -flto-partition=max -fdump-ipa-modref -fno-ipa-sra -flto
FAIL: gcc.dg/tree-ssa/scev-3.c scan-tree-dump-times ivopts "&a" 1
FAIL: gcc.dg/tree-ssa/scev-4.c scan-tree-dump-times ivopts "&a" 1
FAIL: gcc.dg/tree-ssa/scev-5.c scan-tree-dump-times ivopts "&a" 1
FAIL: gcc.target/i386/pieces-memcpy-7.c scan-assembler-not %[re]bp
FAIL: gcc.target/i386/pieces-memcpy-8.c scan-assembler-not %[re]bp
FAIL: gcc.target/i386/pieces-memcpy-9.c scan-assembler-not %[re]bp
FAIL: gcc.target/i386/pieces-memset-36.c scan-assembler-not %[re]bp
FAIL: gcc.target/i386/pieces-memset-40.c scan-assembler-not %[re]bp
FAIL: gcc.target/i386/pieces-memset-40.c scan-assembler-not and[^\\n\\r]*%[re]sp
FAIL: gcc.target/i386/pieces-memset-9.c scan-assembler-not %[re]bp
FAIL: gcc.target/i386/pr80569.c (test for excess errors)
=== gcc Summary for unix/-m32 ===
# of expected passes 166951
# of unexpected failures 25
# of unexpected successes 1
# of expected failures 1397
# of unresolved testcases 1
# of unsupported tests 4758
=== gcc Summary ===
# of expected passes 334980
# of unexpected failures 52
# of unexpected successes 2
# of expected failures 2778
# of unresolved testcases 10
# of unsupported tests 8716
/var/gcc/regression/master/11.4-gcc-64/build/gcc/xgcc version 12.0.1 20220325 (experimental) [master 5f6197d7c197f9d2b7fb2e1a19dac39a023755e8] (GCC)
=== gdc tests ===
Running target unix
UNRESOLVED: gdc.test/runnable/mangle.d compilation failed to produce executable
UNRESOLVED: gdc.test/runnable/mangle.d -shared-libphobos compilation failed to produce executable
UNRESOLVED: gdc.test/runnable/testmodule.d compilation failed to produce executable
UNRESOLVED: gdc.test/runnable/testmodule.d -shared-libphobos compilation failed to produce executable
UNRESOLVED: gdc.test/runnable/ufcs.d compilation failed to produce executable
UNRESOLVED: gdc.test/runnable/ufcs.d -shared-libphobos compilation failed to produce executable
=== gdc Summary for unix ===
# of expected passes 10983
# of unresolved testcases 6
# of unsupported tests 433
Running target unix/-m32
UNRESOLVED: gdc.test/runnable/mangle.d compilation failed to produce executable
UNRESOLVED: gdc.test/runnable/mangle.d -shared-libphobos compilation failed to produce executable
UNRESOLVED: gdc.test/runnable/testmodule.d compilation failed to produce executable
UNRESOLVED: gdc.test/runnable/testmodule.d -shared-libphobos compilation failed to produce executable
UNRESOLVED: gdc.test/runnable/ufcs.d compilation failed to produce executable
UNRESOLVED: gdc.test/runnable/ufcs.d -shared-libphobos compilation failed to produce executable
=== gdc Summary for unix/-m32 ===
# of expected passes 10984
# of unresolved testcases 6
# of unsupported tests 433
=== gdc Summary ===
# of expected passes 21967
# of unresolved testcases 12
# of unsupported tests 866
/var/gcc/regression/master/11.4-gcc-64/build/gcc/gdc version 12.0.1 20220325 (experimental) [master 5f6197d7c197f9d2b7fb2e1a19dac39a023755e8] (GCC)
=== gfortran tests ===
Running target unix
FAIL: gfortran.dg/unlimited_polymorphic_3.f03 -Os execution test
FAIL: gfortran.dg/vector_subscript_1.f90 -O1 execution test
FAIL: gfortran.dg/vector_subscript_1.f90 -O2 execution test
FAIL: gfortran.dg/vector_subscript_1.f90 -O3 -fomit-frame-pointer -funroll-loops -fpeel-loops -ftracer -finline-functions execution test
FAIL: gfortran.dg/vector_subscript_1.f90 -O3 -g execution test
FAIL: gfortran.dg/vector_subscript_1.f90 -Os execution test
=== gfortran Summary for unix ===
# of expected passes 65815
# of unexpected failures 6
# of expected failures 272
# of unsupported tests 108
Running target unix/-m32
FAIL: gfortran.dg/default_format_1.f90 -O0 execution test
FAIL: gfortran.dg/default_format_1.f90 -O1 execution test
FAIL: gfortran.dg/default_format_1.f90 -O2 execution test
FAIL: gfortran.dg/default_format_1.f90 -O3 -fomit-frame-pointer -funroll-loops -fpeel-loops -ftracer -finline-functions execution test
FAIL: gfortran.dg/default_format_1.f90 -O3 -g execution test
FAIL: gfortran.dg/default_format_1.f90 -Os execution test
FAIL: gfortran.dg/fmt_g0_1.f08 -O0 execution test
FAIL: gfortran.dg/fmt_g0_1.f08 -O1 execution test
FAIL: gfortran.dg/fmt_g0_1.f08 -O2 execution test
FAIL: gfortran.dg/fmt_g0_1.f08 -O3 -fomit-frame-pointer -funroll-loops -fpeel-loops -ftracer -finline-functions execution test
FAIL: gfortran.dg/fmt_g0_1.f08 -O3 -g execution test
FAIL: gfortran.dg/fmt_g0_1.f08 -Os execution test
FAIL: gfortran.dg/round_4.f90 -O0 execution test
FAIL: gfortran.dg/round_4.f90 -O1 execution test
FAIL: gfortran.dg/round_4.f90 -O2 execution test
FAIL: gfortran.dg/round_4.f90 -O3 -fomit-frame-pointer -funroll-loops -fpeel-loops -ftracer -finline-functions execution test
FAIL: gfortran.dg/round_4.f90 -O3 -g execution test
FAIL: gfortran.dg/round_4.f90 -Os execution test
FAIL: gfortran.dg/unlimited_polymorphic_3.f03 -Os execution test
FAIL: gfortran.dg/vector_subscript_1.f90 -O1 execution test
FAIL: gfortran.dg/vector_subscript_1.f90 -O2 execution test
FAIL: gfortran.dg/vector_subscript_1.f90 -O3 -fomit-frame-pointer -funroll-loops -fpeel-loops -ftracer -finline-functions execution test
FAIL: gfortran.dg/vector_subscript_1.f90 -O3 -g execution test
FAIL: gfortran.dg/vector_subscript_1.f90 -Os execution test
=== gfortran Summary for unix/-m32 ===
# of expected passes 65501
# of unexpected failures 24
# of expected failures 274
# of unsupported tests 254
=== gfortran Summary ===
# of expected passes 131316
# of unexpected failures 30
# of expected failures 546
# of unsupported tests 362
/var/gcc/regression/master/11.4-gcc-64/build/gcc/gfortran version 12.0.1 20220325 (experimental) [master 5f6197d7c197f9d2b7fb2e1a19dac39a023755e8] (GCC)
=== gnat tests ===
Running target unix
=== gnat Summary for unix ===
# of expected passes 3374
# of expected failures 23
# of unsupported tests 10
Running target unix/-m32
=== gnat Summary for unix/-m32 ===
# of expected passes 3373
# of expected failures 23
# of unsupported tests 12
=== gnat Summary ===
# of expected passes 6747
# of expected failures 46
# of unsupported tests 22
/var/gcc/regression/master/11.4-gcc-64/build/gcc/gnatmake version 12.0.1 20220325 (experimental) [master 5f6197d7c197f9d2b7fb2e1a19dac39a023755e8]
=== go tests ===
Running target unix
FAIL: ./index0-out.go execution, -O0 -g -fno-var-tracking-assignments
FAIL: go.test/test/fixedbugs/issue10441.go -O (test for excess errors)
FAIL: go.test/test/fixedbugs/issue27836.dir/Ãfoo.go -O -I. (test for excess errors)
FAIL: go.test/test/fixedbugs/issue27836.dir/Ãmain.go -O -I. (test for excess errors)
=== go Summary for unix ===
# of expected passes 8884
# of unexpected failures 4
# of untested testcases 10
# of unsupported tests 28
Running target unix/-m32
FAIL: ./index0-out.go execution, -O0 -g -fno-var-tracking-assignments
FAIL: go.test/test/fixedbugs/issue10441.go -O (test for excess errors)
FAIL: go.test/test/fixedbugs/issue27836.dir/Ãfoo.go -O -I. (test for excess errors)
FAIL: go.test/test/fixedbugs/issue27836.dir/Ãmain.go -O -I. (test for excess errors)
=== go Summary for unix/-m32 ===
# of expected passes 8996
# of unexpected failures 4
# of untested testcases 10
# of unsupported tests 34
=== go Summary ===
# of expected passes 17880
# of unexpected failures 8
# of untested testcases 20
# of unsupported tests 62
=== obj-c++ tests ===
Running target unix/-m32
=== obj-c++ Summary for unix/-m32 ===
# of expected passes 1510
# of expected failures 2
# of unsupported tests 79
Running target unix
=== obj-c++ Summary for unix ===
# of expected passes 1502
# of expected failures 10
# of unsupported tests 79
=== obj-c++ Summary ===
# of expected passes 3012
# of expected failures 12
# of unsupported tests 158
/var/gcc/regression/master/11.4-gcc-64/build/gcc/xg++ version 12.0.1 20220325 (experimental) [master 5f6197d7c197f9d2b7fb2e1a19dac39a023755e8] (GCC)
=== objc tests ===
Running target unix
=== objc Summary for unix ===
# of expected passes 2840
# of expected failures 6
# of unsupported tests 71
Running target unix/-m32
=== objc Summary for unix/-m32 ===
# of expected passes 2840
# of expected failures 6
# of unsupported tests 71
=== objc Summary ===
# of expected passes 5680
# of expected failures 12
# of unsupported tests 142
/var/gcc/regression/master/11.4-gcc-64/build/gcc/xgcc version 12.0.1 20220325 (experimental) [master 5f6197d7c197f9d2b7fb2e1a19dac39a023755e8] (GCC)
=== gotools tests ===
FAIL: TestScript
FAIL: go test cmd/go
=== gotools Summary ===
# of expected passes 404
# of unexpected failures 2
# of untested testcases 132
/var/gcc/regression/master/11.4-gcc-64/build/./gcc/gccgo version 12.0.1 20220325 (experimental) [master 5f6197d7c197f9d2b7fb2e1a19dac39a023755e8] (GCC)
Compiler version: 12.0.1 20220325 (experimental) [master 5f6197d7c197f9d2b7fb2e1a19dac39a023755e8] (GCC)
Platform: x86_64-pc-solaris2.11
configure flags: --prefix=/vol/gcc --target=amd64-pc-solaris2.11 --enable-objc-gc --with-target-bdw-gc-include=/vol/gcc/include --with-target-bdw-gc-lib=/vol/gcc/lib/amd64,32=/vol/gcc/lib --with-as=/usr/ccs/bin/as --without-gnu-as --with-gmp-include=/vol/gcc/include --with-gmp-lib=/vol/gcc/lib/amd64 --with-mpfr-include=/vol/gcc/include --with-mpfr-lib=/vol/gcc/lib/amd64 --with-mpc-include=/vol/gcc/include --with-mpc-lib=/vol/gcc/lib/amd64 --enable-languages=all,ada,obj-c++,go --with-isl-include=/vol/gcc/include --with-isl-lib=/vol/gcc/lib/amd64 --with-zstd-include=/vol/gcc/include --with-zstd-lib=/vol/gcc/lib/amd64 --build=amd64-pc-solaris2.11 --host=amd64-pc-solaris2.11
BOOT_CFLAGS=-g -O2
More information about the Gcc-testresults
mailing list