Results for 12.0.1 20220305 (experimental) [master revision r12-7500-g8d96e14c1d61] (GCC) testsuite on x86_64-apple-darwin14
Iain Sandoe
iains.gcc@gmail.com
Wed Mar 9 12:23:39 GMT 2022
LAST_UPDATED: Sat Mar 5 00:19:06 UTC 2022 (revision r12-7500-g8d96e14c1d61)
=== acats tests ===
=== acats Summary ===
# of expected passes 2328
# of unexpected failures 0
Native configuration is x86_64-apple-darwin14
=== g++ tests ===
Running target unix/-m32
FAIL: c-c++-common/asan/alloca_big_alignment.c -Os output pattern test
FAIL: c-c++-common/asan/alloca_detect_custom_size.c -Os output pattern test
FAIL: c-c++-common/asan/alloca_overflow_partial.c -Os output pattern test
FAIL: c-c++-common/asan/alloca_overflow_right.c -Os output pattern test
FAIL: c-c++-common/asan/alloca_underflow_left.c -Os output pattern test
FAIL: g++.dg/asan/pr69276.C -O0 output pattern test
WARNING: g++.dg/asan/pr88901.C -O2 -flto (test for excess errors) program timed out.
FAIL: g++.dg/asan/pr88901.C -O2 -flto (test for excess errors)
WARNING: g++.dg/debug/pr29906.C -gdwarf-2 -g3 (test for excess errors) program timed out.
FAIL: g++.dg/debug/pr29906.C -gdwarf-2 -g3 (test for excess errors)
WARNING: g++.dg/cpp/elifdef-5.C -std=gnu++17 (test for errors, line 8) program timed out.
FAIL: g++.dg/ext/pr84828.C -std=gnu++14 (internal compiler error: in change_stack, at reg-stack.cc:2660)
FAIL: g++.dg/ext/pr84828.C -std=gnu++14 (test for excess errors)
FAIL: g++.dg/ext/pr84828.C -std=gnu++17 (internal compiler error: in change_stack, at reg-stack.cc:2660)
FAIL: g++.dg/ext/pr84828.C -std=gnu++17 (test for excess errors)
FAIL: g++.dg/ext/pr84828.C -std=gnu++20 (internal compiler error: in change_stack, at reg-stack.cc:2660)
FAIL: g++.dg/ext/pr84828.C -std=gnu++20 (test for excess errors)
FAIL: g++.dg/ext/pr84828.C -std=gnu++98 (internal compiler error: in change_stack, at reg-stack.cc:2660)
FAIL: g++.dg/ext/pr84828.C -std=gnu++98 (test for excess errors)
FAIL: g++.dg/init/array61.C -std=c++14 scan-tree-dump-times gimple "item::item" 1
FAIL: g++.dg/init/array61.C -std=c++17 scan-tree-dump-times gimple "item::item" 1
FAIL: g++.dg/init/array61.C -std=c++20 scan-tree-dump-times gimple "item::item" 1
FAIL: g++.dg/ipa/pr67056.C scan-ipa-dump cp "Speculative outer type:struct CompositeClass"
WARNING: g++.dg/parse/constant6.C -std=c++17 (test for excess errors) program timed out.
FAIL: g++.dg/parse/constant6.C -std=c++17 (test for excess errors)
WARNING: g++.dg/pr103024.C -std=gnu++98 (test for excess errors) program timed out.
FAIL: g++.dg/pr103024.C -std=gnu++98 (test for excess errors)
FAIL: g++.dg/lto/pr65276 cp_lto_pr65276_0.o-cp_lto_pr65276_1.o link, -flto -O0 -std=c++11
FAIL: g++.dg/modules/bad-mapper-2.C -std=c++17 at line 3 (test for errors, line )
FAIL: g++.dg/modules/bad-mapper-2.C -std=c++17 (internal compiler error: Segmentation fault: 11)
FAIL: g++.dg/modules/bad-mapper-2.C -std=c++17 (test for excess errors)
FAIL: g++.dg/modules/bad-mapper-2.C -std=c++2a at line 3 (test for errors, line )
FAIL: g++.dg/modules/bad-mapper-2.C -std=c++2a (internal compiler error: Segmentation fault: 11)
FAIL: g++.dg/modules/bad-mapper-2.C -std=c++2a (test for excess errors)
FAIL: g++.dg/modules/bad-mapper-2.C -std=c++2b at line 3 (test for errors, line )
FAIL: g++.dg/modules/bad-mapper-2.C -std=c++2b (internal compiler error: Segmentation fault: 11)
FAIL: g++.dg/modules/bad-mapper-2.C -std=c++2b (test for excess errors)
WARNING: ./array-1.H -O2 -g (test for excess errors) program timed out.
FAIL: ./array-1.H -O2 -g (test for excess errors)
=== g++ Summary for unix/-m32 ===
# of expected passes 219902
# of unexpected failures 33
# of expected failures 2025
# of unsupported tests 10285
Running target unix/-m64
FAIL: c-c++-common/asan/alloca_big_alignment.c -Os output pattern test
FAIL: c-c++-common/asan/alloca_detect_custom_size.c -Os output pattern test
FAIL: c-c++-common/asan/alloca_overflow_partial.c -Os output pattern test
FAIL: c-c++-common/asan/alloca_overflow_right.c -Os output pattern test
FAIL: c-c++-common/asan/alloca_underflow_left.c -Os output pattern test
FAIL: g++.dg/asan/pr69276.C -O0 output pattern test
FAIL: g++.dg/init/array61.C -std=c++14 scan-tree-dump-times gimple "item::item" 1
FAIL: g++.dg/init/array61.C -std=c++17 scan-tree-dump-times gimple "item::item" 1
FAIL: g++.dg/init/array61.C -std=c++20 scan-tree-dump-times gimple "item::item" 1
FAIL: g++.dg/ipa/pr67056.C scan-ipa-dump cp "Speculative outer type:struct CompositeClass"
WARNING: g++.dg/template/virtual5.C -std=c++17 (test for excess errors) program timed out.
FAIL: g++.dg/template/virtual5.C -std=c++17 (test for excess errors)
WARNING: g++.dg/gomp/pr30558.C -std=gnu++17 (test for excess errors) program timed out.
FAIL: g++.dg/gomp/pr30558.C -std=gnu++17 (test for excess errors)
FAIL: g++.dg/lto/pr65276 cp_lto_pr65276_0.o-cp_lto_pr65276_1.o link, -flto -O0 -std=c++11
FAIL: g++.dg/modules/bad-mapper-2.C -std=c++17 at line 3 (test for errors, line )
FAIL: g++.dg/modules/bad-mapper-2.C -std=c++17 (internal compiler error: Segmentation fault: 11)
FAIL: g++.dg/modules/bad-mapper-2.C -std=c++17 (test for excess errors)
FAIL: g++.dg/modules/bad-mapper-2.C -std=c++2a at line 3 (test for errors, line )
FAIL: g++.dg/modules/bad-mapper-2.C -std=c++2a (internal compiler error: Segmentation fault: 11)
FAIL: g++.dg/modules/bad-mapper-2.C -std=c++2a (test for excess errors)
FAIL: g++.dg/modules/bad-mapper-2.C -std=c++2b at line 3 (test for errors, line )
FAIL: g++.dg/modules/bad-mapper-2.C -std=c++2b (internal compiler error: Segmentation fault: 11)
FAIL: g++.dg/modules/bad-mapper-2.C -std=c++2b (test for excess errors)
WARNING: g++.old-deja/g++.pt/friend15.C -std=c++98 (test for excess errors) program timed out.
FAIL: g++.old-deja/g++.pt/friend15.C -std=c++98 (test for excess errors)
WARNING: g++.target/i386/avx512bw-pr96246-2.C program timed out.
=== g++ Summary for unix/-m64 ===
# of expected passes 222243
# of unexpected failures 23
# of expected failures 2033
# of unsupported tests 10439
=== g++ Summary ===
# of expected passes 442145
# of unexpected failures 56
# of expected failures 4058
# of unsupported tests 20724
/scratch/10-10-yos/gcc-master/gcc/xg++ version 12.0.1 20220305 (experimental) [master revision r12-7500-g8d96e14c1d61] (GCC)
=== gcc tests ===
Running target unix/-m32
WARNING: gcc.c-torture/execute/pr48814-1.c -O2 (test for excess errors) program timed out.
FAIL: gcc.c-torture/execute/pr48814-1.c -O2 (test for excess errors)
FAIL: gcc.dg/analyzer/memcpy-1.c (test for warnings, line 162)
FAIL: gcc.dg/analyzer/memcpy-1.c (test for warnings, line 167)
FAIL: gcc.dg/analyzer/taint-size-1.c (test for warnings, line 40)
FAIL: gcc.dg/analyzer/taint-size-1.c event: following true branch at line 23 (test for warnings, line 22)
FAIL: gcc.dg/analyzer/taint-size-1.c event: to here at line 25 (test for warnings, line 24)
FAIL: gcc.dg/analyzer/taint-size-1.c final event at line 29 (test for warnings, line 27)
FAIL: gcc.dg/analyzer/taint-size-1.c warning (test for warnings, line 27)
FAIL: gcc.dg/analyzer/write-to-string-literal-1.c (test for warnings, line 15)
FAIL: c-c++-common/asan/alloca_big_alignment.c -Os output pattern test
FAIL: c-c++-common/asan/alloca_detect_custom_size.c -Os output pattern test
FAIL: c-c++-common/asan/alloca_overflow_partial.c -Os output pattern test
FAIL: c-c++-common/asan/alloca_overflow_right.c -Os output pattern test
FAIL: c-c++-common/asan/alloca_underflow_left.c -Os output pattern test
WARNING: gcc.dg/cpp/ucs.c bad u1234 evaluation (test for bogus messages, line 42) program timed out.
FAIL: gcc.dg/debug/dwarf2/inline4.c scan-assembler DW_TAG_inlined_subroutine[^\\\\(]*\\\\([^\\\\)]*\\\\)[^\\\\(]*\\\\(DIE \\\\(0x[0-9a-f]*\\\\) DW_TAG_formal_parameter[^\\\\(]*\\\\(DIE \\\\(0x[0-9a-f]*\\\\) DW_TAG_variable
WARNING: gcc.dg/gimplefe-29.c (test for excess errors) program timed out.
FAIL: gcc.dg/gimplefe-29.c (test for excess errors)
FAIL: gcc.dg/pr102892-1.c (test for excess errors)
WARNING: gcc.dg/pr52210.c (test for excess errors) program timed out.
FAIL: gcc.dg/pr52210.c (test for excess errors)
FAIL: c-c++-common/goacc/firstprivate-mappings-1.c scan-tree-dump omplower "(?n)#pragma omp target oacc_parallel map\\\\(from:array_so \\\\[len: 4\\\\]\\\\) firstprivate\\\\(array_li.[0-9]+\\\\) map\\\\(tofrom:\\\\(\\\\*array.[0-9]+\\\\) \\\\[len: D\\\\.[0-9]+\\\\]\\\\) map\\\\(firstprivate:array \\\\[pointer assign, bias: 0\\\\]\\\\) \\\\["
FAIL: gcc.dg/graphite/scop-19.c scan-tree-dump-times graphite "number of SCoPs: 0" 1
FAIL: gcc.dg/ipa/ipa-icf-38.c scan-ltrans-tree-dump-not optimized "Function bar"
FAIL: gcc-dg-lto-modref-3-01.exe scan-wpa-ipa-dump modref "parm 1 flags: no_direct_clobber no_direct_escape"
FAIL: gcc-dg-lto-modref-4-01.exe scan-wpa-ipa-dump modref "parm 1 flags: no_direct_clobber no_direct_escape"
FAIL: gcc.dg/lto/modref-3 c_lto_modref-3_0.o-c_lto_modref-3_1.o execute -O2 -flto-partition=max -fdump-ipa-modref -fno-ipa-sra -fno-ipa-cp -flto
FAIL: gcc.dg/lto/modref-4 c_lto_modref-4_0.o-c_lto_modref-4_1.o execute -O2 -flto-partition=max -fdump-ipa-modref -fno-ipa-sra -flto
WARNING: ./cpp-1.h -O0 -g (test for excess errors) program timed out.
FAIL: ./cpp-1.h -O0 -g (test for excess errors)
WARNING: ./decl-1.h -O0 -g (test for excess errors) program timed out.
WARNING: ./valid-6.h -Os (test for excess errors) program timed out.
FAIL: ./valid-6.h -Os (test for excess errors)
FAIL: gcc.dg/torture/builtin-self.c -O0 scan-assembler-not \\tcall
FAIL: gcc.dg/torture/pr100786.c -O0 (test for excess errors)
FAIL: gcc.dg/torture/pr100786.c -O1 (test for excess errors)
FAIL: gcc.dg/torture/pr100786.c -O2 (test for excess errors)
FAIL: gcc.dg/torture/pr100786.c -O2 -flto (test for excess errors)
FAIL: gcc.dg/torture/pr100786.c -O2 -flto -flto-partition=none (test for excess errors)
FAIL: gcc.dg/torture/pr100786.c -O3 -g (test for excess errors)
FAIL: gcc.dg/torture/pr100786.c -Os (test for excess errors)
WARNING: gcc.dg/torture/pr71428.c -O2 (test for excess errors) program timed out.
FAIL: gcc.dg/torture/pr71428.c -O2 (test for excess errors)
FAIL: gcc.dg/tree-ssa/scev-3.c scan-tree-dump-times ivopts "&a" 1
FAIL: gcc.dg/tree-ssa/scev-5.c scan-tree-dump-times ivopts "&a" 1
WARNING: gcc.dg/vect/pr33846.c (test for excess errors) program timed out.
FAIL: gcc.dg/vect/pr33846.c (test for excess errors)
XPASS: gcc.dg/vect/vect-reduc-in-order-1.c -flto -ffat-lto-objects execution test
XPASS: gcc.dg/vect/vect-reduc-in-order-1.c execution test
XPASS: gcc.dg/vect/vect-reduc-in-order-2.c -flto -ffat-lto-objects execution test
XPASS: gcc.dg/vect/vect-reduc-in-order-2.c execution test
XPASS: gcc.dg/vect/vect-reduc-in-order-3.c -flto -ffat-lto-objects execution test
XPASS: gcc.dg/vect/vect-reduc-in-order-3.c execution test
XPASS: gcc.dg/vect/vect-reduc-in-order-4.c -flto -ffat-lto-objects execution test
XPASS: gcc.dg/vect/vect-reduc-in-order-4.c execution test
FAIL: outputs-25 exe savetmp named2-4: outputs.args.3
FAIL: outputs-25 exe savetmp named2-4: std out
FAIL: gcc.target/i386/auto-init-3.c scan-assembler-times fldz 3
FAIL: gcc.target/i386/auto-init-4.c scan-assembler-times long\\t-16843010 3
FAIL: gcc.target/i386/auto-init-5.c scan-assembler-times \\\\.long\\t0 12
WARNING: gcc.target/i386/avx-vcvtsd2si-1.c (test for excess errors) program timed out.
FAIL: gcc.target/i386/avx-vcvtsd2si-1.c (test for excess errors)
FAIL: gcc.target/i386/avx2-dest-false-dep-for-glc.c scan-assembler-times vxorps 4
FAIL: gcc.target/i386/avx2-shiftqihi-constant-2.c (test for excess errors)
UNRESOLVED: gcc.target/i386/avx2-shiftqihi-constant-2.c compilation failed to produce executable
FAIL: gcc.target/i386/avx512bf16-cvtsbh2ss-1.c scan-assembler-times movl 1
FAIL: gcc.target/i386/avx512fp16-13.c scan-assembler-times vmovdqu16[ \\\\t]*[^,]*,[^{\\n]*%xmm[0-9] 1
FAIL: gcc.target/i386/avx512fp16-13.c scan-assembler-times vmovdqu16[ \\\\t]*[^,]*,[^{\\n]*%ymm[0-9] 1
FAIL: gcc.target/i386/avx512fp16-13.c scan-assembler-times vmovdqu16[ \\\\t]*[^{\\n]*%xmm[0-9], *[^,]* 1
FAIL: gcc.target/i386/avx512fp16-13.c scan-assembler-times vmovdqu16[ \\\\t]*[^{\\n]*%ymm[0-9], *[^,]* 1
FAIL: gcc.target/i386/avx512fp16-pr101846.c scan-assembler-times vpmovdw 3
FAIL: gcc.target/i386/avx512fp16-vcvtsh2si-1a.c scan-assembler-times vcvtsh2si[ \\\\t]+[^{\\n]*%xmm[0-9]+[^\\n\\r]*%eax 1
FAIL: gcc.target/i386/avx512fp16-vcvtsh2si-1a.c scan-assembler-times vcvtsh2si[ \\\\t]+{rn-sae}[^{\\n]*%xmm[0-9]+[^\\n\\r]*%eax 1
FAIL: gcc.target/i386/avx512fp16-vcvtsh2usi-1a.c scan-assembler-times vcvtsh2usi[ \\\\t]+[^{\\n]*%xmm[0-9]+[^\\n\\r]*%eax 1
FAIL: gcc.target/i386/avx512fp16-vcvtsh2usi-1a.c scan-assembler-times vcvtsh2usi[ \\\\t]+{rn-sae}[^{\\n]*%xmm[0-9]+[^\\n\\r]*%eax 1
FAIL: gcc.target/i386/avx512fp16-vcvttsh2si-1a.c scan-assembler-times vcvttsh2si[ \\\\t]+[^{\\n]*%xmm[0-9]+[^\\n\\r]*%eax 1
FAIL: gcc.target/i386/avx512fp16-vcvttsh2si-1a.c scan-assembler-times vcvttsh2si[ \\\\t]+{sae}[^{\\n]*%xmm[0-9]+[^\\n\\r]*%eax 1
FAIL: gcc.target/i386/avx512fp16-vcvttsh2usi-1a.c scan-assembler-times vcvttsh2usi[ \\\\t]+[^{\\n]*%xmm[0-9]+[^\\n\\r]*%eax 1
FAIL: gcc.target/i386/avx512fp16-vcvttsh2usi-1a.c scan-assembler-times vcvttsh2usi[ \\\\t]+{sae}[^{\\n]*%xmm[0-9]+[^\\n\\r]*%eax 1
FAIL: gcc.target/i386/avx512fp16-vmovsh-1a.c scan-assembler-times vmovsh[ \\\\t]+%xmm[0-9]+[^\\n\\r]*%[er]ax+[^\\n\\r]*{%k[0-9]}(?:\\n|[ \\\\t]+#) 1
FAIL: gcc.target/i386/avx512fp16-vmovsh-1a.c scan-assembler-times vmovsh[ \\\\t]+[^\\n\\r]*%[er]ax+[^\\n\\r]*%xmm[0-9]+{%k[0-9]}(?:\\n|[ \\\\t]+#) 1
FAIL: gcc.target/i386/avx512fp16-vmovsh-1a.c scan-assembler-times vmovsh[ \\\\t]+[^\\n\\r]*%[er]ax+[^\\n\\r]*%xmm[0-9]+{%k[0-9]}{z}[^\\n\\r]*(?:\\n|[ \\\\t]+#) 1
XPASS: gcc.target/i386/bitwise_mask_op-3.c scan-assembler-times kmovb[\\t ] 4
XPASS: gcc.target/i386/bitwise_mask_op-3.c scan-assembler-times korb[\\t ] 1
XPASS: gcc.target/i386/bitwise_mask_op-3.c scan-assembler-times kxorb[\\t ] 1
FAIL: gcc.target/i386/harden-sls-4.c scan-assembler jmp[ \\t]+\\\\*_?fptr
FAIL: gcc.target/i386/harden-sls-5.c scan-assembler-times ret 1
FAIL: gcc.target/i386/memcpy-strategy-10.c scan-assembler call\\tmemcpy
FAIL: gcc.target/i386/memcpy-strategy-5.c scan-assembler call\\tmemcpy
FAIL: gcc.target/i386/memset-strategy-5.c scan-assembler call\\tmemset
FAIL: gcc.target/i386/memset-strategy-7.c scan-assembler call\\tmemset
FAIL: gcc.target/i386/pad-3.c scan-assembler-not nop
FAIL: gcc.target/i386/pieces-memset-11.c scan-assembler-times vmovdqu[ \\\\t]+[^\\n]*%ymm 2
FAIL: gcc.target/i386/pieces-memset-14.c scan-assembler-times vmovdqu[ \\\\t]+[^\\n]*%ymm 1
FAIL: gcc.target/i386/pieces-memset-2.c scan-assembler-times vmovdqu[ \\\\t]+[^\\n]*%ymm 2
FAIL: gcc.target/i386/pieces-memset-20.c scan-assembler-times vmovdqu[ \\\\t]+[^\\n]*%ymm 2
FAIL: gcc.target/i386/pieces-memset-23.c scan-assembler-times vmovdqu[ \\\\t]+[^\\n]*%ymm 1
FAIL: gcc.target/i386/pieces-memset-29.c scan-assembler-times vmovdqu[ \\\\t]+[^\\n]*%ymm 2
FAIL: gcc.target/i386/pieces-memset-30.c scan-assembler-times vmovdqu[ \\\\t]+[^\\n]*%ymm 2
FAIL: gcc.target/i386/pieces-memset-33.c scan-assembler-times vmovdqu[ \\\\t]+[^\\n]*%ymm 1
FAIL: gcc.target/i386/pieces-memset-34.c scan-assembler-times vmovdqu[ \\\\t]+[^\\n]*%ymm 1
FAIL: gcc.target/i386/pieces-memset-37.c scan-assembler-times vmovdqu[ \\\\t]+[^\\n]*%ymm 2
FAIL: gcc.target/i386/pieces-memset-44.c scan-assembler-times vmovdqu[ \\\\t]+[^\\n]*%ymm 1
FAIL: gcc.target/i386/pieces-memset-5.c scan-assembler-times vmovdqu[ \\\\t]+[^\\n]*%ymm 1
FAIL: gcc.target/i386/pr100704-3.c scan-assembler push[lq]\\tfoooo+
FAIL: gcc.target/i386/pr100865-2.c scan-assembler-not vmovdqa
FAIL: gcc.target/i386/pr100865-2.c scan-assembler-times vpbroadcastb[\\\\t ]+%xmm[0-9]+, %xmm[0-9]+ 1
FAIL: gcc.target/i386/pr100865-3.c scan-assembler-not vmovdqa
FAIL: gcc.target/i386/pr100865-3.c scan-assembler-times vpbroadcastb[\\\\t ]+%(?:r|e)[^\\n]*, %xmm[0-9]+ 1
FAIL: gcc.target/i386/pr100865-4a.c scan-assembler-not vmovdqa
FAIL: gcc.target/i386/pr100865-4a.c scan-assembler-times vpbroadcastb[\\\\t ]+%xmm[0-9]+, %ymm[0-9]+ 1
FAIL: gcc.target/i386/pr100865-4b.c scan-assembler-not vmovdqa
FAIL: gcc.target/i386/pr100865-4b.c scan-assembler-times vpbroadcastb[\\\\t ]+%(?:r|e)[^\\n]*, %ymm[0-9]+ 1
FAIL: gcc.target/i386/pr100865-5a.c scan-assembler-not vmovdqa
FAIL: gcc.target/i386/pr100865-5a.c scan-assembler-times vpbroadcastw[\\\\t ]+%xmm[0-9]+, %ymm[0-9]+ 1
FAIL: gcc.target/i386/pr100865-5b.c scan-assembler-not vmovdqa
FAIL: gcc.target/i386/pr100865-5b.c scan-assembler-times vpbroadcastw[\\\\t ]+%(?:r|e)[^\\n]*, %ymm[0-9]+ 1
FAIL: gcc.target/i386/pr100865-6a.c scan-assembler-not vmovdqa
FAIL: gcc.target/i386/pr100865-6a.c scan-assembler-times vpbroadcastd[\\\\t ]+%xmm[0-9]+, %ymm[0-9]+ 1
FAIL: gcc.target/i386/pr100865-6b.c scan-assembler-not vmovdqa
FAIL: gcc.target/i386/pr100865-6b.c scan-assembler-times vpbroadcastd[\\\\t ]+%(?:r|e)[^\\n]*, %ymm[0-9]+ 1
FAIL: gcc.target/i386/pr100865-6c.c scan-assembler-not vmovdqa
FAIL: gcc.target/i386/pr100865-6c.c scan-assembler-times vbroadcastss 1
FAIL: gcc.target/i386/pr100865-7b.c scan-assembler-not vmovdqa
FAIL: gcc.target/i386/pr100865-7b.c scan-assembler-times vpbroadcastq[\\\\t ]+[^\\n]*, %ymm[0-9]+ 1
FAIL: gcc.target/i386/pr101796-1.c scan-assembler-not vpsllvw[ \\\\t]
FAIL: gcc.target/i386/pr101796-1.c scan-assembler-not vpsravw[ \\\\t]
FAIL: gcc.target/i386/pr101796-1.c scan-assembler-not vpsrlvw[ \\\\t]
FAIL: gcc.target/i386/pr101796-1.c scan-assembler-times vpsllw[ \\\\t] 1
FAIL: gcc.target/i386/pr101796-1.c scan-assembler-times vpsraw[ \\\\t] 1
FAIL: gcc.target/i386/pr101796-1.c scan-assembler-times vpsrlw[ \\\\t] 1
FAIL: gcc.target/i386/pr101846-2.c scan-assembler-times vpmovdw 3
FAIL: gcc.target/i386/pr101846-2.c scan-assembler-times vpmovqd 3
FAIL: gcc.target/i386/pr101846-2.c scan-assembler-times vpmovwb 3
FAIL: gcc.target/i386/pr101989-broadcast-1.c scan-assembler-times \\\\{1to4\\\\} 4
FAIL: gcc.target/i386/pr102021.c scan-assembler-not vmovdqa
FAIL: gcc.target/i386/pr102021.c scan-assembler-times vpbroadcastq[\\\\t ]+[^\\n]*, %ymm[0-9]+ 1
FAIL: gcc.target/i386/pr102230.c scan-assembler-times movq[\\\\t ]*%mm2, %mm0 1
FAIL: gcc.target/i386/pr11877-2.c scan-assembler-not \\\\\$0,
FAIL: gcc.target/i386/pr11877.c scan-assembler-not \\\\\$0,
FAIL: gcc.target/i386/pr15184-1.c scan-assembler-times movb[ \\\\t]+%al 4
FAIL: gcc.target/i386/pr15184-2.c scan-assembler-times movb[ \\\\t]+%al 2
FAIL: gcc.target/i386/pr36502.c scan-assembler-not esp
FAIL: gcc.target/i386/pr54855-3.c scan-assembler-not movsd
FAIL: gcc.target/i386/pr54855-7.c scan-assembler-not movss
FAIL: gcc.target/i386/pr64110.c scan-assembler vmovd[\\\\t ]
FAIL: gcc.target/i386/pr66334.c scan-assembler movl[ \\\\t].+, %ebx
FAIL: gcc.target/i386/pr71321.c scan-assembler-not lea.*0
FAIL: gcc.target/i386/pr78035.c scan-assembler-times cmp 2
FAIL: gcc.target/i386/pr80569.c (test for excess errors)
FAIL: gcc.target/i386/pr81736-5.c scan-assembler-not %[re]bp
FAIL: gcc.target/i386/pr84278.c scan-assembler-not \\\\(%.sp\\\\)
FAIL: gcc.target/i386/pr85667-6.c scan-assembler-times flds[^\\n\\r]* 1
FAIL: gcc.target/i386/pr90773-17.c scan-assembler-times vpbroadcastb 1
FAIL: gcc.target/i386/pr90773-2.c scan-assembler-times movl[\\\\t ]+\\\\(%[^,]+\\\\), 1
FAIL: gcc.target/i386/pr90773-3.c scan-assembler-times movl[\\\\t ]+\\\\(%[^,]+\\\\), 1
FAIL: gcc.target/i386/pr92651.c scan-assembler-times sub 2
FAIL: gcc.target/i386/pr97873-1.c scan-assembler pabsq
FAIL: gcc.target/i386/pr98060.c scan-assembler-not set
FAIL: gcc.target/i386/ret-thunk-22.c scan-assembler call[ \\\\t]*___x86.get_pc_thunk.cx
FAIL: gcc.target/i386/ret-thunk-23.c scan-assembler call[ \\\\t]*___x86.get_pc_thunk.cx
FAIL: gcc.target/i386/ret-thunk-24.c scan-assembler call[ \\\\t]*___x86.get_pc_thunk.cx
FAIL: gcc.target/i386/sse2-pr94680.c scan-assembler-not pxor
FAIL: gcc.target/i386/vect8-ret.c scan-assembler-times movq 1
=== gcc Summary for unix/-m32 ===
# of expected passes 162474
# of unexpected failures 143
# of unexpected successes 11
# of expected failures 1369
# of unresolved testcases 1
# of unsupported tests 5322
Running target unix/-m64
FAIL: gcc.dg/analyzer/memcpy-1.c (test for warnings, line 162)
FAIL: gcc.dg/analyzer/memcpy-1.c (test for warnings, line 167)
FAIL: gcc.dg/analyzer/taint-size-1.c (test for warnings, line 40)
FAIL: gcc.dg/analyzer/taint-size-1.c event: following true branch at line 23 (test for warnings, line 22)
FAIL: gcc.dg/analyzer/taint-size-1.c event: to here at line 25 (test for warnings, line 24)
FAIL: gcc.dg/analyzer/taint-size-1.c final event at line 29 (test for warnings, line 27)
FAIL: gcc.dg/analyzer/taint-size-1.c warning (test for warnings, line 27)
FAIL: gcc.dg/analyzer/write-to-string-literal-1.c (test for warnings, line 15)
FAIL: c-c++-common/asan/alloca_big_alignment.c -Os output pattern test
FAIL: c-c++-common/asan/alloca_detect_custom_size.c -Os output pattern test
FAIL: c-c++-common/asan/alloca_overflow_partial.c -Os output pattern test
FAIL: c-c++-common/asan/alloca_overflow_right.c -Os output pattern test
FAIL: c-c++-common/asan/alloca_underflow_left.c -Os output pattern test
FAIL: gcc.dg/debug/dwarf2/inline4.c scan-assembler DW_TAG_inlined_subroutine[^\\\\(]*\\\\([^\\\\)]*\\\\)[^\\\\(]*\\\\(DIE \\\\(0x[0-9a-f]*\\\\) DW_TAG_formal_parameter[^\\\\(]*\\\\(DIE \\\\(0x[0-9a-f]*\\\\) DW_TAG_variable
WARNING: c-c++-common/goacc/loop-private-1.c (test for excess errors) program timed out.
FAIL: c-c++-common/goacc/loop-private-1.c (test for excess errors)
FAIL: gcc.dg/graphite/scop-19.c scan-tree-dump-times graphite "number of SCoPs: 0" 1
FAIL: gcc.dg/ipa/ipa-icf-38.c scan-ltrans-tree-dump-not optimized "Function bar"
FAIL: gcc-dg-lto-modref-3-01.exe scan-wpa-ipa-dump modref "parm 1 flags: no_direct_clobber no_direct_escape"
FAIL: gcc-dg-lto-modref-4-01.exe scan-wpa-ipa-dump modref "parm 1 flags: no_direct_clobber no_direct_escape"
FAIL: gcc.dg/lto/modref-3 c_lto_modref-3_0.o-c_lto_modref-3_1.o execute -O2 -flto-partition=max -fdump-ipa-modref -fno-ipa-sra -fno-ipa-cp -flto
FAIL: gcc.dg/lto/modref-4 c_lto_modref-4_0.o-c_lto_modref-4_1.o execute -O2 -flto-partition=max -fdump-ipa-modref -fno-ipa-sra -flto
WARNING: gcc.dg/pch/valid-4.c -Os -I. -Dwith_PCH (test for warnings, line 5) program timed out.
FAIL: gcc.dg/torture/pr100786.c -O0 (test for excess errors)
FAIL: gcc.dg/torture/pr100786.c -O1 (test for excess errors)
FAIL: gcc.dg/torture/pr100786.c -O2 (test for excess errors)
FAIL: gcc.dg/torture/pr100786.c -O2 -flto (test for excess errors)
FAIL: gcc.dg/torture/pr100786.c -O2 -flto -flto-partition=none (test for excess errors)
FAIL: gcc.dg/torture/pr100786.c -O3 -g (test for excess errors)
FAIL: gcc.dg/torture/pr100786.c -Os (test for excess errors)
WARNING: gcc.dg/torture/pr67821.c -O1 (test for excess errors) program timed out.
FAIL: gcc.dg/torture/pr67821.c -O1 (test for excess errors)
XPASS: gcc.dg/tree-ssa/pr91091-2.c scan-tree-dump-times fre1 " = [^;]*x;" 1
XPASS: gcc.dg/tree-ssa/pr91091-2.c scan-tree-dump-times fre1 "x = " 1
XPASS: gcc.dg/tree-ssa/ssa-fre-77.c scan-tree-dump fre1 "return 1;"
FAIL: gcc.dg/vect/costmodel/x86_64/costmodel-pr104582-2.c scan-tree-dump-not slp2 "basic block part vectorized"
FAIL: outputs-25 exe savetmp named2-4: outputs.args.3
FAIL: outputs-25 exe savetmp named2-4: std out
FAIL: gcc.target/i386/auto-init-4.c scan-assembler-times long\\t-16843010 5
FAIL: gcc.target/i386/auto-init-5.c scan-assembler-times \\\\.long\\t0 14
FAIL: gcc.target/i386/auto-init-6.c scan-assembler-times long\\t0 8
FAIL: gcc.target/i386/avx2-dest-false-dep-for-glc.c scan-assembler-times vxorps 4
FAIL: gcc.target/i386/avx2-shiftqihi-constant-2.c (test for excess errors)
UNRESOLVED: gcc.target/i386/avx2-shiftqihi-constant-2.c compilation failed to produce executable
FAIL: gcc.target/i386/avx512bw-pr103750-2.c scan-assembler-not kmov
FAIL: gcc.target/i386/avx512bw-pr88465.c scan-assembler-times kxnor[dq][ \\t] 2
FAIL: gcc.target/i386/avx512dq-pr88465.c scan-assembler-times kxnorb[ \\t] 1
FAIL: gcc.target/i386/avx512f-pr103750-2.c scan-assembler-not kmov
FAIL: gcc.target/i386/avx512f-pr88465.c scan-assembler-times kxnorw[ \\t] 1
FAIL: gcc.target/i386/avx512fp16-13.c scan-assembler-times vmovdqu16[ \\\\t]*[^,]*,[^{\\n]*%xmm[0-9] 1
FAIL: gcc.target/i386/avx512fp16-13.c scan-assembler-times vmovdqu16[ \\\\t]*[^,]*,[^{\\n]*%ymm[0-9] 1
FAIL: gcc.target/i386/avx512fp16-13.c scan-assembler-times vmovdqu16[ \\\\t]*[^{\\n]*%xmm[0-9], *[^,]* 1
FAIL: gcc.target/i386/avx512fp16-13.c scan-assembler-times vmovdqu16[ \\\\t]*[^{\\n]*%ymm[0-9], *[^,]* 1
FAIL: gcc.target/i386/avx512fp16-pr103750-2.c scan-assembler-not kmov
XPASS: gcc.target/i386/bitwise_mask_op-3.c scan-assembler-times kmovb[\\t ] 4
XPASS: gcc.target/i386/bitwise_mask_op-3.c scan-assembler-times korb[\\t ] 1
XPASS: gcc.target/i386/bitwise_mask_op-3.c scan-assembler-times kxorb[\\t ] 1
FAIL: gcc.target/i386/harden-sls-4.c scan-assembler jmp[ \\t]+\\\\*_?fptr
FAIL: gcc.target/i386/memcpy-strategy-10.c scan-assembler jmp\\tmemcpy
FAIL: gcc.target/i386/memcpy-strategy-5.c scan-assembler jmp\\tmemcpy
FAIL: gcc.target/i386/memset-strategy-5.c scan-assembler jmp\\tmemset
FAIL: gcc.target/i386/memset-strategy-7.c scan-assembler jmp\\tmemset
FAIL: gcc.target/i386/pieces-memset-11.c scan-assembler-times vmovdqu[ \\\\t]+[^\\n]*%ymm 2
FAIL: gcc.target/i386/pieces-memset-14.c scan-assembler-times vmovdqu[ \\\\t]+[^\\n]*%ymm 1
FAIL: gcc.target/i386/pieces-memset-2.c scan-assembler-times vmovdqu[ \\\\t]+[^\\n]*%ymm 2
FAIL: gcc.target/i386/pieces-memset-20.c scan-assembler-times vmovdqu[ \\\\t]+[^\\n]*%ymm 2
FAIL: gcc.target/i386/pieces-memset-23.c scan-assembler-times vmovdqu[ \\\\t]+[^\\n]*%ymm 1
FAIL: gcc.target/i386/pieces-memset-29.c scan-assembler-times vmovdqu[ \\\\t]+[^\\n]*%ymm 2
FAIL: gcc.target/i386/pieces-memset-30.c scan-assembler-times vmovdqu[ \\\\t]+[^\\n]*%ymm 2
FAIL: gcc.target/i386/pieces-memset-33.c scan-assembler-times vmovdqu[ \\\\t]+[^\\n]*%ymm 1
FAIL: gcc.target/i386/pieces-memset-34.c scan-assembler-times vmovdqu[ \\\\t]+[^\\n]*%ymm 1
FAIL: gcc.target/i386/pieces-memset-37.c scan-assembler-times vmovdqu[ \\\\t]+[^\\n]*%ymm 2
FAIL: gcc.target/i386/pieces-memset-44.c scan-assembler-times vmovdqu[ \\\\t]+[^\\n]*%ymm 1
FAIL: gcc.target/i386/pieces-memset-5.c scan-assembler-times vmovdqu[ \\\\t]+[^\\n]*%ymm 1
FAIL: gcc.target/i386/pr100704-3.c scan-assembler push[lq]\\tfoooo+
FAIL: gcc.target/i386/pr100936.c (test for excess errors)
FAIL: gcc.target/i386/pr104704-1.c (test for excess errors)
UNRESOLVED: gcc.target/i386/pr104704-1.c compilation failed to produce executable
FAIL: gcc.target/i386/pr104704-4.c (test for excess errors)
UNRESOLVED: gcc.target/i386/pr104704-4.c compilation failed to produce executable
FAIL: gcc.target/i386/pr11877-2.c scan-assembler-not \\\\\$0,
FAIL: gcc.target/i386/pr11877.c scan-assembler-not \\\\\$0,
FAIL: gcc.target/i386/pr34256.c scan-assembler-times mov 5
FAIL: gcc.target/i386/pr71321.c scan-assembler-not lea.*0
FAIL: gcc.target/i386/pr78035.c scan-assembler-times cmp 2
FAIL: gcc.target/i386/pr80569.c (test for excess errors)
FAIL: gcc.target/i386/pr90773-1.c scan-assembler-times movq[\\\\t ]+\\\\(%[^,]+\\\\), 1
FAIL: gcc.target/i386/pr92651.c scan-assembler-times sub 2
FAIL: gcc.target/i386/pr98060.c scan-assembler-not set
FAIL: gcc.target/i386/sse2-v1ti-logic-2.c scan-assembler-times por 2
FAIL: gcc.target/i386/xop-haddX.c (test for excess errors)
UNRESOLVED: gcc.target/i386/xop-haddX.c compilation failed to produce executable
FAIL: gcc.target/i386/xop-hadduX.c (test for excess errors)
UNRESOLVED: gcc.target/i386/xop-hadduX.c compilation failed to produce executable
FAIL: gcc.target/i386/xop-hsubX.c (test for excess errors)
UNRESOLVED: gcc.target/i386/xop-hsubX.c compilation failed to produce executable
=== gcc Summary for unix/-m64 ===
# of expected passes 165525
# of unexpected failures 81
# of unexpected successes 6
# of expected failures 1368
# of unresolved testcases 6
# of unsupported tests 4757
=== gcc Summary ===
# of expected passes 327999
# of unexpected failures 224
# of unexpected successes 17
# of expected failures 2737
# of unresolved testcases 7
# of unsupported tests 10079
/scratch/10-10-yos/gcc-master/gcc/xgcc version 12.0.1 20220305 (experimental) [master revision r12-7500-g8d96e14c1d61] (GCC)
=== gfortran tests ===
Running target unix/-m32
WARNING: gfortran.dg/dec_bitwise_ops_2.f90 -O2 (test for excess errors) program timed out.
FAIL: gfortran.dg/dec_bitwise_ops_2.f90 -O2 (test for excess errors)
FAIL: gfortran.dg/unlimited_polymorphic_3.f03 -Os execution test
FAIL: gfortran.dg/vector_subscript_1.f90 -O1 execution test
FAIL: gfortran.dg/vector_subscript_1.f90 -O2 execution test
FAIL: gfortran.dg/vector_subscript_1.f90 -O3 -fomit-frame-pointer -funroll-loops -fpeel-loops -ftracer -finline-functions execution test
FAIL: gfortran.dg/vector_subscript_1.f90 -O3 -g execution test
FAIL: gfortran.dg/vector_subscript_1.f90 -Os execution test
=== gfortran Summary for unix/-m32 ===
# of expected passes 65320
# of unexpected failures 7
# of expected failures 274
# of unsupported tests 238
Running target unix/-m64
WARNING: gfortran.dg/finalize_9.f90 -O (test for errors, line 12) program timed out.
WARNING: gfortran.dg/pr77414.f90 -O (test for errors, line 3) program timed out.
FAIL: gfortran.dg/unlimited_polymorphic_3.f03 -Os execution test
FAIL: gfortran.dg/vector_subscript_1.f90 -O1 execution test
FAIL: gfortran.dg/vector_subscript_1.f90 -O2 execution test
FAIL: gfortran.dg/vector_subscript_1.f90 -O3 -fomit-frame-pointer -funroll-loops -fpeel-loops -ftracer -finline-functions execution test
FAIL: gfortran.dg/vector_subscript_1.f90 -O3 -g execution test
FAIL: gfortran.dg/vector_subscript_1.f90 -Os execution test
WARNING: gfortran.fortran-torture/execute/spec_abs.f90 compilation, -O3 -g program timed out.
=== gfortran Summary for unix/-m64 ===
# of expected passes 65631
# of unexpected failures 6
# of expected failures 272
# of unsupported tests 92
=== gfortran Summary ===
# of expected passes 130951
# of unexpected failures 13
# of expected failures 546
# of unsupported tests 330
/scratch/10-10-yos/gcc-master/gcc/gfortran version 12.0.1 20220305 (experimental) [master revision r12-7500-g8d96e14c1d61] (GCC)
=== gnat tests ===
Running target unix/-m32
FAIL: gnat.dg/bias1.adb scan-assembler DW_AT_GNU_bias
FAIL: gnat.dg/debug18.adb scan-assembler-not DW_AT_lower_bound
WARNING: gnat.dg/generic_pkg.adb (test for excess errors) program timed out.
WARNING: gnat.dg/others1.adb (test for warnings, line 9) program timed out.
=== gnat Summary for unix/-m32 ===
# of expected passes 3364
# of unexpected failures 2
# of expected failures 23
# of unsupported tests 15
Running target unix/-m64
WARNING: gnat.dg/abstract1.adb (test for excess errors) program timed out.
FAIL: gnat.dg/abstract1.adb (test for excess errors)
FAIL: gnat.dg/bias1.adb scan-assembler DW_AT_GNU_bias
FAIL: gnat.dg/debug18.adb scan-assembler-not DW_AT_lower_bound
=== gnat Summary for unix/-m64 ===
# of expected passes 3364
# of unexpected failures 3
# of expected failures 23
# of unsupported tests 13
=== gnat Summary ===
# of expected passes 6728
# of unexpected failures 5
# of expected failures 46
# of unsupported tests 28
/scratch/10-10-yos/gcc-master/gcc/gnatmake version 12.0.1 20220305 (experimental) [master revision r12-7500-g8d96e14c1d61]
=== jit tests ===
Running target unix/-m32
=== jit Summary for unix/-m32 ===
Running target unix/-m64
FAIL: output-of-test-link-section-assembler.c.s output pattern test, is .text
FAIL: test-combination.c.exe killed: 59155 exp14 0 0 CHILDKILLED SIGSEGV {segmentation violation}
FAIL: test-threads.c.exe killed: 68263 exp14 0 0 CHILDKILLED SIGSEGV {segmentation violation}
FAIL: test-tls.c.exe killed: 69337 exp14 0 0 CHILDKILLED SIGSEGV {segmentation violation}
=== jit Summary for unix/-m64 ===
# of expected passes 8730
# of unexpected failures 4
# of unsupported tests 4
=== jit Summary ===
# of expected passes 8730
# of unexpected failures 4
# of unsupported tests 4
=== obj-c++ tests ===
Running target unix/-m64
=== obj-c++ Summary for unix/-m64 ===
# of expected passes 3199
# of expected failures 22
# of unsupported tests 70
Running target unix/-m32
=== obj-c++ Summary for unix/-m32 ===
# of expected passes 3233
# of expected failures 4
# of unsupported tests 68
=== obj-c++ Summary ===
# of expected passes 6432
# of expected failures 26
# of unsupported tests 138
/scratch/10-10-yos/gcc-master/gcc/xg++ version 12.0.1 20220305 (experimental) [master revision r12-7500-g8d96e14c1d61] (GCC)
=== objc tests ===
Running target unix/-m32
=== objc Summary for unix/-m32 ===
# of expected passes 5775
# of expected failures 7
# of unsupported tests 85
Running target unix/-m64
=== objc Summary for unix/-m64 ===
# of expected passes 5751
# of expected failures 13
# of unsupported tests 88
=== objc Summary ===
# of expected passes 11526
# of expected failures 20
# of unsupported tests 173
/scratch/10-10-yos/gcc-master/gcc/xgcc version 12.0.1 20220305 (experimental) [master revision r12-7500-g8d96e14c1d61] (GCC)
=== libatomic tests ===
Running target unix/-m64
=== libatomic Summary for unix/-m64 ===
# of expected passes 54
Running target unix/-m32
=== libatomic Summary for unix/-m32 ===
# of expected passes 44
# of unsupported tests 5
=== libatomic Summary ===
# of expected passes 98
# of unsupported tests 5
=== libgomp tests ===
Running target unix/-m64
WARNING: program timed out
FAIL: libgomp.c/examples-4/declare_target-1.c (test for excess errors)
WARNING: program timed out
FAIL: libgomp.c/simd-4.c (test for excess errors)
WARNING: program timed out.
FAIL: libgomp.c++/task-reduction-10.C execution test
WARNING: program timed out
FAIL: libgomp.fortran/reduction2.f90 -O3 -fomit-frame-pointer -funroll-loops -fpeel-loops -ftracer -finline-functions (test for excess errors)
FAIL: libgomp.oacc-c/../libgomp.oacc-c-c++-common/host_data-7.c -DACC_DEVICE_TYPE_host=1 -DACC_MEM_SHARED=1 -foffload=disable -O2 (test for excess errors)
FAIL: libgomp.oacc-c++/../libgomp.oacc-c-c++-common/host_data-7.c -DACC_DEVICE_TYPE_host=1 -DACC_MEM_SHARED=1 -foffload=disable -O2 (test for excess errors)
WARNING: program timed out
FAIL: libgomp.oacc-fortran/optional-firstprivate.f90 -DACC_DEVICE_TYPE_host=1 -DACC_MEM_SHARED=1 -foffload=disable -O2 (test for excess errors)
=== libgomp Summary for unix/-m64 ===
# of expected passes 13105
# of unexpected failures 7
# of expected failures 217
# of unsupported tests 627
Running target unix/-m32
WARNING: program timed out
FAIL: libgomp.c/simd-6.c (test for excess errors)
WARNING: program timed out
FAIL: libgomp.c++/member-7.C (test for excess errors)
WARNING: program timed out
FAIL: libgomp.fortran/allocatable4.f90 -Os (test for excess errors)
WARNING: program timed out
FAIL: libgomp.fortran/close_errors_1.f90 -O1 (test for excess errors)
WARNING: program timed out
FAIL: libgomp.fortran/doacross2.f90 -O1 (test for excess errors)
WARNING: program timed out
FAIL: libgomp.fortran/target4.f90 -O1 (test for excess errors)
WARNING: program timed out
FAIL: libgomp.fortran/teams-1.f90 -O (test for excess errors)
WARNING: program timed out
FAIL: libgomp.fortran/use_device_ptr-optional-3.f90 -O0 (test for excess errors)
FAIL: libgomp.oacc-c/../libgomp.oacc-c-c++-common/host_data-7.c -DACC_DEVICE_TYPE_host=1 -DACC_MEM_SHARED=1 -foffload=disable -O2 (test for excess errors)
FAIL: libgomp.oacc-c++/../libgomp.oacc-c-c++-common/host_data-7.c -DACC_DEVICE_TYPE_host=1 -DACC_MEM_SHARED=1 -foffload=disable -O2 (test for excess errors)
=== libgomp Summary for unix/-m32 ===
# of expected passes 13101
# of unexpected failures 10
# of expected failures 217
# of unsupported tests 628
=== libgomp Summary ===
# of expected passes 26206
# of unexpected failures 17
# of expected failures 434
# of unsupported tests 1255
=== libitm tests ===
Running target unix/-m64
=== libitm Summary for unix/-m64 ===
# of expected passes 42
# of expected failures 3
# of unsupported tests 2
Running target unix/-m32
=== libitm Summary for unix/-m32 ===
# of expected passes 42
# of expected failures 3
# of unsupported tests 2
=== libitm Summary ===
# of expected passes 84
# of expected failures 6
# of unsupported tests 4
=== libstdc++ tests ===
Running target unix/-m32
WARNING: 22_locale/codecvt/always_noconv/wchar_t/wrapped_env.cc program timed out.
WARNING: 28_regex/basic_regex/assign/char/pstring.cc (test for excess errors) program timed out.
FAIL: 28_regex/basic_regex/assign/char/pstring.cc (test for excess errors)
WARNING: 30_threads/condition_variable/54185.cc execution test program timed out.
FAIL: 30_threads/condition_variable/54185.cc execution test
WARNING: 30_threads/future/members/93456.cc execution test program timed out.
FAIL: 30_threads/future/members/93456.cc execution test
FAIL: 30_threads/future/members/poll.cc execution test
FAIL: std/ranges/access/ssize.cc (test for excess errors)
UNRESOLVED: std/ranges/access/ssize.cc compilation failed to produce executable
=== libstdc++ Summary for unix/-m32 ===
# of expected passes 14154
# of unexpected failures 5
# of expected failures 96
# of unresolved testcases 1
# of unsupported tests 780
Running target unix/-m64
WARNING: 22_locale/num_put/put/wchar_t/38210.cc (test for excess errors) program timed out.
FAIL: 22_locale/num_put/put/wchar_t/38210.cc (test for excess errors)
WARNING: 30_threads/condition_variable/54185.cc execution test program timed out.
FAIL: 30_threads/condition_variable/54185.cc execution test
FAIL: 30_threads/future/members/poll.cc execution test
=== libstdc++ Summary for unix/-m64 ===
# of expected passes 14151
# of unexpected failures 3
# of expected failures 96
# of unsupported tests 783
=== libstdc++ Summary ===
# of expected passes 28305
# of unexpected failures 8
# of expected failures 192
# of unresolved testcases 1
# of unsupported tests 1563
Compiler version: 12.0.1 20220305 (experimental) [master revision r12-7500-g8d96e14c1d61] (GCC)
Platform: x86_64-apple-darwin14
configure flags: --prefix=/opt/iains/x86_64-apple-darwin14/gcc-12-0-1 --build=x86_64-apple-darwin14 --with-sysroot=/Library/Developer/CommandLineTools/SDKs/MacOSX.sdk --enable-languages=all --with-cpu=westmere CC=x86_64-apple-darwin14-gcc CXX=x86_64-apple-darwin14-g++
More information about the Gcc-testresults
mailing list