Results for 12.0.1 20220304 (experimental) [master 49bc9c6c1ef9441c3db586882e1985da3be9cfa1] (GCC) testsuite on i386-pc-solaris2.11

Rainer Orth ro@CeBiTec.Uni-Bielefeld.DE
Fri Mar 4 20:27:51 GMT 2022


LAST_UPDATED: Fri Mar  4 09:48:50 UTC 2022 (revision 49bc9c6c1ef9441c3db586882e1985da3be9cfa1)

		=== acats tests ===

		=== acats Summary ===
# of expected passes		2328
# of unexpected failures	0
Native configuration is i386-pc-solaris2.11

		=== g++ tests ===


Running target unix
FAIL: c-c++-common/asan/swapcontext-test-1.c   -O0  execution test
FAIL: c-c++-common/asan/swapcontext-test-1.c   -O1  execution test
FAIL: c-c++-common/asan/swapcontext-test-1.c   -O2  execution test
FAIL: c-c++-common/asan/swapcontext-test-1.c   -O2 -flto  execution test
FAIL: c-c++-common/asan/swapcontext-test-1.c   -O2 -flto -flto-partition=none  execution test
FAIL: c-c++-common/asan/swapcontext-test-1.c   -O3 -fomit-frame-pointer -funroll-loops -fpeel-loops -ftracer -finline-functions  execution test
FAIL: c-c++-common/asan/swapcontext-test-1.c   -O3 -g  execution test
FAIL: c-c++-common/asan/swapcontext-test-1.c   -Os  execution test
FAIL: g++.dg/asan/default-options-1.C   -O0  execution test
FAIL: g++.dg/asan/default-options-1.C   -O1  execution test
FAIL: g++.dg/asan/default-options-1.C   -O2  execution test
FAIL: g++.dg/asan/default-options-1.C   -O2 -flto  execution test
FAIL: g++.dg/asan/default-options-1.C   -O2 -flto -flto-partition=none  execution test
FAIL: g++.dg/asan/default-options-1.C   -O3 -g  execution test
FAIL: g++.dg/asan/default-options-1.C   -Os  execution test
FAIL: g++.dg/warn/Wstringop-overflow-6.C  -std=gnu++20 (test for excess errors)
FAIL: g++.dg/gcov/pr16855-priority.C  -std=gnu++14  gcov: 12 failures in line counts, 0 in branch percentages, 0 in return percentages, 0 in intermediate format
FAIL: g++.dg/gcov/pr16855-priority.C  -std=gnu++14  line 14: is 2:should be 1
FAIL: g++.dg/gcov/pr16855-priority.C  -std=gnu++14  line 21: is 2:should be 1
FAIL: g++.dg/gcov/pr16855-priority.C  -std=gnu++14  line 23: is #####:should be 1
FAIL: g++.dg/gcov/pr16855-priority.C  -std=gnu++14  line 37: is 2:should be 1
FAIL: g++.dg/gcov/pr16855-priority.C  -std=gnu++14  line 43: is 2:should be 1
FAIL: g++.dg/gcov/pr16855-priority.C  -std=gnu++14  line 48: is 2:should be 1
FAIL: g++.dg/gcov/pr16855-priority.C  -std=gnu++14  line 53: is 2:should be 1
FAIL: g++.dg/gcov/pr16855-priority.C  -std=gnu++14  line 58: is 2:should be 1
FAIL: g++.dg/gcov/pr16855-priority.C  -std=gnu++14  line 63: is 2:should be 1
FAIL: g++.dg/gcov/pr16855-priority.C  -std=gnu++14  line 68: is 2:should be 1
FAIL: g++.dg/gcov/pr16855-priority.C  -std=gnu++14  line 73: is 2:should be 1
FAIL: g++.dg/gcov/pr16855-priority.C  -std=gnu++14  line 78: is 2:should be 1
FAIL: g++.dg/gcov/pr16855-priority.C  -std=gnu++17  gcov: 12 failures in line counts, 0 in branch percentages, 0 in return percentages, 0 in intermediate format
FAIL: g++.dg/gcov/pr16855-priority.C  -std=gnu++17  line 14: is 3:should be 1
FAIL: g++.dg/gcov/pr16855-priority.C  -std=gnu++17  line 21: is 3:should be 1
FAIL: g++.dg/gcov/pr16855-priority.C  -std=gnu++17  line 23: is #####:should be 1
FAIL: g++.dg/gcov/pr16855-priority.C  -std=gnu++17  line 37: is 3:should be 1
FAIL: g++.dg/gcov/pr16855-priority.C  -std=gnu++17  line 43: is 3:should be 1
FAIL: g++.dg/gcov/pr16855-priority.C  -std=gnu++17  line 48: is 3:should be 1
FAIL: g++.dg/gcov/pr16855-priority.C  -std=gnu++17  line 53: is 3:should be 1
FAIL: g++.dg/gcov/pr16855-priority.C  -std=gnu++17  line 58: is 3:should be 1
FAIL: g++.dg/gcov/pr16855-priority.C  -std=gnu++17  line 63: is 3:should be 1
FAIL: g++.dg/gcov/pr16855-priority.C  -std=gnu++17  line 68: is 3:should be 1
FAIL: g++.dg/gcov/pr16855-priority.C  -std=gnu++17  line 73: is 3:should be 1
FAIL: g++.dg/gcov/pr16855-priority.C  -std=gnu++17  line 78: is 3:should be 1
FAIL: g++.dg/gcov/pr16855-priority.C  -std=gnu++20  gcov: 12 failures in line counts, 0 in branch percentages, 0 in return percentages, 0 in intermediate format
FAIL: g++.dg/gcov/pr16855-priority.C  -std=gnu++20  line 14: is 4:should be 1
FAIL: g++.dg/gcov/pr16855-priority.C  -std=gnu++20  line 21: is 4:should be 1
FAIL: g++.dg/gcov/pr16855-priority.C  -std=gnu++20  line 23: is #####:should be 1
FAIL: g++.dg/gcov/pr16855-priority.C  -std=gnu++20  line 37: is 4:should be 1
FAIL: g++.dg/gcov/pr16855-priority.C  -std=gnu++20  line 43: is 4:should be 1
FAIL: g++.dg/gcov/pr16855-priority.C  -std=gnu++20  line 48: is 4:should be 1
FAIL: g++.dg/gcov/pr16855-priority.C  -std=gnu++20  line 53: is 4:should be 1
FAIL: g++.dg/gcov/pr16855-priority.C  -std=gnu++20  line 58: is 4:should be 1
FAIL: g++.dg/gcov/pr16855-priority.C  -std=gnu++20  line 63: is 4:should be 1
FAIL: g++.dg/gcov/pr16855-priority.C  -std=gnu++20  line 68: is 4:should be 1
FAIL: g++.dg/gcov/pr16855-priority.C  -std=gnu++20  line 73: is 4:should be 1
FAIL: g++.dg/gcov/pr16855-priority.C  -std=gnu++20  line 78: is 4:should be 1
FAIL: g++.dg/gcov/pr16855-priority.C  -std=gnu++98  gcov: 1 failures in line counts, 0 in branch percentages, 0 in return percentages, 0 in intermediate format
FAIL: g++.dg/gcov/pr16855-priority.C  -std=gnu++98  line 23: is #####:should be 1
FAIL: g++.dg/gcov/pr16855.C  -std=gnu++14  gcov: 6 failures in line counts, 0 in branch percentages, 0 in return percentages, 0 in intermediate format
FAIL: g++.dg/gcov/pr16855.C  -std=gnu++14  line 15: is 2:should be 1
FAIL: g++.dg/gcov/pr16855.C  -std=gnu++14  line 22: is 2:should be 1
FAIL: g++.dg/gcov/pr16855.C  -std=gnu++14  line 24: is #####:should be 1
FAIL: g++.dg/gcov/pr16855.C  -std=gnu++14  line 38: is 2:should be 1
FAIL: g++.dg/gcov/pr16855.C  -std=gnu++14  line 44: is 2:should be 1
FAIL: g++.dg/gcov/pr16855.C  -std=gnu++14  line 49: is 2:should be 1
FAIL: g++.dg/gcov/pr16855.C  -std=gnu++17  gcov: 6 failures in line counts, 0 in branch percentages, 0 in return percentages, 0 in intermediate format
FAIL: g++.dg/gcov/pr16855.C  -std=gnu++17  line 15: is 3:should be 1
FAIL: g++.dg/gcov/pr16855.C  -std=gnu++17  line 22: is 3:should be 1
FAIL: g++.dg/gcov/pr16855.C  -std=gnu++17  line 24: is #####:should be 1
FAIL: g++.dg/gcov/pr16855.C  -std=gnu++17  line 38: is 3:should be 1
FAIL: g++.dg/gcov/pr16855.C  -std=gnu++17  line 44: is 3:should be 1
FAIL: g++.dg/gcov/pr16855.C  -std=gnu++17  line 49: is 3:should be 1
FAIL: g++.dg/gcov/pr16855.C  -std=gnu++20  gcov: 6 failures in line counts, 0 in branch percentages, 0 in return percentages, 0 in intermediate format
FAIL: g++.dg/gcov/pr16855.C  -std=gnu++20  line 15: is 4:should be 1
FAIL: g++.dg/gcov/pr16855.C  -std=gnu++20  line 22: is 4:should be 1
FAIL: g++.dg/gcov/pr16855.C  -std=gnu++20  line 24: is #####:should be 1
FAIL: g++.dg/gcov/pr16855.C  -std=gnu++20  line 38: is 4:should be 1
FAIL: g++.dg/gcov/pr16855.C  -std=gnu++20  line 44: is 4:should be 1
FAIL: g++.dg/gcov/pr16855.C  -std=gnu++20  line 49: is 4:should be 1
FAIL: g++.dg/gcov/pr16855.C  -std=gnu++98  gcov: 1 failures in line counts, 0 in branch percentages, 0 in return percentages, 0 in intermediate format
FAIL: g++.dg/gcov/pr16855.C  -std=gnu++98  line 24: is #####:should be 1
FAIL: g++.dg/modules/stdio-1_a.H -std=c++17  scan-lang-dump module "Depset:0 decl entity:[0-9]* function_decl:'::printf'"
FAIL: g++.dg/modules/stdio-1_a.H -std=c++2a  scan-lang-dump module "Depset:0 decl entity:[0-9]* function_decl:'::printf'"
FAIL: g++.dg/modules/stdio-1_a.H -std=c++2b  scan-lang-dump module "Depset:0 decl entity:[0-9]* function_decl:'::printf'"
FAIL: g++.dg/torture/pr80334.C   -O0  execution test
FAIL: g++.dg/torture/pr80334.C   -O1  execution test
FAIL: g++.dg/torture/pr80334.C   -O2  execution test
FAIL: g++.dg/torture/pr80334.C   -O2 -flto  execution test
FAIL: g++.dg/torture/pr80334.C   -O2 -flto -flto-partition=none  execution test
FAIL: g++.dg/torture/pr80334.C   -O3 -fomit-frame-pointer -funroll-loops -fpeel-loops -ftracer -finline-functions  execution test
FAIL: g++.dg/torture/pr80334.C   -O3 -g  execution test
FAIL: g++.dg/torture/pr80334.C   -Os  execution test

		=== g++ Summary for unix ===

# of expected passes		221692
# of unexpected failures	91
# of expected failures		1792
# of unsupported tests		10093

Running target unix/-m64
FAIL: g++.dg/warn/Wstringop-overflow-6.C  -std=gnu++20 (test for excess errors)
FAIL: g++.dg/gcov/pr16855-priority.C  -std=gnu++14  gcov: 12 failures in line counts, 0 in branch percentages, 0 in return percentages, 0 in intermediate format
FAIL: g++.dg/gcov/pr16855-priority.C  -std=gnu++14  line 14: is 2:should be 1
FAIL: g++.dg/gcov/pr16855-priority.C  -std=gnu++14  line 21: is 2:should be 1
FAIL: g++.dg/gcov/pr16855-priority.C  -std=gnu++14  line 23: is #####:should be 1
FAIL: g++.dg/gcov/pr16855-priority.C  -std=gnu++14  line 37: is 2:should be 1
FAIL: g++.dg/gcov/pr16855-priority.C  -std=gnu++14  line 43: is 2:should be 1
FAIL: g++.dg/gcov/pr16855-priority.C  -std=gnu++14  line 48: is 2:should be 1
FAIL: g++.dg/gcov/pr16855-priority.C  -std=gnu++14  line 53: is 2:should be 1
FAIL: g++.dg/gcov/pr16855-priority.C  -std=gnu++14  line 58: is 2:should be 1
FAIL: g++.dg/gcov/pr16855-priority.C  -std=gnu++14  line 63: is 2:should be 1
FAIL: g++.dg/gcov/pr16855-priority.C  -std=gnu++14  line 68: is 2:should be 1
FAIL: g++.dg/gcov/pr16855-priority.C  -std=gnu++14  line 73: is 2:should be 1
FAIL: g++.dg/gcov/pr16855-priority.C  -std=gnu++14  line 78: is 2:should be 1
FAIL: g++.dg/gcov/pr16855-priority.C  -std=gnu++17  gcov: 12 failures in line counts, 0 in branch percentages, 0 in return percentages, 0 in intermediate format
FAIL: g++.dg/gcov/pr16855-priority.C  -std=gnu++17  line 14: is 3:should be 1
FAIL: g++.dg/gcov/pr16855-priority.C  -std=gnu++17  line 21: is 3:should be 1
FAIL: g++.dg/gcov/pr16855-priority.C  -std=gnu++17  line 23: is #####:should be 1
FAIL: g++.dg/gcov/pr16855-priority.C  -std=gnu++17  line 37: is 3:should be 1
FAIL: g++.dg/gcov/pr16855-priority.C  -std=gnu++17  line 43: is 3:should be 1
FAIL: g++.dg/gcov/pr16855-priority.C  -std=gnu++17  line 48: is 3:should be 1
FAIL: g++.dg/gcov/pr16855-priority.C  -std=gnu++17  line 53: is 3:should be 1
FAIL: g++.dg/gcov/pr16855-priority.C  -std=gnu++17  line 58: is 3:should be 1
FAIL: g++.dg/gcov/pr16855-priority.C  -std=gnu++17  line 63: is 3:should be 1
FAIL: g++.dg/gcov/pr16855-priority.C  -std=gnu++17  line 68: is 3:should be 1
FAIL: g++.dg/gcov/pr16855-priority.C  -std=gnu++17  line 73: is 3:should be 1
FAIL: g++.dg/gcov/pr16855-priority.C  -std=gnu++17  line 78: is 3:should be 1
FAIL: g++.dg/gcov/pr16855-priority.C  -std=gnu++20  gcov: 12 failures in line counts, 0 in branch percentages, 0 in return percentages, 0 in intermediate format
FAIL: g++.dg/gcov/pr16855-priority.C  -std=gnu++20  line 14: is 4:should be 1
FAIL: g++.dg/gcov/pr16855-priority.C  -std=gnu++20  line 21: is 4:should be 1
FAIL: g++.dg/gcov/pr16855-priority.C  -std=gnu++20  line 23: is #####:should be 1
FAIL: g++.dg/gcov/pr16855-priority.C  -std=gnu++20  line 37: is 4:should be 1
FAIL: g++.dg/gcov/pr16855-priority.C  -std=gnu++20  line 43: is 4:should be 1
FAIL: g++.dg/gcov/pr16855-priority.C  -std=gnu++20  line 48: is 4:should be 1
FAIL: g++.dg/gcov/pr16855-priority.C  -std=gnu++20  line 53: is 4:should be 1
FAIL: g++.dg/gcov/pr16855-priority.C  -std=gnu++20  line 58: is 4:should be 1
FAIL: g++.dg/gcov/pr16855-priority.C  -std=gnu++20  line 63: is 4:should be 1
FAIL: g++.dg/gcov/pr16855-priority.C  -std=gnu++20  line 68: is 4:should be 1
FAIL: g++.dg/gcov/pr16855-priority.C  -std=gnu++20  line 73: is 4:should be 1
FAIL: g++.dg/gcov/pr16855-priority.C  -std=gnu++20  line 78: is 4:should be 1
FAIL: g++.dg/gcov/pr16855-priority.C  -std=gnu++98  gcov: 1 failures in line counts, 0 in branch percentages, 0 in return percentages, 0 in intermediate format
FAIL: g++.dg/gcov/pr16855-priority.C  -std=gnu++98  line 23: is #####:should be 1
FAIL: g++.dg/gcov/pr16855.C  -std=gnu++14  gcov: 6 failures in line counts, 0 in branch percentages, 0 in return percentages, 0 in intermediate format
FAIL: g++.dg/gcov/pr16855.C  -std=gnu++14  line 15: is 2:should be 1
FAIL: g++.dg/gcov/pr16855.C  -std=gnu++14  line 22: is 2:should be 1
FAIL: g++.dg/gcov/pr16855.C  -std=gnu++14  line 24: is #####:should be 1
FAIL: g++.dg/gcov/pr16855.C  -std=gnu++14  line 38: is 2:should be 1
FAIL: g++.dg/gcov/pr16855.C  -std=gnu++14  line 44: is 2:should be 1
FAIL: g++.dg/gcov/pr16855.C  -std=gnu++14  line 49: is 2:should be 1
FAIL: g++.dg/gcov/pr16855.C  -std=gnu++17  gcov: 6 failures in line counts, 0 in branch percentages, 0 in return percentages, 0 in intermediate format
FAIL: g++.dg/gcov/pr16855.C  -std=gnu++17  line 15: is 3:should be 1
FAIL: g++.dg/gcov/pr16855.C  -std=gnu++17  line 22: is 3:should be 1
FAIL: g++.dg/gcov/pr16855.C  -std=gnu++17  line 24: is #####:should be 1
FAIL: g++.dg/gcov/pr16855.C  -std=gnu++17  line 38: is 3:should be 1
FAIL: g++.dg/gcov/pr16855.C  -std=gnu++17  line 44: is 3:should be 1
FAIL: g++.dg/gcov/pr16855.C  -std=gnu++17  line 49: is 3:should be 1
FAIL: g++.dg/gcov/pr16855.C  -std=gnu++20  gcov: 6 failures in line counts, 0 in branch percentages, 0 in return percentages, 0 in intermediate format
FAIL: g++.dg/gcov/pr16855.C  -std=gnu++20  line 15: is 4:should be 1
FAIL: g++.dg/gcov/pr16855.C  -std=gnu++20  line 22: is 4:should be 1
FAIL: g++.dg/gcov/pr16855.C  -std=gnu++20  line 24: is #####:should be 1
FAIL: g++.dg/gcov/pr16855.C  -std=gnu++20  line 38: is 4:should be 1
FAIL: g++.dg/gcov/pr16855.C  -std=gnu++20  line 44: is 4:should be 1
FAIL: g++.dg/gcov/pr16855.C  -std=gnu++20  line 49: is 4:should be 1
FAIL: g++.dg/gcov/pr16855.C  -std=gnu++98  gcov: 1 failures in line counts, 0 in branch percentages, 0 in return percentages, 0 in intermediate format
FAIL: g++.dg/gcov/pr16855.C  -std=gnu++98  line 24: is #####:should be 1
FAIL: g++.dg/modules/stdio-1_a.H -std=c++17  scan-lang-dump module "Depset:0 decl entity:[0-9]* function_decl:'::printf'"
FAIL: g++.dg/modules/stdio-1_a.H -std=c++2a  scan-lang-dump module "Depset:0 decl entity:[0-9]* function_decl:'::printf'"
FAIL: g++.dg/modules/stdio-1_a.H -std=c++2b  scan-lang-dump module "Depset:0 decl entity:[0-9]* function_decl:'::printf'"
FAIL: g++.target/i386/pr97054.C  -std=gnu++14 (test for excess errors)
UNRESOLVED: g++.target/i386/pr97054.C  -std=gnu++14 compilation failed to produce executable
FAIL: g++.target/i386/pr97054.C  -std=gnu++17 (test for excess errors)
UNRESOLVED: g++.target/i386/pr97054.C  -std=gnu++17 compilation failed to produce executable
FAIL: g++.target/i386/pr97054.C  -std=gnu++20 (test for excess errors)
UNRESOLVED: g++.target/i386/pr97054.C  -std=gnu++20 compilation failed to produce executable
FAIL: g++.target/i386/pr97054.C  -std=gnu++98 (test for excess errors)
UNRESOLVED: g++.target/i386/pr97054.C  -std=gnu++98 compilation failed to produce executable

		=== g++ Summary for unix/-m64 ===

# of expected passes		222050
# of unexpected failures	72
# of expected failures		1800
# of unresolved testcases	4
# of unsupported tests		10047

		=== g++ Summary ===

# of expected passes		443742
# of unexpected failures	163
# of expected failures		3592
# of unresolved testcases	4
# of unsupported tests		20140
/var/gcc/regression/master/11-gcc/build/gcc/xg++  version 12.0.1 20220304 (experimental) [master 49bc9c6c1ef9441c3db586882e1985da3be9cfa1] (GCC) 

		=== gcc tests ===


Running target unix
FAIL: gcc.c-torture/compile/pr61159.c   -O0  (test for excess errors)
FAIL: gcc.c-torture/compile/pr61159.c   -O1  (test for excess errors)
FAIL: gcc.c-torture/compile/pr61159.c   -O2  (test for excess errors)
FAIL: gcc.c-torture/compile/pr61159.c   -O2 -flto  (test for excess errors)
FAIL: gcc.c-torture/compile/pr61159.c   -O2 -flto -flto-partition=none  (test for excess errors)
FAIL: gcc.c-torture/compile/pr61159.c   -O3 -g  (test for excess errors)
FAIL: gcc.c-torture/compile/pr61159.c   -Os  (test for excess errors)
FAIL: c-c++-common/asan/swapcontext-test-1.c   -O0  execution test
FAIL: c-c++-common/asan/swapcontext-test-1.c   -O1  execution test
FAIL: c-c++-common/asan/swapcontext-test-1.c   -O2  execution test
FAIL: c-c++-common/asan/swapcontext-test-1.c   -O2 -flto  execution test
FAIL: c-c++-common/asan/swapcontext-test-1.c   -O2 -flto -flto-partition=none  execution test
FAIL: c-c++-common/asan/swapcontext-test-1.c   -O3 -fomit-frame-pointer -funroll-loops -fpeel-loops -ftracer -finline-functions  execution test
FAIL: c-c++-common/asan/swapcontext-test-1.c   -O3 -g  execution test
FAIL: c-c++-common/asan/swapcontext-test-1.c   -Os  execution test
XPASS: gcc.dg/debug/dwarf2/inline5.c scan-assembler-not \\\\(DIE \\\\(0x([0-9a-f]*)\\\\) DW_TAG_lexical_block\\\\)[^#/!@;\\\\|]*[#/!@;\\\\|]+ +DW_AT.*DW_TAG_lexical_block\\\\)[^#/!@;\\\\|x]*x\\\\1[^#/!@;\\\\|]*[#/!@;\\\\|] +DW_AT_abstract_origin
FAIL: gcc.dg/attr-weakref-1.c (test for excess errors)
UNRESOLVED: gcc.dg/attr-weakref-1.c compilation failed to produce executable
FAIL: gcc.dg/ipa/iinline-attr.c scan-ipa-dump inline "hooray[^\\\\n]*inline copy in test"
FAIL: gcc.dg/ipa/ipa-icf-38.c scan-ltrans-tree-dump-not optimized "Function bar"
FAIL: gcc-dg-lto-modref-3-01.exe scan-wpa-ipa-dump modref "parm 1 flags: no_direct_clobber no_direct_escape"
FAIL: gcc-dg-lto-modref-4-01.exe scan-wpa-ipa-dump modref "parm 1 flags: no_direct_clobber no_direct_escape"
FAIL: gcc.dg/lto/modref-3 c_lto_modref-3_0.o-c_lto_modref-3_1.o execute -O2 -flto-partition=max -fdump-ipa-modref -fno-ipa-sra -fno-ipa-cp -flto
FAIL: gcc.dg/lto/modref-4 c_lto_modref-4_0.o-c_lto_modref-4_1.o execute -O2 -flto-partition=max -fdump-ipa-modref -fno-ipa-sra -flto
FAIL: gcc.dg/tree-ssa/scev-3.c scan-tree-dump-times ivopts "&a" 1
FAIL: gcc.dg/tree-ssa/scev-4.c scan-tree-dump-times ivopts "&a" 1
FAIL: gcc.dg/tree-ssa/scev-5.c scan-tree-dump-times ivopts "&a" 1
XPASS: gcc.target/i386/incoming-11.c scan-assembler-not andl[\\\\t ]*\\\\\$-16,[\\\\t ]*%esp
XPASS: gcc.target/i386/pieces-memset-3.c scan-assembler-not and[^\\n\\r]*%[re]sp
XPASS: gcc.target/i386/pieces-memset-37.c scan-assembler-not %[re]bp
XPASS: gcc.target/i386/pieces-memset-37.c scan-assembler-not and[^\\n\\r]*%[re]sp
XPASS: gcc.target/i386/pieces-memset-39.c scan-assembler-not %[re]bp
XPASS: gcc.target/i386/pieces-memset-39.c scan-assembler-not and[^\\n\\r]*%[re]sp
XPASS: gcc.target/i386/pieces-memset-46.c scan-assembler-times vmovw[ \\\\t]+[^\\n]*%xmm 1
XPASS: gcc.target/i386/pieces-memset-47.c scan-assembler-times vmovw[ \\\\t]+[^\\n]*%xmm 1
XPASS: gcc.target/i386/pieces-memset-48.c scan-assembler-times vmovw[ \\\\t]+[^\\n]*%xmm 1
FAIL: gcc.target/i386/pr100711-1.c scan-assembler-times pandn 2
FAIL: gcc.target/i386/pr104704-3.c execution test
FAIL: gcc.target/i386/pr104704-6.c execution test
FAIL: gcc.target/i386/pr80569.c (test for excess errors)
XPASS: gcc.target/i386/pr90773-14.c scan-assembler-times movd[\\\\t ]+%xmm[0-9]+, 16\\\\(%[^,]+\\\\) 1

		=== gcc Summary for unix ===

# of expected passes		166071
# of unexpected failures	29
# of unexpected successes	11
# of expected failures		1344
# of unresolved testcases	1
# of unsupported tests		4763

Running target unix/-m64
FAIL: gcc.c-torture/compile/pr61159.c   -O0  (test for excess errors)
FAIL: gcc.c-torture/compile/pr61159.c   -O1  (test for excess errors)
FAIL: gcc.c-torture/compile/pr61159.c   -O2  (test for excess errors)
FAIL: gcc.c-torture/compile/pr61159.c   -O2 -flto  (test for excess errors)
FAIL: gcc.c-torture/compile/pr61159.c   -O2 -flto -flto-partition=none  (test for excess errors)
FAIL: gcc.c-torture/compile/pr61159.c   -O3 -g  (test for excess errors)
FAIL: gcc.c-torture/compile/pr61159.c   -Os  (test for excess errors)
XPASS: gcc.dg/debug/dwarf2/inline5.c scan-assembler-not \\\\(DIE \\\\(0x([0-9a-f]*)\\\\) DW_TAG_lexical_block\\\\)[^#/!@;\\\\|]*[#/!@;\\\\|]+ +DW_AT.*DW_TAG_lexical_block\\\\)[^#/!@;\\\\|x]*x\\\\1[^#/!@;\\\\|]*[#/!@;\\\\|] +DW_AT_abstract_origin
FAIL: gcc.dg/attr-weakref-1.c (test for excess errors)
UNRESOLVED: gcc.dg/attr-weakref-1.c compilation failed to produce executable
FAIL: gcc.dg/ipa/iinline-attr.c scan-ipa-dump inline "hooray[^\\\\n]*inline copy in test"
FAIL: gcc.dg/ipa/ipa-icf-38.c scan-ltrans-tree-dump-not optimized "Function bar"
FAIL: gcc-dg-lto-modref-3-01.exe scan-wpa-ipa-dump modref "parm 1 flags: no_direct_clobber no_direct_escape"
FAIL: gcc-dg-lto-modref-4-01.exe scan-wpa-ipa-dump modref "parm 1 flags: no_direct_clobber no_direct_escape"
FAIL: gcc.dg/lto/modref-3 c_lto_modref-3_0.o-c_lto_modref-3_1.o execute -O2 -flto-partition=max -fdump-ipa-modref -fno-ipa-sra -fno-ipa-cp -flto
FAIL: gcc.dg/lto/modref-4 c_lto_modref-4_0.o-c_lto_modref-4_1.o execute -O2 -flto-partition=max -fdump-ipa-modref -fno-ipa-sra -flto
XPASS: gcc.dg/tree-ssa/builtin-snprintf-6.c scan-tree-dump-times optimized "Function test_assign_aggregate" 1
FAIL: gcc.target/i386/auto-init-4.c scan-assembler-times long\\t-16843010 5
FAIL: gcc.target/i386/auto-init-5.c scan-assembler-times \\\\.long\\t0 14
FAIL: gcc.target/i386/auto-init-6.c scan-assembler-times long\\t0 8
FAIL: gcc.target/i386/pieces-memset-21.c scan-assembler vzeroupper
XPASS: gcc.target/i386/pieces-memset-3.c scan-assembler-not %[re]bp
XPASS: gcc.target/i386/pieces-memset-3.c scan-assembler-not and[^\\n\\r]*%[re]sp
XPASS: gcc.target/i386/pieces-memset-37.c scan-assembler-not %[re]bp
XPASS: gcc.target/i386/pieces-memset-37.c scan-assembler-not and[^\\n\\r]*%[re]sp
XPASS: gcc.target/i386/pieces-memset-39.c scan-assembler-not %[re]bp
XPASS: gcc.target/i386/pieces-memset-39.c scan-assembler-not and[^\\n\\r]*%[re]sp
XPASS: gcc.target/i386/pieces-memset-46.c scan-assembler-times vmovw[ \\\\t]+[^\\n]*%xmm 1
XPASS: gcc.target/i386/pieces-memset-47.c scan-assembler-times vmovw[ \\\\t]+[^\\n]*%xmm 1
XPASS: gcc.target/i386/pieces-memset-48.c scan-assembler-times vmovw[ \\\\t]+[^\\n]*%xmm 1
FAIL: gcc.target/i386/pr100865-11b.c scan-assembler-times vmovdqa[\\\\t ]%xmm[0-9]+,  16
FAIL: gcc.target/i386/pr100865-12b.c scan-assembler-times vmovdqa[\\\\t ]%xmm[0-9]+,  16
XPASS: gcc.target/i386/pr100865-8a.c scan-assembler-times (?:vpbroadcastd|vpshufd)[\\\\t ]+[^\\n]*, %xmm[0-9]+ 1
FAIL: gcc.target/i386/pr100865-8b.c scan-assembler-times vmovdqa[\\\\t ]%xmm[0-9]+,  16
XPASS: gcc.target/i386/pr100865-8c.c scan-assembler-times vpshufd[\\\\t ]+[^\\n]*, %xmm[0-9]+ 1
FAIL: gcc.target/i386/pr100865-9b.c scan-assembler-times vmovdqa[\\\\t ]%xmm[0-9]+,  16
XPASS: gcc.target/i386/pr100865-9c.c scan-assembler-times vpshufd[\\\\t ]+[^\\n]*, %xmm[0-9]+ 1
FAIL: gcc.target/i386/pr61599-1.c (test for excess errors)
UNRESOLVED: gcc.target/i386/pr61599-1.c compilation failed to produce executable
FAIL: gcc.target/i386/pr71321.c scan-assembler-not lea.*0
FAIL: gcc.target/i386/pr80569.c (test for excess errors)
FAIL: gcc.target/i386/pr82941-1.c scan-assembler-times vzeroupper 1
FAIL: gcc.target/i386/pr82942-1.c scan-assembler-times vzeroupper 1
FAIL: gcc.target/i386/pr82990-1.c scan-assembler-times vzeroupper 1
FAIL: gcc.target/i386/pr82990-3.c scan-assembler-times vzeroupper 1
FAIL: gcc.target/i386/pr82990-5.c scan-assembler-times vzeroupper 1
XPASS: gcc.target/i386/pr90773-14.c scan-assembler-times movd[\\\\t ]+%xmm[0-9]+, 16\\\\(%[^,]+\\\\) 1
XPASS: gcc.target/i386/pr90773-5.c scan-assembler-times movq[\\\\t ]+%xmm[0-9]+, 13\\\\(%[^,]+\\\\) 1

		=== gcc Summary for unix/-m64 ===

# of expected passes		167011
# of unexpected failures	30
# of unexpected successes	16
# of expected failures		1327
# of unresolved testcases	2
# of unsupported tests		4000

		=== gcc Summary ===

# of expected passes		333082
# of unexpected failures	59
# of unexpected successes	27
# of expected failures		2671
# of unresolved testcases	3
# of unsupported tests		8763
/var/gcc/regression/master/11-gcc/build/gcc/xgcc  version 12.0.1 20220304 (experimental) [master 49bc9c6c1ef9441c3db586882e1985da3be9cfa1] (GCC) 

		=== gdc tests ===


Running target unix
UNRESOLVED: gdc.test/runnable/mangle.d   compilation failed to produce executable
UNRESOLVED: gdc.test/runnable/mangle.d -shared-libphobos   compilation failed to produce executable
UNRESOLVED: gdc.test/runnable/testmodule.d   compilation failed to produce executable
UNRESOLVED: gdc.test/runnable/testmodule.d -shared-libphobos   compilation failed to produce executable
UNRESOLVED: gdc.test/runnable/ufcs.d   compilation failed to produce executable
UNRESOLVED: gdc.test/runnable/ufcs.d -shared-libphobos   compilation failed to produce executable
UNRESOLVED: gdc.test/runnable_cxx/stdint.d   compilation failed to produce executable
UNRESOLVED: gdc.test/runnable_cxx/stdint.d -shared-libphobos   compilation failed to produce executable

		=== gdc Summary for unix ===

# of expected passes		10965
# of unresolved testcases	8
# of unsupported tests		434

Running target unix/-m64
UNRESOLVED: gdc.test/runnable/mangle.d   compilation failed to produce executable
UNRESOLVED: gdc.test/runnable/mangle.d -shared-libphobos   compilation failed to produce executable
UNRESOLVED: gdc.test/runnable/testmodule.d   compilation failed to produce executable
UNRESOLVED: gdc.test/runnable/testmodule.d -shared-libphobos   compilation failed to produce executable
UNRESOLVED: gdc.test/runnable/ufcs.d   compilation failed to produce executable
UNRESOLVED: gdc.test/runnable/ufcs.d -shared-libphobos   compilation failed to produce executable
UNRESOLVED: gdc.test/runnable_cxx/stdint.d   compilation failed to produce executable
UNRESOLVED: gdc.test/runnable_cxx/stdint.d -shared-libphobos   compilation failed to produce executable

		=== gdc Summary for unix/-m64 ===

# of expected passes		10964
# of unresolved testcases	8
# of unsupported tests		434

		=== gdc Summary ===

# of expected passes		21929
# of unresolved testcases	16
# of unsupported tests		868
/var/gcc/regression/master/11-gcc/build/gcc/gdc  version 12.0.1 20220304 (experimental) [master 49bc9c6c1ef9441c3db586882e1985da3be9cfa1] (GCC) 

		=== gfortran tests ===


Running target unix
FAIL: gfortran.dg/default_format_1.f90   -O0  execution test
FAIL: gfortran.dg/default_format_1.f90   -O1  execution test
FAIL: gfortran.dg/default_format_1.f90   -O2  execution test
FAIL: gfortran.dg/default_format_1.f90   -O3 -fomit-frame-pointer -funroll-loops -fpeel-loops -ftracer -finline-functions  execution test
FAIL: gfortran.dg/default_format_1.f90   -O3 -g  execution test
FAIL: gfortran.dg/default_format_1.f90   -Os  execution test
FAIL: gfortran.dg/fmt_g0_1.f08   -O0  execution test
FAIL: gfortran.dg/fmt_g0_1.f08   -O1  execution test
FAIL: gfortran.dg/fmt_g0_1.f08   -O2  execution test
FAIL: gfortran.dg/fmt_g0_1.f08   -O3 -fomit-frame-pointer -funroll-loops -fpeel-loops -ftracer -finline-functions  execution test
FAIL: gfortran.dg/fmt_g0_1.f08   -O3 -g  execution test
FAIL: gfortran.dg/fmt_g0_1.f08   -Os  execution test
FAIL: gfortran.dg/round_4.f90   -O0  execution test
FAIL: gfortran.dg/round_4.f90   -O1  execution test
FAIL: gfortran.dg/round_4.f90   -O2  execution test
FAIL: gfortran.dg/round_4.f90   -O3 -fomit-frame-pointer -funroll-loops -fpeel-loops -ftracer -finline-functions  execution test
FAIL: gfortran.dg/round_4.f90   -O3 -g  execution test
FAIL: gfortran.dg/round_4.f90   -Os  execution test
FAIL: gfortran.dg/unlimited_polymorphic_3.f03   -Os  execution test
FAIL: gfortran.dg/vector_subscript_1.f90   -O1  execution test
FAIL: gfortran.dg/vector_subscript_1.f90   -O2  execution test
FAIL: gfortran.dg/vector_subscript_1.f90   -O3 -fomit-frame-pointer -funroll-loops -fpeel-loops -ftracer -finline-functions  execution test
FAIL: gfortran.dg/vector_subscript_1.f90   -O3 -g  execution test
FAIL: gfortran.dg/vector_subscript_1.f90   -Os  execution test

		=== gfortran Summary for unix ===

# of expected passes		65372
# of unexpected failures	24
# of expected failures		274
# of unsupported tests		254

Running target unix/-m64
FAIL: gfortran.dg/unlimited_polymorphic_3.f03   -Os  execution test
FAIL: gfortran.dg/vector_subscript_1.f90   -O1  execution test
FAIL: gfortran.dg/vector_subscript_1.f90   -O2  execution test
FAIL: gfortran.dg/vector_subscript_1.f90   -O3 -fomit-frame-pointer -funroll-loops -fpeel-loops -ftracer -finline-functions  execution test
FAIL: gfortran.dg/vector_subscript_1.f90   -O3 -g  execution test
FAIL: gfortran.dg/vector_subscript_1.f90   -Os  execution test

		=== gfortran Summary for unix/-m64 ===

# of expected passes		65686
# of unexpected failures	6
# of expected failures		272
# of unsupported tests		108

		=== gfortran Summary ===

# of expected passes		131058
# of unexpected failures	30
# of expected failures		546
# of unsupported tests		362
/var/gcc/regression/master/11-gcc/build/gcc/gfortran  version 12.0.1 20220304 (experimental) [master 49bc9c6c1ef9441c3db586882e1985da3be9cfa1] (GCC) 

		=== gnat tests ===


Running target unix

		=== gnat Summary for unix ===

# of expected passes		3373
# of expected failures		23
# of unsupported tests		12

Running target unix/-m64

		=== gnat Summary for unix/-m64 ===

# of expected passes		3374
# of expected failures		23
# of unsupported tests		10

		=== gnat Summary ===

# of expected passes		6747
# of expected failures		46
# of unsupported tests		22
/var/gcc/regression/master/11-gcc/build/gcc/gnatmake version 12.0.1 20220304 (experimental) [master 49bc9c6c1ef9441c3db586882e1985da3be9cfa1]

		=== go tests ===


Running target unix
FAIL: ./index0-out.go execution,  -O0 -g -fno-var-tracking-assignments 
FAIL: go.test/test/fixedbugs/issue10441.go   -O  (test for excess errors)
FAIL: go.test/test/fixedbugs/issue16016.go execution,  -O2 -g 
FAIL: go.test/test/fixedbugs/issue27836.dir/Äfoo.go  -O -I. (test for excess errors)
FAIL: go.test/test/fixedbugs/issue27836.dir/Ämain.go  -O -I. (test for excess errors)
FAIL: issue4458.go   -O   (test for errors, line 19)
FAIL: issue4458.go   -O  (test for excess errors)

		=== go Summary for unix ===

# of expected passes		8993
# of unexpected failures	7
# of untested testcases		10
# of unsupported tests		34

Running target unix/-m64
FAIL: ./index0-out.go execution,  -O0 -g -fno-var-tracking-assignments 
FAIL: go.test/test/fixedbugs/issue10441.go   -O  (test for excess errors)
FAIL: go.test/test/fixedbugs/issue23781.go   -O  (test for excess errors)
FAIL: go.test/test/fixedbugs/issue27836.dir/Äfoo.go  -O -I. (test for excess errors)
FAIL: go.test/test/fixedbugs/issue27836.dir/Ämain.go  -O -I. (test for excess errors)
FAIL: issue4458.go   -O   (test for errors, line 19)
FAIL: issue4458.go   -O  (test for excess errors)

		=== go Summary for unix/-m64 ===

# of expected passes		8881
# of unexpected failures	7
# of untested testcases		10
# of unsupported tests		28

		=== go Summary ===

# of expected passes		17874
# of unexpected failures	14
# of untested testcases		20
# of unsupported tests		62
		=== obj-c++ tests ===


Running target unix

		=== obj-c++ Summary for unix ===

# of expected passes		1510
# of expected failures		2
# of unsupported tests		79

Running target unix/-m64

		=== obj-c++ Summary for unix/-m64 ===

# of expected passes		1502
# of expected failures		10
# of unsupported tests		79

		=== obj-c++ Summary ===

# of expected passes		3012
# of expected failures		12
# of unsupported tests		158
/var/gcc/regression/master/11-gcc/build/gcc/xg++  version 12.0.1 20220304 (experimental) [master 49bc9c6c1ef9441c3db586882e1985da3be9cfa1] (GCC) 

		=== objc tests ===


Running target unix

		=== objc Summary for unix ===

# of expected passes		2840
# of expected failures		6
# of unsupported tests		71

Running target unix/-m64

		=== objc Summary for unix/-m64 ===

# of expected passes		2840
# of expected failures		6
# of unsupported tests		71

		=== objc Summary ===

# of expected passes		5680
# of expected failures		12
# of unsupported tests		142
/var/gcc/regression/master/11-gcc/build/gcc/xgcc  version 12.0.1 20220304 (experimental) [master 49bc9c6c1ef9441c3db586882e1985da3be9cfa1] (GCC) 

		=== gotools tests ===

FAIL: TestScript
FAIL: go test cmd/go
FAIL: TestAbortInCgo
FAIL: TestBigGOMAXPROCS
FAIL: TestBreakpoint
FAIL: TestCatchPanic
FAIL: TestCgoCCodeSIGPROF
FAIL: TestCgoCallbackGC
FAIL: TestCgoCheckBytes
FAIL: TestCgoCrashHandler
FAIL: TestCgoExecSignalMask
FAIL: TestCgoExternalThreadPanic
FAIL: TestCgoExternalThreadSIGPROF
FAIL: TestCgoExternalThreadSignal
FAIL: TestCgoLockOSThreadExit
FAIL: TestCgoNumGoroutine
FAIL: TestCgoPanicCallback
FAIL: TestCgoPanicDeadlock
FAIL: TestCgoPprofCallback
FAIL: TestCgoSignalDeadlock
FAIL: TestCgoTraceback
FAIL: TestCgoTracebackSigpanic
FAIL: TestCrashDumpsAllThreads
FAIL: TestCrashHandler
FAIL: TestDeferLiveness
FAIL: TestDoublePanic
FAIL: TestEINTR
FAIL: TestEnsureDropM
FAIL: TestGCFairness
FAIL: TestGCFairness2
FAIL: TestGccgoCrashTraceback
FAIL: TestGccgoCrashTracebackNodebug
FAIL: TestGoNil
FAIL: TestGoexitCrash
FAIL: TestGoexitDeadlock
FAIL: TestGoexitInPanic
FAIL: TestInitDeadlock
FAIL: TestLargeStringConcat
FAIL: TestLockOSThreadAvoidsStatePropagation
FAIL: TestLockOSThreadExit
FAIL: TestLockOSThreadTemplateThreadRace
FAIL: TestLockedDeadlock
FAIL: TestLockedDeadlock2
FAIL: TestMainGoroutineID
FAIL: TestMemmoveAtomicity
FAIL: TestNeedmDeadlock
FAIL: TestNetpollDeadlock
FAIL: TestNoHelperGoroutines
FAIL: TestNumGoroutine
FAIL: TestPanicAfterGoexit
FAIL: TestPanicDeadlockGosched
FAIL: TestPanicDeadlockSyscall
FAIL: TestPanicLoop
FAIL: TestPanicRace
FAIL: TestPanicTraceback
FAIL: TestPanicWithDirectlyPrintableCustomTypes
FAIL: TestPhysicalMemoryUtilization
FAIL: TestRecoverBeforePanicAfterGoexit
FAIL: TestRecoverBeforePanicAfterGoexit2
FAIL: TestRecoveredPanicAfterGoexit
FAIL: TestRecursivePanic
FAIL: TestRecursivePanic2
FAIL: TestRecursivePanic3
FAIL: TestRecursivePanic4
FAIL: TestRecursivePanic5
FAIL: TestSegv
FAIL: TestSigStackSwapping
FAIL: TestSignalExitStatus
FAIL: TestSignalIgnoreSIGTRAP
FAIL: TestSimpleDeadlock
FAIL: TestSpuriousWakeupsNeverHangSemasleep
FAIL: TestThreadExhaustion
FAIL: TestVDSO
FAIL: go test runtime

		=== gotools Summary ===
# of expected passes		333
# of unexpected failures	74
# of untested testcases		132
/var/gcc/regression/master/11-gcc/build/./gcc/gccgo version 12.0.1 20220304 (experimental) [master 49bc9c6c1ef9441c3db586882e1985da3be9cfa1] (GCC)

		=== libatomic tests ===


Running target unix

		=== libatomic Summary for unix ===

# of expected passes		44
# of unsupported tests		5

Running target unix/-m64

		=== libatomic Summary for unix/-m64 ===

# of expected passes		54

		=== libatomic Summary ===

# of expected passes		98
# of unsupported tests		5
		=== libffi tests ===


Running target unix

		=== libffi Summary for unix ===

# of expected passes		3764

Running target unix/-m64

		=== libffi Summary for unix/-m64 ===

# of expected passes		1574

		=== libffi Summary ===

# of expected passes		5338
		=== libgo tests ===


Running target unix
FAIL: runtime
FAIL: runtime/pprof

		=== libgo Summary for unix ===

# of expected passes		194
# of unexpected failures	2

Running target unix/-m64

		=== libgo Summary for unix/-m64 ===

# of expected passes		196

		=== libgo Summary ===

# of expected passes		390
# of unexpected failures	2
/var/gcc/regression/master/11-gcc/build/./gcc/gccgo version 12.0.1 20220304 (experimental) [master 49bc9c6c1ef9441c3db586882e1985da3be9cfa1] (GCC)

		=== libgomp tests ===


Running target unix
WARNING: libgomp.c++/task-reduction-10.C execution test program timed out.
FAIL: libgomp.c++/task-reduction-10.C execution test
FAIL: libgomp.fortran/pointer2.f90   -O2  execution test
FAIL: libgomp.fortran/pointer2.f90   -O3 -fomit-frame-pointer -funroll-loops -fpeel-loops -ftracer -finline-functions  execution test
FAIL: libgomp.fortran/pointer2.f90   -O3 -g  execution test
FAIL: libgomp.oacc-c++/../libgomp.oacc-c-c++-common/host_data-7.c -DACC_DEVICE_TYPE_host=1 -DACC_MEM_SHARED=1 -foffload=disable  -O2  (test for excess errors)
FAIL: libgomp.oacc-c/../libgomp.oacc-c-c++-common/host_data-7.c -DACC_DEVICE_TYPE_host=1 -DACC_MEM_SHARED=1 -foffload=disable  -O2  (test for excess errors)

		=== libgomp Summary for unix ===

# of expected passes		12785
# of unexpected failures	6
# of expected failures		217
# of unsupported tests		624

Running target unix/-m64
WARNING: libgomp.c++/task-reduction-10.C execution test program timed out.
FAIL: libgomp.c++/task-reduction-10.C execution test
WARNING: libgomp.c++/task-reduction-8.C execution test program timed out.
FAIL: libgomp.c++/task-reduction-8.C execution test
FAIL: libgomp.oacc-c++/../libgomp.oacc-c-c++-common/host_data-7.c -DACC_DEVICE_TYPE_host=1 -DACC_MEM_SHARED=1 -foffload=disable  -O2  (test for excess errors)
FAIL: libgomp.oacc-c/../libgomp.oacc-c-c++-common/host_data-7.c -DACC_DEVICE_TYPE_host=1 -DACC_MEM_SHARED=1 -foffload=disable  -O2  (test for excess errors)

		=== libgomp Summary for unix/-m64 ===

# of expected passes		12788
# of unexpected failures	4
# of expected failures		217
# of unsupported tests		623

		=== libgomp Summary ===

# of expected passes		25573
# of unexpected failures	10
# of expected failures		434
# of unsupported tests		1247
		=== libitm tests ===


Running target unix

		=== libitm Summary for unix ===

# of expected passes		44
# of expected failures		3
# of unsupported tests		1

Running target unix/-m64

		=== libitm Summary for unix/-m64 ===

# of expected passes		44
# of expected failures		3
# of unsupported tests		1

		=== libitm Summary ===

# of expected passes		88
# of expected failures		6
# of unsupported tests		2
		=== libphobos tests ===


Running target unix
WARNING: libphobos.gc/forkgc2.d execution test program timed out.
FAIL: libphobos.gc/forkgc2.d execution test
WARNING: libphobos.gc/startbackgc.d execution test program timed out.
FAIL: libphobos.gc/startbackgc.d execution test
FAIL: libphobos.phobos/std/complex.d execution test
FAIL: libphobos.phobos/std/conv.d execution test
FAIL: libphobos.phobos/std/datetime/systime.d execution test
FAIL: libphobos.phobos/std/datetime/timezone.d execution test
FAIL: libphobos.phobos/std/experimental/allocator/building_blocks/region.d execution test
FAIL: libphobos.phobos/std/format/internal/floats.d execution test
FAIL: libphobos.phobos/std/format/internal/write.d execution test
FAIL: libphobos.phobos/std/format/package.d execution test
FAIL: libphobos.phobos/std/format/write.d execution test
FAIL: libphobos.phobos/std/math/hardware.d execution test
FAIL: libphobos.phobos/std/parallelism.d execution test
FAIL: libphobos.phobos/std/typecons.d execution test
FAIL: libphobos.phobos/std/variant.d execution test
FAIL: libphobos.phobos_shared/std/complex.d execution test
FAIL: libphobos.phobos_shared/std/conv.d execution test
FAIL: libphobos.phobos_shared/std/datetime/date.d execution test
FAIL: libphobos.phobos_shared/std/datetime/interval.d execution test
FAIL: libphobos.phobos_shared/std/datetime/systime.d execution test
FAIL: libphobos.phobos_shared/std/datetime/timezone.d execution test
FAIL: libphobos.phobos_shared/std/experimental/allocator/building_blocks/region.d execution test
FAIL: libphobos.phobos_shared/std/format/internal/floats.d execution test
FAIL: libphobos.phobos_shared/std/format/internal/write.d execution test
FAIL: libphobos.phobos_shared/std/format/package.d execution test
FAIL: libphobos.phobos_shared/std/format/write.d execution test
FAIL: libphobos.phobos_shared/std/math/hardware.d execution test
FAIL: libphobos.phobos_shared/std/parallelism.d execution test
FAIL: libphobos.phobos_shared/std/typecons.d execution test
FAIL: libphobos.phobos_shared/std/variant.d execution test
FAIL: libphobos.shared/finalize.d -shared-libphobos -ldl execution test
FAIL: libphobos.shared/load.d -shared-libphobos -ldl execution test
FAIL: libphobos.shared/load_13414.d -shared-libphobos -ldl execution test

		=== libphobos Summary for unix ===

# of expected passes		1009
# of unexpected failures	33

Running target unix/-m64
WARNING: libphobos.gc/forkgc2.d execution test program timed out.
FAIL: libphobos.gc/forkgc2.d execution test
WARNING: libphobos.gc/startbackgc.d execution test program timed out.
FAIL: libphobos.gc/startbackgc.d execution test
FAIL: libphobos.phobos/std/complex.d execution test
FAIL: libphobos.phobos/std/conv.d execution test
FAIL: libphobos.phobos/std/datetime/date.d execution test
FAIL: libphobos.phobos/std/datetime/interval.d execution test
FAIL: libphobos.phobos/std/datetime/systime.d execution test
FAIL: libphobos.phobos/std/datetime/timezone.d execution test
FAIL: libphobos.phobos/std/experimental/allocator/building_blocks/region.d execution test
FAIL: libphobos.phobos/std/file.d execution test
FAIL: libphobos.phobos/std/format/internal/floats.d execution test
FAIL: libphobos.phobos/std/format/internal/write.d execution test
FAIL: libphobos.phobos/std/format/package.d execution test
FAIL: libphobos.phobos/std/format/write.d execution test
FAIL: libphobos.phobos/std/math/hardware.d execution test
FAIL: libphobos.phobos/std/parallelism.d execution test
FAIL: libphobos.phobos/std/typecons.d execution test
FAIL: libphobos.phobos/std/variant.d execution test
FAIL: libphobos.phobos_shared/std/complex.d execution test
FAIL: libphobos.phobos_shared/std/conv.d execution test
FAIL: libphobos.phobos_shared/std/datetime/date.d execution test
FAIL: libphobos.phobos_shared/std/datetime/interval.d execution test
FAIL: libphobos.phobos_shared/std/datetime/systime.d execution test
FAIL: libphobos.phobos_shared/std/datetime/timezone.d execution test
FAIL: libphobos.phobos_shared/std/experimental/allocator/building_blocks/region.d execution test
FAIL: libphobos.phobos_shared/std/file.d execution test
FAIL: libphobos.phobos_shared/std/format/internal/floats.d execution test
FAIL: libphobos.phobos_shared/std/format/internal/write.d execution test
FAIL: libphobos.phobos_shared/std/format/package.d execution test
FAIL: libphobos.phobos_shared/std/format/write.d execution test
FAIL: libphobos.phobos_shared/std/math/hardware.d execution test
FAIL: libphobos.phobos_shared/std/parallelism.d execution test
FAIL: libphobos.phobos_shared/std/typecons.d execution test
FAIL: libphobos.phobos_shared/std/variant.d execution test
FAIL: libphobos.shared/finalize.d -shared-libphobos -ldl execution test
FAIL: libphobos.shared/load.d -shared-libphobos -ldl execution test
FAIL: libphobos.shared/load_13414.d -shared-libphobos -ldl execution test

		=== libphobos Summary for unix/-m64 ===

# of expected passes		1005
# of unexpected failures	37

		=== libphobos Summary ===

# of expected passes		2014
# of unexpected failures	70
		=== libstdc++ tests ===


Running target unix
FAIL: libstdc++-abi/abi_check
FAIL: 27_io/filesystem/iterators/error_reporting.cc (test for excess errors)
FAIL: 30_threads/future/members/poll.cc execution test
WARNING: 30_threads/latch/3.cc execution test program timed out.
FAIL: 30_threads/latch/3.cc execution test
FAIL: ext/random/k_distribution/operators/serialize.cc execution test

		=== libstdc++ Summary for unix ===

# of expected passes		15070
# of unexpected failures	5
# of expected failures		96
# of unsupported tests		737

Running target unix/-m64
FAIL: libstdc++-abi/abi_check
FAIL: 27_io/filesystem/iterators/error_reporting.cc (test for excess errors)
WARNING: 30_threads/barrier/arrive_and_wait.cc execution test program timed out.
FAIL: 30_threads/barrier/arrive_and_wait.cc execution test
WARNING: 30_threads/barrier/completion.cc execution test program timed out.
FAIL: 30_threads/barrier/completion.cc execution test
FAIL: 30_threads/future/members/poll.cc execution test

		=== libstdc++ Summary for unix/-m64 ===

# of expected passes		15058
# of unexpected failures	5
# of expected failures		96
# of unsupported tests		743

		=== libstdc++ Summary ===

# of expected passes		30128
# of unexpected failures	10
# of expected failures		192
# of unsupported tests		1480

Compiler version: 12.0.1 20220304 (experimental) [master 49bc9c6c1ef9441c3db586882e1985da3be9cfa1] (GCC) 
Platform: i386-pc-solaris2.11
configure flags: --prefix=/vol/gcc --target=i386-pc-solaris2.11 --enable-objc-gc --with-target-bdw-gc-include=/vol/gcc/include --with-target-bdw-gc-lib=/vol/gcc/lib,amd64=/vol/gcc/lib/amd64 --with-as=/usr/ccs/bin/as --without-gnu-as --with-gmp-include=/vol/gcc/include --with-gmp-lib=/vol/gcc/lib --with-mpfr-include=/vol/gcc/include --with-mpfr-lib=/vol/gcc/lib --with-mpc-include=/vol/gcc/include --with-mpc-lib=/vol/gcc/lib --enable-languages=all,ada,obj-c++,go --with-isl-include=/vol/gcc/include --with-isl-lib=/vol/gcc/lib --with-zstd-include=/vol/gcc/include --with-zstd-lib=/vol/gcc/lib --build=i386-pc-solaris2.11 --host=i386-pc-solaris2.11
BOOT_CFLAGS=-g -O2



More information about the Gcc-testresults mailing list