Results for 13.0.0 20220611 (experimental) [master revision r13-1049-gfddb7f65129a] (GCC) testsuite on x86_64-apple-darwin18
Iain Sandoe
iains.gcc@gmail.com
Tue Jun 14 14:35:04 GMT 2022
LAST_UPDATED: Sat Jun 11 08:44:21 UTC 2022 (revision r13-1049-gfddb7f65129a)
=== acats tests ===
=== acats Summary ===
# of expected passes 2328
# of unexpected failures 0
Native configuration is x86_64-apple-darwin18
=== g++ tests ===
Running target unix
FAIL: c-c++-common/asan/alloca_big_alignment.c -Os output pattern test
FAIL: c-c++-common/asan/alloca_detect_custom_size.c -Os output pattern test
FAIL: c-c++-common/asan/alloca_overflow_partial.c -Os output pattern test
FAIL: c-c++-common/asan/alloca_overflow_right.c -Os output pattern test
FAIL: c-c++-common/asan/alloca_underflow_left.c -Os output pattern test
FAIL: c-c++-common/attr-cdtor-1.c -std=c++14 (test for errors, line 5)
FAIL: c-c++-common/attr-cdtor-1.c -std=c++14 (test for errors, line 6)
FAIL: c-c++-common/attr-cdtor-1.c -std=c++14 (test for excess errors)
FAIL: c-c++-common/attr-cdtor-1.c -std=c++17 (test for errors, line 5)
FAIL: c-c++-common/attr-cdtor-1.c -std=c++17 (test for errors, line 6)
FAIL: c-c++-common/attr-cdtor-1.c -std=c++17 (test for excess errors)
FAIL: c-c++-common/attr-cdtor-1.c -std=c++20 (test for errors, line 5)
FAIL: c-c++-common/attr-cdtor-1.c -std=c++20 (test for errors, line 6)
FAIL: c-c++-common/attr-cdtor-1.c -std=c++20 (test for excess errors)
FAIL: c-c++-common/attr-cdtor-1.c -std=c++98 (test for errors, line 5)
FAIL: c-c++-common/attr-cdtor-1.c -std=c++98 (test for errors, line 6)
FAIL: c-c++-common/attr-cdtor-1.c -std=c++98 (test for excess errors)
FAIL: g++.dg/init/array61.C -std=c++14 scan-tree-dump-times gimple "item::item" 1
FAIL: g++.dg/init/array61.C -std=c++17 scan-tree-dump-times gimple "item::item" 1
FAIL: g++.dg/init/array61.C -std=c++20 scan-tree-dump-times gimple "item::item" 1
FAIL: g++.dg/ipa/pr67056.C scan-ipa-dump cp "Speculative outer type:struct CompositeClass"
FAIL: g++.dg/lto/pr65276 cp_lto_pr65276_0.o-cp_lto_pr65276_1.o link, -flto -O0 -std=c++11
FAIL: g++.dg/modules/pr105169 link
WARNING: g++.dg/modules/pr99023_b.X -std=c++2a dg-regexp 6 was found: "[^\\n]*: note: include '[^\\n]*/initializer_list' translated to import\\n" program timed out.
WARNING: g++.dg/modules/pr99023_b.X -std=c++2b dg-regexp 6 was found: "[^\\n]*: note: include '[^\\n]*/initializer_list' translated to import\\n" program timed out.
FAIL: g++.old-deja/g++.law/profile1.C -std=gnu++14 execution test
FAIL: g++.old-deja/g++.law/profile1.C -std=gnu++17 execution test
FAIL: g++.old-deja/g++.law/profile1.C -std=gnu++20 execution test
FAIL: g++.old-deja/g++.law/profile1.C -std=gnu++98 execution test
=== g++ Summary ===
# of expected passes 225179
# of unexpected failures 27
# of expected failures 2107
# of unsupported tests 10570
/scratch/10-14-moj/gcc-master/gcc/xg++ version 13.0.0 20220611 (experimental) [master revision r13-1049-gfddb7f65129a] (GCC)
=== gcc tests ===
Running target unix
FAIL: gcc.dg/analyzer/memcpy-1.c (test for warnings, line 162)
FAIL: gcc.dg/analyzer/memcpy-1.c (test for warnings, line 167)
FAIL: gcc.dg/analyzer/pr104308.c (test for warnings, line 10)
FAIL: gcc.dg/analyzer/pr104308.c (test for warnings, line 17)
FAIL: gcc.dg/analyzer/pr104308.c (test for warnings, line 18)
FAIL: gcc.dg/analyzer/pr104308.c (test for warnings, line 9)
FAIL: gcc.dg/analyzer/taint-size-1.c (test for warnings, line 40)
FAIL: gcc.dg/analyzer/taint-size-1.c event: following true branch at line 23 (test for warnings, line 22)
FAIL: gcc.dg/analyzer/taint-size-1.c event: to here at line 25 (test for warnings, line 24)
FAIL: gcc.dg/analyzer/taint-size-1.c final event at line 29 (test for warnings, line 27)
FAIL: gcc.dg/analyzer/taint-size-1.c warning (test for warnings, line 27)
FAIL: gcc.dg/analyzer/write-to-string-literal-1.c (test for warnings, line 15)
FAIL: c-c++-common/asan/alloca_big_alignment.c -Os output pattern test
FAIL: c-c++-common/asan/alloca_detect_custom_size.c -Os output pattern test
FAIL: c-c++-common/asan/alloca_overflow_partial.c -Os output pattern test
FAIL: c-c++-common/asan/alloca_overflow_right.c -Os output pattern test
FAIL: c-c++-common/asan/alloca_underflow_left.c -Os output pattern test
FAIL: gcc.dg/debug/dwarf2/inline4.c scan-assembler DW_TAG_inlined_subroutine[^\\\\(]*\\\\([^\\\\)]*\\\\)[^\\\\(]*\\\\(DIE \\\\(0x[0-9a-f]*\\\\) DW_TAG_formal_parameter[^\\\\(]*\\\\(DIE \\\\(0x[0-9a-f]*\\\\) DW_TAG_variable
FAIL: c-c++-common/attr-cdtor-1.c -Wc++-compat (test for errors, line 5)
FAIL: c-c++-common/attr-cdtor-1.c -Wc++-compat (test for errors, line 6)
FAIL: c-c++-common/attr-cdtor-1.c -Wc++-compat (test for excess errors)
FAIL: gcc.dg/aru-2.c execution test
FAIL: gcc.dg/nest.c execution test
FAIL: gcc.dg/nested-func-4.c execution test
FAIL: gcc.dg/pr32450.c execution test
FAIL: gcc.dg/pr43643.c execution test
FAIL: gcc.dg/graphite/scop-19.c scan-tree-dump-times graphite "number of SCoPs: 0" 1
FAIL: gcc.dg/ipa/ipa-icf-38.c scan-ltrans-tree-dump-not optimized "Function bar"
FAIL: gcc-dg-lto-modref-3-01.exe scan-wpa-ipa-dump modref "parm 1 flags: no_direct_clobber no_direct_escape"
FAIL: gcc-dg-lto-modref-4-01.exe scan-wpa-ipa-dump modref "parm 1 flags: no_direct_clobber no_direct_escape"
FAIL: gcc.dg/lto/modref-3 c_lto_modref-3_0.o-c_lto_modref-3_1.o execute -O2 -flto-partition=max -fdump-ipa-modref -fno-ipa-sra -fno-ipa-cp -flto
FAIL: gcc.dg/lto/modref-4 c_lto_modref-4_0.o-c_lto_modref-4_1.o execute -O2 -flto-partition=max -fdump-ipa-modref -fno-ipa-sra -flto
XPASS: gcc.dg/tree-ssa/pr91091-2.c scan-tree-dump-times fre1 " = [^;]*x;" 1
XPASS: gcc.dg/tree-ssa/pr91091-2.c scan-tree-dump-times fre1 "x = " 1
XPASS: gcc.dg/tree-ssa/ssa-fre-77.c scan-tree-dump fre1 "return 1;"
FAIL: gcc.dg/vect/costmodel/x86_64/costmodel-pr104582-2.c scan-tree-dump-not slp2 "basic block part vectorized"
FAIL: outputs-25 exe savetmp named2-4: outputs.args.3
FAIL: outputs-25 exe savetmp named2-4: std out
FAIL: gcc.target/i386/auto-init-5.c scan-assembler-times \\\\.long\\t0 14
FAIL: gcc.target/i386/auto-init-6.c scan-assembler-times long\\t0 8
WARNING: gcc.target/i386/avx-1.c (test for excess errors) program timed out.
FAIL: gcc.target/i386/avx-1.c (test for excess errors)
FAIL: gcc.target/i386/avx2-dest-false-dep-for-glc.c scan-assembler-times vxorps 4
FAIL: gcc.target/i386/avx512bw-pr103750-2.c scan-assembler-not kmov
FAIL: gcc.target/i386/avx512bw-pr88465.c scan-assembler-times kxnor[dq][ \\t] 2
FAIL: gcc.target/i386/avx512dq-pr88465.c scan-assembler-times kxnorb[ \\t] 1
FAIL: gcc.target/i386/avx512f-pr103750-2.c scan-assembler-not kmov
FAIL: gcc.target/i386/avx512f-pr88465.c scan-assembler-times kxnorw[ \\t] 1
FAIL: gcc.target/i386/avx512fp16-13.c scan-assembler-times vmovdqu16[ \\\\t]*[^,]*,[^{\\n]*%xmm[0-9] 1
FAIL: gcc.target/i386/avx512fp16-13.c scan-assembler-times vmovdqu16[ \\\\t]*[^,]*,[^{\\n]*%ymm[0-9] 1
FAIL: gcc.target/i386/avx512fp16-13.c scan-assembler-times vmovdqu16[ \\\\t]*[^{\\n]*%xmm[0-9], *[^,]* 1
FAIL: gcc.target/i386/avx512fp16-13.c scan-assembler-times vmovdqu16[ \\\\t]*[^{\\n]*%ymm[0-9], *[^,]* 1
FAIL: gcc.target/i386/avx512fp16-pr103750-2.c scan-assembler-not kmov
XPASS: gcc.target/i386/bitwise_mask_op-3.c scan-assembler-times kmovb[\\t ] 4
XPASS: gcc.target/i386/bitwise_mask_op-3.c scan-assembler-times korb[\\t ] 1
XPASS: gcc.target/i386/bitwise_mask_op-3.c scan-assembler-times kxorb[\\t ] 1
FAIL: gcc.target/i386/harden-sls-4.c scan-assembler jmp[ \\t]+\\\\*_?fptr
FAIL: gcc.target/i386/pieces-memset-11.c scan-assembler-times vmovdqu[ \\\\t]+[^\\n]*%ymm 2
FAIL: gcc.target/i386/pieces-memset-14.c scan-assembler-times vmovdqu[ \\\\t]+[^\\n]*%ymm 1
FAIL: gcc.target/i386/pieces-memset-2.c scan-assembler-times vmovdqu[ \\\\t]+[^\\n]*%ymm 2
FAIL: gcc.target/i386/pieces-memset-20.c scan-assembler-times vmovdqu[ \\\\t]+[^\\n]*%ymm 2
FAIL: gcc.target/i386/pieces-memset-23.c scan-assembler-times vmovdqu[ \\\\t]+[^\\n]*%ymm 1
FAIL: gcc.target/i386/pieces-memset-29.c scan-assembler-times vmovdqu[ \\\\t]+[^\\n]*%ymm 2
FAIL: gcc.target/i386/pieces-memset-30.c scan-assembler-times vmovdqu[ \\\\t]+[^\\n]*%ymm 2
FAIL: gcc.target/i386/pieces-memset-33.c scan-assembler-times vmovdqu[ \\\\t]+[^\\n]*%ymm 1
FAIL: gcc.target/i386/pieces-memset-34.c scan-assembler-times vmovdqu[ \\\\t]+[^\\n]*%ymm 1
FAIL: gcc.target/i386/pieces-memset-37.c scan-assembler-times vmovdqu[ \\\\t]+[^\\n]*%ymm 2
FAIL: gcc.target/i386/pieces-memset-44.c scan-assembler-times vmovdqu[ \\\\t]+[^\\n]*%ymm 1
FAIL: gcc.target/i386/pieces-memset-5.c scan-assembler-times vmovdqu[ \\\\t]+[^\\n]*%ymm 1
FAIL: gcc.target/i386/pr100704-3.c scan-assembler push[lq]\\tfoooo+
FAIL: gcc.target/i386/pr100936.c (test for excess errors)
FAIL: gcc.target/i386/pr11877-2.c scan-assembler-not \\\\\$0,
FAIL: gcc.target/i386/pr11877.c scan-assembler-not \\\\\$0,
FAIL: gcc.target/i386/pr34256.c scan-assembler-times mov 5
FAIL: gcc.target/i386/pr45685.c scan-assembler-times cmov 6
FAIL: gcc.target/i386/pr71321.c scan-assembler-not lea.*0
FAIL: gcc.target/i386/pr78035.c scan-assembler-times cmp 2
FAIL: gcc.target/i386/pr90773-1.c scan-assembler-times movq[\\\\t ]+\\\\(%[^,]+\\\\), 1
FAIL: gcc.target/i386/pr92651.c scan-assembler-times sub 2
FAIL: gcc.target/i386/pr98060.c scan-assembler-not set
WARNING: gcc.target/i386/sse-13.c (test for excess errors) program timed out.
FAIL: gcc.target/i386/sse-13.c (test for excess errors)
WARNING: gcc.target/i386/sse-23.c (test for excess errors) program timed out.
FAIL: gcc.target/i386/sse-23.c (test for excess errors)
WARNING: gcc.target/i386/sse-24.c (test for excess errors) program timed out.
FAIL: gcc.target/i386/sse-24.c (test for excess errors)
WARNING: gcc.target/i386/sse-25.c (test for excess errors) program timed out.
FAIL: gcc.target/i386/sse-25.c (test for excess errors)
WARNING: gcc.target/i386/sse-26.c (test for excess errors) program timed out.
FAIL: gcc.target/i386/sse-26.c (test for excess errors)
FAIL: gcc.target/i386/sse2-v1ti-logic-2.c scan-assembler-times por 2
WARNING: gcc.target/x86_64/abi/ms-sysv/ms-sysv.c -O2 "-DGEN_ARGS=-p5" (test for excess errors) program timed out.
FAIL: gcc.target/x86_64/abi/ms-sysv/ms-sysv.c -O2 "-DGEN_ARGS=-p5" (test for excess errors)
UNRESOLVED: gcc.target/x86_64/abi/ms-sysv/ms-sysv.c -O2 "-DGEN_ARGS=-p5" compilation failed to produce executable
=== gcc Summary ===
# of expected passes 170133
# of unexpected failures 80
# of unexpected successes 6
# of expected failures 1394
# of unresolved testcases 1
# of unsupported tests 3524
/scratch/10-14-moj/gcc-master/gcc/xgcc version 13.0.0 20220611 (experimental) [master revision r13-1049-gfddb7f65129a] (GCC)
=== gfortran tests ===
Running target unix
=== gfortran Summary ===
# of expected passes 66123
# of expected failures 272
# of unsupported tests 89
/scratch/10-14-moj/gcc-master/gcc/gfortran version 13.0.0 20220611 (experimental) [master revision r13-1049-gfddb7f65129a] (GCC)
=== gnat tests ===
Running target unix
FAIL: gnat.dg/bias1.adb scan-assembler DW_AT_GNU_bias
FAIL: gnat.dg/debug18.adb scan-assembler-not DW_AT_lower_bound
=== gnat Summary ===
# of expected passes 3379
# of unexpected failures 2
# of expected failures 23
# of unsupported tests 13
/scratch/10-14-moj/gcc-master/gcc/gnatmake version 13.0.0 20220611 (experimental) [master revision r13-1049-gfddb7f65129a]
=== jit tests ===
Running target unix
FAIL: output-of-test-link-section-assembler.c.s output pattern test, is .text
FAIL: output-of-test-setting-alignment.c.s output pattern test, is .text
FAIL: test-combination.c.exe killed: 71753 exp13 0 0 CHILDKILLED SIGSEGV {segmentation violation}
FAIL: test-threads.c.exe killed: 91516 exp13 0 0 CHILDKILLED SIGSEGV {segmentation violation}
FAIL: test-tls.c.exe killed: 93417 exp13 0 0 CHILDKILLED SIGSEGV {segmentation violation}
=== jit Summary ===
# of expected passes 8838
# of unexpected failures 5
# of unsupported tests 4
=== obj-c++ tests ===
Running target unix
=== obj-c++ Summary ===
# of expected passes 3197
# of expected failures 22
# of unsupported tests 71
/scratch/10-14-moj/gcc-master/gcc/xg++ version 13.0.0 20220611 (experimental) [master revision r13-1049-gfddb7f65129a] (GCC)
=== objc tests ===
Running target unix
=== objc Summary ===
# of expected passes 5749
# of expected failures 13
# of unsupported tests 89
/scratch/10-14-moj/gcc-master/gcc/xgcc version 13.0.0 20220611 (experimental) [master revision r13-1049-gfddb7f65129a] (GCC)
=== libatomic tests ===
Running target unix
=== libatomic Summary ===
# of expected passes 54
=== libgomp tests ===
Running target unix
WARNING: program timed out
FAIL: libgomp.c/../libgomp.c-c++-common/for-11.c (test for excess errors)
UNRESOLVED: libgomp.c/../libgomp.c-c++-common/for-11.c compilation failed to produce executable
WARNING: program timed out
FAIL: libgomp.c/../libgomp.c-c++-common/for-5.c (test for excess errors)
UNRESOLVED: libgomp.c/../libgomp.c-c++-common/for-5.c compilation failed to produce executable
WARNING: program timed out
FAIL: libgomp.c++/../libgomp.c-c++-common/for-5.c (test for excess errors)
UNRESOLVED: libgomp.c++/../libgomp.c-c++-common/for-5.c compilation failed to produce executable
WARNING: program timed out.
FAIL: libgomp.c++/task-reduction-8.C execution test
FAIL: libgomp.fortran/examples-4/simd-3.f90 -O1 execution test
=== libgomp Summary ===
# of expected passes 14016
# of unexpected failures 5
# of expected failures 213
# of unresolved testcases 3
# of unsupported tests 559
=== libitm tests ===
Running target unix
=== libitm Summary ===
# of expected passes 42
# of expected failures 3
# of unsupported tests 2
=== libstdc++ tests ===
Running target unix
WARNING: 29_atomics/atomic/wait_notify/pointers.cc execution test program timed out.
FAIL: 29_atomics/atomic/wait_notify/pointers.cc execution test
WARNING: 29_atomics/atomic_float/wait_notify.cc execution test program timed out.
FAIL: 29_atomics/atomic_float/wait_notify.cc execution test
WARNING: 29_atomics/atomic_integral/wait_notify.cc execution test program timed out.
FAIL: 29_atomics/atomic_integral/wait_notify.cc execution test
WARNING: 29_atomics/atomic_ref/wait_notify.cc execution test program timed out.
FAIL: 29_atomics/atomic_ref/wait_notify.cc execution test
WARNING: 30_threads/barrier/arrive_and_wait.cc execution test program timed out.
FAIL: 30_threads/barrier/arrive_and_wait.cc execution test
WARNING: 30_threads/barrier/completion.cc execution test program timed out.
FAIL: 30_threads/barrier/completion.cc execution test
=== libstdc++ Summary ===
# of expected passes 14215
# of unexpected failures 6
# of expected failures 96
# of unsupported tests 785
Compiler version: 13.0.0 20220611 (experimental) [master revision r13-1049-gfddb7f65129a] (GCC)
Platform: x86_64-apple-darwin18
configure flags: --prefix=/opt/iains/x86_64-apple-darwin18/gcc-13-0-0 --build=x86_64-apple-darwin18 --with-sysroot=/Library/Developer/CommandLineTools/SDKs/MacOSX.sdk --with-cpu=corei7 --with-tune=ivybridge --enable-languages=all CC=x86_64-apple-darwin18-gcc CXX=x86_64-apple-darwin18-g++
More information about the Gcc-testresults
mailing list