Results for 13.0.0 20220724 (experimental) [master revision r13-1811-g76d6224b944e] (GCC) testsuite on x86_64-apple-darwin11
Iain Sandoe
iains.gcc@gmail.com
Tue Jul 26 10:29:33 GMT 2022
LAST_UPDATED: Sun Jul 24 14:20:06 UTC 2022 (revision r13-1811-g76d6224b944e)
=== acats tests ===
=== acats Summary ===
# of expected passes 2328
# of unexpected failures 0
Native configuration is x86_64-apple-darwin11
=== g++ tests ===
Running target unix/-m32
FAIL: g++.dg/ext/pr84828.C -std=gnu++14 (internal compiler error: in change_stack, at reg-stack.cc:2660)
FAIL: g++.dg/ext/pr84828.C -std=gnu++14 (test for excess errors)
FAIL: g++.dg/ext/pr84828.C -std=gnu++17 (internal compiler error: in change_stack, at reg-stack.cc:2660)
FAIL: g++.dg/ext/pr84828.C -std=gnu++17 (test for excess errors)
FAIL: g++.dg/ext/pr84828.C -std=gnu++20 (internal compiler error: in change_stack, at reg-stack.cc:2660)
FAIL: g++.dg/ext/pr84828.C -std=gnu++20 (test for excess errors)
FAIL: g++.dg/ext/pr84828.C -std=gnu++98 (internal compiler error: in change_stack, at reg-stack.cc:2660)
FAIL: g++.dg/ext/pr84828.C -std=gnu++98 (test for excess errors)
FAIL: g++.dg/ipa/pr67056.C scan-ipa-dump cp "Speculative outer type:struct CompositeClass"
XPASS: g++.dg/warn/Wstringop-overflow-4.C -std=gnu++14 (test for bogus messages, line 198)
XPASS: g++.dg/warn/Wstringop-overflow-4.C -std=gnu++17 (test for bogus messages, line 198)
XPASS: g++.dg/warn/Wstringop-overflow-4.C -std=gnu++20 (test for bogus messages, line 198)
FAIL: g++.dg/warn/Wstringop-overflow-4.C -std=gnu++98 (test for excess errors)
FAIL: g++.dg/gomp/pr88182.C -std=gnu++14 (test for excess errors)
UNRESOLVED: g++.dg/gomp/pr88182.C -std=gnu++14 compilation failed to produce executable
FAIL: g++.dg/gomp/pr88182.C -std=gnu++17 (test for excess errors)
UNRESOLVED: g++.dg/gomp/pr88182.C -std=gnu++17 compilation failed to produce executable
FAIL: g++.dg/gomp/pr88182.C -std=gnu++20 (test for excess errors)
UNRESOLVED: g++.dg/gomp/pr88182.C -std=gnu++20 compilation failed to produce executable
FAIL: g++.dg/gomp/pr88182.C -std=gnu++98 (test for excess errors)
UNRESOLVED: g++.dg/gomp/pr88182.C -std=gnu++98 compilation failed to produce executable
FAIL: g++.dg/lto/pr65276 cp_lto_pr65276_0.o-cp_lto_pr65276_1.o link, -flto -O0 -std=c++11
FAIL: g++.dg/modules/loc-prune-4.C -std=c++17 scan-lang-dump module " Span:0 ordinary \\\\[2.....\\\\+12288,\\\\+4096\\\\)->\\\\[0,\\\\+4096\\\\)"
FAIL: g++.dg/modules/loc-prune-4.C -std=c++17 scan-lang-dump module " Span:1 ordinary \\\\[2.....\\\\+40960,\\\\+8192\\\\)->\\\\[4096,\\\\+8192\\\\)"
FAIL: g++.dg/modules/loc-prune-4.C -std=c++2a scan-lang-dump module " Span:0 ordinary \\\\[2.....\\\\+12288,\\\\+4096\\\\)->\\\\[0,\\\\+4096\\\\)"
FAIL: g++.dg/modules/loc-prune-4.C -std=c++2a scan-lang-dump module " Span:1 ordinary \\\\[2.....\\\\+40960,\\\\+8192\\\\)->\\\\[4096,\\\\+8192\\\\)"
FAIL: g++.dg/modules/loc-prune-4.C -std=c++2b scan-lang-dump module " Span:0 ordinary \\\\[2.....\\\\+12288,\\\\+4096\\\\)->\\\\[0,\\\\+4096\\\\)"
FAIL: g++.dg/modules/loc-prune-4.C -std=c++2b scan-lang-dump module " Span:1 ordinary \\\\[2.....\\\\+40960,\\\\+8192\\\\)->\\\\[4096,\\\\+8192\\\\)"
FAIL: g++.dg/simulate-thread/bitfields-2.C -O2 -g -std=c++98 thread simulation test
FAIL: g++.dg/simulate-thread/bitfields-2.C -O3 -g -std=c++11 thread simulation test
FAIL: g++.dg/simulate-thread/bitfields.C -O2 -g -std=c++98 thread simulation test
FAIL: g++.dg/simulate-thread/bitfields.C -O3 -g -std=c++11 thread simulation test
FAIL: g++.dg/tls/thread_local-order2.C -std=c++14 execution test
FAIL: g++.dg/tls/thread_local-order2.C -std=c++17 execution test
FAIL: g++.dg/tls/thread_local-order2.C -std=c++20 execution test
FAIL: g++.target/i386/avx512vl-pr54700-2b.C (test for excess errors)
UNRESOLVED: g++.target/i386/avx512vl-pr54700-2b.C compilation failed to produce executable
FAIL: g++.target/i386/pr90424-1.C -std=gnu++14 scan-tree-dump-times optimized "BIT_INSERT_EXPR" 9
FAIL: g++.target/i386/pr90424-1.C -std=gnu++14 scan-tree-dump-times optimized "MEM" 9
FAIL: g++.target/i386/pr90424-1.C -std=gnu++17 scan-tree-dump-times optimized "BIT_INSERT_EXPR" 9
FAIL: g++.target/i386/pr90424-1.C -std=gnu++17 scan-tree-dump-times optimized "MEM" 9
FAIL: g++.target/i386/pr90424-1.C -std=gnu++20 scan-tree-dump-times optimized "BIT_INSERT_EXPR" 9
FAIL: g++.target/i386/pr90424-1.C -std=gnu++20 scan-tree-dump-times optimized "MEM" 9
FAIL: g++.target/i386/pr90424-2.C -std=gnu++14 scan-tree-dump-times optimized "BIT_INSERT_EXPR" 9
FAIL: g++.target/i386/pr90424-2.C -std=gnu++14 scan-tree-dump-times optimized "MEM" 9
FAIL: g++.target/i386/pr90424-2.C -std=gnu++17 scan-tree-dump-times optimized "BIT_INSERT_EXPR" 9
FAIL: g++.target/i386/pr90424-2.C -std=gnu++17 scan-tree-dump-times optimized "MEM" 9
FAIL: g++.target/i386/pr90424-2.C -std=gnu++20 scan-tree-dump-times optimized "BIT_INSERT_EXPR" 9
FAIL: g++.target/i386/pr90424-2.C -std=gnu++20 scan-tree-dump-times optimized "MEM" 9
=== g++ Summary for unix/-m32 ===
# of expected passes 220775
# of unexpected failures 41
# of unexpected successes 3
# of expected failures 2074
# of unresolved testcases 5
# of unsupported tests 10156
Running target unix/-m64
FAIL: g++.dg/ipa/pr67056.C scan-ipa-dump cp "Speculative outer type:struct CompositeClass"
XPASS: g++.dg/warn/Wstringop-overflow-4.C -std=gnu++14 (test for bogus messages, line 198)
XPASS: g++.dg/warn/Wstringop-overflow-4.C -std=gnu++17 (test for bogus messages, line 198)
XPASS: g++.dg/warn/Wstringop-overflow-4.C -std=gnu++20 (test for bogus messages, line 198)
FAIL: g++.dg/gomp/pr88182.C -std=gnu++14 (test for excess errors)
UNRESOLVED: g++.dg/gomp/pr88182.C -std=gnu++14 compilation failed to produce executable
FAIL: g++.dg/gomp/pr88182.C -std=gnu++17 (test for excess errors)
UNRESOLVED: g++.dg/gomp/pr88182.C -std=gnu++17 compilation failed to produce executable
FAIL: g++.dg/gomp/pr88182.C -std=gnu++20 (test for excess errors)
UNRESOLVED: g++.dg/gomp/pr88182.C -std=gnu++20 compilation failed to produce executable
FAIL: g++.dg/gomp/pr88182.C -std=gnu++98 (test for excess errors)
UNRESOLVED: g++.dg/gomp/pr88182.C -std=gnu++98 compilation failed to produce executable
FAIL: g++.dg/lto/pr65276 cp_lto_pr65276_0.o-cp_lto_pr65276_1.o link, -flto -O0 -std=c++11
FAIL: g++.dg/modules/loc-prune-4.C -std=c++17 scan-lang-dump module " Span:0 ordinary \\\\[2.....\\\\+12288,\\\\+4096\\\\)->\\\\[0,\\\\+4096\\\\)"
FAIL: g++.dg/modules/loc-prune-4.C -std=c++17 scan-lang-dump module " Span:1 ordinary \\\\[2.....\\\\+40960,\\\\+8192\\\\)->\\\\[4096,\\\\+8192\\\\)"
FAIL: g++.dg/modules/loc-prune-4.C -std=c++2a scan-lang-dump module " Span:0 ordinary \\\\[2.....\\\\+12288,\\\\+4096\\\\)->\\\\[0,\\\\+4096\\\\)"
FAIL: g++.dg/modules/loc-prune-4.C -std=c++2a scan-lang-dump module " Span:1 ordinary \\\\[2.....\\\\+40960,\\\\+8192\\\\)->\\\\[4096,\\\\+8192\\\\)"
FAIL: g++.dg/modules/loc-prune-4.C -std=c++2b scan-lang-dump module " Span:0 ordinary \\\\[2.....\\\\+12288,\\\\+4096\\\\)->\\\\[0,\\\\+4096\\\\)"
FAIL: g++.dg/modules/loc-prune-4.C -std=c++2b scan-lang-dump module " Span:1 ordinary \\\\[2.....\\\\+40960,\\\\+8192\\\\)->\\\\[4096,\\\\+8192\\\\)"
FAIL: g++.dg/simulate-thread/bitfields-2.C -O2 -g -std=c++98 thread simulation test
FAIL: g++.dg/simulate-thread/bitfields-2.C -O3 -g -std=c++11 thread simulation test
FAIL: g++.dg/simulate-thread/bitfields.C -O2 -g -std=c++98 thread simulation test
FAIL: g++.dg/simulate-thread/bitfields.C -O3 -g -std=c++11 thread simulation test
FAIL: g++.dg/tls/thread_local-order2.C -std=c++14 execution test
FAIL: g++.dg/tls/thread_local-order2.C -std=c++17 execution test
FAIL: g++.dg/tls/thread_local-order2.C -std=c++20 execution test
FAIL: g++.target/i386/avx512vl-pr54700-2b.C (test for excess errors)
UNRESOLVED: g++.target/i386/avx512vl-pr54700-2b.C compilation failed to produce executable
=== g++ Summary for unix/-m64 ===
# of expected passes 223166
# of unexpected failures 20
# of unexpected successes 3
# of expected failures 2082
# of unresolved testcases 5
# of unsupported tests 10299
=== g++ Summary ===
# of expected passes 443941
# of unexpected failures 61
# of unexpected successes 6
# of expected failures 4156
# of unresolved testcases 10
# of unsupported tests 20455
/scratch/10-07-lion/gcc-master/gcc/xg++ version 13.0.0 20220724 (experimental) [master revision r13-1811-g76d6224b944e] (GCC)
=== gcc tests ===
Running target unix/-m32
FAIL: gcc.c-torture/compile/pr97576.c -O0 (test for excess errors)
FAIL: gcc.c-torture/compile/pr97576.c -O1 (test for excess errors)
FAIL: gcc.c-torture/compile/pr97576.c -O2 (test for excess errors)
FAIL: gcc.c-torture/compile/pr97576.c -O2 -flto (test for excess errors)
FAIL: gcc.c-torture/compile/pr97576.c -O2 -flto -flto-partition=none (test for excess errors)
FAIL: gcc.c-torture/compile/pr97576.c -O3 -g (test for excess errors)
FAIL: gcc.c-torture/compile/pr97576.c -Os (test for excess errors)
FAIL: gcc.c-torture/execute/pr56866.c -O2 (test for excess errors)
UNRESOLVED: gcc.c-torture/execute/pr56866.c -O2 compilation failed to produce executable
FAIL: gcc.c-torture/execute/pr56866.c -O2 -flto (test for excess errors)
UNRESOLVED: gcc.c-torture/execute/pr56866.c -O2 -flto compilation failed to produce executable
FAIL: gcc.c-torture/execute/pr56866.c -O2 -flto -flto-partition=none (test for excess errors)
UNRESOLVED: gcc.c-torture/execute/pr56866.c -O2 -flto -flto-partition=none compilation failed to produce executable
FAIL: gcc.c-torture/execute/pr56866.c -O3 -fomit-frame-pointer -funroll-loops -fpeel-loops -ftracer -finline-functions (test for excess errors)
UNRESOLVED: gcc.c-torture/execute/pr56866.c -O3 -fomit-frame-pointer -funroll-loops -fpeel-loops -ftracer -finline-functions compilation failed to produce executable
FAIL: gcc.c-torture/execute/pr56866.c -O3 -g (test for excess errors)
UNRESOLVED: gcc.c-torture/execute/pr56866.c -O3 -g compilation failed to produce executable
FAIL: gcc.dg/analyzer/asm-x86-dyndbg-1.c (test for excess errors)
FAIL: gcc.dg/analyzer/asm-x86-dyndbg-2.c (test for excess errors)
FAIL: gcc.dg/analyzer/memcpy-1.c (test for warnings, line 162)
FAIL: gcc.dg/analyzer/memcpy-1.c (test for warnings, line 167)
FAIL: gcc.dg/analyzer/pr104308.c (test for warnings, line 10)
FAIL: gcc.dg/analyzer/pr104308.c (test for warnings, line 17)
FAIL: gcc.dg/analyzer/pr104308.c (test for warnings, line 18)
FAIL: gcc.dg/analyzer/pr104308.c (test for warnings, line 9)
FAIL: gcc.dg/analyzer/taint-size-1.c (test for warnings, line 40)
FAIL: gcc.dg/analyzer/taint-size-1.c event: following true branch at line 23 (test for warnings, line 22)
FAIL: gcc.dg/analyzer/taint-size-1.c event: to here at line 25 (test for warnings, line 24)
FAIL: gcc.dg/analyzer/taint-size-1.c final event at line 29 (test for warnings, line 27)
FAIL: gcc.dg/analyzer/taint-size-1.c warning (test for warnings, line 27)
FAIL: gcc.dg/analyzer/write-to-string-literal-1.c (test for warnings, line 15)
FAIL: gcc.dg/atomic/c11-atomic-exec-6.c -O2 (test for excess errors)
UNRESOLVED: gcc.dg/atomic/c11-atomic-exec-6.c -O2 compilation failed to produce executable
FAIL: gcc.dg/atomic/c11-atomic-exec-6.c -O2 -flto (test for excess errors)
UNRESOLVED: gcc.dg/atomic/c11-atomic-exec-6.c -O2 -flto compilation failed to produce executable
FAIL: gcc.dg/atomic/c11-atomic-exec-6.c -O2 -flto -flto-partition=none (test for excess errors)
UNRESOLVED: gcc.dg/atomic/c11-atomic-exec-6.c -O2 -flto -flto-partition=none compilation failed to produce executable
FAIL: gcc.dg/atomic/c11-atomic-exec-6.c -O3 -fomit-frame-pointer -funroll-loops -fpeel-loops -ftracer -finline-functions (test for excess errors)
UNRESOLVED: gcc.dg/atomic/c11-atomic-exec-6.c -O3 -fomit-frame-pointer -funroll-loops -fpeel-loops -ftracer -finline-functions compilation failed to produce executable
FAIL: gcc.dg/atomic/c11-atomic-exec-6.c -O3 -g (test for excess errors)
UNRESOLVED: gcc.dg/atomic/c11-atomic-exec-6.c -O3 -g compilation failed to produce executable
FAIL: gcc.dg/atomic/c11-atomic-exec-7.c -O2 (test for excess errors)
UNRESOLVED: gcc.dg/atomic/c11-atomic-exec-7.c -O2 compilation failed to produce executable
FAIL: gcc.dg/atomic/c11-atomic-exec-7.c -O2 -flto (test for excess errors)
UNRESOLVED: gcc.dg/atomic/c11-atomic-exec-7.c -O2 -flto compilation failed to produce executable
FAIL: gcc.dg/atomic/c11-atomic-exec-7.c -O2 -flto -flto-partition=none (test for excess errors)
UNRESOLVED: gcc.dg/atomic/c11-atomic-exec-7.c -O2 -flto -flto-partition=none compilation failed to produce executable
FAIL: gcc.dg/atomic/c11-atomic-exec-7.c -O3 -fomit-frame-pointer -funroll-loops -fpeel-loops -ftracer -finline-functions (test for excess errors)
UNRESOLVED: gcc.dg/atomic/c11-atomic-exec-7.c -O3 -fomit-frame-pointer -funroll-loops -fpeel-loops -ftracer -finline-functions compilation failed to produce executable
FAIL: gcc.dg/atomic/c11-atomic-exec-7.c -O3 -g (test for excess errors)
UNRESOLVED: gcc.dg/atomic/c11-atomic-exec-7.c -O3 -g compilation failed to produce executable
FAIL: gcc.dg/debug/dwarf2/inline4.c scan-assembler DW_TAG_inlined_subroutine[^\\\\(]*\\\\([^\\\\)]*\\\\)[^\\\\(]*\\\\(DIE \\\\(0x[0-9a-f]*\\\\) DW_TAG_formal_parameter[^\\\\(]*\\\\(DIE \\\\(0x[0-9a-f]*\\\\) DW_TAG_variable
FAIL: gcc.dg/devnull-dump.c (test for excess errors)
FAIL: gcc.dg/memcpy-6.c (test for warnings, line 26)
FAIL: gcc.dg/memcpy-6.c scan-tree-dump-not optimized "memcpy"
FAIL: gcc.dg/memcpy-6.c scan-tree-dump-not optimized "memmove"
FAIL: gcc.dg/pr102892-1.c (test for excess errors)
FAIL: gcc.dg/pr41454.c (test for excess errors)
UNRESOLVED: gcc.dg/pr41454.c compilation failed to produce executable
FAIL: gcc.dg/pr56837.c scan-tree-dump-times optimized "memset ..c, 68, 16384.;" 1
FAIL: gcc.dg/sso-14.c (test for excess errors)
FAIL: gcc.dg/strlenopt-73.c scan-tree-dump-times optimized "_not_eliminated_" 0
FAIL: gcc.dg/strlenopt-73.c scan-tree-dump-times optimized "strlen" 0
FAIL: gcc.dg/strlenopt-80.c scan-tree-dump-times optimized "failure_on_line \\\\(" 0
FAIL: c-c++-common/goacc/firstprivate-mappings-1.c scan-tree-dump omplower "(?n)#pragma omp target oacc_parallel map\\\\(from:array_so \\\\[len: 4\\\\]\\\\) firstprivate\\\\(array_li.[0-9]+\\\\) map\\\\(tofrom:\\\\(\\\\*array.[0-9]+\\\\) \\\\[len: D\\\\.[0-9]+\\\\]\\\\) map\\\\(firstprivate:array \\\\[pointer assign, bias: 0\\\\]\\\\) \\\\["
FAIL: gcc.dg/graphite/block-1.c (test for excess errors)
UNRESOLVED: gcc.dg/graphite/block-1.c compilation failed to produce executable
FAIL: gcc.dg/graphite/scop-19.c scan-tree-dump-times graphite "number of SCoPs: 0" 1
FAIL: gcc.dg/graphite/uns-block-1.c (test for excess errors)
UNRESOLVED: gcc.dg/graphite/uns-block-1.c compilation failed to produce executable
FAIL: gcc.dg/ipa/ipa-icf-38.c scan-ltrans-tree-dump-not optimized "Function bar"
FAIL: gcc-dg-lto-modref-3-01.exe scan-wpa-ipa-dump modref "parm 1 flags: no_direct_clobber no_direct_escape"
FAIL: gcc-dg-lto-modref-4-01.exe scan-wpa-ipa-dump modref "parm 1 flags: no_direct_clobber no_direct_escape"
FAIL: gcc.dg/lto/modref-3 c_lto_modref-3_0.o-c_lto_modref-3_1.o execute -O2 -flto-partition=max -fdump-ipa-modref -fno-ipa-sra -fno-ipa-cp -flto
FAIL: gcc.dg/lto/modref-4 c_lto_modref-4_0.o-c_lto_modref-4_1.o execute -O2 -flto-partition=max -fdump-ipa-modref -fno-ipa-sra -flto
FAIL: gcc.dg/simulate-thread/strict-align-global.c -O2 -g thread simulation test
FAIL: gcc.dg/simulate-thread/strict-align-global.c -O3 -g thread simulation test
FAIL: gcc.dg/simulate-thread/subfields.c -O3 -g thread simulation test
FAIL: gcc.dg/torture/builtin-self.c -O0 scan-assembler-not \\tcall
FAIL: gcc.dg/torture/floatn-convert.c -O2 (test for excess errors)
UNRESOLVED: gcc.dg/torture/floatn-convert.c -O2 compilation failed to produce executable
FAIL: gcc.dg/torture/floatn-convert.c -O2 -flto (test for excess errors)
UNRESOLVED: gcc.dg/torture/floatn-convert.c -O2 -flto compilation failed to produce executable
FAIL: gcc.dg/torture/floatn-convert.c -O2 -flto -flto-partition=none (test for excess errors)
UNRESOLVED: gcc.dg/torture/floatn-convert.c -O2 -flto -flto-partition=none compilation failed to produce executable
FAIL: gcc.dg/torture/floatn-convert.c -O3 -fomit-frame-pointer -funroll-loops -fpeel-loops -ftracer -finline-functions (test for excess errors)
UNRESOLVED: gcc.dg/torture/floatn-convert.c -O3 -fomit-frame-pointer -funroll-loops -fpeel-loops -ftracer -finline-functions compilation failed to produce executable
FAIL: gcc.dg/torture/floatn-convert.c -O3 -g (test for excess errors)
UNRESOLVED: gcc.dg/torture/floatn-convert.c -O3 -g compilation failed to produce executable
FAIL: gcc.dg/torture/pr71522.c -O1 (internal compiler error: in extract_insn, at recog.cc:2791)
FAIL: gcc.dg/torture/pr71522.c -O1 (test for excess errors)
UNRESOLVED: gcc.dg/torture/pr71522.c -O1 compilation failed to produce executable
FAIL: gcc.dg/torture/pr71522.c -O2 (internal compiler error: in extract_insn, at recog.cc:2791)
FAIL: gcc.dg/torture/pr71522.c -O2 (test for excess errors)
UNRESOLVED: gcc.dg/torture/pr71522.c -O2 compilation failed to produce executable
FAIL: gcc.dg/torture/pr71522.c -O2 -flto (internal compiler error: in extract_insn, at recog.cc:2791)
FAIL: gcc.dg/torture/pr71522.c -O2 -flto (test for excess errors)
UNRESOLVED: gcc.dg/torture/pr71522.c -O2 -flto compilation failed to produce executable
FAIL: gcc.dg/torture/pr71522.c -O2 -flto -flto-partition=none (internal compiler error: in extract_insn, at recog.cc:2791)
FAIL: gcc.dg/torture/pr71522.c -O2 -flto -flto-partition=none (test for excess errors)
UNRESOLVED: gcc.dg/torture/pr71522.c -O2 -flto -flto-partition=none compilation failed to produce executable
FAIL: gcc.dg/torture/pr71522.c -O3 -g (internal compiler error: in extract_insn, at recog.cc:2791)
FAIL: gcc.dg/torture/pr71522.c -O3 -g (test for excess errors)
UNRESOLVED: gcc.dg/torture/pr71522.c -O3 -g compilation failed to produce executable
FAIL: gcc.dg/torture/pr71522.c -Os (internal compiler error: in extract_insn, at recog.cc:2791)
FAIL: gcc.dg/torture/pr71522.c -Os (test for excess errors)
UNRESOLVED: gcc.dg/torture/pr71522.c -Os compilation failed to produce executable
FAIL: gcc.dg/tree-prof/comp-goto-1.c compilation, -fprofile-use -D_PROFILE_USE
UNRESOLVED: gcc.dg/tree-prof/comp-goto-1.c execution, -fprofile-use -D_PROFILE_USE
FAIL: gcc.dg/tree-ssa/scev-3.c scan-tree-dump-times ivopts "&a" 1
FAIL: gcc.dg/tree-ssa/scev-5.c scan-tree-dump-times ivopts "&a" 1
FAIL: gcc.dg/tree-ssa/ssa-dse-36.c scan-tree-dump-times dse1 "Deleted redundant call" 3
XPASS: gcc.dg/vect/vect-reduc-in-order-1.c -flto -ffat-lto-objects execution test
XPASS: gcc.dg/vect/vect-reduc-in-order-1.c execution test
XPASS: gcc.dg/vect/vect-reduc-in-order-2.c -flto -ffat-lto-objects execution test
XPASS: gcc.dg/vect/vect-reduc-in-order-2.c execution test
XPASS: gcc.dg/vect/vect-reduc-in-order-3.c -flto -ffat-lto-objects execution test
XPASS: gcc.dg/vect/vect-reduc-in-order-3.c execution test
XPASS: gcc.dg/vect/vect-reduc-in-order-4.c -flto -ffat-lto-objects execution test
XPASS: gcc.dg/vect/vect-reduc-in-order-4.c execution test
FAIL: outputs-25 exe savetmp named2-4: outputs.args.3
FAIL: outputs-25 exe savetmp named2-4: std out
FAIL: gcc.target/i386/auto-init-3.c scan-assembler-times fldz 3
FAIL: gcc.target/i386/auto-init-4.c scan-assembler-times long\\t-16843010 3
FAIL: gcc.target/i386/auto-init-5.c scan-assembler-times \\\\.long\\t0 12
FAIL: gcc.target/i386/auto-init-padding-3.c scan-assembler rep stosl
FAIL: gcc.target/i386/auto-init-padding-9.c scan-assembler rep stosl
FAIL: gcc.target/i386/avx2-dest-false-dep-for-glc.c scan-assembler-times vxorps 4
FAIL: gcc.target/i386/avx2-shiftqihi-constant-2.c (test for excess errors)
UNRESOLVED: gcc.target/i386/avx2-shiftqihi-constant-2.c compilation failed to produce executable
FAIL: gcc.target/i386/avx512bf16-cvtsbh2ss-1.c scan-assembler-times movl 1
FAIL: gcc.target/i386/avx512bw-shiftqihi-constant-2.c (test for excess errors)
UNRESOLVED: gcc.target/i386/avx512bw-shiftqihi-constant-2.c compilation failed to produce executable
FAIL: gcc.target/i386/avx512fp16-pr101846.c scan-assembler-times vpmovdw 3
FAIL: gcc.target/i386/avx512fp16-vcvtsh2si-1a.c scan-assembler-times vcvtsh2si[ \\\\t]+[^{\\n]*%xmm[0-9]+[^\\n\\r]*%eax 1
FAIL: gcc.target/i386/avx512fp16-vcvtsh2si-1a.c scan-assembler-times vcvtsh2si[ \\\\t]+{rn-sae}[^{\\n]*%xmm[0-9]+[^\\n\\r]*%eax 1
FAIL: gcc.target/i386/avx512fp16-vcvtsh2usi-1a.c scan-assembler-times vcvtsh2usi[ \\\\t]+[^{\\n]*%xmm[0-9]+[^\\n\\r]*%eax 1
FAIL: gcc.target/i386/avx512fp16-vcvtsh2usi-1a.c scan-assembler-times vcvtsh2usi[ \\\\t]+{rn-sae}[^{\\n]*%xmm[0-9]+[^\\n\\r]*%eax 1
FAIL: gcc.target/i386/avx512fp16-vcvttsh2si-1a.c scan-assembler-times vcvttsh2si[ \\\\t]+[^{\\n]*%xmm[0-9]+[^\\n\\r]*%eax 1
FAIL: gcc.target/i386/avx512fp16-vcvttsh2si-1a.c scan-assembler-times vcvttsh2si[ \\\\t]+{sae}[^{\\n]*%xmm[0-9]+[^\\n\\r]*%eax 1
FAIL: gcc.target/i386/avx512fp16-vcvttsh2usi-1a.c scan-assembler-times vcvttsh2usi[ \\\\t]+[^{\\n]*%xmm[0-9]+[^\\n\\r]*%eax 1
FAIL: gcc.target/i386/avx512fp16-vcvttsh2usi-1a.c scan-assembler-times vcvttsh2usi[ \\\\t]+{sae}[^{\\n]*%xmm[0-9]+[^\\n\\r]*%eax 1
FAIL: gcc.target/i386/avx512fp16-vmovsh-1a.c scan-assembler-times vmovsh[ \\\\t]+%xmm[0-9]+[^\\n\\r]*%[er]ax+[^\\n\\r]*{%k[0-9]}(?:\\n|[ \\\\t]+#) 1
FAIL: gcc.target/i386/avx512fp16-vmovsh-1a.c scan-assembler-times vmovsh[ \\\\t]+[^\\n\\r]*%[er]ax+[^\\n\\r]*%xmm[0-9]+{%k[0-9]}(?:\\n|[ \\\\t]+#) 1
FAIL: gcc.target/i386/avx512fp16-vmovsh-1a.c scan-assembler-times vmovsh[ \\\\t]+[^\\n\\r]*%[er]ax+[^\\n\\r]*%xmm[0-9]+{%k[0-9]}{z}[^\\n\\r]*(?:\\n|[ \\\\t]+#) 1
XPASS: gcc.target/i386/bitwise_mask_op-3.c scan-assembler-times kmovb[\\t ] 4
XPASS: gcc.target/i386/bitwise_mask_op-3.c scan-assembler-times korb[\\t ] 1
XPASS: gcc.target/i386/bitwise_mask_op-3.c scan-assembler-times kxorb[\\t ] 1
FAIL: gcc.target/i386/cond_op_maxmin__Float16-1.c (test for excess errors)
UNRESOLVED: gcc.target/i386/cond_op_maxmin__Float16-1.c scan-assembler-times vmaxph 1
UNRESOLVED: gcc.target/i386/cond_op_maxmin__Float16-1.c scan-assembler-times vminph 1
UNRESOLVED: gcc.target/i386/cond_op_maxmin__Float16-1.c scan-tree-dump optimized ".COND_MAX"
UNRESOLVED: gcc.target/i386/cond_op_maxmin__Float16-1.c scan-tree-dump optimized ".COND_MIN"
FAIL: gcc.target/i386/harden-sls-4.c scan-assembler jmp[ \\t]+\\\\*_?fptr
FAIL: gcc.target/i386/harden-sls-5.c scan-assembler-times ret 1
FAIL: gcc.target/i386/memcpy-strategy-7.c scan-assembler rep movsb
FAIL: gcc.target/i386/memcpy-strategy-9.c scan-assembler rep movsb
FAIL: gcc.target/i386/memset-strategy-6.c scan-assembler rep stosb
FAIL: gcc.target/i386/memset-strategy-8.c scan-assembler rep stosb
FAIL: gcc.target/i386/pad-3.c scan-assembler-not nop
FAIL: gcc.target/i386/pr100704-3.c scan-assembler push[lq]\\tfoooo+
FAIL: gcc.target/i386/pr100865-2.c scan-assembler-not vmovdqa
FAIL: gcc.target/i386/pr100865-2.c scan-assembler-times vpbroadcastb[\\\\t ]+%xmm[0-9]+, %xmm[0-9]+ 1
FAIL: gcc.target/i386/pr100865-3.c scan-assembler-not vmovdqa
FAIL: gcc.target/i386/pr100865-3.c scan-assembler-times vpbroadcastb[\\\\t ]+%(?:r|e)[^\\n]*, %xmm[0-9]+ 1
FAIL: gcc.target/i386/pr100865-4a.c scan-assembler-not vmovdqa
FAIL: gcc.target/i386/pr100865-4a.c scan-assembler-times vpbroadcastb[\\\\t ]+%xmm[0-9]+, %ymm[0-9]+ 1
FAIL: gcc.target/i386/pr100865-4b.c scan-assembler-not vmovdqa
FAIL: gcc.target/i386/pr100865-4b.c scan-assembler-times vpbroadcastb[\\\\t ]+%(?:r|e)[^\\n]*, %ymm[0-9]+ 1
FAIL: gcc.target/i386/pr100865-5a.c scan-assembler-not vmovdqa
FAIL: gcc.target/i386/pr100865-5a.c scan-assembler-times vpbroadcastw[\\\\t ]+%xmm[0-9]+, %ymm[0-9]+ 1
FAIL: gcc.target/i386/pr100865-5b.c scan-assembler-not vmovdqa
FAIL: gcc.target/i386/pr100865-5b.c scan-assembler-times vpbroadcastw[\\\\t ]+%(?:r|e)[^\\n]*, %ymm[0-9]+ 1
FAIL: gcc.target/i386/pr100865-6a.c scan-assembler-not vmovdqa
FAIL: gcc.target/i386/pr100865-6a.c scan-assembler-times vpbroadcastd[\\\\t ]+%xmm[0-9]+, %ymm[0-9]+ 1
FAIL: gcc.target/i386/pr100865-6b.c scan-assembler-not vmovdqa
FAIL: gcc.target/i386/pr100865-6b.c scan-assembler-times vpbroadcastd[\\\\t ]+%(?:r|e)[^\\n]*, %ymm[0-9]+ 1
FAIL: gcc.target/i386/pr100865-6c.c scan-assembler-not vmovdqa
FAIL: gcc.target/i386/pr100865-6c.c scan-assembler-times vbroadcastss 1
FAIL: gcc.target/i386/pr100865-7b.c scan-assembler-not vmovdqa
FAIL: gcc.target/i386/pr100865-7b.c scan-assembler-times vpbroadcastq[\\\\t ]+[^\\n]*, %ymm[0-9]+ 1
FAIL: gcc.target/i386/pr101796-1.c scan-assembler-not vpsllvw[ \\\\t]
FAIL: gcc.target/i386/pr101796-1.c scan-assembler-not vpsravw[ \\\\t]
FAIL: gcc.target/i386/pr101796-1.c scan-assembler-not vpsrlvw[ \\\\t]
FAIL: gcc.target/i386/pr101796-1.c scan-assembler-times vpsllw[ \\\\t] 1
FAIL: gcc.target/i386/pr101796-1.c scan-assembler-times vpsraw[ \\\\t] 1
FAIL: gcc.target/i386/pr101796-1.c scan-assembler-times vpsrlw[ \\\\t] 1
FAIL: gcc.target/i386/pr101846-2.c scan-assembler-times vpmovdw 3
FAIL: gcc.target/i386/pr101846-2.c scan-assembler-times vpmovqd 3
FAIL: gcc.target/i386/pr101846-2.c scan-assembler-times vpmovwb 3
FAIL: gcc.target/i386/pr101908-1.c scan-assembler-not (?n)movhpd[ \\\\t]
FAIL: gcc.target/i386/pr101908-3.c scan-assembler-not (?n)movhpd[ \\\\t]+
FAIL: gcc.target/i386/pr101989-broadcast-1.c scan-assembler-times \\\\{1to4\\\\} 4
FAIL: gcc.target/i386/pr102021.c scan-assembler-not vmovdqa
FAIL: gcc.target/i386/pr102021.c scan-assembler-times vpbroadcastq[\\\\t ]+[^\\n]*, %ymm[0-9]+ 1
FAIL: gcc.target/i386/pr102230.c scan-assembler-times movq[\\\\t ]*%mm2, %mm0 1
FAIL: gcc.target/i386/pr102464-copysign-1.c (test for excess errors)
UNRESOLVED: gcc.target/i386/pr102464-copysign-1.c scan-assembler-not \\\\{1to8\\\\}
UNRESOLVED: gcc.target/i386/pr102464-copysign-1.c scan-assembler-not extendhfxf
UNRESOLVED: gcc.target/i386/pr102464-copysign-1.c scan-assembler-not fld
UNRESOLVED: gcc.target/i386/pr102464-copysign-1.c scan-assembler-not vcvtph2p[sd]
UNRESOLVED: gcc.target/i386/pr102464-copysign-1.c scan-assembler-not vcvtps2pd
UNRESOLVED: gcc.target/i386/pr102464-copysign-1.c scan-assembler-not vcvtsh2s[sd]
UNRESOLVED: gcc.target/i386/pr102464-copysign-1.c scan-assembler-not vcvtss2sd
UNRESOLVED: gcc.target/i386/pr102464-copysign-1.c scan-assembler-times vpternlog 12
UNRESOLVED: gcc.target/i386/pr102464-copysign-1.c scan-tree-dump-times optimized ".COPYSIGN" 12
FAIL: gcc.target/i386/pr102464-fma.c (test for excess errors)
UNRESOLVED: gcc.target/i386/pr102464-fma.c scan-assembler-times vfmadd...pd 1
UNRESOLVED: gcc.target/i386/pr102464-fma.c scan-assembler-times vfmadd...ph 3
UNRESOLVED: gcc.target/i386/pr102464-fma.c scan-assembler-times vfmadd...ps 2
UNRESOLVED: gcc.target/i386/pr102464-fma.c scan-assembler-times vfmadd...sd 1
UNRESOLVED: gcc.target/i386/pr102464-fma.c scan-assembler-times vfmadd...sh 3
UNRESOLVED: gcc.target/i386/pr102464-fma.c scan-assembler-times vfmadd...ss 2
FAIL: gcc.target/i386/pr102464-maxmin.c (test for excess errors)
UNRESOLVED: gcc.target/i386/pr102464-maxmin.c scan-assembler-times vmaxpd 1
UNRESOLVED: gcc.target/i386/pr102464-maxmin.c scan-assembler-times vmaxph 3
UNRESOLVED: gcc.target/i386/pr102464-maxmin.c scan-assembler-times vmaxps 2
UNRESOLVED: gcc.target/i386/pr102464-maxmin.c scan-assembler-times vmaxsd 1
UNRESOLVED: gcc.target/i386/pr102464-maxmin.c scan-assembler-times vmaxsh 3
UNRESOLVED: gcc.target/i386/pr102464-maxmin.c scan-assembler-times vmaxss 2
UNRESOLVED: gcc.target/i386/pr102464-maxmin.c scan-assembler-times vminpd 1
UNRESOLVED: gcc.target/i386/pr102464-maxmin.c scan-assembler-times vminph 3
UNRESOLVED: gcc.target/i386/pr102464-maxmin.c scan-assembler-times vminps 2
UNRESOLVED: gcc.target/i386/pr102464-maxmin.c scan-assembler-times vminsd 1
UNRESOLVED: gcc.target/i386/pr102464-maxmin.c scan-assembler-times vminsh 3
UNRESOLVED: gcc.target/i386/pr102464-maxmin.c scan-assembler-times vminss 2
FAIL: gcc.target/i386/pr102464-sqrtph.c (test for excess errors)
UNRESOLVED: gcc.target/i386/pr102464-sqrtph.c scan-assembler-not extendhfxf
UNRESOLVED: gcc.target/i386/pr102464-sqrtph.c scan-assembler-not vcvtph2p[sd]
UNRESOLVED: gcc.target/i386/pr102464-sqrtph.c scan-assembler-not vcvtsh2s[sd]
UNRESOLVED: gcc.target/i386/pr102464-sqrtph.c scan-assembler-times vsqrtph[^\\n\\r]*xmm[0-9] 3
FAIL: gcc.target/i386/pr102464-sqrtsh.c (test for excess errors)
UNRESOLVED: gcc.target/i386/pr102464-sqrtsh.c scan-assembler-not extendhfxf
UNRESOLVED: gcc.target/i386/pr102464-sqrtsh.c scan-assembler-not vcvtsh2s[sd]
UNRESOLVED: gcc.target/i386/pr102464-sqrtsh.c scan-assembler-times vsqrtsh[^\\n\\r]*xmm[0-9] 3
FAIL: gcc.target/i386/pr102464-vrndscaleph.c (test for excess errors)
UNRESOLVED: gcc.target/i386/pr102464-vrndscaleph.c scan-assembler-not extendhfxf
UNRESOLVED: gcc.target/i386/pr102464-vrndscaleph.c scan-assembler-not vcvtph2p[sd]
UNRESOLVED: gcc.target/i386/pr102464-vrndscaleph.c scan-assembler-not vcvtsh2s[sd]
UNRESOLVED: gcc.target/i386/pr102464-vrndscaleph.c scan-assembler-times vrndscaleph[^\\n\\r]*xmm[0-9] 5
UNRESOLVED: gcc.target/i386/pr102464-vrndscaleph.c scan-assembler-times vrndscaleph[^\\n\\r]*ymm[0-9] 5
UNRESOLVED: gcc.target/i386/pr102464-vrndscaleph.c scan-assembler-times vrndscaleph[^\\n\\r]*zmm[0-9] 5
FAIL: gcc.target/i386/pr104441-1b.c (test for excess errors)
UNRESOLVED: gcc.target/i386/pr104441-1b.c compilation failed to produce executable
FAIL: gcc.target/i386/pr11877-2.c scan-assembler-not \\\\\$0,
FAIL: gcc.target/i386/pr11877.c scan-assembler-not \\\\\$0,
FAIL: gcc.target/i386/pr15184-1.c scan-assembler-times movb[ \\\\t]+%al 4
FAIL: gcc.target/i386/pr36502.c scan-assembler-not esp
FAIL: gcc.target/i386/pr54855-3.c scan-assembler-not movsd
FAIL: gcc.target/i386/pr54855-7.c scan-assembler-not movss
FAIL: gcc.target/i386/pr64110.c scan-assembler vmovd[\\\\t ]
FAIL: gcc.target/i386/pr66334.c scan-assembler movl[ \\\\t].+, %ebx
FAIL: gcc.target/i386/pr71321.c scan-assembler-not lea.*0
FAIL: gcc.target/i386/pr78035.c scan-assembler-times cmp 2
FAIL: gcc.target/i386/pr78794.c scan-assembler pandn
FAIL: gcc.target/i386/pr81736-5.c scan-assembler-not %[re]bp
FAIL: gcc.target/i386/pr84278.c scan-assembler-not \\\\(%.sp\\\\)
FAIL: gcc.target/i386/pr85667-6.c scan-assembler-times flds[^\\n\\r]* 1
FAIL: gcc.target/i386/pr90773-17.c scan-assembler-times vpbroadcastb 1
FAIL: gcc.target/i386/pr90773-2.c scan-assembler-times movl[\\\\t ]+\\\\(%[^,]+\\\\), 1
FAIL: gcc.target/i386/pr90773-3.c scan-assembler-times movl[\\\\t ]+\\\\(%[^,]+\\\\), 1
FAIL: gcc.target/i386/pr92651.c scan-assembler-times sub 2
FAIL: gcc.target/i386/pr95126-m32-1.c scan-assembler movb[ \\\\t]*\\\\\$0,
FAIL: gcc.target/i386/pr95126-m32-1.c scan-assembler movl[ \\\\t]*\\\\\$
FAIL: gcc.target/i386/pr95126-m32-1.c scan-assembler-not movzwl
FAIL: gcc.target/i386/pr95126-m32-2.c scan-assembler movb[ \\\\t]*\\\\\$0,
FAIL: gcc.target/i386/pr95126-m32-2.c scan-assembler movl[ \\\\t]*\\\\\$
FAIL: gcc.target/i386/pr95126-m32-2.c scan-assembler-not movzwl
FAIL: gcc.target/i386/pr97873-1.c scan-assembler pabsq
FAIL: gcc.target/i386/pr98060.c scan-assembler-not set
FAIL: gcc.target/i386/ret-thunk-22.c scan-assembler call[ \\\\t]*___x86.get_pc_thunk.cx
FAIL: gcc.target/i386/ret-thunk-23.c scan-assembler call[ \\\\t]*___x86.get_pc_thunk.cx
FAIL: gcc.target/i386/ret-thunk-24.c scan-assembler call[ \\\\t]*___x86.get_pc_thunk.cx
FAIL: gcc.target/i386/vect8-ret.c scan-assembler-times movq 1
=== gcc Summary for unix/-m32 ===
# of expected passes 159329
# of unexpected failures 186
# of unexpected successes 11
# of expected failures 1387
# of unresolved testcases 77
# of unsupported tests 5828
Running target unix/-m64
FAIL: gcc.c-torture/compile/pr97576.c -O0 (test for excess errors)
FAIL: gcc.c-torture/compile/pr97576.c -O1 (test for excess errors)
FAIL: gcc.c-torture/compile/pr97576.c -O2 (test for excess errors)
FAIL: gcc.c-torture/compile/pr97576.c -O2 -flto (test for excess errors)
FAIL: gcc.c-torture/compile/pr97576.c -O2 -flto -flto-partition=none (test for excess errors)
FAIL: gcc.c-torture/compile/pr97576.c -O3 -g (test for excess errors)
FAIL: gcc.c-torture/compile/pr97576.c -Os (test for excess errors)
FAIL: gcc.dg/analyzer/memcpy-1.c (test for warnings, line 162)
FAIL: gcc.dg/analyzer/memcpy-1.c (test for warnings, line 167)
FAIL: gcc.dg/analyzer/pr104308.c (test for warnings, line 10)
FAIL: gcc.dg/analyzer/pr104308.c (test for warnings, line 17)
FAIL: gcc.dg/analyzer/pr104308.c (test for warnings, line 18)
FAIL: gcc.dg/analyzer/pr104308.c (test for warnings, line 9)
FAIL: gcc.dg/analyzer/taint-size-1.c (test for warnings, line 40)
FAIL: gcc.dg/analyzer/taint-size-1.c event: following true branch at line 23 (test for warnings, line 22)
FAIL: gcc.dg/analyzer/taint-size-1.c event: to here at line 25 (test for warnings, line 24)
FAIL: gcc.dg/analyzer/taint-size-1.c final event at line 29 (test for warnings, line 27)
FAIL: gcc.dg/analyzer/taint-size-1.c warning (test for warnings, line 27)
FAIL: gcc.dg/analyzer/write-to-string-literal-1.c (test for warnings, line 15)
FAIL: gcc.dg/debug/dwarf2/inline4.c scan-assembler DW_TAG_inlined_subroutine[^\\\\(]*\\\\([^\\\\)]*\\\\)[^\\\\(]*\\\\(DIE \\\\(0x[0-9a-f]*\\\\) DW_TAG_formal_parameter[^\\\\(]*\\\\(DIE \\\\(0x[0-9a-f]*\\\\) DW_TAG_variable
FAIL: gcc.dg/devnull-dump.c (test for excess errors)
FAIL: gcc.dg/pr56837.c scan-tree-dump-times optimized "memset ..c, 68, 16384.;" 1
FAIL: gcc.dg/sso-14.c (test for excess errors)
FAIL: gcc.dg/strlenopt-73.c scan-tree-dump-times optimized "_not_eliminated_" 0
FAIL: gcc.dg/strlenopt-73.c scan-tree-dump-times optimized "strlen" 0
FAIL: gcc.dg/strlenopt-80.c scan-tree-dump-times optimized "failure_on_line \\\\(" 0
FAIL: gcc.dg/strlenopt-82.c scan-tree-dump-times optimized "call_in_true_branch_not_eliminated_" 0
FAIL: gcc.dg/graphite/scop-19.c scan-tree-dump-times graphite "number of SCoPs: 0" 1
FAIL: gcc.dg/ipa/ipa-icf-38.c scan-ltrans-tree-dump-not optimized "Function bar"
FAIL: gcc-dg-lto-modref-3-01.exe scan-wpa-ipa-dump modref "parm 1 flags: no_direct_clobber no_direct_escape"
FAIL: gcc-dg-lto-modref-4-01.exe scan-wpa-ipa-dump modref "parm 1 flags: no_direct_clobber no_direct_escape"
FAIL: gcc.dg/lto/modref-3 c_lto_modref-3_0.o-c_lto_modref-3_1.o execute -O2 -flto-partition=max -fdump-ipa-modref -fno-ipa-sra -fno-ipa-cp -flto
FAIL: gcc.dg/lto/modref-4 c_lto_modref-4_0.o-c_lto_modref-4_1.o execute -O2 -flto-partition=max -fdump-ipa-modref -fno-ipa-sra -flto
FAIL: gcc.dg/rtl/x86_64/final.c (internal compiler error: Segmentation fault: 11)
FAIL: gcc.dg/rtl/x86_64/final.c (test for excess errors)
UNRESOLVED: gcc.dg/rtl/x86_64/final.c scan-assembler .cfi_endproc
UNRESOLVED: gcc.dg/rtl/x86_64/final.c scan-assembler .cfi_startproc
UNRESOLVED: gcc.dg/rtl/x86_64/final.c scan-assembler ret
UNRESOLVED: gcc.dg/rtl/x86_64/final.c scan-assembler test_1:
FAIL: gcc.dg/simulate-thread/subfields.c -O3 -g thread simulation test
XPASS: gcc.dg/tree-ssa/pr91091-2.c scan-tree-dump-times fre1 " = [^;]*x;" 1
XPASS: gcc.dg/tree-ssa/pr91091-2.c scan-tree-dump-times fre1 "x = " 1
FAIL: gcc.dg/tree-ssa/ssa-dse-36.c scan-tree-dump-times dse1 "Deleted redundant call" 3
XPASS: gcc.dg/tree-ssa/ssa-fre-77.c scan-tree-dump fre1 "return 1;"
FAIL: outputs-25 exe savetmp named2-4: outputs.args.3
FAIL: outputs-25 exe savetmp named2-4: std out
FAIL: gcc.target/i386/auto-init-5.c scan-assembler-times \\\\.long\\t0 14
FAIL: gcc.target/i386/auto-init-6.c scan-assembler-times long\\t0 8
FAIL: gcc.target/i386/auto-init-padding-3.c scan-assembler rep stosq
FAIL: gcc.target/i386/auto-init-padding-9.c scan-assembler rep stosq
FAIL: gcc.target/i386/avx2-dest-false-dep-for-glc.c scan-assembler-times vxorps 4
FAIL: gcc.target/i386/avx2-shiftqihi-constant-2.c (test for excess errors)
UNRESOLVED: gcc.target/i386/avx2-shiftqihi-constant-2.c compilation failed to produce executable
FAIL: gcc.target/i386/avx512bw-pr103750-2.c scan-assembler-not kmov
FAIL: gcc.target/i386/avx512bw-pr88465.c scan-assembler-times kxnor[dq][ \\t] 2
FAIL: gcc.target/i386/avx512bw-shiftqihi-constant-2.c (test for excess errors)
UNRESOLVED: gcc.target/i386/avx512bw-shiftqihi-constant-2.c compilation failed to produce executable
FAIL: gcc.target/i386/avx512dq-pr88465.c scan-assembler-times kxnorb[ \\t] 1
FAIL: gcc.target/i386/avx512f-pr103750-2.c scan-assembler-not kmov
FAIL: gcc.target/i386/avx512f-pr88465.c scan-assembler-times kxnorw[ \\t] 1
FAIL: gcc.target/i386/avx512fp16-pr103750-2.c scan-assembler-not kmov
XPASS: gcc.target/i386/bitwise_mask_op-3.c scan-assembler-times kmovb[\\t ] 4
XPASS: gcc.target/i386/bitwise_mask_op-3.c scan-assembler-times korb[\\t ] 1
XPASS: gcc.target/i386/bitwise_mask_op-3.c scan-assembler-times kxorb[\\t ] 1
FAIL: gcc.target/i386/cond_op_maxmin__Float16-1.c (test for excess errors)
UNRESOLVED: gcc.target/i386/cond_op_maxmin__Float16-1.c scan-assembler-times vmaxph 1
UNRESOLVED: gcc.target/i386/cond_op_maxmin__Float16-1.c scan-assembler-times vminph 1
UNRESOLVED: gcc.target/i386/cond_op_maxmin__Float16-1.c scan-tree-dump optimized ".COND_MAX"
UNRESOLVED: gcc.target/i386/cond_op_maxmin__Float16-1.c scan-tree-dump optimized ".COND_MIN"
FAIL: gcc.target/i386/harden-sls-4.c scan-assembler jmp[ \\t]+\\\\*_?fptr
FAIL: gcc.target/i386/memcpy-strategy-7.c scan-assembler rep movsb
FAIL: gcc.target/i386/memcpy-strategy-9.c scan-assembler rep movsb
FAIL: gcc.target/i386/memset-strategy-6.c scan-assembler rep stosb
FAIL: gcc.target/i386/memset-strategy-8.c scan-assembler rep stosb
FAIL: gcc.target/i386/pr100704-3.c scan-assembler push[lq]\\tfoooo+
FAIL: gcc.target/i386/pr100936.c (test for excess errors)
FAIL: gcc.target/i386/pr101908-1.c scan-assembler-not (?n)movhpd[ \\\\t]
FAIL: gcc.target/i386/pr101908-3.c scan-assembler-not (?n)movhpd[ \\\\t]+
FAIL: gcc.target/i386/pr102464-copysign-1.c (test for excess errors)
UNRESOLVED: gcc.target/i386/pr102464-copysign-1.c scan-assembler-not \\\\{1to8\\\\}
UNRESOLVED: gcc.target/i386/pr102464-copysign-1.c scan-assembler-not extendhfxf
UNRESOLVED: gcc.target/i386/pr102464-copysign-1.c scan-assembler-not fld
UNRESOLVED: gcc.target/i386/pr102464-copysign-1.c scan-assembler-not vcvtph2p[sd]
UNRESOLVED: gcc.target/i386/pr102464-copysign-1.c scan-assembler-not vcvtps2pd
UNRESOLVED: gcc.target/i386/pr102464-copysign-1.c scan-assembler-not vcvtsh2s[sd]
UNRESOLVED: gcc.target/i386/pr102464-copysign-1.c scan-assembler-not vcvtss2sd
UNRESOLVED: gcc.target/i386/pr102464-copysign-1.c scan-assembler-times vpternlog 12
UNRESOLVED: gcc.target/i386/pr102464-copysign-1.c scan-tree-dump-times optimized ".COPYSIGN" 12
FAIL: gcc.target/i386/pr102464-fma.c (test for excess errors)
UNRESOLVED: gcc.target/i386/pr102464-fma.c scan-assembler-times vfmadd...pd 1
UNRESOLVED: gcc.target/i386/pr102464-fma.c scan-assembler-times vfmadd...ph 3
UNRESOLVED: gcc.target/i386/pr102464-fma.c scan-assembler-times vfmadd...ps 2
UNRESOLVED: gcc.target/i386/pr102464-fma.c scan-assembler-times vfmadd...sd 1
UNRESOLVED: gcc.target/i386/pr102464-fma.c scan-assembler-times vfmadd...sh 3
UNRESOLVED: gcc.target/i386/pr102464-fma.c scan-assembler-times vfmadd...ss 2
FAIL: gcc.target/i386/pr102464-maxmin.c (test for excess errors)
UNRESOLVED: gcc.target/i386/pr102464-maxmin.c scan-assembler-times vmaxpd 1
UNRESOLVED: gcc.target/i386/pr102464-maxmin.c scan-assembler-times vmaxph 3
UNRESOLVED: gcc.target/i386/pr102464-maxmin.c scan-assembler-times vmaxps 2
UNRESOLVED: gcc.target/i386/pr102464-maxmin.c scan-assembler-times vmaxsd 1
UNRESOLVED: gcc.target/i386/pr102464-maxmin.c scan-assembler-times vmaxsh 3
UNRESOLVED: gcc.target/i386/pr102464-maxmin.c scan-assembler-times vmaxss 2
UNRESOLVED: gcc.target/i386/pr102464-maxmin.c scan-assembler-times vminpd 1
UNRESOLVED: gcc.target/i386/pr102464-maxmin.c scan-assembler-times vminph 3
UNRESOLVED: gcc.target/i386/pr102464-maxmin.c scan-assembler-times vminps 2
UNRESOLVED: gcc.target/i386/pr102464-maxmin.c scan-assembler-times vminsd 1
UNRESOLVED: gcc.target/i386/pr102464-maxmin.c scan-assembler-times vminsh 3
UNRESOLVED: gcc.target/i386/pr102464-maxmin.c scan-assembler-times vminss 2
FAIL: gcc.target/i386/pr102464-sqrtph.c (test for excess errors)
UNRESOLVED: gcc.target/i386/pr102464-sqrtph.c scan-assembler-not extendhfxf
UNRESOLVED: gcc.target/i386/pr102464-sqrtph.c scan-assembler-not vcvtph2p[sd]
UNRESOLVED: gcc.target/i386/pr102464-sqrtph.c scan-assembler-not vcvtsh2s[sd]
UNRESOLVED: gcc.target/i386/pr102464-sqrtph.c scan-assembler-times vsqrtph[^\\n\\r]*xmm[0-9] 3
FAIL: gcc.target/i386/pr102464-sqrtsh.c (test for excess errors)
UNRESOLVED: gcc.target/i386/pr102464-sqrtsh.c scan-assembler-not extendhfxf
UNRESOLVED: gcc.target/i386/pr102464-sqrtsh.c scan-assembler-not vcvtsh2s[sd]
UNRESOLVED: gcc.target/i386/pr102464-sqrtsh.c scan-assembler-times vsqrtsh[^\\n\\r]*xmm[0-9] 3
FAIL: gcc.target/i386/pr102464-vrndscaleph.c (test for excess errors)
UNRESOLVED: gcc.target/i386/pr102464-vrndscaleph.c scan-assembler-not extendhfxf
UNRESOLVED: gcc.target/i386/pr102464-vrndscaleph.c scan-assembler-not vcvtph2p[sd]
UNRESOLVED: gcc.target/i386/pr102464-vrndscaleph.c scan-assembler-not vcvtsh2s[sd]
UNRESOLVED: gcc.target/i386/pr102464-vrndscaleph.c scan-assembler-times vrndscaleph[^\\n\\r]*xmm[0-9] 5
UNRESOLVED: gcc.target/i386/pr102464-vrndscaleph.c scan-assembler-times vrndscaleph[^\\n\\r]*ymm[0-9] 5
UNRESOLVED: gcc.target/i386/pr102464-vrndscaleph.c scan-assembler-times vrndscaleph[^\\n\\r]*zmm[0-9] 5
FAIL: gcc.target/i386/pr104441-1b.c (test for excess errors)
UNRESOLVED: gcc.target/i386/pr104441-1b.c compilation failed to produce executable
FAIL: gcc.target/i386/pr104704-1.c (test for excess errors)
UNRESOLVED: gcc.target/i386/pr104704-1.c compilation failed to produce executable
FAIL: gcc.target/i386/pr104704-2.c (test for excess errors)
UNRESOLVED: gcc.target/i386/pr104704-2.c compilation failed to produce executable
FAIL: gcc.target/i386/pr104704-4.c (test for excess errors)
UNRESOLVED: gcc.target/i386/pr104704-4.c compilation failed to produce executable
FAIL: gcc.target/i386/pr104704-5.c (test for excess errors)
UNRESOLVED: gcc.target/i386/pr104704-5.c compilation failed to produce executable
FAIL: gcc.target/i386/pr11877-2.c scan-assembler-not \\\\\$0,
FAIL: gcc.target/i386/pr11877.c scan-assembler-not \\\\\$0,
FAIL: gcc.target/i386/pr34256.c scan-assembler-times mov 5
FAIL: gcc.target/i386/pr45685.c scan-assembler-times cmov 6
FAIL: gcc.target/i386/pr71321.c scan-assembler-not lea.*0
FAIL: gcc.target/i386/pr78035.c scan-assembler-times cmp 2
FAIL: gcc.target/i386/pr85667-10.c scan-assembler-times movq[ \\t]*%r8, .* 1
FAIL: gcc.target/i386/pr85667-10.c scan-assembler-times movq[ \\t]*%r9, .* 1
FAIL: gcc.target/i386/pr85667-10.c scan-assembler-times movq[ \\t]*%rcx, .* 1
FAIL: gcc.target/i386/pr85667-10.c scan-assembler-times movq[ \\t]*%rdx, .* 1
FAIL: gcc.target/i386/pr85667-10.c scan-assembler-times movq[^\\n\\r]*, %rax 1
FAIL: gcc.target/i386/pr90773-1.c scan-assembler-times movq[\\\\t ]+\\\\(%[^,]+\\\\), 1
FAIL: gcc.target/i386/pr92651.c scan-assembler-times sub 2
FAIL: gcc.target/i386/pr94650.c scan-assembler-not movabs
FAIL: gcc.target/i386/pr94650.c scan-assembler-times shr 3
FAIL: gcc.target/i386/pr95740.c scan-assembler-times (?n)movq[\\\\t ]*%xmm0.*%rax 1
FAIL: gcc.target/i386/pr96271.c scan-assembler movq\\t%xmm0, %r
FAIL: gcc.target/i386/pr96271.c scan-assembler movq\\t%xmm1, %r
FAIL: gcc.target/i386/pr98060.c scan-assembler-not set
FAIL: gcc.target/i386/sse2-v1ti-logic-2.c scan-assembler-times por 2
FAIL: gcc.target/i386/stackalign/pr88483-1.c -mno-stackrealign scan-assembler-not and[lq]?[^\\\\n]*-[0-9]+,[^\\\\n]*sp
FAIL: gcc.target/i386/stackalign/pr88483-1.c -mstackrealign scan-assembler-not and[lq]?[^\\\\n]*-[0-9]+,[^\\\\n]*sp
=== gcc Summary for unix/-m64 ===
# of expected passes 162271
# of unexpected failures 95
# of unexpected successes 6
# of expected failures 1384
# of unresolved testcases 55
# of unsupported tests 5301
=== gcc Summary ===
# of expected passes 321600
# of unexpected failures 281
# of unexpected successes 17
# of expected failures 2771
# of unresolved testcases 132
# of unsupported tests 11129
/scratch/10-07-lion/gcc-master/gcc/xgcc version 13.0.0 20220724 (experimental) [master revision r13-1811-g76d6224b944e] (GCC)
=== gfortran tests ===
Running target unix/-m32
FAIL: gfortran.dg/bind_c_dts.f90 -O2 (test for excess errors)
UNRESOLVED: gfortran.dg/bind_c_dts.f90 -O2 compilation failed to produce executable
FAIL: gfortran.dg/bind_c_dts.f90 -O3 -fomit-frame-pointer -funroll-loops -fpeel-loops -ftracer -finline-functions (test for excess errors)
UNRESOLVED: gfortran.dg/bind_c_dts.f90 -O3 -fomit-frame-pointer -funroll-loops -fpeel-loops -ftracer -finline-functions compilation failed to produce executable
FAIL: gfortran.dg/bind_c_dts.f90 -O3 -g (test for excess errors)
UNRESOLVED: gfortran.dg/bind_c_dts.f90 -O3 -g compilation failed to produce executable
=== gfortran Summary for unix/-m32 ===
# of expected passes 65937
# of unexpected failures 3
# of expected failures 261
# of unresolved testcases 3
# of unsupported tests 255
Running target unix/-m64
=== gfortran Summary for unix/-m64 ===
# of expected passes 66253
# of expected failures 259
# of unsupported tests 109
=== gfortran Summary ===
# of expected passes 132190
# of unexpected failures 3
# of expected failures 520
# of unresolved testcases 3
# of unsupported tests 364
/scratch/10-07-lion/gcc-master/gcc/gfortran version 13.0.0 20220724 (experimental) [master revision r13-1811-g76d6224b944e] (GCC)
=== gnat tests ===
Running target unix/-m32
FAIL: gnat.dg/bias1.adb scan-assembler DW_AT_GNU_bias
FAIL: gnat.dg/debug18.adb scan-assembler-not DW_AT_lower_bound
=== gnat Summary for unix/-m32 ===
# of expected passes 3382
# of unexpected failures 2
# of expected failures 23
# of unsupported tests 16
Running target unix/-m64
FAIL: gnat.dg/bias1.adb scan-assembler DW_AT_GNU_bias
FAIL: gnat.dg/debug18.adb scan-assembler-not DW_AT_lower_bound
=== gnat Summary for unix/-m64 ===
# of expected passes 3383
# of unexpected failures 2
# of expected failures 23
# of unsupported tests 14
=== gnat Summary ===
# of expected passes 6765
# of unexpected failures 4
# of expected failures 46
# of unsupported tests 30
/scratch/10-07-lion/gcc-master/gcc/gnatmake version 13.0.0 20220724 (experimental) [master revision r13-1811-g76d6224b944e]
=== jit tests ===
Running target unix/-m32
=== jit Summary for unix/-m32 ===
Running target unix/-m64
FAIL: FAIL
FAIL: FAIL
FAIL: FAIL
FAIL: output-of-test-link-section-assembler.c.s output pattern test, is .text
FAIL: output-of-test-setting-alignment.c.s output pattern test, is .text
FAIL: test-combination.c.exe killed: 48599 exp14 0 0 CHILDKILLED SIGSEGV {segmentation violation}
FAIL: test-threads.c.exe killed: 71655 exp19 0 0 CHILDKILLED SIGSEGV {segmentation violation}
FAIL: test-tls.c.exe killed: 72875 exp19 0 0 CHILDKILLED SIGSEGV {segmentation violation}
=== jit Summary for unix/-m64 ===
# of expected passes 8980
# of unexpected failures 8
=== jit Summary ===
# of expected passes 8980
# of unexpected failures 8
=== obj-c++ tests ===
Running target unix/-m64
=== obj-c++ Summary for unix/-m64 ===
# of expected passes 3199
# of expected failures 22
# of unsupported tests 70
Running target unix/-m32
=== obj-c++ Summary for unix/-m32 ===
# of expected passes 3233
# of expected failures 4
# of unsupported tests 68
=== obj-c++ Summary ===
# of expected passes 6432
# of expected failures 26
# of unsupported tests 138
/scratch/10-07-lion/gcc-master/gcc/xg++ version 13.0.0 20220724 (experimental) [master revision r13-1811-g76d6224b944e] (GCC)
=== objc tests ===
Running target unix/-m32
=== objc Summary for unix/-m32 ===
# of expected passes 5776
# of expected failures 6
# of unsupported tests 85
Running target unix/-m64
=== objc Summary for unix/-m64 ===
# of expected passes 5752
# of expected failures 12
# of unsupported tests 88
=== objc Summary ===
# of expected passes 11528
# of expected failures 18
# of unsupported tests 173
/scratch/10-07-lion/gcc-master/gcc/xgcc version 13.0.0 20220724 (experimental) [master revision r13-1811-g76d6224b944e] (GCC)
=== libatomic tests ===
Running target unix/-m64
=== libatomic Summary for unix/-m64 ===
# of expected passes 54
Running target unix/-m32
=== libatomic Summary for unix/-m32 ===
# of expected passes 44
# of unsupported tests 5
=== libatomic Summary ===
# of expected passes 98
# of unsupported tests 5
=== libgomp tests ===
Running target unix/-m64
WARNING: program timed out.
FAIL: libgomp.c/../libgomp.c-c++-common/for-3.c execution test
FAIL: libgomp.c/pr95620.c (test for excess errors)
WARNING: program timed out.
FAIL: libgomp.c++/../libgomp.c-c++-common/for-9.c execution test
FAIL: libgomp.fortran/examples-4/async_target-1.f90 -O3 -g execution test
WARNING: program timed out.
FAIL: libgomp.fortran/target4.f90 -O3 -fomit-frame-pointer -funroll-loops -fpeel-loops -ftracer -finline-functions execution test
FAIL: libgomp.fortran/use_device_addr-2.f90 -O1 execution test
=== libgomp Summary for unix/-m64 ===
# of expected passes 13877
# of unexpected failures 6
# of expected failures 213
# of unsupported tests 655
Running target unix/-m32
FAIL: libgomp.c/../libgomp.c-c++-common/for-3.c execution test
FAIL: libgomp.c/../libgomp.c-c++-common/target-memcpy-async-1.c (test for excess errors)
UNRESOLVED: libgomp.c/../libgomp.c-c++-common/target-memcpy-async-1.c compilation failed to produce executable
FAIL: libgomp.c/../libgomp.c-c++-common/target-memcpy-rect-async-1.c (test for excess errors)
UNRESOLVED: libgomp.c/../libgomp.c-c++-common/target-memcpy-rect-async-1.c compilation failed to produce executable
FAIL: libgomp.c++/../libgomp.c-c++-common/reduction-6.c execution test
FAIL: libgomp.c++/../libgomp.c-c++-common/target-memcpy-async-1.c (test for excess errors)
UNRESOLVED: libgomp.c++/../libgomp.c-c++-common/target-memcpy-async-1.c compilation failed to produce executable
FAIL: libgomp.c++/../libgomp.c-c++-common/target-memcpy-rect-async-1.c (test for excess errors)
UNRESOLVED: libgomp.c++/../libgomp.c-c++-common/target-memcpy-rect-async-1.c compilation failed to produce executable
FAIL: libgomp.fortran/examples-4/declare_target-4.f90 -O3 -g execution test
FAIL: libgomp.fortran/target4.f90 -O2 execution test
=== libgomp Summary for unix/-m32 ===
# of expected passes 13870
# of unexpected failures 8
# of expected failures 213
# of unresolved testcases 4
# of unsupported tests 656
=== libgomp Summary ===
# of expected passes 27747
# of unexpected failures 14
# of expected failures 426
# of unresolved testcases 4
# of unsupported tests 1311
=== libitm tests ===
Running target unix/-m64
=== libitm Summary for unix/-m64 ===
# of expected passes 42
# of expected failures 3
# of unsupported tests 2
Running target unix/-m32
=== libitm Summary for unix/-m32 ===
# of expected passes 42
# of expected failures 3
# of unsupported tests 2
=== libitm Summary ===
# of expected passes 84
# of expected failures 6
# of unsupported tests 4
=== libstdc++ tests ===
Running target unix/-m32
XPASS: 20_util/to_chars/long_double.cc execution test
FAIL: 21_strings/basic_string/allocator/char/operator_plus.cc (test for excess errors)
FAIL: 27_io/basic_filebuf/open/char/2.cc execution test
FAIL: 27_io/filesystem/operations/remove_all.cc execution test
WARNING: 30_threads/future/members/93456.cc execution test program timed out.
FAIL: 30_threads/future/members/93456.cc execution test
FAIL: 30_threads/future/members/poll.cc execution test
FAIL: experimental/filesystem/operations/remove_all.cc execution test
FAIL: ext/stdio_filebuf/char/10063-2.cc execution test
FAIL: ext/stdio_filebuf/char/81751.cc execution test
FAIL: std/ranges/access/ssize.cc (test for excess errors)
UNRESOLVED: std/ranges/access/ssize.cc compilation failed to produce executable
=== libstdc++ Summary for unix/-m32 ===
# of expected passes 14239
# of unexpected failures 9
# of unexpected successes 1
# of expected failures 97
# of unresolved testcases 1
# of unsupported tests 782
Running target unix/-m64
XPASS: 20_util/to_chars/long_double.cc execution test
FAIL: 27_io/basic_filebuf/open/char/2.cc execution test
FAIL: 27_io/filesystem/operations/remove_all.cc execution test
WARNING: 30_threads/future/members/93456.cc execution test program timed out.
FAIL: 30_threads/future/members/93456.cc execution test
FAIL: 30_threads/future/members/poll.cc execution test
FAIL: experimental/filesystem/operations/remove_all.cc execution test
FAIL: ext/stdio_filebuf/char/10063-2.cc execution test
FAIL: ext/stdio_filebuf/char/81751.cc execution test
=== libstdc++ Summary for unix/-m64 ===
# of expected passes 14236
# of unexpected failures 7
# of unexpected successes 1
# of expected failures 97
# of unsupported tests 785
=== libstdc++ Summary ===
# of expected passes 28475
# of unexpected failures 16
# of unexpected successes 2
# of expected failures 194
# of unresolved testcases 1
# of unsupported tests 1567
Compiler version: 13.0.0 20220724 (experimental) [master revision r13-1811-g76d6224b944e] (GCC)
Platform: x86_64-apple-darwin11
configure flags: --prefix=/opt/iains/x86_64-apple-darwin11/gcc-13-0-0 --build=x86_64-apple-darwin11 --with-sysroot=/Library/Developer/CommandLineTools/SDKs/MacOSX.sdk --with-as=/usr/bin/as --with-ld=/usr/bin/ld --enable-languages=all CC=x86_64-apple-darwin11-gcc CXX=x86_64-apple-darwin11-g++
More information about the Gcc-testresults
mailing list