Results for 12.1.0 (GCC) testsuite on x86_64-pc-linux-gnu
liam
liam@traumcomputer
Sun Jul 17 19:55:48 GMT 2022
LAST_UPDATED: Obtained from git: releases/gcc-12 revision 1ea978e3066ac565a1ec28a96a4d61eaf38e2726
Native configuration is x86_64-pc-linux-gnu
=== gcc tests ===
Running target unix
XPASS: gcc.dg/guality/example.c -O0 execution test
XPASS: gcc.dg/guality/example.c -O1 -DPREVENT_OPTIMIZATION execution test
XPASS: gcc.dg/guality/example.c -Og -DPREVENT_OPTIMIZATION execution test
XPASS: gcc.dg/guality/guality.c -O0 execution test
XPASS: gcc.dg/guality/guality.c -O1 -DPREVENT_OPTIMIZATION execution test
XPASS: gcc.dg/guality/guality.c -O2 -DPREVENT_OPTIMIZATION execution test
XPASS: gcc.dg/guality/guality.c -O3 -g -DPREVENT_OPTIMIZATION execution test
XPASS: gcc.dg/guality/guality.c -Os -DPREVENT_OPTIMIZATION execution test
XPASS: gcc.dg/guality/guality.c -Og -DPREVENT_OPTIMIZATION execution test
XPASS: gcc.dg/guality/guality.c -O2 -flto -fno-use-linker-plugin -flto-partition=none -DPREVENT_OPTIMIZATION execution test
XPASS: gcc.dg/guality/guality.c -O2 -flto -fuse-linker-plugin -fno-fat-lto-objects -DPREVENT_OPTIMIZATION execution test
XPASS: gcc.dg/guality/inline-params.c -O2 -DPREVENT_OPTIMIZATION execution test
XPASS: gcc.dg/guality/inline-params.c -O3 -g -DPREVENT_OPTIMIZATION execution test
XPASS: gcc.dg/guality/inline-params.c -Os -DPREVENT_OPTIMIZATION execution test
XPASS: gcc.dg/guality/inline-params.c -O2 -flto -fno-use-linker-plugin -flto-partition=none -DPREVENT_OPTIMIZATION execution test
XPASS: gcc.dg/guality/inline-params.c -O2 -flto -fuse-linker-plugin -fno-fat-lto-objects -DPREVENT_OPTIMIZATION execution test
XPASS: gcc.dg/guality/ipa-sra-1.c -O0 line 15 k == 3
XPASS: gcc.dg/guality/ipa-sra-1.c -O1 -DPREVENT_OPTIMIZATION line 15 k == 3
XPASS: gcc.dg/guality/ipa-sra-1.c -Og -DPREVENT_OPTIMIZATION line 15 k == 3
FAIL: gcc.dg/guality/loop-1.c -O3 -fomit-frame-pointer -funroll-loops -fpeel-loops -ftracer -finline-functions -DPREVENT_OPTIMIZATION line 20 i == 1
FAIL: gcc.dg/guality/pr36728-2.c -O3 -g -DPREVENT_OPTIMIZATION line 16 arg1 == 1
FAIL: gcc.dg/guality/pr36728-2.c -O3 -g -DPREVENT_OPTIMIZATION line 16 arg2 == 2
FAIL: gcc.dg/guality/pr36728-2.c -O3 -g -DPREVENT_OPTIMIZATION line 16 arg3 == 3
FAIL: gcc.dg/guality/pr36728-2.c -O3 -g -DPREVENT_OPTIMIZATION line 16 arg4 == 4
FAIL: gcc.dg/guality/pr36728-2.c -O3 -g -DPREVENT_OPTIMIZATION line 16 arg5 == 5
FAIL: gcc.dg/guality/pr36728-2.c -O3 -g -DPREVENT_OPTIMIZATION line 16 arg6 == 6
FAIL: gcc.dg/guality/pr36728-2.c -O3 -g -DPREVENT_OPTIMIZATION line 16 arg7 == 30
FAIL: gcc.dg/guality/pr36728-2.c -O3 -g -DPREVENT_OPTIMIZATION line 18 arg1 == 1
FAIL: gcc.dg/guality/pr36728-2.c -O3 -g -DPREVENT_OPTIMIZATION line 18 arg2 == 2
FAIL: gcc.dg/guality/pr36728-2.c -O3 -g -DPREVENT_OPTIMIZATION line 18 arg3 == 3
FAIL: gcc.dg/guality/pr36728-2.c -O3 -g -DPREVENT_OPTIMIZATION line 18 arg4 == 4
FAIL: gcc.dg/guality/pr36728-2.c -O3 -g -DPREVENT_OPTIMIZATION line 18 arg5 == 5
FAIL: gcc.dg/guality/pr36728-2.c -O3 -g -DPREVENT_OPTIMIZATION line 18 arg6 == 6
FAIL: gcc.dg/guality/pr36728-2.c -O3 -g -DPREVENT_OPTIMIZATION line 18 arg7 == 30
FAIL: gcc.dg/guality/pr36728-2.c -O2 -flto -fuse-linker-plugin -fno-fat-lto-objects -DPREVENT_OPTIMIZATION line 16 arg1 == 1
FAIL: gcc.dg/guality/pr36728-2.c -O2 -flto -fuse-linker-plugin -fno-fat-lto-objects -DPREVENT_OPTIMIZATION line 16 arg2 == 2
FAIL: gcc.dg/guality/pr36728-2.c -O2 -flto -fuse-linker-plugin -fno-fat-lto-objects -DPREVENT_OPTIMIZATION line 16 arg3 == 3
FAIL: gcc.dg/guality/pr36728-2.c -O2 -flto -fuse-linker-plugin -fno-fat-lto-objects -DPREVENT_OPTIMIZATION line 16 arg4 == 4
FAIL: gcc.dg/guality/pr36728-2.c -O2 -flto -fuse-linker-plugin -fno-fat-lto-objects -DPREVENT_OPTIMIZATION line 16 arg5 == 5
FAIL: gcc.dg/guality/pr36728-2.c -O2 -flto -fuse-linker-plugin -fno-fat-lto-objects -DPREVENT_OPTIMIZATION line 16 arg6 == 6
FAIL: gcc.dg/guality/pr36728-2.c -O2 -flto -fuse-linker-plugin -fno-fat-lto-objects -DPREVENT_OPTIMIZATION line 16 arg7 == 30
FAIL: gcc.dg/guality/pr36728-2.c -O2 -flto -fuse-linker-plugin -fno-fat-lto-objects -DPREVENT_OPTIMIZATION line 18 arg1 == 1
FAIL: gcc.dg/guality/pr36728-2.c -O2 -flto -fuse-linker-plugin -fno-fat-lto-objects -DPREVENT_OPTIMIZATION line 18 arg2 == 2
FAIL: gcc.dg/guality/pr36728-2.c -O2 -flto -fuse-linker-plugin -fno-fat-lto-objects -DPREVENT_OPTIMIZATION line 18 arg3 == 3
FAIL: gcc.dg/guality/pr36728-2.c -O2 -flto -fuse-linker-plugin -fno-fat-lto-objects -DPREVENT_OPTIMIZATION line 18 arg4 == 4
FAIL: gcc.dg/guality/pr36728-2.c -O2 -flto -fuse-linker-plugin -fno-fat-lto-objects -DPREVENT_OPTIMIZATION line 18 arg5 == 5
FAIL: gcc.dg/guality/pr36728-2.c -O2 -flto -fuse-linker-plugin -fno-fat-lto-objects -DPREVENT_OPTIMIZATION line 18 arg6 == 6
FAIL: gcc.dg/guality/pr36728-2.c -O2 -flto -fuse-linker-plugin -fno-fat-lto-objects -DPREVENT_OPTIMIZATION line 18 arg7 == 30
FAIL: gcc.dg/guality/pr36728-4.c -O3 -g -DPREVENT_OPTIMIZATION line 14 y == 2
FAIL: gcc.dg/guality/pr36728-4.c -O3 -g -DPREVENT_OPTIMIZATION line 16 y == 2
FAIL: gcc.dg/guality/pr36728-4.c -O2 -flto -fuse-linker-plugin -fno-fat-lto-objects -DPREVENT_OPTIMIZATION line 14 y == 2
FAIL: gcc.dg/guality/pr36728-4.c -O2 -flto -fuse-linker-plugin -fno-fat-lto-objects -DPREVENT_OPTIMIZATION line 16 y == 2
XPASS: gcc.dg/guality/pr41353-1.c -Og -DPREVENT_OPTIMIZATION line 28 j == 28 + 37
FAIL: gcc.dg/guality/pr41616-1.c -O2 -DPREVENT_OPTIMIZATION execution test
FAIL: gcc.dg/guality/pr41616-1.c -O3 -g -DPREVENT_OPTIMIZATION execution test
FAIL: gcc.dg/guality/pr41616-1.c -O2 -flto -fno-use-linker-plugin -flto-partition=none -DPREVENT_OPTIMIZATION execution test
FAIL: gcc.dg/guality/pr43051-1.c -O3 -fomit-frame-pointer -funroll-loops -fpeel-loops -ftracer -finline-functions -DPREVENT_OPTIMIZATION line 34 c == &a[0]
FAIL: gcc.dg/guality/pr43051-1.c -O3 -fomit-frame-pointer -funroll-loops -fpeel-loops -ftracer -finline-functions -DPREVENT_OPTIMIZATION line 39 c == &a[0]
FAIL: gcc.dg/guality/pr54200.c -Og -DPREVENT_OPTIMIZATION line 20 z == 3
FAIL: gcc.dg/guality/pr54519-1.c -O2 -flto -fno-use-linker-plugin -flto-partition=none -DPREVENT_OPTIMIZATION line 20 y == 25
FAIL: gcc.dg/guality/pr54519-1.c -O2 -flto -fno-use-linker-plugin -flto-partition=none -DPREVENT_OPTIMIZATION line 20 z == 6
FAIL: gcc.dg/guality/pr54519-1.c -O2 -flto -fno-use-linker-plugin -flto-partition=none -DPREVENT_OPTIMIZATION line 23 y == 117
FAIL: gcc.dg/guality/pr54519-1.c -O2 -flto -fno-use-linker-plugin -flto-partition=none -DPREVENT_OPTIMIZATION line 23 z == 8
FAIL: gcc.dg/guality/pr54519-1.c -O2 -flto -fuse-linker-plugin -fno-fat-lto-objects -DPREVENT_OPTIMIZATION line 20 y == 25
FAIL: gcc.dg/guality/pr54519-1.c -O2 -flto -fuse-linker-plugin -fno-fat-lto-objects -DPREVENT_OPTIMIZATION line 20 z == 6
FAIL: gcc.dg/guality/pr54519-1.c -O2 -flto -fuse-linker-plugin -fno-fat-lto-objects -DPREVENT_OPTIMIZATION line 23 y == 117
FAIL: gcc.dg/guality/pr54519-1.c -O2 -flto -fuse-linker-plugin -fno-fat-lto-objects -DPREVENT_OPTIMIZATION line 23 z == 8
FAIL: gcc.dg/guality/pr54519-2.c -O2 -flto -fno-use-linker-plugin -flto-partition=none -DPREVENT_OPTIMIZATION line 17 y == 25
FAIL: gcc.dg/guality/pr54519-2.c -O2 -flto -fuse-linker-plugin -fno-fat-lto-objects -DPREVENT_OPTIMIZATION line 17 y == 25
FAIL: gcc.dg/guality/pr54519-3.c -O2 -flto -fno-use-linker-plugin -flto-partition=none -DPREVENT_OPTIMIZATION line 20 y == 25
FAIL: gcc.dg/guality/pr54519-3.c -O2 -flto -fno-use-linker-plugin -flto-partition=none -DPREVENT_OPTIMIZATION line 20 z == 6
FAIL: gcc.dg/guality/pr54519-3.c -O2 -flto -fno-use-linker-plugin -flto-partition=none -DPREVENT_OPTIMIZATION line 23 y == 117
FAIL: gcc.dg/guality/pr54519-3.c -O2 -flto -fno-use-linker-plugin -flto-partition=none -DPREVENT_OPTIMIZATION line 23 z == 8
FAIL: gcc.dg/guality/pr54519-3.c -O2 -flto -fuse-linker-plugin -fno-fat-lto-objects -DPREVENT_OPTIMIZATION line 20 y == 25
FAIL: gcc.dg/guality/pr54519-3.c -O2 -flto -fuse-linker-plugin -fno-fat-lto-objects -DPREVENT_OPTIMIZATION line 20 z == 6
FAIL: gcc.dg/guality/pr54519-3.c -O2 -flto -fuse-linker-plugin -fno-fat-lto-objects -DPREVENT_OPTIMIZATION line 23 y == 117
FAIL: gcc.dg/guality/pr54519-3.c -O2 -flto -fuse-linker-plugin -fno-fat-lto-objects -DPREVENT_OPTIMIZATION line 23 z == 8
FAIL: gcc.dg/guality/pr54519-4.c -O2 -flto -fno-use-linker-plugin -flto-partition=none -DPREVENT_OPTIMIZATION line 17 y == 25
FAIL: gcc.dg/guality/pr54519-4.c -O2 -flto -fuse-linker-plugin -fno-fat-lto-objects -DPREVENT_OPTIMIZATION line 17 y == 25
FAIL: gcc.dg/guality/pr54519-5.c -O2 -flto -fno-use-linker-plugin -flto-partition=none -DPREVENT_OPTIMIZATION line 17 y == 25
FAIL: gcc.dg/guality/pr54519-5.c -O2 -flto -fuse-linker-plugin -fno-fat-lto-objects -DPREVENT_OPTIMIZATION line 17 y == 25
FAIL: gcc.dg/guality/pr54519-6.c -Os -DPREVENT_OPTIMIZATION line 11 x == 2
FAIL: gcc.dg/guality/pr56154-1.c -Og -DPREVENT_OPTIMIZATION line pr56154-1.c:20 x.a == 6
FAIL: gcc.dg/guality/pr59776.c -Og -DPREVENT_OPTIMIZATION line pr59776.c:17 s1.f == 5.0
FAIL: gcc.dg/guality/pr59776.c -Og -DPREVENT_OPTIMIZATION line pr59776.c:17 s1.g == 6.0
FAIL: gcc.dg/guality/pr59776.c -Og -DPREVENT_OPTIMIZATION line pr59776.c:17 s2.f == 0.0
FAIL: gcc.dg/guality/pr59776.c -Og -DPREVENT_OPTIMIZATION line pr59776.c:20 s1.f == 5.0
FAIL: gcc.dg/guality/pr59776.c -Og -DPREVENT_OPTIMIZATION line pr59776.c:20 s1.g == 6.0
FAIL: gcc.dg/guality/pr59776.c -Og -DPREVENT_OPTIMIZATION line pr59776.c:20 s2.f == 5.0
FAIL: gcc.dg/guality/pr90074.c -O2 -flto -fuse-linker-plugin -fno-fat-lto-objects -DPREVENT_OPTIMIZATION line 28 i + 1 == 8
FAIL: gcc.dg/guality/pr90074.c -O2 -flto -fuse-linker-plugin -fno-fat-lto-objects -DPREVENT_OPTIMIZATION line 28 c + 1 == 2
FAIL: gcc.dg/guality/pr90716.c -O2 -flto -fuse-linker-plugin -fno-fat-lto-objects -DPREVENT_OPTIMIZATION line 23 j + 1 == 9
FAIL: gcc.dg/guality/sra-1.c -O2 -DPREVENT_OPTIMIZATION line 43 a.j == 14
FAIL: gcc.dg/guality/sra-1.c -O3 -g -DPREVENT_OPTIMIZATION line 43 a.j == 14
FAIL: gcc.dg/guality/sra-1.c -Os -DPREVENT_OPTIMIZATION line 43 a.j == 14
FAIL: gcc.dg/guality/sra-1.c -Og -DPREVENT_OPTIMIZATION line 21 a.i == 4
FAIL: gcc.dg/guality/sra-1.c -Og -DPREVENT_OPTIMIZATION line 21 a.j == 14
FAIL: gcc.dg/guality/sra-1.c -Og -DPREVENT_OPTIMIZATION line 32 a[0] == 4
FAIL: gcc.dg/guality/sra-1.c -Og -DPREVENT_OPTIMIZATION line 32 a[1] == 14
FAIL: gcc.dg/guality/sra-1.c -Og -DPREVENT_OPTIMIZATION line 43 a.i == 4
FAIL: gcc.dg/guality/sra-1.c -Og -DPREVENT_OPTIMIZATION line 43 a.j == 14
FAIL: gcc.dg/guality/sra-1.c -O2 -flto -fno-use-linker-plugin -flto-partition=none -DPREVENT_OPTIMIZATION line 43 a.j == 14
FAIL: gcc.dg/guality/sra-1.c -O2 -flto -fuse-linker-plugin -fno-fat-lto-objects -DPREVENT_OPTIMIZATION line 21 a.i == 4
FAIL: gcc.dg/guality/sra-1.c -O2 -flto -fuse-linker-plugin -fno-fat-lto-objects -DPREVENT_OPTIMIZATION line 21 a.j == 14
FAIL: gcc.dg/guality/sra-1.c -O2 -flto -fuse-linker-plugin -fno-fat-lto-objects -DPREVENT_OPTIMIZATION line 32 a[0] == 4
FAIL: gcc.dg/guality/sra-1.c -O2 -flto -fuse-linker-plugin -fno-fat-lto-objects -DPREVENT_OPTIMIZATION line 32 a[1] == 14
FAIL: gcc.dg/guality/sra-1.c -O2 -flto -fuse-linker-plugin -fno-fat-lto-objects -DPREVENT_OPTIMIZATION line 43 a.i == 4
FAIL: gcc.dg/guality/sra-1.c -O2 -flto -fuse-linker-plugin -fno-fat-lto-objects -DPREVENT_OPTIMIZATION line 43 a.j == 14
FAIL: gcc.dg/guality/vla-1.c -O2 -flto -fuse-linker-plugin -fno-fat-lto-objects -DPREVENT_OPTIMIZATION line 24 i == 5
FAIL: gcc.dg/guality/vla-1.c -O2 -flto -fuse-linker-plugin -fno-fat-lto-objects -DPREVENT_OPTIMIZATION line 24 sizeof (a) == 17 * sizeof (short)
=== gcc Summary ===
# of expected passes 181374
# of unexpected failures 90
# of unexpected successes 20
# of expected failures 1460
# of unsupported tests 2508
/home/liam/Downloads/gcc12/gcc/xgcc version 12.1.0 (GCC)
=== gfortran tests ===
Running target unix
=== gfortran Summary ===
# of expected passes 66189
# of expected failures 272
# of unsupported tests 83
/home/liam/Downloads/gcc12/gcc/gfortran version 12.1.0 (GCC)
=== g++ tests ===
Running target unix
XPASS: c-c++-common/goacc/kernels-decompose-pr100400-1-2.c -std=c++98 (internal compiler error)
FAIL: c-c++-common/goacc/kernels-decompose-pr100400-1-2.c -std=c++98 (test for excess errors)
XPASS: c-c++-common/goacc/kernels-decompose-pr100400-1-2.c -std=c++14 (internal compiler error)
FAIL: c-c++-common/goacc/kernels-decompose-pr100400-1-2.c -std=c++14 (test for excess errors)
XPASS: c-c++-common/goacc/kernels-decompose-pr100400-1-2.c -std=c++17 (internal compiler error)
FAIL: c-c++-common/goacc/kernels-decompose-pr100400-1-2.c -std=c++17 (test for excess errors)
XPASS: c-c++-common/goacc/kernels-decompose-pr100400-1-2.c -std=c++20 (internal compiler error)
FAIL: c-c++-common/goacc/kernels-decompose-pr100400-1-2.c -std=c++20 (test for excess errors)
FAIL: g++.dg/guality/pr55665.C -O2 -flto -fno-use-linker-plugin -flto-partition=none line 23 p == 40
=== g++ Summary ===
# of expected passes 229911
# of unexpected failures 5
# of unexpected successes 4
# of expected failures 2068
# of unsupported tests 9881
/home/liam/Downloads/gcc12/gcc/xg++ version 12.1.0 (GCC)
=== objc tests ===
Running target unix
=== objc Summary ===
# of expected passes 2840
# of expected failures 6
# of unsupported tests 71
/home/liam/Downloads/gcc12/gcc/xgcc version 12.1.0 (GCC)
=== libatomic tests ===
Running target unix
=== libatomic Summary ===
# of expected passes 54
=== libgomp tests ===
Running target unix
=== libgomp Summary ===
# of expected passes 13937
# of expected failures 213
# of unsupported tests 550
=== libitm tests ===
Running target unix
=== libitm Summary ===
# of expected passes 44
# of expected failures 3
# of unsupported tests 1
=== libstdc++ tests ===
Running target unix
=== libstdc++ Summary ===
# of expected passes 15456
# of expected failures 95
# of unsupported tests 684
Compiler version: 12.1.0 (GCC)
Platform: x86_64-pc-linux-gnu
configure flags: --disable-multilib --with-diagnostics-color=always
More information about the Gcc-testresults
mailing list