testing results
Jorge D'Elia
jdelia@intec.unl.edu.ar
Fri Jul 15 20:19:09 GMT 2022
cat: testing: No such file or directory
cat: results: No such file or directory
cat <<'EOF' |
=== acats tests ===
=== acats Summary ===
# of expected passes 2328
# of unexpected failures 0
Native configuration is x86_64-pc-linux-gnu
=== g++ tests ===
Running target unix
FAIL: c-c++-common/diagnostic-format-sarif-file-4.c -std=gnu++14 scan-sarif-file "text": " int \\\\u6587\\\\u5b57\\\\u5316\\\\u3051 =
FAIL: c-c++-common/diagnostic-format-sarif-file-4.c -std=gnu++17 scan-sarif-file "text": " int \\\\u6587\\\\u5b57\\\\u5316\\\\u3051 =
FAIL: c-c++-common/diagnostic-format-sarif-file-4.c -std=gnu++20 scan-sarif-file "text": " int \\\\u6587\\\\u5b57\\\\u5316\\\\u3051 =
FAIL: c-c++-common/diagnostic-format-sarif-file-4.c -std=gnu++98 scan-sarif-file "text": " int \\\\u6587\\\\u5b57\\\\u5316\\\\u3051 =
XPASS: g++.dg/warn/Wstringop-overflow-4.C -std=gnu++14 (test for bogus messages, line 198)
XPASS: g++.dg/warn/Wstringop-overflow-4.C -std=gnu++17 (test for bogus messages, line 198)
XPASS: g++.dg/warn/Wstringop-overflow-4.C -std=gnu++20 (test for bogus messages, line 198)
FAIL: g++.dg/guality/pr55665.C -O2 -flto -fno-use-linker-plugin -flto-partition=none line 23 p == 40
=== g++ Summary ===
# of expected passes 231996
# of unexpected failures 5
# of unexpected successes 3
# of expected failures 2062
# of unsupported tests 9995
/home/bigpack/gcc-paq/gcc-13.0-20220715/BUILD/gcc/xg++ version 13.0.0 20220715 (experimental) (GCC)
=== gcc tests ===
Running target unix
FAIL: c-c++-common/diagnostic-format-sarif-file-4.c -Wc++-compat scan-sarif-file "text": " int \\\\u6587\\\\u5b57\\\\u5316\\\\u3051 =
XPASS: gcc.dg/guality/example.c -O0 execution test
XPASS: gcc.dg/guality/example.c -O1 -DPREVENT_OPTIMIZATION execution test
XPASS: gcc.dg/guality/example.c -Og -DPREVENT_OPTIMIZATION execution test
XPASS: gcc.dg/guality/guality.c -O0 execution test
XPASS: gcc.dg/guality/guality.c -O1 -DPREVENT_OPTIMIZATION execution test
XPASS: gcc.dg/guality/guality.c -O2 -DPREVENT_OPTIMIZATION execution test
XPASS: gcc.dg/guality/guality.c -O2 -flto -fno-use-linker-plugin -flto-partition=none -DPREVENT_OPTIMIZATION execution test
XPASS: gcc.dg/guality/guality.c -O2 -flto -fuse-linker-plugin -fno-fat-lto-objects -DPREVENT_OPTIMIZATION execution test
XPASS: gcc.dg/guality/guality.c -O3 -g -DPREVENT_OPTIMIZATION execution test
XPASS: gcc.dg/guality/guality.c -Os -DPREVENT_OPTIMIZATION execution test
XPASS: gcc.dg/guality/guality.c -Og -DPREVENT_OPTIMIZATION execution test
XPASS: gcc.dg/guality/inline-params.c -O2 -DPREVENT_OPTIMIZATION execution test
XPASS: gcc.dg/guality/inline-params.c -O2 -flto -fno-use-linker-plugin -flto-partition=none -DPREVENT_OPTIMIZATION execution test
XPASS: gcc.dg/guality/inline-params.c -O2 -flto -fuse-linker-plugin -fno-fat-lto-objects -DPREVENT_OPTIMIZATION execution test
XPASS: gcc.dg/guality/inline-params.c -O3 -g -DPREVENT_OPTIMIZATION execution test
XPASS: gcc.dg/guality/inline-params.c -Os -DPREVENT_OPTIMIZATION execution test
XPASS: gcc.dg/guality/ipa-sra-1.c -O0 line 15 k == 3
XPASS: gcc.dg/guality/ipa-sra-1.c -O1 -DPREVENT_OPTIMIZATION line 15 k == 3
XPASS: gcc.dg/guality/ipa-sra-1.c -Og -DPREVENT_OPTIMIZATION line 15 k == 3
FAIL: gcc.dg/guality/loop-1.c -O3 -fomit-frame-pointer -funroll-loops -fpeel-loops -ftracer -finline-functions -DPREVENT_OPTIMIZATION line 20 i == 1
FAIL: gcc.dg/guality/pr36728-2.c -O2 -flto -fuse-linker-plugin -fno-fat-lto-objects -DPREVENT_OPTIMIZATION line 16 arg1 == 1
FAIL: gcc.dg/guality/pr36728-2.c -O2 -flto -fuse-linker-plugin -fno-fat-lto-objects -DPREVENT_OPTIMIZATION line 16 arg2 == 2
FAIL: gcc.dg/guality/pr36728-2.c -O2 -flto -fuse-linker-plugin -fno-fat-lto-objects -DPREVENT_OPTIMIZATION line 16 arg3 == 3
FAIL: gcc.dg/guality/pr36728-2.c -O2 -flto -fuse-linker-plugin -fno-fat-lto-objects -DPREVENT_OPTIMIZATION line 16 arg4 == 4
FAIL: gcc.dg/guality/pr36728-2.c -O2 -flto -fuse-linker-plugin -fno-fat-lto-objects -DPREVENT_OPTIMIZATION line 16 arg5 == 5
FAIL: gcc.dg/guality/pr36728-2.c -O2 -flto -fuse-linker-plugin -fno-fat-lto-objects -DPREVENT_OPTIMIZATION line 16 arg6 == 6
FAIL: gcc.dg/guality/pr36728-2.c -O2 -flto -fuse-linker-plugin -fno-fat-lto-objects -DPREVENT_OPTIMIZATION line 16 arg7 == 30
FAIL: gcc.dg/guality/pr36728-2.c -O2 -flto -fuse-linker-plugin -fno-fat-lto-objects -DPREVENT_OPTIMIZATION line 18 arg1 == 1
FAIL: gcc.dg/guality/pr36728-2.c -O2 -flto -fuse-linker-plugin -fno-fat-lto-objects -DPREVENT_OPTIMIZATION line 18 arg2 == 2
FAIL: gcc.dg/guality/pr36728-2.c -O2 -flto -fuse-linker-plugin -fno-fat-lto-objects -DPREVENT_OPTIMIZATION line 18 arg3 == 3
FAIL: gcc.dg/guality/pr36728-2.c -O2 -flto -fuse-linker-plugin -fno-fat-lto-objects -DPREVENT_OPTIMIZATION line 18 arg4 == 4
FAIL: gcc.dg/guality/pr36728-2.c -O2 -flto -fuse-linker-plugin -fno-fat-lto-objects -DPREVENT_OPTIMIZATION line 18 arg5 == 5
FAIL: gcc.dg/guality/pr36728-2.c -O2 -flto -fuse-linker-plugin -fno-fat-lto-objects -DPREVENT_OPTIMIZATION line 18 arg6 == 6
FAIL: gcc.dg/guality/pr36728-2.c -O2 -flto -fuse-linker-plugin -fno-fat-lto-objects -DPREVENT_OPTIMIZATION line 18 arg7 == 30
FAIL: gcc.dg/guality/pr36728-2.c -O3 -g -DPREVENT_OPTIMIZATION line 16 arg1 == 1
FAIL: gcc.dg/guality/pr36728-2.c -O3 -g -DPREVENT_OPTIMIZATION line 16 arg2 == 2
FAIL: gcc.dg/guality/pr36728-2.c -O3 -g -DPREVENT_OPTIMIZATION line 16 arg3 == 3
FAIL: gcc.dg/guality/pr36728-2.c -O3 -g -DPREVENT_OPTIMIZATION line 16 arg4 == 4
FAIL: gcc.dg/guality/pr36728-2.c -O3 -g -DPREVENT_OPTIMIZATION line 16 arg5 == 5
FAIL: gcc.dg/guality/pr36728-2.c -O3 -g -DPREVENT_OPTIMIZATION line 16 arg6 == 6
FAIL: gcc.dg/guality/pr36728-2.c -O3 -g -DPREVENT_OPTIMIZATION line 16 arg7 == 30
FAIL: gcc.dg/guality/pr36728-2.c -O3 -g -DPREVENT_OPTIMIZATION line 18 arg1 == 1
FAIL: gcc.dg/guality/pr36728-2.c -O3 -g -DPREVENT_OPTIMIZATION line 18 arg2 == 2
FAIL: gcc.dg/guality/pr36728-2.c -O3 -g -DPREVENT_OPTIMIZATION line 18 arg3 == 3
FAIL: gcc.dg/guality/pr36728-2.c -O3 -g -DPREVENT_OPTIMIZATION line 18 arg4 == 4
FAIL: gcc.dg/guality/pr36728-2.c -O3 -g -DPREVENT_OPTIMIZATION line 18 arg5 == 5
FAIL: gcc.dg/guality/pr36728-2.c -O3 -g -DPREVENT_OPTIMIZATION line 18 arg6 == 6
FAIL: gcc.dg/guality/pr36728-2.c -O3 -g -DPREVENT_OPTIMIZATION line 18 arg7 == 30
FAIL: gcc.dg/guality/pr36728-4.c -O2 -flto -fuse-linker-plugin -fno-fat-lto-objects -DPREVENT_OPTIMIZATION line 14 y == 2
FAIL: gcc.dg/guality/pr36728-4.c -O2 -flto -fuse-linker-plugin -fno-fat-lto-objects -DPREVENT_OPTIMIZATION line 16 y == 2
FAIL: gcc.dg/guality/pr36728-4.c -O3 -g -DPREVENT_OPTIMIZATION line 14 y == 2
FAIL: gcc.dg/guality/pr36728-4.c -O3 -g -DPREVENT_OPTIMIZATION line 16 y == 2
XPASS: gcc.dg/guality/pr41353-1.c -Og -DPREVENT_OPTIMIZATION line 28 j == 28 + 37
FAIL: gcc.dg/guality/pr41616-1.c -O2 -DPREVENT_OPTIMIZATION execution test
FAIL: gcc.dg/guality/pr41616-1.c -O2 -flto -fno-use-linker-plugin -flto-partition=none -DPREVENT_OPTIMIZATION execution test
FAIL: gcc.dg/guality/pr41616-1.c -O3 -g -DPREVENT_OPTIMIZATION execution test
FAIL: gcc.dg/guality/pr43051-1.c -O3 -fomit-frame-pointer -funroll-loops -fpeel-loops -ftracer -finline-functions -DPREVENT_OPTIMIZATION line 34 c == &a[0]
FAIL: gcc.dg/guality/pr43051-1.c -O3 -fomit-frame-pointer -funroll-loops -fpeel-loops -ftracer -finline-functions -DPREVENT_OPTIMIZATION line 39 c == &a[0]
FAIL: gcc.dg/guality/pr54200.c -Og -DPREVENT_OPTIMIZATION line 20 z == 3
FAIL: gcc.dg/guality/pr54519-1.c -O2 -flto -fno-use-linker-plugin -flto-partition=none -DPREVENT_OPTIMIZATION line 20 y == 25
FAIL: gcc.dg/guality/pr54519-1.c -O2 -flto -fno-use-linker-plugin -flto-partition=none -DPREVENT_OPTIMIZATION line 20 z == 6
FAIL: gcc.dg/guality/pr54519-1.c -O2 -flto -fno-use-linker-plugin -flto-partition=none -DPREVENT_OPTIMIZATION line 23 y == 117
FAIL: gcc.dg/guality/pr54519-1.c -O2 -flto -fno-use-linker-plugin -flto-partition=none -DPREVENT_OPTIMIZATION line 23 z == 8
FAIL: gcc.dg/guality/pr54519-1.c -O2 -flto -fuse-linker-plugin -fno-fat-lto-objects -DPREVENT_OPTIMIZATION line 20 y == 25
FAIL: gcc.dg/guality/pr54519-1.c -O2 -flto -fuse-linker-plugin -fno-fat-lto-objects -DPREVENT_OPTIMIZATION line 20 z == 6
FAIL: gcc.dg/guality/pr54519-1.c -O2 -flto -fuse-linker-plugin -fno-fat-lto-objects -DPREVENT_OPTIMIZATION line 23 y == 117
FAIL: gcc.dg/guality/pr54519-1.c -O2 -flto -fuse-linker-plugin -fno-fat-lto-objects -DPREVENT_OPTIMIZATION line 23 z == 8
FAIL: gcc.dg/guality/pr54519-2.c -O2 -flto -fno-use-linker-plugin -flto-partition=none -DPREVENT_OPTIMIZATION line 17 y == 25
FAIL: gcc.dg/guality/pr54519-2.c -O2 -flto -fuse-linker-plugin -fno-fat-lto-objects -DPREVENT_OPTIMIZATION line 17 y == 25
FAIL: gcc.dg/guality/pr54519-3.c -O2 -flto -fno-use-linker-plugin -flto-partition=none -DPREVENT_OPTIMIZATION line 20 y == 25
FAIL: gcc.dg/guality/pr54519-3.c -O2 -flto -fno-use-linker-plugin -flto-partition=none -DPREVENT_OPTIMIZATION line 20 z == 6
FAIL: gcc.dg/guality/pr54519-3.c -O2 -flto -fno-use-linker-plugin -flto-partition=none -DPREVENT_OPTIMIZATION line 23 y == 117
FAIL: gcc.dg/guality/pr54519-3.c -O2 -flto -fno-use-linker-plugin -flto-partition=none -DPREVENT_OPTIMIZATION line 23 z == 8
FAIL: gcc.dg/guality/pr54519-3.c -O2 -flto -fuse-linker-plugin -fno-fat-lto-objects -DPREVENT_OPTIMIZATION line 20 y == 25
FAIL: gcc.dg/guality/pr54519-3.c -O2 -flto -fuse-linker-plugin -fno-fat-lto-objects -DPREVENT_OPTIMIZATION line 20 z == 6
FAIL: gcc.dg/guality/pr54519-3.c -O2 -flto -fuse-linker-plugin -fno-fat-lto-objects -DPREVENT_OPTIMIZATION line 23 y == 117
FAIL: gcc.dg/guality/pr54519-3.c -O2 -flto -fuse-linker-plugin -fno-fat-lto-objects -DPREVENT_OPTIMIZATION line 23 z == 8
FAIL: gcc.dg/guality/pr54519-4.c -O2 -flto -fno-use-linker-plugin -flto-partition=none -DPREVENT_OPTIMIZATION line 17 y == 25
FAIL: gcc.dg/guality/pr54519-4.c -O2 -flto -fuse-linker-plugin -fno-fat-lto-objects -DPREVENT_OPTIMIZATION line 17 y == 25
FAIL: gcc.dg/guality/pr54519-5.c -O2 -flto -fno-use-linker-plugin -flto-partition=none -DPREVENT_OPTIMIZATION line 17 y == 25
FAIL: gcc.dg/guality/pr54519-5.c -O2 -flto -fuse-linker-plugin -fno-fat-lto-objects -DPREVENT_OPTIMIZATION line 17 y == 25
FAIL: gcc.dg/guality/pr54519-6.c -Os -DPREVENT_OPTIMIZATION line 11 x == 2
FAIL: gcc.dg/guality/pr56154-1.c -Og -DPREVENT_OPTIMIZATION line pr56154-1.c:20 x.a == 6
FAIL: gcc.dg/guality/pr59776.c -Og -DPREVENT_OPTIMIZATION line pr59776.c:17 s1.f == 5.0
FAIL: gcc.dg/guality/pr59776.c -Og -DPREVENT_OPTIMIZATION line pr59776.c:17 s1.g == 6.0
FAIL: gcc.dg/guality/pr59776.c -Og -DPREVENT_OPTIMIZATION line pr59776.c:17 s2.f == 0.0
FAIL: gcc.dg/guality/pr59776.c -Og -DPREVENT_OPTIMIZATION line pr59776.c:20 s1.f == 5.0
FAIL: gcc.dg/guality/pr59776.c -Og -DPREVENT_OPTIMIZATION line pr59776.c:20 s1.g == 6.0
FAIL: gcc.dg/guality/pr59776.c -Og -DPREVENT_OPTIMIZATION line pr59776.c:20 s2.f == 5.0
FAIL: gcc.dg/guality/pr90074.c -O2 -flto -fuse-linker-plugin -fno-fat-lto-objects -DPREVENT_OPTIMIZATION line 28 c + 1 == 2
FAIL: gcc.dg/guality/pr90074.c -O2 -flto -fuse-linker-plugin -fno-fat-lto-objects -DPREVENT_OPTIMIZATION line 28 i + 1 == 8
FAIL: gcc.dg/guality/pr90716.c -O2 -flto -fuse-linker-plugin -fno-fat-lto-objects -DPREVENT_OPTIMIZATION line 23 j + 1 == 9
FAIL: gcc.dg/guality/sra-1.c -O2 -DPREVENT_OPTIMIZATION line 43 a.j == 14
FAIL: gcc.dg/guality/sra-1.c -O2 -flto -fno-use-linker-plugin -flto-partition=none -DPREVENT_OPTIMIZATION line 43 a.j == 14
FAIL: gcc.dg/guality/sra-1.c -O2 -flto -fuse-linker-plugin -fno-fat-lto-objects -DPREVENT_OPTIMIZATION line 21 a.i == 4
FAIL: gcc.dg/guality/sra-1.c -O2 -flto -fuse-linker-plugin -fno-fat-lto-objects -DPREVENT_OPTIMIZATION line 21 a.j == 14
FAIL: gcc.dg/guality/sra-1.c -O2 -flto -fuse-linker-plugin -fno-fat-lto-objects -DPREVENT_OPTIMIZATION line 32 a[0] == 4
FAIL: gcc.dg/guality/sra-1.c -O2 -flto -fuse-linker-plugin -fno-fat-lto-objects -DPREVENT_OPTIMIZATION line 32 a[1] == 14
FAIL: gcc.dg/guality/sra-1.c -O2 -flto -fuse-linker-plugin -fno-fat-lto-objects -DPREVENT_OPTIMIZATION line 43 a.i == 4
FAIL: gcc.dg/guality/sra-1.c -O2 -flto -fuse-linker-plugin -fno-fat-lto-objects -DPREVENT_OPTIMIZATION line 43 a.j == 14
FAIL: gcc.dg/guality/sra-1.c -O3 -g -DPREVENT_OPTIMIZATION line 43 a.j == 14
FAIL: gcc.dg/guality/sra-1.c -Os -DPREVENT_OPTIMIZATION line 43 a.j == 14
FAIL: gcc.dg/guality/sra-1.c -Og -DPREVENT_OPTIMIZATION line 21 a.i == 4
FAIL: gcc.dg/guality/sra-1.c -Og -DPREVENT_OPTIMIZATION line 21 a.j == 14
FAIL: gcc.dg/guality/sra-1.c -Og -DPREVENT_OPTIMIZATION line 32 a[0] == 4
FAIL: gcc.dg/guality/sra-1.c -Og -DPREVENT_OPTIMIZATION line 32 a[1] == 14
FAIL: gcc.dg/guality/sra-1.c -Og -DPREVENT_OPTIMIZATION line 43 a.i == 4
FAIL: gcc.dg/guality/sra-1.c -Og -DPREVENT_OPTIMIZATION line 43 a.j == 14
FAIL: gcc.dg/guality/vla-1.c -O2 -flto -fuse-linker-plugin -fno-fat-lto-objects -DPREVENT_OPTIMIZATION line 24 i == 5
FAIL: gcc.dg/guality/vla-1.c -O2 -flto -fuse-linker-plugin -fno-fat-lto-objects -DPREVENT_OPTIMIZATION line 24 sizeof (a) == 17 * sizeof (short)
=== gcc Summary ===
# of expected passes 182170
# of unexpected failures 91
# of unexpected successes 20
# of expected failures 1473
# of unsupported tests 2734
/home/bigpack/gcc-paq/gcc-13.0-20220715/BUILD/gcc/xgcc version 13.0.0 20220715 (experimental) (GCC)
=== gfortran tests ===
Running target unix
FAIL: gfortran.dg/dependency_26.f90 -O scan-tree-dump-times original "pack" 0
=== gfortran Summary ===
# of expected passes 66362
# of unexpected failures 1
# of expected failures 259
# of unsupported tests 89
/home/bigpack/gcc-paq/gcc-13.0-20220715/BUILD/gcc/gfortran version 13.0.0 20220715 (experimental) (GCC)
=== gnat tests ===
Running target unix
=== gnat Summary ===
# of expected passes 3407
# of expected failures 23
# of unsupported tests 4
/home/bigpack/gcc-paq/gcc-13.0-20220715/BUILD/gcc/gnatmake version 13.0.0 20220715 (experimental)
=== libatomic tests ===
Running target unix
=== libatomic Summary ===
# of expected passes 54
=== libgomp tests ===
Running target unix
=== libgomp Summary ===
# of expected passes 14060
# of expected failures 213
# of unsupported tests 572
=== libitm tests ===
Running target unix
=== libitm Summary ===
# of expected passes 44
# of expected failures 3
# of unsupported tests 1
=== libstdc++ tests ===
Running target unix
FAIL: libstdc++-abi/abi_check
FAIL: experimental/filesystem/iterators/directory_iterator.cc execution test
=== libstdc++ Summary ===
# of expected passes 15774
# of unexpected failures 2
# of expected failures 95
# of unsupported tests 369
=== libvtv tests ===
Running target unix
Compiler version: 13.0.0 20220715 (experimental)
Platform: x86_64-pc-linux-gnu
configure flags: --prefix=/usr/beta/gcc-trunk --enable-languages=ada,c,c++,fortran --enable-lto --with-isl --enable-bootstrap --enable-vtable-verify --enable-checking --enable-host-shared --enable-multilib
EOF
Mail -s "Results for 13.0.0 20220715 (experimental) testsuite on x86_64-pc-linux-gnu" gcc-testresults@gcc.gnu.org &&
mv /home/bigpack/gcc-paq/gcc-13.0-20220715/BUILD/./gcc/testsuite/ada/acats/acats.sum /home/bigpack/gcc-paq/gcc-13.0-20220715/BUILD/./gcc/testsuite/ada/acats/acats.sum.sent &&
mv /home/bigpack/gcc-paq/gcc-13.0-20220715/BUILD/./gcc/testsuite/g++/g++.sum /home/bigpack/gcc-paq/gcc-13.0-20220715/BUILD/./gcc/testsuite/g++/g++.sum.sent &&
mv /home/bigpack/gcc-paq/gcc-13.0-20220715/BUILD/./gcc/testsuite/gcc/gcc.sum /home/bigpack/gcc-paq/gcc-13.0-20220715/BUILD/./gcc/testsuite/gcc/gcc.sum.sent &&
mv /home/bigpack/gcc-paq/gcc-13.0-20220715/BUILD/./gcc/testsuite/gfortran/gfortran.sum /home/bigpack/gcc-paq/gcc-13.0-20220715/BUILD/./gcc/testsuite/gfortran/gfortran.sum.sent &&
mv /home/bigpack/gcc-paq/gcc-13.0-20220715/BUILD/./gcc/testsuite/gnat/gnat.sum /home/bigpack/gcc-paq/gcc-13.0-20220715/BUILD/./gcc/testsuite/gnat/gnat.sum.sent &&
mv /home/bigpack/gcc-paq/gcc-13.0-20220715/BUILD/./x86_64-pc-linux-gnu/libatomic/testsuite/libatomic.sum /home/bigpack/gcc-paq/gcc-13.0-20220715/BUILD/./x86_64-pc-linux-gnu/libatomic/testsuite/libatomic.sum.sent &&
mv /home/bigpack/gcc-paq/gcc-13.0-20220715/BUILD/./x86_64-pc-linux-gnu/libgomp/testsuite/libgomp.sum /home/bigpack/gcc-paq/gcc-13.0-20220715/BUILD/./x86_64-pc-linux-gnu/libgomp/testsuite/libgomp.sum.sent &&
mv /home/bigpack/gcc-paq/gcc-13.0-20220715/BUILD/./x86_64-pc-linux-gnu/libitm/testsuite/libitm.sum /home/bigpack/gcc-paq/gcc-13.0-20220715/BUILD/./x86_64-pc-linux-gnu/libitm/testsuite/libitm.sum.sent &&
mv /home/bigpack/gcc-paq/gcc-13.0-20220715/BUILD/./x86_64-pc-linux-gnu/libstdc++-v3/testsuite/libstdc++.sum /home/bigpack/gcc-paq/gcc-13.0-20220715/BUILD/./x86_64-pc-linux-gnu/libstdc++-v3/testsuite/libstdc++.sum.sent &&
mv /home/bigpack/gcc-paq/gcc-13.0-20220715/BUILD/./x86_64-pc-linux-gnu/libvtv/testsuite/libvtv.sum /home/bigpack/gcc-paq/gcc-13.0-20220715/BUILD/./x86_64-pc-linux-gnu/libvtv/testsuite/libvtv.sum.sent &&
mv /home/bigpack/gcc-paq/gcc-13.0-20220715/BUILD/./gcc/testsuite/ada/acats/acats.log /home/bigpack/gcc-paq/gcc-13.0-20220715/BUILD/./gcc/testsuite/ada/acats/acats.log.sent &&
mv /home/bigpack/gcc-paq/gcc-13.0-20220715/BUILD/./gcc/testsuite/g++/g++.log /home/bigpack/gcc-paq/gcc-13.0-20220715/BUILD/./gcc/testsuite/g++/g++.log.sent &&
mv /home/bigpack/gcc-paq/gcc-13.0-20220715/BUILD/./gcc/testsuite/gcc/gcc.log /home/bigpack/gcc-paq/gcc-13.0-20220715/BUILD/./gcc/testsuite/gcc/gcc.log.sent &&
mv /home/bigpack/gcc-paq/gcc-13.0-20220715/BUILD/./gcc/testsuite/gfortran/gfortran.log /home/bigpack/gcc-paq/gcc-13.0-20220715/BUILD/./gcc/testsuite/gfortran/gfortran.log.sent &&
mv /home/bigpack/gcc-paq/gcc-13.0-20220715/BUILD/./gcc/testsuite/gnat/gnat.log /home/bigpack/gcc-paq/gcc-13.0-20220715/BUILD/./gcc/testsuite/gnat/gnat.log.sent &&
mv /home/bigpack/gcc-paq/gcc-13.0-20220715/BUILD/./x86_64-pc-linux-gnu/libatomic/testsuite/libatomic.log /home/bigpack/gcc-paq/gcc-13.0-20220715/BUILD/./x86_64-pc-linux-gnu/libatomic/testsuite/libatomic.log.sent &&
mv /home/bigpack/gcc-paq/gcc-13.0-20220715/BUILD/./x86_64-pc-linux-gnu/libgomp/testsuite/libgomp.log /home/bigpack/gcc-paq/gcc-13.0-20220715/BUILD/./x86_64-pc-linux-gnu/libgomp/testsuite/libgomp.log.sent &&
mv /home/bigpack/gcc-paq/gcc-13.0-20220715/BUILD/./x86_64-pc-linux-gnu/libitm/testsuite/libitm.log /home/bigpack/gcc-paq/gcc-13.0-20220715/BUILD/./x86_64-pc-linux-gnu/libitm/testsuite/libitm.log.sent &&
mv /home/bigpack/gcc-paq/gcc-13.0-20220715/BUILD/./x86_64-pc-linux-gnu/libstdc++-v3/testsuite/libstdc++.log /home/bigpack/gcc-paq/gcc-13.0-20220715/BUILD/./x86_64-pc-linux-gnu/libstdc++-v3/testsuite/libstdc++.log.sent &&
mv /home/bigpack/gcc-paq/gcc-13.0-20220715/BUILD/./x86_64-pc-linux-gnu/libvtv/testsuite/libvtv.log /home/bigpack/gcc-paq/gcc-13.0-20220715/BUILD/./x86_64-pc-linux-gnu/libvtv/testsuite/libvtv.log.sent &&
true
More information about the Gcc-testresults
mailing list