Results for 13.0.0 20220709 (experimental) [master revision r13-1580-g0fe604a2d931] (GCC) testsuite on x86_64-apple-darwin21
Iain Sandoe
iains.gcc@gmail.com
Wed Jul 13 08:32:16 GMT 2022
LAST_UPDATED: Sat Jul 9 08:14:53 UTC 2022 (revision r13-1580-g0fe604a2d931)
=== acats tests ===
=== acats Summary ===
# of expected passes 2328
# of unexpected failures 0
Native configuration is x86_64-apple-darwin21
=== g++ tests ===
Running target unix
FAIL: g++.dg/ipa/pr67056.C scan-ipa-dump cp "Speculative outer type:struct CompositeClass"
XPASS: g++.dg/warn/Wstringop-overflow-4.C -std=gnu++14 (test for bogus messages, line 198)
XPASS: g++.dg/warn/Wstringop-overflow-4.C -std=gnu++17 (test for bogus messages, line 198)
XPASS: g++.dg/warn/Wstringop-overflow-4.C -std=gnu++20 (test for bogus messages, line 198)
FAIL: g++.dg/lto/pr65276 cp_lto_pr65276_0.o-cp_lto_pr65276_1.o link, -flto -O0 -std=c++11
FAIL: g++.dg/modules/loc-prune-4.C -std=c++17 scan-lang-dump module " Span:0 ordinary \\\\[2.....\\\\+12288,\\\\+4096\\\\)->\\\\[0,\\\\+4096\\\\)"
FAIL: g++.dg/modules/loc-prune-4.C -std=c++17 scan-lang-dump module " Span:1 ordinary \\\\[2.....\\\\+40960,\\\\+8192\\\\)->\\\\[4096,\\\\+8192\\\\)"
FAIL: g++.dg/modules/loc-prune-4.C -std=c++2a scan-lang-dump module " Span:0 ordinary \\\\[2.....\\\\+12288,\\\\+4096\\\\)->\\\\[0,\\\\+4096\\\\)"
FAIL: g++.dg/modules/loc-prune-4.C -std=c++2a scan-lang-dump module " Span:1 ordinary \\\\[2.....\\\\+40960,\\\\+8192\\\\)->\\\\[4096,\\\\+8192\\\\)"
FAIL: g++.dg/modules/loc-prune-4.C -std=c++2b scan-lang-dump module " Span:0 ordinary \\\\[2.....\\\\+12288,\\\\+4096\\\\)->\\\\[0,\\\\+4096\\\\)"
FAIL: g++.dg/modules/loc-prune-4.C -std=c++2b scan-lang-dump module " Span:1 ordinary \\\\[2.....\\\\+40960,\\\\+8192\\\\)->\\\\[4096,\\\\+8192\\\\)"
=== g++ Summary ===
# of expected passes 225435
# of unexpected failures 8
# of unexpected successes 3
# of expected failures 2082
# of unsupported tests 10628
/scratch/12-mon/gcc-master/gcc/xg++ version 13.0.0 20220709 (experimental) [master revision r13-1580-g0fe604a2d931] (GCC)
=== gcc tests ===
Running target unix
FAIL: gcc.dg/analyzer/memcpy-1.c (test for warnings, line 162)
FAIL: gcc.dg/analyzer/memcpy-1.c (test for warnings, line 167)
FAIL: gcc.dg/analyzer/pr104308.c (test for warnings, line 9)
FAIL: gcc.dg/analyzer/pr104308.c (test for warnings, line 10)
FAIL: gcc.dg/analyzer/pr104308.c (test for warnings, line 17)
FAIL: gcc.dg/analyzer/pr104308.c (test for warnings, line 18)
FAIL: gcc.dg/analyzer/taint-size-1.c event: following true branch at line 23 (test for warnings, line 22)
FAIL: gcc.dg/analyzer/taint-size-1.c event: to here at line 25 (test for warnings, line 24)
FAIL: gcc.dg/analyzer/taint-size-1.c warning (test for warnings, line 27)
FAIL: gcc.dg/analyzer/taint-size-1.c final event at line 29 (test for warnings, line 27)
FAIL: gcc.dg/analyzer/taint-size-1.c (test for warnings, line 40)
FAIL: gcc.dg/analyzer/write-to-string-literal-1.c (test for warnings, line 15)
FAIL: gcc.dg/debug/dwarf2/inline4.c scan-assembler DW_TAG_inlined_subroutine[^\\\\(]*\\\\([^\\\\)]*\\\\)[^\\\\(]*\\\\(DIE \\\\(0x[0-9a-f]*\\\\) DW_TAG_formal_parameter[^\\\\(]*\\\\(DIE \\\\(0x[0-9a-f]*\\\\) DW_TAG_variable
FAIL: gcc.dg/graphite/scop-19.c scan-tree-dump-times graphite "number of SCoPs: 0" 1
FAIL: gcc.dg/ipa/ipa-icf-38.c scan-ltrans-tree-dump-not optimized "Function bar"
FAIL: gcc-dg-lto-modref-3-01.exe scan-wpa-ipa-dump modref "parm 1 flags: no_direct_clobber no_direct_escape"
FAIL: gcc-dg-lto-modref-4-01.exe scan-wpa-ipa-dump modref "parm 1 flags: no_direct_clobber no_direct_escape"
FAIL: gcc.dg/lto/modref-3 c_lto_modref-3_0.o-c_lto_modref-3_1.o execute -O2 -flto-partition=max -fdump-ipa-modref -fno-ipa-sra -fno-ipa-cp -flto
FAIL: gcc.dg/lto/modref-4 c_lto_modref-4_0.o-c_lto_modref-4_1.o execute -O2 -flto-partition=max -fdump-ipa-modref -fno-ipa-sra -flto
XPASS: gcc.dg/tree-ssa/pr91091-2.c scan-tree-dump-times fre1 "x = " 1
XPASS: gcc.dg/tree-ssa/pr91091-2.c scan-tree-dump-times fre1 " = [^;]*x;" 1
XPASS: gcc.dg/tree-ssa/ssa-fre-77.c scan-tree-dump fre1 "return 1;"
FAIL: outputs-25 exe savetmp named2-4: outputs.args.3
FAIL: outputs-25 exe savetmp named2-4: std out
FAIL: gcc.target/i386/auto-init-5.c scan-assembler-times \\\\.long\\t0 14
FAIL: gcc.target/i386/auto-init-6.c scan-assembler-times long\\t0 8
FAIL: gcc.target/i386/avx2-dest-false-dep-for-glc.c scan-assembler-times vxorps 4
FAIL: gcc.target/i386/avx512bw-pr103750-2.c scan-assembler-not kmov
FAIL: gcc.target/i386/avx512bw-pr88465.c scan-assembler-times kxnor[dq][ \\t] 2
FAIL: gcc.target/i386/avx512dq-pr88465.c scan-assembler-times kxnorb[ \\t] 1
FAIL: gcc.target/i386/avx512f-pr103750-2.c scan-assembler-not kmov
FAIL: gcc.target/i386/avx512f-pr88465.c scan-assembler-times kxnorw[ \\t] 1
FAIL: gcc.target/i386/avx512fp16-pr103750-2.c scan-assembler-not kmov
XPASS: gcc.target/i386/bitwise_mask_op-3.c scan-assembler-times korb[\\t ] 1
XPASS: gcc.target/i386/bitwise_mask_op-3.c scan-assembler-times kxorb[\\t ] 1
XPASS: gcc.target/i386/bitwise_mask_op-3.c scan-assembler-times kmovb[\\t ] 4
FAIL: gcc.target/i386/harden-sls-4.c scan-assembler jmp[ \\t]+\\\\*_?fptr
FAIL: gcc.target/i386/pr100704-3.c scan-assembler push[lq]\\tfoooo+
FAIL: gcc.target/i386/pr100936.c (test for excess errors)
FAIL: gcc.target/i386/pr11877-2.c scan-assembler-not \\\\\$0,
FAIL: gcc.target/i386/pr11877.c scan-assembler-not \\\\\$0,
FAIL: gcc.target/i386/pr34256.c scan-assembler-times mov 5
FAIL: gcc.target/i386/pr45685.c scan-assembler-times cmov 6
FAIL: gcc.target/i386/pr71321.c scan-assembler-not lea.*0
FAIL: gcc.target/i386/pr78035.c scan-assembler-times cmp 2
FAIL: gcc.target/i386/pr90773-1.c scan-assembler-times movq[\\\\t ]+\\\\(%[^,]+\\\\), 1
FAIL: gcc.target/i386/pr92651.c scan-assembler-times sub 2
FAIL: gcc.target/i386/pr98060.c scan-assembler-not set
FAIL: gcc.target/i386/sse2-v1ti-logic-2.c scan-assembler-times por 2
=== gcc Summary ===
# of expected passes 170140
# of unexpected failures 43
# of unexpected successes 6
# of expected failures 1392
# of unsupported tests 3505
/scratch/12-mon/gcc-master/gcc/xgcc version 13.0.0 20220709 (experimental) [master revision r13-1580-g0fe604a2d931] (GCC)
=== gfortran tests ===
Running target unix
FAIL: gfortran.dg/pr65504.f90 -O0 (test for excess errors)
UNRESOLVED: gfortran.dg/pr65504.f90 -O0 compilation failed to produce executable
=== gfortran Summary ===
# of expected passes 66189
# of unexpected failures 1
# of expected failures 259
# of unresolved testcases 1
# of unsupported tests 90
/scratch/12-mon/gcc-master/gcc/gfortran version 13.0.0 20220709 (experimental) [master revision r13-1580-g0fe604a2d931] (GCC)
=== gnat tests ===
Running target unix
FAIL: gnat.dg/bias1.adb scan-assembler DW_AT_GNU_bias
FAIL: gnat.dg/debug18.adb scan-assembler-not DW_AT_lower_bound
=== gnat Summary ===
# of expected passes 3379
# of unexpected failures 2
# of expected failures 23
# of unsupported tests 13
/scratch/12-mon/gcc-master/gcc/gnatmake version 13.0.0 20220709 (experimental) [master revision r13-1580-g0fe604a2d931]
=== jit tests ===
Running target unix
FAIL: test-combination.c.exe killed: 31588 exp12 0 0 CHILDKILLED SIGSEGV {segmentation violation}
FAIL: output-of-test-link-section-assembler.c.s output pattern test, is .text
FAIL: output-of-test-setting-alignment.c.s output pattern test, is .text
FAIL: test-threads.c.exe killed: 53955 exp12 0 0 CHILDKILLED SIGSEGV {segmentation violation}
FAIL: test-tls.c.exe killed: 54843 exp12 0 0 CHILDKILLED SIGSEGV {segmentation violation}
=== jit Summary ===
# of expected passes 8798
# of unexpected failures 5
# of unsupported tests 4
=== obj-c++ tests ===
Running target unix
=== obj-c++ Summary ===
# of expected passes 3197
# of expected failures 22
# of unsupported tests 71
/scratch/12-mon/gcc-master/gcc/xg++ version 13.0.0 20220709 (experimental) [master revision r13-1580-g0fe604a2d931] (GCC)
=== objc tests ===
Running target unix
FAIL: objc.dg/headers.m -fnext-runtime (test for excess errors)
FAIL: objc/execute/exceptions/finally-1.m execution, -O0 -fnext-runtime
FAIL: objc/execute/exceptions/finally-1.m execution, -O1 -fnext-runtime
FAIL: objc/execute/exceptions/finally-1.m execution, -O2 -fnext-runtime
FAIL: objc/execute/exceptions/finally-1.m execution, -O3 -g -fnext-runtime
FAIL: objc/execute/exceptions/finally-1.m execution, -Os -fnext-runtime
=== objc Summary ===
# of expected passes 5744
# of unexpected failures 6
# of expected failures 12
# of unsupported tests 89
/scratch/12-mon/gcc-master/gcc/xgcc version 13.0.0 20220709 (experimental) [master revision r13-1580-g0fe604a2d931] (GCC)
=== libatomic tests ===
Running target unix
=== libatomic Summary ===
# of expected passes 54
=== libgomp tests ===
Running target unix
WARNING: program timed out.
FAIL: libgomp.c++/task-reduction-10.C execution test
WARNING: program timed out.
FAIL: libgomp.c++/task-reduction-8.C execution test
FAIL: libgomp.fortran/examples-4/simd-3.f90 -Os execution test
=== libgomp Summary ===
# of expected passes 14042
# of unexpected failures 3
# of expected failures 213
# of unsupported tests 581
=== libitm tests ===
Running target unix
=== libitm Summary ===
# of expected passes 42
# of expected failures 3
# of unsupported tests 2
=== libstdc++ tests ===
Running target unix
=== libstdc++ Summary ===
# of expected passes 14232
# of expected failures 96
# of unsupported tests 785
Compiler version: 13.0.0 20220709 (experimental) [master revision r13-1580-g0fe604a2d931] (GCC)
Platform: x86_64-apple-darwin21
configure flags: --prefix=/opt/iains/x86_64-apple-darwin21/gcc-13-0-0 --build=x86_64-apple-darwin21 --with-sysroot=/Library/Developer/CommandLineTools/SDKs/MacOSX.sdk --enable-languages=all --with-cpu=corei7 --with-tune=haswell CC=x86_64-apple-darwin19-gcc CXX=x86_64-apple-darwin19-g++
More information about the Gcc-testresults
mailing list