Results for 13.0.0 20220705 (experimental) [master 8467574d8da] (GCC) testsuite on aarch64-suse-linux-gnu
Andreas Schwab
schwab@suse.de
Tue Jul 5 07:10:11 GMT 2022
LAST_UPDATED: Tue Jul 5 02:01:43 UTC 2022 (revision 8467574d8da)
Native configuration is aarch64-suse-linux-gnu
=== libatomic tests ===
Running target unix/-mabi=lp64
=== libatomic Summary ===
# of expected passes 54
=== libffi tests ===
Running target unix/-mabi=lp64
=== libffi Summary ===
# of expected passes 1574
=== libgo tests ===
Running target unix
FAIL: net
=== libgo Summary ===
# of expected passes 195
# of unexpected failures 1
/opt/gcc/gcc-20220705/Build/./gcc/gccgo version 13.0.0 20220705 (experimental) [master 8467574d8da] (GCC)
=== libgomp tests ===
Running target unix/-mabi=lp64
=== libgomp Summary ===
# of expected passes 13879
# of expected failures 213
# of unsupported tests 654
=== libitm tests ===
Running target unix/-mabi=lp64
=== libitm Summary ===
# of expected passes 44
# of expected failures 3
# of unsupported tests 1
=== libphobos tests ===
Running target unix/-mabi=lp64
FAIL: libphobos.exceptions/rt_trap_exceptions.d output pattern test
FAIL: libphobos.lifetime/large_aggregate_destroy_21097.d (test for excess errors)
UNRESOLVED: libphobos.lifetime/large_aggregate_destroy_21097.d compilation failed to produce executable
WARNING: libphobos.phobos/std/algorithm/iteration.d (test for excess errors) program timed out.
FAIL: libphobos.phobos/std/algorithm/iteration.d (test for excess errors)
UNRESOLVED: libphobos.phobos/std/algorithm/iteration.d compilation failed to produce executable
WARNING: libphobos.phobos/std/algorithm/searching.d (test for excess errors) program timed out.
FAIL: libphobos.phobos/std/algorithm/searching.d (test for excess errors)
UNRESOLVED: libphobos.phobos/std/algorithm/searching.d compilation failed to produce executable
WARNING: libphobos.phobos/std/array.d (test for excess errors) program timed out.
FAIL: libphobos.phobos/std/array.d (test for excess errors)
UNRESOLVED: libphobos.phobos/std/array.d compilation failed to produce executable
WARNING: libphobos.phobos/std/container/rbtree.d (test for excess errors) program timed out.
FAIL: libphobos.phobos/std/container/rbtree.d (test for excess errors)
UNRESOLVED: libphobos.phobos/std/container/rbtree.d compilation failed to produce executable
WARNING: libphobos.phobos/std/conv.d (test for excess errors) program timed out.
FAIL: libphobos.phobos/std/conv.d (test for excess errors)
UNRESOLVED: libphobos.phobos/std/conv.d compilation failed to produce executable
WARNING: libphobos.phobos/std/datetime/date.d (test for excess errors) program timed out.
FAIL: libphobos.phobos/std/datetime/date.d (test for excess errors)
UNRESOLVED: libphobos.phobos/std/datetime/date.d compilation failed to produce executable
FAIL: libphobos.phobos/std/format/internal/floats.d (test for excess errors)
FAIL: libphobos.phobos/std/format/internal/floats.d execution test
FAIL: libphobos.phobos/std/format/internal/write.d execution test
FAIL: libphobos.phobos/std/internal/math/gammafunction.d execution test
FAIL: libphobos.phobos/std/math/hardware.d execution test
WARNING: libphobos.phobos/std/range/package.d (test for excess errors) program timed out.
FAIL: libphobos.phobos/std/range/package.d (test for excess errors)
UNRESOLVED: libphobos.phobos/std/range/package.d compilation failed to produce executable
WARNING: libphobos.phobos/std/regex/internal/tests.d (test for excess errors) program timed out.
FAIL: libphobos.phobos/std/regex/internal/tests.d (test for excess errors)
UNRESOLVED: libphobos.phobos/std/regex/internal/tests.d compilation failed to produce executable
WARNING: libphobos.phobos/std/string.d (test for excess errors) program timed out.
FAIL: libphobos.phobos/std/string.d (test for excess errors)
UNRESOLVED: libphobos.phobos/std/string.d compilation failed to produce executable
WARNING: libphobos.phobos/std/typecons.d (test for excess errors) program timed out.
FAIL: libphobos.phobos/std/typecons.d (test for excess errors)
UNRESOLVED: libphobos.phobos/std/typecons.d compilation failed to produce executable
WARNING: libphobos.phobos/std/uni/package.d (test for excess errors) program timed out.
FAIL: libphobos.phobos/std/uni/package.d (test for excess errors)
UNRESOLVED: libphobos.phobos/std/uni/package.d compilation failed to produce executable
WARNING: libphobos.phobos_shared/std/algorithm/iteration.d (test for excess errors) program timed out.
FAIL: libphobos.phobos_shared/std/algorithm/iteration.d (test for excess errors)
UNRESOLVED: libphobos.phobos_shared/std/algorithm/iteration.d compilation failed to produce executable
WARNING: libphobos.phobos_shared/std/array.d (test for excess errors) program timed out.
FAIL: libphobos.phobos_shared/std/array.d (test for excess errors)
UNRESOLVED: libphobos.phobos_shared/std/array.d compilation failed to produce executable
WARNING: libphobos.phobos_shared/std/container/rbtree.d (test for excess errors) program timed out.
FAIL: libphobos.phobos_shared/std/container/rbtree.d (test for excess errors)
UNRESOLVED: libphobos.phobos_shared/std/container/rbtree.d compilation failed to produce executable
WARNING: libphobos.phobos_shared/std/conv.d (test for excess errors) program timed out.
FAIL: libphobos.phobos_shared/std/conv.d (test for excess errors)
UNRESOLVED: libphobos.phobos_shared/std/conv.d compilation failed to produce executable
WARNING: libphobos.phobos_shared/std/datetime/date.d (test for excess errors) program timed out.
FAIL: libphobos.phobos_shared/std/datetime/date.d (test for excess errors)
UNRESOLVED: libphobos.phobos_shared/std/datetime/date.d compilation failed to produce executable
WARNING: libphobos.phobos_shared/std/datetime/systime.d (test for excess errors) program timed out.
FAIL: libphobos.phobos_shared/std/datetime/systime.d (test for excess errors)
UNRESOLVED: libphobos.phobos_shared/std/datetime/systime.d compilation failed to produce executable
FAIL: libphobos.phobos_shared/std/format/internal/floats.d (test for excess errors)
FAIL: libphobos.phobos_shared/std/format/internal/floats.d execution test
FAIL: libphobos.phobos_shared/std/format/internal/write.d execution test
FAIL: libphobos.phobos_shared/std/internal/math/gammafunction.d execution test
FAIL: libphobos.phobos_shared/std/math/hardware.d execution test
WARNING: libphobos.phobos_shared/std/range/package.d (test for excess errors) program timed out.
FAIL: libphobos.phobos_shared/std/range/package.d (test for excess errors)
UNRESOLVED: libphobos.phobos_shared/std/range/package.d compilation failed to produce executable
WARNING: libphobos.phobos_shared/std/string.d (test for excess errors) program timed out.
FAIL: libphobos.phobos_shared/std/string.d (test for excess errors)
UNRESOLVED: libphobos.phobos_shared/std/string.d compilation failed to produce executable
=== libphobos Summary ===
# of expected passes 1044
# of unexpected failures 31
# of unresolved testcases 20
# of unsupported tests 2
=== libstdc++ tests ===
Running target unix/-mabi=lp64
FAIL: 25_algorithms/find_end/constrained.cc (test for excess errors)
UNRESOLVED: 25_algorithms/find_end/constrained.cc compilation failed to produce executable
=== libstdc++ Summary ===
# of expected passes 16096
# of unexpected failures 1
# of expected failures 95
# of unresolved testcases 1
# of unsupported tests 377
=== acats tests ===
=== acats Summary ===
# of expected passes 2328
# of unexpected failures 0
=== g++ tests ===
Running target unix/-mabi=lp64
FAIL: c-c++-common/diagnostic-format-sarif-file-4.c -std=gnu++98 scan-sarif-file "text": " int \\\\u6587\\\\u5b57\\\\u5316\\\\u3051 =
FAIL: c-c++-common/diagnostic-format-sarif-file-4.c -std=gnu++14 scan-sarif-file "text": " int \\\\u6587\\\\u5b57\\\\u5316\\\\u3051 =
FAIL: c-c++-common/diagnostic-format-sarif-file-4.c -std=gnu++17 scan-sarif-file "text": " int \\\\u6587\\\\u5b57\\\\u5316\\\\u3051 =
FAIL: c-c++-common/diagnostic-format-sarif-file-4.c -std=gnu++20 scan-sarif-file "text": " int \\\\u6587\\\\u5b57\\\\u5316\\\\u3051 =
FAIL: g++.dg/warn/Waddress-5.C -std=gnu++98 (test for excess errors)
FAIL: g++.dg/warn/Waddress-5.C -std=gnu++14 (test for excess errors)
FAIL: g++.dg/warn/Waddress-5.C -std=gnu++17 (test for excess errors)
FAIL: g++.dg/warn/Waddress-5.C -std=gnu++20 (test for excess errors)
XPASS: g++.dg/warn/Wstringop-overflow-4.C -std=gnu++14 (test for bogus messages, line 198)
XPASS: g++.dg/warn/Wstringop-overflow-4.C -std=gnu++17 (test for bogus messages, line 198)
XPASS: g++.dg/warn/Wstringop-overflow-4.C -std=gnu++20 (test for bogus messages, line 198)
FAIL: g++.dg/gomp/attrs-10.C -std=gnu++14 at line 58 (test for warnings, line 57)
FAIL: g++.dg/gomp/attrs-10.C -std=gnu++14 at line 81 (test for warnings, line 79)
FAIL: g++.dg/gomp/attrs-10.C -std=gnu++14 at line 127 (test for warnings, line 125)
FAIL: g++.dg/gomp/attrs-10.C -std=gnu++14 (test for excess errors)
FAIL: g++.dg/gomp/attrs-10.C -std=gnu++17 at line 58 (test for warnings, line 57)
FAIL: g++.dg/gomp/attrs-10.C -std=gnu++17 at line 81 (test for warnings, line 79)
FAIL: g++.dg/gomp/attrs-10.C -std=gnu++17 at line 127 (test for warnings, line 125)
FAIL: g++.dg/gomp/attrs-10.C -std=gnu++17 (test for excess errors)
FAIL: g++.dg/gomp/attrs-10.C -std=gnu++20 at line 58 (test for warnings, line 57)
FAIL: g++.dg/gomp/attrs-10.C -std=gnu++20 at line 81 (test for warnings, line 79)
FAIL: g++.dg/gomp/attrs-10.C -std=gnu++20 at line 127 (test for warnings, line 125)
FAIL: g++.dg/gomp/attrs-10.C -std=gnu++20 (test for excess errors)
FAIL: g++.dg/gomp/declare-simd-8.C -std=c++98 (test for excess errors)
FAIL: g++.dg/gomp/declare-simd-8.C -std=c++14 (test for excess errors)
FAIL: g++.dg/gomp/declare-simd-8.C -std=c++17 (test for excess errors)
FAIL: g++.dg/gomp/declare-simd-8.C -std=c++20 (test for excess errors)
FAIL: c-c++-common/hwasan/alloca-gets-different-tag.c -O2 -flto -fuse-linker-plugin -fno-fat-lto-objects execution test
FAIL: c-c++-common/hwasan/alloca-outside-caught.c -O2 -flto -fuse-linker-plugin -fno-fat-lto-objects output pattern test
=== g++ Summary ===
# of expected passes 342401
# of unexpected failures 26
# of unexpected successes 3
# of expected failures 3080
# of unsupported tests 10478
/opt/gcc/gcc-20220705/Build/gcc/xg++ version 13.0.0 20220705 (experimental) [master 8467574d8da] (GCC)
=== gcc tests ===
Running target unix/-mabi=lp64
FAIL: gcc.c-torture/compile/pr46883.c -O3 -fomit-frame-pointer -funroll-loops -fpeel-loops -ftracer -finline-functions (internal compiler error: in vect_do_peeling, at tree-vect-loop-manip.cc:2689)
FAIL: gcc.c-torture/compile/pr46883.c -O3 -fomit-frame-pointer -funroll-loops -fpeel-loops -ftracer -finline-functions (test for excess errors)
FAIL: gcc.c-torture/compile/pr46883.c -O3 -g (internal compiler error: in vect_do_peeling, at tree-vect-loop-manip.cc:2689)
FAIL: gcc.c-torture/compile/pr46883.c -O3 -g (test for excess errors)
FAIL: tmpdir-gcc.dg-struct-layout-1/t028 c_compat_x_tst.o-c_compat_y_tst.o execute
FAIL: c-c++-common/diagnostic-format-sarif-file-4.c -Wc++-compat scan-sarif-file "text": " int \\\\u6587\\\\u5b57\\\\u5316\\\\u3051 =
FAIL: gcc.dg/auto-init-uninit-4.c (test for excess errors)
FAIL: c-c++-common/hwasan/alloca-gets-different-tag.c -O2 -flto -fuse-linker-plugin -fno-fat-lto-objects execution test
FAIL: c-c++-common/hwasan/alloca-outside-caught.c -O2 -flto -fuse-linker-plugin -fno-fat-lto-objects output pattern test
FAIL: gcc.dg/simulate-thread/atomic-other-short.c -O0 -g thread simulation test
FAIL: gcc.dg/torture/pr34330.c -O2 (internal compiler error: in vect_do_peeling, at tree-vect-loop-manip.cc:2689)
FAIL: gcc.dg/torture/pr34330.c -O2 (test for excess errors)
FAIL: gcc.dg/torture/pr34330.c -O3 -fomit-frame-pointer -funroll-loops -fpeel-loops -ftracer -finline-functions (internal compiler error: in vect_do_peeling, at tree-vect-loop-manip.cc:2689)
FAIL: gcc.dg/torture/pr34330.c -O3 -fomit-frame-pointer -funroll-loops -fpeel-loops -ftracer -finline-functions (test for excess errors)
FAIL: gcc.dg/tree-ssa/ssa-dom-thread-7.c scan-tree-dump thread2 "Jumps threaded: 18"
XPASS: gcc.dg/vect/complex/fast-math-bb-slp-complex-add-pattern-half-float.c scan-tree-dump slp1 "Found COMPLEX_ADD_ROT270"
UNRESOLVED: gcc.dg/vect/complex/fast-math-complex-add-half-float.c scan-tree-dump-times slp1 "stmt.*COMPLEX_ADD_ROT270" 1
UNRESOLVED: gcc.dg/vect/complex/fast-math-complex-add-half-float.c scan-tree-dump-times slp1 "stmt.*COMPLEX_ADD_ROT90" 1
FAIL: gcc.dg/vect/pr33597.c (internal compiler error: in vect_do_peeling, at tree-vect-loop-manip.cc:2689)
FAIL: gcc.dg/vect/pr33597.c (test for excess errors)
FAIL: gcc.dg/vect/pr33597.c -flto -ffat-lto-objects (internal compiler error: in vect_do_peeling, at tree-vect-loop-manip.cc:2689)
FAIL: gcc.dg/vect/pr33597.c -flto -ffat-lto-objects (test for excess errors)
FAIL: gcc.dg/vect/pr33866.c (internal compiler error: in vect_do_peeling, at tree-vect-loop-manip.cc:2689)
FAIL: gcc.dg/vect/pr33866.c (test for excess errors)
FAIL: gcc.dg/vect/pr33866.c scan-tree-dump-times vect "vectorized 1 loops" 1
FAIL: gcc.dg/vect/pr33866.c -flto -ffat-lto-objects (internal compiler error: in vect_do_peeling, at tree-vect-loop-manip.cc:2689)
FAIL: gcc.dg/vect/pr33866.c -flto -ffat-lto-objects (test for excess errors)
FAIL: gcc.dg/vect/pr33866.c -flto -ffat-lto-objects scan-tree-dump-times vect "vectorized 1 loops" 1
FAIL: gcc.dg/vect/pr64252.c -flto -ffat-lto-objects (internal compiler error: in vect_do_peeling, at tree-vect-loop-manip.cc:2689)
FAIL: gcc.dg/vect/pr64252.c -flto -ffat-lto-objects (test for excess errors)
UNRESOLVED: gcc.dg/vect/pr64252.c -flto -ffat-lto-objects compilation failed to produce executable
FAIL: gcc.dg/vect/slp-reduc-2.c -flto -ffat-lto-objects execution test
FAIL: gcc.dg/vect/slp-reduc-2.c execution test
FAIL: gcc.target/aarch64/fcsel_1.c scan-assembler-times \\tfcsel 2
FAIL: gcc.target/aarch64/mgeneral-regs_3.c (test for errors, line 8)
FAIL: gcc.target/aarch64/simd/vqdmlalh_laneq_s16_1.c scan-assembler-times sqdmlal[ \\t]+[sS][0-9]+, ?[hH][0-9]+, ?[vV][0-9]+.[hH]\\\\[7\\\\]\\n 1
FAIL: gcc.target/aarch64/simd/vqdmlals_laneq_s32_1.c scan-assembler-times sqdmlal[ \\t]+[dD][0-9]+, ?[sS][0-9]+, ?[vV][0-9]+.[sS]\\\\[3\\\\]\\n 1
FAIL: gcc.target/aarch64/simd/vqdmlslh_laneq_s16_1.c scan-assembler-times sqdmlsl[ \\t]+[sS][0-9]+, ?[hH][0-9]+, ?[vV][0-9]+.[hH]\\\\[4\\\\]\\n 1
FAIL: gcc.target/aarch64/simd/vqdmlsls_laneq_s32_1.c scan-assembler-times sqdmlsl[ \\t]+[dD][0-9]+, ?[sS][0-9]+, ?[vV][0-9]+.[sS]\\\\[3\\\\]\\n 1
FAIL: gcc.target/aarch64/sve/cond_asrd_1.c scan-assembler-times \\\\tasrd\\\\tz[0-9]+\\\\.b, p[0-7]/m, z[0-9]+\\\\.b, #4\\\\n 3
FAIL: gcc.target/aarch64/sve/cond_asrd_1.c scan-assembler-times \\\\tasrd\\\\tz[0-9]+\\\\.h, p[0-7]/m, z[0-9]+\\\\.h, #4\\\\n 2
FAIL: gcc.target/aarch64/sve/cond_asrd_1.c scan-assembler-times \\\\tasrd\\\\tz[0-9]+\\\\.s, p[0-7]/m, z[0-9]+\\\\.s, #4\\\\n 1
FAIL: gcc.target/aarch64/sve/cond_cnot_4.c scan-assembler-times \\\\tcnot\\\\tz[0-9]+\\\\.b, p[0-7]/m, 3
FAIL: gcc.target/aarch64/sve/cond_cnot_4.c scan-assembler-times \\\\tcnot\\\\tz[0-9]+\\\\.h, p[0-7]/m, 2
FAIL: gcc.target/aarch64/sve/cond_cnot_4.c scan-assembler-times \\\\tcnot\\\\tz[0-9]+\\\\.s, p[0-7]/m, 1
FAIL: gcc.target/aarch64/sve/cond_cnot_6.c scan-assembler-times \\\\tcnot\\\\tz[0-9]+\\\\.b, p[0-7]/m, 3
FAIL: gcc.target/aarch64/sve/cond_cnot_6.c scan-assembler-times \\\\tcnot\\\\tz[0-9]+\\\\.h, p[0-7]/m, 2
FAIL: gcc.target/aarch64/sve/cond_cnot_6.c scan-assembler-times \\\\tcnot\\\\tz[0-9]+\\\\.s, p[0-7]/m, 1
FAIL: gcc.target/aarch64/sve/cond_unary_5.c scan-assembler-times \\\\tabs\\\\tz[0-9]+\\\\.b, p[0-7]/m, 3
FAIL: gcc.target/aarch64/sve/cond_unary_5.c scan-assembler-times \\\\tabs\\\\tz[0-9]+\\\\.h, p[0-7]/m, 2
FAIL: gcc.target/aarch64/sve/cond_unary_5.c scan-assembler-times \\\\tabs\\\\tz[0-9]+\\\\.s, p[0-7]/m, 1
FAIL: gcc.target/aarch64/sve/cond_unary_5.c scan-assembler-times \\\\tneg\\\\tz[0-9]+\\\\.b, p[0-7]/m, 3
FAIL: gcc.target/aarch64/sve/cond_unary_5.c scan-assembler-times \\\\tneg\\\\tz[0-9]+\\\\.h, p[0-7]/m, 2
FAIL: gcc.target/aarch64/sve/cond_unary_5.c scan-assembler-times \\\\tneg\\\\tz[0-9]+\\\\.s, p[0-7]/m, 1
FAIL: gcc.target/aarch64/sve/cond_unary_5.c scan-assembler-times \\\\tnot\\\\tz[0-9]+\\\\.b, p[0-7]/m, 3
FAIL: gcc.target/aarch64/sve/cond_unary_5.c scan-assembler-times \\\\tnot\\\\tz[0-9]+\\\\.h, p[0-7]/m, 2
FAIL: gcc.target/aarch64/sve/cond_unary_5.c scan-assembler-times \\\\tnot\\\\tz[0-9]+\\\\.s, p[0-7]/m, 1
FAIL: gcc.target/aarch64/sve/cond_unary_6.c scan-assembler-times \\\\tabs\\\\tz[0-9]+\\\\.b, p[0-7]/m, 3
FAIL: gcc.target/aarch64/sve/cond_unary_6.c scan-assembler-times \\\\tabs\\\\tz[0-9]+\\\\.h, p[0-7]/m, 2
FAIL: gcc.target/aarch64/sve/cond_unary_6.c scan-assembler-times \\\\tabs\\\\tz[0-9]+\\\\.s, p[0-7]/m, 1
FAIL: gcc.target/aarch64/sve/cond_unary_6.c scan-assembler-times \\\\tneg\\\\tz[0-9]+\\\\.b, p[0-7]/m, 3
FAIL: gcc.target/aarch64/sve/cond_unary_6.c scan-assembler-times \\\\tneg\\\\tz[0-9]+\\\\.h, p[0-7]/m, 2
FAIL: gcc.target/aarch64/sve/cond_unary_6.c scan-assembler-times \\\\tneg\\\\tz[0-9]+\\\\.s, p[0-7]/m, 1
FAIL: gcc.target/aarch64/sve/cond_unary_6.c scan-assembler-times \\\\tnot\\\\tz[0-9]+\\\\.b, p[0-7]/m, 3
FAIL: gcc.target/aarch64/sve/cond_unary_6.c scan-assembler-times \\\\tnot\\\\tz[0-9]+\\\\.h, p[0-7]/m, 2
FAIL: gcc.target/aarch64/sve/cond_unary_6.c scan-assembler-times \\\\tnot\\\\tz[0-9]+\\\\.s, p[0-7]/m, 1
FAIL: gcc.target/aarch64/sve/cond_uxt_5.c scan-assembler \\\\tld1h\\\\t(z[0-9]+)\\\\.d, p[0-7]/z, \\\\[x2[],][^L]*\\\\tuxtb\\\\t\\\\1\\\\.h, p[0-7]/m, \\\\1\\\\.h\\\\n
FAIL: gcc.target/aarch64/sve/cond_uxt_5.c scan-assembler \\\\tld1w\\\\t(z[0-9]+)\\\\.d, p[0-7]/z, \\\\[x2[],][^L]*\\\\tuxtb\\\\t\\\\1\\\\.s, p[0-7]/m, \\\\1\\\\.s\\\\n
FAIL: gcc.target/aarch64/sve/cond_uxt_5.c scan-assembler \\\\tld1w\\\\t(z[0-9]+)\\\\.d, p[0-7]/z, \\\\[x2[],][^L]*\\\\tuxth\\\\t\\\\1\\\\.s, p[0-7]/m, \\\\1\\\\.s\\\\n
XPASS: gcc.target/aarch64/sve/vcond_4_costly.c scan-assembler-times \\\\tfcm(?:eq|ne)\\\\tp[0-9]+\\\\.s, p[0-7]/z, z[0-9]+\\\\.s, z[0-9]+\\\\.s\\\\n 8
XPASS: gcc.target/aarch64/sve/vcond_4_costly.c scan-assembler-times \\\\tfcm(?:eq|ne)\\\\tp[0-9]+\\\\.d, p[0-7]/z, z[0-9]+\\\\.d, z[0-9]+\\\\.d\\\\n 16
=== gcc Summary ===
# of expected passes 279861
# of unexpected failures 65
# of unexpected successes 3
# of expected failures 2625
# of unresolved testcases 3
# of unsupported tests 4353
/opt/gcc/gcc-20220705/Build/gcc/xgcc version 13.0.0 20220705 (experimental) [master 8467574d8da] (GCC)
=== gdc tests ===
Running target unix/-mabi=lp64
FAIL: gdc.dg/Wbuiltin_declaration_mismatch2.d (test for warnings, line 14)
FAIL: gdc.dg/Wbuiltin_declaration_mismatch2.d (test for warnings, line 15)
FAIL: gdc.dg/Wbuiltin_declaration_mismatch2.d (test for warnings, line 20)
FAIL: gdc.dg/Wbuiltin_declaration_mismatch2.d (test for warnings, line 22)
FAIL: gdc.dg/Wbuiltin_declaration_mismatch2.d (test for warnings, line 23)
FAIL: gdc.dg/Wbuiltin_declaration_mismatch2.d (test for warnings, line 28)
FAIL: gdc.dg/Wbuiltin_declaration_mismatch2.d (test for warnings, line 33)
FAIL: gdc.dg/Wbuiltin_declaration_mismatch2.d (test for warnings, line 34)
FAIL: gdc.dg/Wbuiltin_declaration_mismatch2.d (test for warnings, line 35)
FAIL: gdc.dg/Wbuiltin_declaration_mismatch2.d (test for warnings, line 37)
FAIL: gdc.dg/Wbuiltin_declaration_mismatch2.d (test for warnings, line 38)
FAIL: gdc.dg/Wbuiltin_declaration_mismatch2.d (test for warnings, line 39)
FAIL: gdc.dg/Wbuiltin_declaration_mismatch2.d (test for warnings, line 41)
FAIL: gdc.dg/Wbuiltin_declaration_mismatch2.d (test for warnings, line 42)
FAIL: gdc.dg/Wbuiltin_declaration_mismatch2.d (test for warnings, line 43)
FAIL: gdc.dg/Wbuiltin_declaration_mismatch2.d (test for errors, line 46)
FAIL: gdc.dg/Wbuiltin_declaration_mismatch2.d (test for errors, line 47)
FAIL: gdc.dg/Wbuiltin_declaration_mismatch2.d (test for errors, line 48)
FAIL: gdc.dg/Wbuiltin_declaration_mismatch2.d (test for errors, line 49)
FAIL: gdc.dg/Wbuiltin_declaration_mismatch2.d (test for errors, line 50)
FAIL: gdc.dg/Wbuiltin_declaration_mismatch2.d (test for errors, line 51)
FAIL: gdc.dg/Wbuiltin_declaration_mismatch2.d (test for errors, line 53)
FAIL: gdc.dg/Wbuiltin_declaration_mismatch2.d (test for errors, line 54)
FAIL: gdc.dg/Wbuiltin_declaration_mismatch2.d (test for errors, line 56)
FAIL: gdc.dg/Wbuiltin_declaration_mismatch2.d (test for errors, line 57)
FAIL: gdc.dg/Wbuiltin_declaration_mismatch2.d (test for errors, line 58)
FAIL: gdc.dg/Wbuiltin_declaration_mismatch2.d (test for errors, line 59)
FAIL: gdc.dg/Wbuiltin_declaration_mismatch2.d (test for errors, line 61)
FAIL: gdc.dg/Wbuiltin_declaration_mismatch2.d (test for errors, line 62)
FAIL: gdc.dg/Wbuiltin_declaration_mismatch2.d (test for errors, line 63)
FAIL: gdc.dg/Wbuiltin_declaration_mismatch2.d (test for errors, line 64)
FAIL: gdc.dg/Wbuiltin_declaration_mismatch2.d (test for errors, line 66)
FAIL: gdc.dg/Wbuiltin_declaration_mismatch2.d (test for errors, line 67)
FAIL: gdc.dg/Wbuiltin_declaration_mismatch2.d (test for errors, line 69)
FAIL: gdc.dg/Wbuiltin_declaration_mismatch2.d (test for errors, line 70)
FAIL: gdc.dg/Wbuiltin_declaration_mismatch2.d (test for errors, line 71)
FAIL: gdc.dg/Wbuiltin_declaration_mismatch2.d (test for errors, line 72)
FAIL: gdc.dg/Wbuiltin_declaration_mismatch2.d (test for errors, line 73)
FAIL: gdc.dg/Wbuiltin_declaration_mismatch2.d (test for errors, line 74)
FAIL: gdc.dg/Wbuiltin_declaration_mismatch2.d (test for warnings, line 80)
FAIL: gdc.dg/Wbuiltin_declaration_mismatch2.d (test for warnings, line 81)
FAIL: gdc.dg/Wbuiltin_declaration_mismatch2.d (test for warnings, line 82)
FAIL: gdc.dg/Wbuiltin_declaration_mismatch2.d (test for warnings, line 84)
FAIL: gdc.dg/Wbuiltin_declaration_mismatch2.d (test for warnings, line 85)
FAIL: gdc.dg/Wbuiltin_declaration_mismatch2.d (test for errors, line 87)
FAIL: gdc.dg/Wbuiltin_declaration_mismatch2.d (test for errors, line 88)
FAIL: gdc.dg/Wbuiltin_declaration_mismatch2.d (test for errors, line 89)
FAIL: gdc.dg/Wbuiltin_declaration_mismatch2.d (test for warnings, line 90)
FAIL: gdc.dg/Wbuiltin_declaration_mismatch2.d (test for warnings, line 92)
FAIL: gdc.dg/Wbuiltin_declaration_mismatch2.d (test for warnings, line 93)
FAIL: gdc.dg/Wbuiltin_declaration_mismatch2.d (test for warnings, line 94)
FAIL: gdc.dg/Wbuiltin_declaration_mismatch2.d (test for warnings, line 95)
FAIL: gdc.dg/Wbuiltin_declaration_mismatch2.d (test for warnings, line 96)
FAIL: gdc.dg/Wbuiltin_declaration_mismatch2.d (test for warnings, line 98)
FAIL: gdc.dg/Wbuiltin_declaration_mismatch2.d (test for warnings, line 99)
FAIL: gdc.dg/Wbuiltin_declaration_mismatch2.d (test for warnings, line 100)
FAIL: gdc.dg/Wbuiltin_declaration_mismatch2.d (test for errors, line 103)
FAIL: gdc.dg/Wbuiltin_declaration_mismatch2.d (test for errors, line 104)
FAIL: gdc.dg/Wbuiltin_declaration_mismatch2.d (test for errors, line 105)
FAIL: gdc.dg/Wbuiltin_declaration_mismatch2.d (test for warnings, line 110)
FAIL: gdc.dg/Wbuiltin_declaration_mismatch2.d (test for warnings, line 111)
FAIL: gdc.dg/Wbuiltin_declaration_mismatch2.d (test for warnings, line 112)
FAIL: gdc.dg/Wbuiltin_declaration_mismatch2.d (test for warnings, line 114)
FAIL: gdc.dg/Wbuiltin_declaration_mismatch2.d (test for warnings, line 115)
FAIL: gdc.dg/Wbuiltin_declaration_mismatch2.d (test for errors, line 117)
FAIL: gdc.dg/Wbuiltin_declaration_mismatch2.d (test for errors, line 119)
FAIL: gdc.dg/Wbuiltin_declaration_mismatch2.d (test for warnings, line 120)
FAIL: gdc.dg/Wbuiltin_declaration_mismatch2.d (test for warnings, line 122)
FAIL: gdc.dg/Wbuiltin_declaration_mismatch2.d (test for warnings, line 123)
FAIL: gdc.dg/Wbuiltin_declaration_mismatch2.d (test for errors, line 124)
FAIL: gdc.dg/Wbuiltin_declaration_mismatch2.d (test for errors, line 126)
FAIL: gdc.dg/Wbuiltin_declaration_mismatch2.d (test for errors, line 127)
FAIL: gdc.dg/Wbuiltin_declaration_mismatch2.d (test for warnings, line 128)
FAIL: gdc.dg/Wbuiltin_declaration_mismatch2.d (test for warnings, line 130)
FAIL: gdc.dg/Wbuiltin_declaration_mismatch2.d (test for warnings, line 131)
FAIL: gdc.dg/Wbuiltin_declaration_mismatch2.d (test for errors, line 133)
FAIL: gdc.dg/Wbuiltin_declaration_mismatch2.d (test for errors, line 135)
FAIL: gdc.dg/Wbuiltin_declaration_mismatch2.d (test for warnings, line 136)
FAIL: gdc.dg/Wbuiltin_declaration_mismatch2.d (test for warnings, line 138)
FAIL: gdc.dg/Wbuiltin_declaration_mismatch2.d (test for warnings, line 139)
FAIL: gdc.dg/Wbuiltin_declaration_mismatch2.d (test for errors, line 140)
FAIL: gdc.dg/Wbuiltin_declaration_mismatch2.d (test for errors, line 141)
FAIL: gdc.dg/Wbuiltin_declaration_mismatch2.d (test for errors, line 142)
FAIL: gdc.dg/Wbuiltin_declaration_mismatch2.d (test for warnings, line 144)
FAIL: gdc.dg/Wbuiltin_declaration_mismatch2.d (test for warnings, line 149)
FAIL: gdc.dg/Wbuiltin_declaration_mismatch2.d (test for warnings, line 150)
FAIL: gdc.dg/Wbuiltin_declaration_mismatch2.d (test for warnings, line 151)
FAIL: gdc.dg/Wbuiltin_declaration_mismatch2.d (test for warnings, line 153)
FAIL: gdc.dg/Wbuiltin_declaration_mismatch2.d (test for warnings, line 154)
FAIL: gdc.dg/Wbuiltin_declaration_mismatch2.d (test for warnings, line 155)
FAIL: gdc.dg/Wbuiltin_declaration_mismatch2.d (test for warnings, line 157)
FAIL: gdc.dg/Wbuiltin_declaration_mismatch2.d (test for warnings, line 158)
FAIL: gdc.dg/Wbuiltin_declaration_mismatch2.d (test for warnings, line 159)
FAIL: gdc.dg/Wbuiltin_declaration_mismatch2.d (test for errors, line 162)
FAIL: gdc.dg/Wbuiltin_declaration_mismatch2.d (test for errors, line 163)
FAIL: gdc.dg/Wbuiltin_declaration_mismatch2.d (test for errors, line 164)
FAIL: gdc.dg/Wbuiltin_declaration_mismatch2.d (test for errors, line 165)
FAIL: gdc.dg/Wbuiltin_declaration_mismatch2.d (test for errors, line 166)
FAIL: gdc.dg/Wbuiltin_declaration_mismatch2.d (test for errors, line 167)
FAIL: gdc.dg/Wbuiltin_declaration_mismatch2.d (test for errors, line 169)
FAIL: gdc.dg/Wbuiltin_declaration_mismatch2.d (test for errors, line 170)
FAIL: gdc.dg/Wbuiltin_declaration_mismatch2.d (test for errors, line 172)
FAIL: gdc.dg/Wbuiltin_declaration_mismatch2.d (test for errors, line 173)
FAIL: gdc.dg/Wbuiltin_declaration_mismatch2.d (test for errors, line 174)
FAIL: gdc.dg/Wbuiltin_declaration_mismatch2.d (test for errors, line 175)
FAIL: gdc.dg/Wbuiltin_declaration_mismatch2.d (test for errors, line 177)
FAIL: gdc.dg/Wbuiltin_declaration_mismatch2.d (test for errors, line 178)
FAIL: gdc.dg/Wbuiltin_declaration_mismatch2.d (test for errors, line 179)
FAIL: gdc.dg/Wbuiltin_declaration_mismatch2.d (test for errors, line 180)
FAIL: gdc.dg/Wbuiltin_declaration_mismatch2.d (test for errors, line 182)
FAIL: gdc.dg/Wbuiltin_declaration_mismatch2.d (test for errors, line 183)
FAIL: gdc.dg/Wbuiltin_declaration_mismatch2.d (test for errors, line 185)
FAIL: gdc.dg/Wbuiltin_declaration_mismatch2.d (test for errors, line 186)
FAIL: gdc.dg/Wbuiltin_declaration_mismatch2.d (test for errors, line 187)
FAIL: gdc.dg/Wbuiltin_declaration_mismatch2.d (test for errors, line 188)
FAIL: gdc.dg/Wbuiltin_declaration_mismatch2.d (test for errors, line 189)
FAIL: gdc.dg/Wbuiltin_declaration_mismatch2.d (test for errors, line 190)
FAIL: gdc.dg/Wbuiltin_declaration_mismatch2.d (test for warnings, line 196)
FAIL: gdc.dg/Wbuiltin_declaration_mismatch2.d (test for warnings, line 197)
FAIL: gdc.dg/Wbuiltin_declaration_mismatch2.d (test for warnings, line 202)
FAIL: gdc.dg/Wbuiltin_declaration_mismatch2.d (test for warnings, line 204)
FAIL: gdc.dg/Wbuiltin_declaration_mismatch2.d (test for warnings, line 205)
FAIL: gdc.dg/Wbuiltin_declaration_mismatch2.d (test for warnings, line 210)
FAIL: gdc.dg/Wbuiltin_declaration_mismatch2.d (test for warnings, line 212)
FAIL: gdc.dg/Wbuiltin_declaration_mismatch2.d (test for warnings, line 213)
FAIL: gdc.dg/Wbuiltin_declaration_mismatch2.d (test for warnings, line 218)
FAIL: gdc.dg/Wbuiltin_declaration_mismatch2.d (test for warnings, line 220)
FAIL: gdc.dg/Wbuiltin_declaration_mismatch2.d (test for warnings, line 221)
FAIL: gdc.dg/Wbuiltin_declaration_mismatch2.d (test for warnings, line 226)
FAIL: gdc.dg/Wbuiltin_declaration_mismatch2.d (test for excess errors)
=== gdc Summary ===
# of expected passes 12021
# of unexpected failures 130
# of unsupported tests 90
/opt/gcc/gcc-20220705/Build/gcc/gdc version 13.0.0 20220705 (experimental) [master 8467574d8da] (GCC)
=== gfortran tests ===
Running target unix/-mabi=lp64
FAIL: gfortran.dg/assumed_rank_1.f90 -O3 -fomit-frame-pointer -funroll-loops -fpeel-loops -ftracer -finline-functions (internal compiler error: in vect_do_peeling, at tree-vect-loop-manip.cc:2689)
FAIL: gfortran.dg/assumed_rank_1.f90 -O3 -fomit-frame-pointer -funroll-loops -fpeel-loops -ftracer -finline-functions (test for excess errors)
UNRESOLVED: gfortran.dg/assumed_rank_1.f90 -O3 -fomit-frame-pointer -funroll-loops -fpeel-loops -ftracer -finline-functions compilation failed to produce executable
FAIL: gfortran.dg/assumed_rank_1.f90 -O3 -g (internal compiler error: in vect_do_peeling, at tree-vect-loop-manip.cc:2689)
FAIL: gfortran.dg/assumed_rank_1.f90 -O3 -g (test for excess errors)
UNRESOLVED: gfortran.dg/assumed_rank_1.f90 -O3 -g compilation failed to produce executable
FAIL: gfortran.dg/bind-c-contiguous-3.f90 -O3 -fomit-frame-pointer -funroll-loops -fpeel-loops -ftracer -finline-functions (internal compiler error: in vect_do_peeling, at tree-vect-loop-manip.cc:2689)
FAIL: gfortran.dg/bind-c-contiguous-3.f90 -O3 -fomit-frame-pointer -funroll-loops -fpeel-loops -ftracer -finline-functions (test for excess errors)
UNRESOLVED: gfortran.dg/bind-c-contiguous-3.f90 -O3 -fomit-frame-pointer -funroll-loops -fpeel-loops -ftracer -finline-functions compilation failed to produce executable
FAIL: gfortran.dg/bind-c-contiguous-3.f90 -O3 -g (internal compiler error: in vect_do_peeling, at tree-vect-loop-manip.cc:2689)
FAIL: gfortran.dg/bind-c-contiguous-3.f90 -O3 -g (test for excess errors)
UNRESOLVED: gfortran.dg/bind-c-contiguous-3.f90 -O3 -g compilation failed to produce executable
FAIL: gfortran.dg/inline_sum_2.f90 -O3 -g (internal compiler error: in vect_do_peeling, at tree-vect-loop-manip.cc:2689)
FAIL: gfortran.dg/inline_sum_2.f90 -O3 -g (test for excess errors)
UNRESOLVED: gfortran.dg/inline_sum_2.f90 -O3 -g compilation failed to produce executable
FAIL: gfortran.dg/matmul_20.f90 -O3 -fomit-frame-pointer -funroll-loops -fpeel-loops -ftracer -finline-functions (internal compiler error: in vect_do_peeling, at tree-vect-loop-manip.cc:2689)
FAIL: gfortran.dg/matmul_20.f90 -O3 -fomit-frame-pointer -funroll-loops -fpeel-loops -ftracer -finline-functions (test for excess errors)
UNRESOLVED: gfortran.dg/matmul_20.f90 -O3 -fomit-frame-pointer -funroll-loops -fpeel-loops -ftracer -finline-functions compilation failed to produce executable
FAIL: gfortran.dg/matmul_20.f90 -O3 -g (internal compiler error: in vect_do_peeling, at tree-vect-loop-manip.cc:2689)
FAIL: gfortran.dg/matmul_20.f90 -O3 -g (test for excess errors)
UNRESOLVED: gfortran.dg/matmul_20.f90 -O3 -g compilation failed to produce executable
=== gfortran Summary ===
# of expected passes 65556
# of unexpected failures 14
# of expected failures 259
# of unresolved testcases 7
# of unsupported tests 159
/opt/gcc/gcc-20220705/Build/gcc/gfortran version 13.0.0 20220705 (experimental) [master 8467574d8da] (GCC)
=== gnat tests ===
Running target unix/-mabi=lp64
FAIL: gnat.dg/div_zero.adb execution test
=== gnat Summary ===
# of expected passes 3360
# of unexpected failures 1
# of expected failures 23
# of unsupported tests 24
/opt/gcc/gcc-20220705/Build/gcc/gnatmake version 13.0.0 20220705 (experimental) [master 8467574d8da]
=== go tests ===
Running target unix/-mabi=lp64
FAIL: ./index0-out.go execution, -O0 -g -fno-var-tracking-assignments
WARNING: ./issue9604b-out.go compilation, -O0 -g -fno-var-tracking-assignments program timed out.
FAIL: ./issue9604b-out.go compilation, -O0 -g -fno-var-tracking-assignments
WARNING: go.test/test/cmplxdivide.go program timed out.
FAIL: go.test/test/cmplxdivide.go
FAIL: go.test/test/fixedbugs/issue27836.dir/Äfoo.go -O -I. (test for excess errors)
FAIL: go.test/test/fixedbugs/issue27836.dir/Ämain.go -O -I. (test for excess errors)
=== go Summary ===
# of expected passes 8877
# of unexpected failures 5
# of untested testcases 11
# of unsupported tests 32
/opt/gcc/gcc-20220705/Build/gcc/gccgo version 13.0.0 20220705 (experimental) [master 8467574d8da] (GCC)
=== obj-c++ tests ===
Running target unix/-mabi=lp64
=== obj-c++ Summary ===
# of expected passes 1502
# of expected failures 10
# of unsupported tests 79
/opt/gcc/gcc-20220705/Build/gcc/xg++ version 13.0.0 20220705 (experimental) [master 8467574d8da] (GCC)
=== objc tests ===
Running target unix/-mabi=lp64
=== objc Summary ===
# of expected passes 2846
# of unsupported tests 71
/opt/gcc/gcc-20220705/Build/gcc/xgcc version 13.0.0 20220705 (experimental) [master 8467574d8da] (GCC)
=== gotools tests ===
FAIL: TestScript
FAIL: go test cmd/go
FAIL: go test runtime
=== gotools Summary ===
# of expected passes 409
# of unexpected failures 3
# of untested testcases 131
/opt/gcc/gcc-20220705/Build/./gcc/gccgo version 13.0.0 20220705 (experimental) [master 8467574d8da] (GCC)
Compiler version: 13.0.0 20220705 (experimental) [master 8467574d8da] (GCC)
Platform: aarch64-suse-linux-gnu
configure flags: --prefix=/usr --build=aarch64-suse-linux --enable-shared --with-system-zlib CFLAGS='-O2 -g' CXXFLAGS='-O2 -g' --with-multilib-list=lp64
More information about the Gcc-testresults
mailing list