Results for 11.2.1 (DEFMODE=default DEFARCH=default DEFCPU=default DEFFPU=default TESTFLAGS=-mthumb/-mcpu=cortex-m33/-mfloat-abi=hard/-march=armv8-m.m ain+fp+dsp) [r11-9495] (GCC) testsuite on arm-none-eabi
Christophe LYON
christophe.lyon@foss.st.com
Mon Jan 24 11:43:30 GMT 2022
LAST_UPDATED: Mon Jan 24 10:21:35 UTC 2022 (revision r11-9495-gbe66fad59a7f74f96f47c1ae7d9f0a8e2b9a5f9e) TARGET=arm-none-eabi ARCH=default CPU=default FPU=default MODE=default
Target is arm-none-eabi
Host is arm-none-eabi
=== libstdc++ tests ===
Running target myarm-sim/-mthumb/-mcpu=cortex-m33/-mfloat-abi=hard/-march=armv8-m.main+fp+dsp/--specs=musca-b1.specs
=== libstdc++ Summary ===
Host is x86_64-pc-linux-gnu
=== gcc tests ===
Running target myarm-sim/-mthumb/-mcpu=cortex-m33/-mfloat-abi=hard/-march=armv8-m.main+fp+dsp/--specs=musca-b1.specs
FAIL: gcc.target/arm/cmse/cmse-15.c -Os check-function-bodies secure3
=== gcc Summary ===
# of expected passes 524
# of unexpected failures 1
/tmp/6878354_37.tmpdir/aci-gcc-fsf/builds/gcc-fsf-gccsrc/obj-arm-none-eabi/gcc3/gcc/xgcc version 11.2.1 (DEFMODE=default DEFARCH=default DEFCPU=default DEFFPU=default TESTFLAGS=-mthumb/-mcpu=cortex-m33/-mfloat-abi=hard/-march=armv8-m.main+fp+dsp) [r11-9495] (GCC)
Host is x86_64-pc-linux-gnu
=== g++ tests ===
Running target myarm-sim/-mthumb/-mcpu=cortex-m33/-mfloat-abi=hard/-march=armv8-m.main+fp+dsp/--specs=musca-b1.specs
=== g++ Summary ===
/tmp/6878354_37.tmpdir/aci-gcc-fsf/builds/gcc-fsf-gccsrc/obj-arm-none-eabi/gcc3/gcc/xg++ version 11.2.1 (DEFMODE=default DEFARCH=default DEFCPU=default DEFFPU=default TESTFLAGS=-mthumb/-mcpu=cortex-m33/-mfloat-abi=hard/-march=armv8-m.main+fp+dsp) [r11-9495] (GCC)
Compiler version: 11.2.1 (DEFMODE=default DEFARCH=default DEFCPU=default DEFFPU=default TESTFLAGS=-mthumb/-mcpu=cortex-m33/-mfloat-abi=hard/-march=armv8-m.main+fp+dsp) [r11-9495] (GCC)
Platform: arm-none-eabi
configure flags: --target=arm-none-eabi --prefix=/tmp/6878354_37.tmpdir/aci-gcc-fsf/builds/gcc-fsf-gccsrc/tools --with-sysroot=/tmp/6878354_37.tmpdir/aci-gcc-fsf/builds/gcc-fsf-gccsrc/sysroot-arm-none-eabi --disable-nls --disable-libgomp --disable-libmudflap --disable-libcilkrts --enable-checking --enable-languages=c,c++ --with-newlib --disable-tls --enable-multilib --with-multilib-list=rmprofile
More information about the Gcc-testresults
mailing list