Results for 12.0.1 20220118 (experimental) (GCC) testsuite on aarch64-unknown-linux-gnu
gaiusmod2@gmail.com
gaiusmod2@gmail.com
Fri Jan 21 11:18:10 GMT 2022
gcc-branch: devel/modula-2
git commit 6d7456f841905c18772787d257023f67fe397517
Linux 5.10.0-9-arm64 #1 SMP Debian 5.10.70-1 (2021-09-30) aarch64 unknown GNU/Linux
GNU ld (GNU Binutils for Debian) 2.35.2
GNU assembler (GNU Binutils for Debian) 2.35.2
GNU Make 4.3
GNU dejagnu: 1.6.2-1
GNU g++: 10.2.1-6
GNU libc: 2.31-13+deb11u2
Native configuration is aarch64-unknown-linux-gnu
=== libatomic tests ===
Running target unix
=== libatomic Summary ===
# of expected passes 54
=== libgomp tests ===
Running target unix
=== libgomp Summary ===
# of expected passes 4396
# of expected failures 37
# of unsupported tests 323
=== libitm tests ===
Running target unix
=== libitm Summary ===
# of expected passes 44
# of expected failures 3
# of unsupported tests 1
=== libstdc++ tests ===
Running target unix
FAIL: 30_threads/jthread/95989.cc execution test
=== libstdc++ Summary ===
# of expected passes 15051
# of unexpected failures 1
# of expected failures 95
# of unsupported tests 739
=== g++ tests ===
Running target unix
FAIL: g++.dg/asan/asan_test.C -O2 (test for excess errors)
UNRESOLVED: g++.dg/asan/asan_test.C -O2 compilation failed to produce executable
FAIL: g++.dg/cpp0x/constexpr-compare2.C -std=c++14 (test for excess errors)
FAIL: g++.dg/cpp0x/constexpr-compare2.C -std=c++17 (test for excess errors)
FAIL: g++.dg/cpp0x/constexpr-compare2.C -std=c++2a (test for excess errors)
FAIL: g++.dg/warn/Waddress-5.C -std=gnu++98 (test for excess errors)
FAIL: g++.dg/warn/Waddress-5.C -std=gnu++14 (test for excess errors)
FAIL: g++.dg/warn/Waddress-5.C -std=gnu++17 (test for excess errors)
FAIL: g++.dg/warn/Waddress-5.C -std=gnu++2a (test for excess errors)
ERROR: g++.dg/gcov/gcov-17.C : error executing dg-final: can't read "script": no such variable
ERROR: g++.dg/gcov/pr98273.C : error executing dg-final: can't read "script": no such variable
FAIL: g++.dg/gomp/attrs-10.C -std=gnu++14 at line 58 (test for warnings, line 57)
FAIL: g++.dg/gomp/attrs-10.C -std=gnu++14 at line 81 (test for warnings, line 79)
FAIL: g++.dg/gomp/attrs-10.C -std=gnu++14 at line 127 (test for warnings, line 125)
FAIL: g++.dg/gomp/attrs-10.C -std=gnu++14 (test for excess errors)
FAIL: g++.dg/gomp/attrs-10.C -std=gnu++17 at line 58 (test for warnings, line 57)
FAIL: g++.dg/gomp/attrs-10.C -std=gnu++17 at line 81 (test for warnings, line 79)
FAIL: g++.dg/gomp/attrs-10.C -std=gnu++17 at line 127 (test for warnings, line 125)
FAIL: g++.dg/gomp/attrs-10.C -std=gnu++17 (test for excess errors)
FAIL: g++.dg/gomp/attrs-10.C -std=gnu++2a at line 58 (test for warnings, line 57)
FAIL: g++.dg/gomp/attrs-10.C -std=gnu++2a at line 81 (test for warnings, line 79)
FAIL: g++.dg/gomp/attrs-10.C -std=gnu++2a at line 127 (test for warnings, line 125)
FAIL: g++.dg/gomp/attrs-10.C -std=gnu++2a (test for excess errors)
FAIL: g++.dg/gomp/declare-simd-8.C -std=c++98 (test for excess errors)
FAIL: g++.dg/gomp/declare-simd-8.C -std=c++14 (test for excess errors)
FAIL: g++.dg/gomp/declare-simd-8.C -std=c++17 (test for excess errors)
FAIL: g++.dg/gomp/declare-simd-8.C -std=c++2a (test for excess errors)
FAIL: c-c++-common/hwasan/alloca-gets-different-tag.c -O2 -flto -fuse-linker-plugin -fno-fat-lto-objects execution test
FAIL: c-c++-common/hwasan/alloca-outside-caught.c -O2 -flto -fuse-linker-plugin -fno-fat-lto-objects output pattern test
FAIL: c-c++-common/hwasan/heap-overflow.c -O0 output pattern test
FAIL: c-c++-common/hwasan/heap-overflow.c -O1 output pattern test
FAIL: c-c++-common/hwasan/heap-overflow.c -O2 output pattern test
FAIL: c-c++-common/hwasan/heap-overflow.c -O3 -g output pattern test
FAIL: c-c++-common/hwasan/heap-overflow.c -Os output pattern test
FAIL: c-c++-common/hwasan/heap-overflow.c -O2 -flto -fno-use-linker-plugin -flto-partition=none output pattern test
FAIL: c-c++-common/hwasan/heap-overflow.c -O2 -flto -fuse-linker-plugin -fno-fat-lto-objects output pattern test
FAIL: c-c++-common/hwasan/hwasan-thread-access-parent.c -O0 output pattern test
FAIL: c-c++-common/hwasan/hwasan-thread-access-parent.c -O1 output pattern test
FAIL: c-c++-common/hwasan/hwasan-thread-access-parent.c -O2 output pattern test
FAIL: c-c++-common/hwasan/hwasan-thread-access-parent.c -O3 -g output pattern test
FAIL: c-c++-common/hwasan/hwasan-thread-access-parent.c -Os output pattern test
FAIL: c-c++-common/hwasan/hwasan-thread-access-parent.c -O2 -flto -fno-use-linker-plugin -flto-partition=none output pattern test
FAIL: c-c++-common/hwasan/hwasan-thread-access-parent.c -O2 -flto -fuse-linker-plugin -fno-fat-lto-objects output pattern test
FAIL: c-c++-common/hwasan/large-aligned-1.c -O3 -g output pattern test
FAIL: c-c++-common/hwasan/large-aligned-1.c -Os output pattern test
FAIL: c-c++-common/hwasan/stack-tagging-basic-1.c -O2 output pattern test
FAIL: c-c++-common/hwasan/stack-tagging-basic-1.c -O3 -g output pattern test
FAIL: c-c++-common/hwasan/stack-tagging-basic-1.c -Os output pattern test
FAIL: c-c++-common/hwasan/stack-tagging-basic-1.c -O2 -flto -fno-use-linker-plugin -flto-partition=none output pattern test
FAIL: c-c++-common/hwasan/stack-tagging-basic-1.c -O2 -flto -fuse-linker-plugin -fno-fat-lto-objects output pattern test
FAIL: g++.target/aarch64/no_unique_address_1.C check-function-bodies _Z8caller_pR1P
FAIL: g++.target/aarch64/no_unique_address_2.C (test for warnings, line 169)
FAIL: g++.target/aarch64/no_unique_address_2.C check-function-bodies _Z8caller_pR1P
=== g++ Summary ===
# of expected passes 335419
# of unexpected failures 50
# of expected failures 2797
# of unresolved testcases 1
# of unsupported tests 10299
/home/gaius/GM2/graft-combine/build-devel-modula2-enabled/gcc/xg++ version 12.0.1 20220118 (experimental) (GCC)
=== gcc tests ===
Running target unix
FAIL: gcc.dg/analyzer/pr93032-mztools.c leak of fpZip (test for warnings, line 328)
FAIL: gcc.dg/analyzer/pr93032-mztools.c leak of fpOut at line 329 (test for warnings, line 328)
FAIL: gcc.dg/analyzer/pr93032-mztools.c leak of fpOutCD at line 330 (test for warnings, line 328)
FAIL: gcc.dg/analyzer/pr93032-mztools.c (test for excess errors)
XPASS: gcc.dg/guality/ipa-sra-1.c -O0 line 15 k == 3
XPASS: gcc.dg/guality/ipa-sra-1.c -O1 -DPREVENT_OPTIMIZATION line 15 k == 3
XPASS: gcc.dg/guality/ipa-sra-1.c -Og -DPREVENT_OPTIMIZATION line 15 k == 3
FAIL: gcc.dg/guality/pr54519-1.c -Os -DPREVENT_OPTIMIZATION line 23 x == 98
FAIL: gcc.dg/guality/pr54519-1.c -Os -DPREVENT_OPTIMIZATION line 23 y == 117
FAIL: gcc.dg/guality/pr54519-1.c -Os -DPREVENT_OPTIMIZATION line 23 z == 8
FAIL: gcc.dg/guality/pr54519-3.c -Os -DPREVENT_OPTIMIZATION line 23 x == 98
FAIL: gcc.dg/guality/pr54519-3.c -Os -DPREVENT_OPTIMIZATION line 23 y == 117
FAIL: gcc.dg/guality/pr54519-3.c -Os -DPREVENT_OPTIMIZATION line 23 z == 8
FAIL: c-c++-common/hwasan/alloca-gets-different-tag.c -O2 -flto -fuse-linker-plugin -fno-fat-lto-objects execution test
FAIL: c-c++-common/hwasan/alloca-outside-caught.c -O2 -flto -fuse-linker-plugin -fno-fat-lto-objects output pattern test
FAIL: c-c++-common/hwasan/heap-overflow.c -O0 output pattern test
FAIL: c-c++-common/hwasan/heap-overflow.c -O1 output pattern test
FAIL: c-c++-common/hwasan/heap-overflow.c -O2 output pattern test
FAIL: c-c++-common/hwasan/heap-overflow.c -O3 -g output pattern test
FAIL: c-c++-common/hwasan/heap-overflow.c -Os output pattern test
FAIL: c-c++-common/hwasan/heap-overflow.c -O2 -flto -fno-use-linker-plugin -flto-partition=none output pattern test
FAIL: c-c++-common/hwasan/heap-overflow.c -O2 -flto -fuse-linker-plugin -fno-fat-lto-objects output pattern test
FAIL: c-c++-common/hwasan/hwasan-thread-access-parent.c -O0 output pattern test
FAIL: c-c++-common/hwasan/hwasan-thread-access-parent.c -O1 output pattern test
FAIL: c-c++-common/hwasan/hwasan-thread-access-parent.c -O2 output pattern test
FAIL: c-c++-common/hwasan/hwasan-thread-access-parent.c -O3 -g output pattern test
FAIL: c-c++-common/hwasan/hwasan-thread-access-parent.c -Os output pattern test
FAIL: c-c++-common/hwasan/hwasan-thread-access-parent.c -O2 -flto -fno-use-linker-plugin -flto-partition=none output pattern test
FAIL: c-c++-common/hwasan/hwasan-thread-access-parent.c -O2 -flto -fuse-linker-plugin -fno-fat-lto-objects output pattern test
FAIL: c-c++-common/hwasan/large-aligned-1.c -O2 output pattern test
FAIL: c-c++-common/hwasan/large-aligned-1.c -O3 -g output pattern test
FAIL: c-c++-common/hwasan/large-aligned-1.c -O2 -flto -fno-use-linker-plugin -flto-partition=none output pattern test
FAIL: c-c++-common/hwasan/stack-tagging-basic-1.c -O2 output pattern test
FAIL: c-c++-common/hwasan/stack-tagging-basic-1.c -O3 -g output pattern test
FAIL: c-c++-common/hwasan/stack-tagging-basic-1.c -Os output pattern test
FAIL: c-c++-common/hwasan/stack-tagging-basic-1.c -O2 -flto -fno-use-linker-plugin -flto-partition=none output pattern test
FAIL: c-c++-common/hwasan/stack-tagging-basic-1.c -O2 -flto -fuse-linker-plugin -fno-fat-lto-objects output pattern test
FAIL: gcc.dg/torture/pr57147-2.c -O2 -flto -fno-use-linker-plugin -flto-partition=none (test for excess errors)
FAIL: gcc.dg/tree-ssa/ssa-dom-thread-7.c scan-tree-dump thread2 "Jumps threaded: 18"
XPASS: gcc.dg/vect/complex/fast-math-bb-slp-complex-add-pattern-half-float.c scan-tree-dump slp1 "Found COMPLEX_ADD_ROT270"
FAIL: gcc.target/aarch64/atomic-inst-cas.c (test for excess errors)
XPASS: gcc.target/aarch64/bic-bitmask-1.c scan-assembler-not \\\\tbic\\\\t
FAIL: gcc.target/aarch64/branch-protection-attr.c at line 7 (test for errors, line 5)
FAIL: gcc.target/aarch64/branch-protection-attr.c (test for excess errors)
FAIL: gcc.target/aarch64/cpymem-q-reg_1.c scan-assembler ldp\\\\tq[0-9]*
FAIL: gcc.target/aarch64/cpymem-q-reg_1.c scan-assembler stp\\\\tq[0-9]*
FAIL: gcc.target/aarch64/ldp_stp_1.c scan-assembler-times stp\\tw[0-9]+, w[0-9] 7
FAIL: gcc.target/aarch64/ldp_stp_4.c scan-assembler-times stp\\ts[0-9]+, s[0-9] 7
FAIL: gcc.target/aarch64/ldp_stp_5.c scan-assembler-times stp\\td[0-9]+, d[0-9] 7
FAIL: gcc.target/aarch64/pr100056.c scan-assembler-not \\\\t[us]bfiz\\\\tw[0-9]+, w[0-9]+, 11
FAIL: gcc.target/aarch64/spellcheck_1.c at line 7 (test for errors, line 5)
FAIL: gcc.target/aarch64/spellcheck_1.c (test for excess errors)
FAIL: gcc.target/aarch64/spellcheck_2.c at line 7 (test for errors, line 5)
FAIL: gcc.target/aarch64/spellcheck_2.c (test for excess errors)
FAIL: gcc.target/aarch64/spellcheck_3.c at line 7 (test for errors, line 5)
FAIL: gcc.target/aarch64/spellcheck_3.c (test for excess errors)
FAIL: gcc.target/aarch64/spellcheck_7.c at line 12 (test for warnings, line )
FAIL: gcc.target/aarch64/store_v2vec_lanes.c scan-assembler-times stp\\td[0-9]+, d[0-9]+ 2
FAIL: gcc.target/aarch64/store_v2vec_lanes.c scan-assembler-times stp\\tx[0-9]+, x[0-9]+ 2
FAIL: gcc.target/aarch64/subs_compare_2.c scan-assembler-times subs\\\\tw[0-9]+, w[0-9]+, [#]?4 1
FAIL: gcc.target/aarch64/subs_compare_2.c scan-assembler-not cmp\\\\tw[0-9]+, w[0-9]+
FAIL: gcc.target/aarch64/simd/vqdmlalh_laneq_s16_1.c scan-assembler-times sqdmlal[ \\t]+[sS][0-9]+, ?[hH][0-9]+, ?[vV][0-9]+.[hH]\\\\[7\\\\]\\n 1
FAIL: gcc.target/aarch64/simd/vqdmlals_laneq_s32_1.c scan-assembler-times sqdmlal[ \\t]+[dD][0-9]+, ?[sS][0-9]+, ?[vV][0-9]+.[sS]\\\\[3\\\\]\\n 1
FAIL: gcc.target/aarch64/simd/vqdmlslh_laneq_s16_1.c scan-assembler-times sqdmlsl[ \\t]+[sS][0-9]+, ?[hH][0-9]+, ?[vV][0-9]+.[hH]\\\\[4\\\\]\\n 1
FAIL: gcc.target/aarch64/simd/vqdmlsls_laneq_s32_1.c scan-assembler-times sqdmlsl[ \\t]+[dD][0-9]+, ?[sS][0-9]+, ?[vV][0-9]+.[sS]\\\\[3\\\\]\\n 1
FAIL: gcc.target/aarch64/sve/mask_struct_load_1.c scan-assembler-times \\\\tld2b\\\\t.z[0-9] 16
FAIL: gcc.target/aarch64/sve/mask_struct_load_1.c scan-assembler-times \\\\tld2h\\\\t.z[0-9] 28
FAIL: gcc.target/aarch64/sve/mask_struct_load_1.c scan-assembler-times \\\\tld2w\\\\t.z[0-9] 50
FAIL: gcc.target/aarch64/sve/mask_struct_load_1.c scan-assembler-times \\\\tld2d\\\\t.z[0-9] 98
FAIL: gcc.target/aarch64/sve/mask_struct_load_2.c scan-assembler-times \\\\tld3b\\\\t.z[0-9] 16
FAIL: gcc.target/aarch64/sve/mask_struct_load_2.c scan-assembler-times \\\\tld3h\\\\t.z[0-9] 28
FAIL: gcc.target/aarch64/sve/mask_struct_load_2.c scan-assembler-times \\\\tld3w\\\\t.z[0-9] 50
FAIL: gcc.target/aarch64/sve/mask_struct_load_2.c scan-assembler-times \\\\tld3d\\\\t.z[0-9] 98
FAIL: gcc.target/aarch64/sve/mask_struct_load_3.c scan-assembler-times \\\\tld4b\\\\t.z[0-9] 16
FAIL: gcc.target/aarch64/sve/mask_struct_load_3.c scan-assembler-times \\\\tld4h\\\\t.z[0-9] 28
FAIL: gcc.target/aarch64/sve/mask_struct_load_3.c scan-assembler-times \\\\tld4w\\\\t.z[0-9] 50
FAIL: gcc.target/aarch64/sve/mask_struct_load_3.c scan-assembler-times \\\\tld4d\\\\t.z[0-9] 98
FAIL: gcc.target/aarch64/sve/mask_struct_load_4.c scan-assembler-times \\\\tld3b\\\\t.z[0-9] 16
FAIL: gcc.target/aarch64/sve/mask_struct_load_4.c scan-assembler-times \\\\tld3h\\\\t.z[0-9] 28
FAIL: gcc.target/aarch64/sve/mask_struct_load_4.c scan-assembler-times \\\\tld3w\\\\t.z[0-9] 50
FAIL: gcc.target/aarch64/sve/mask_struct_load_4.c scan-assembler-times \\\\tld3d\\\\t.z[0-9] 98
FAIL: gcc.target/aarch64/sve/mask_struct_load_5.c scan-assembler-times \\\\tld4b\\\\t.z[0-9] 16
FAIL: gcc.target/aarch64/sve/mask_struct_load_5.c scan-assembler-times \\\\tld4h\\\\t.z[0-9] 28
FAIL: gcc.target/aarch64/sve/mask_struct_load_5.c scan-assembler-times \\\\tld4w\\\\t.z[0-9] 50
FAIL: gcc.target/aarch64/sve/mask_struct_load_5.c scan-assembler-times \\\\tld4d\\\\t.z[0-9] 98
FAIL: gcc.target/aarch64/sve/mask_struct_store_1.c scan-assembler-times \\\\tst2b\\\\t.z[0-9] 16
FAIL: gcc.target/aarch64/sve/mask_struct_store_1.c scan-assembler-times \\\\tst2h\\\\t.z[0-9] 28
FAIL: gcc.target/aarch64/sve/mask_struct_store_1.c scan-assembler-times \\\\tst2w\\\\t.z[0-9] 50
FAIL: gcc.target/aarch64/sve/mask_struct_store_1.c scan-assembler-times \\\\tst2d\\\\t.z[0-9] 98
FAIL: gcc.target/aarch64/sve/mask_struct_store_2.c scan-assembler-times \\\\tst3b\\\\t.z[0-9] 16
FAIL: gcc.target/aarch64/sve/mask_struct_store_2.c scan-assembler-times \\\\tst3h\\\\t.z[0-9] 28
FAIL: gcc.target/aarch64/sve/mask_struct_store_2.c scan-assembler-times \\\\tst3w\\\\t.z[0-9] 50
FAIL: gcc.target/aarch64/sve/mask_struct_store_2.c scan-assembler-times \\\\tst3d\\\\t.z[0-9] 98
FAIL: gcc.target/aarch64/sve/mask_struct_store_3.c scan-assembler-times \\\\tst4b\\\\t.z[0-9] 16
FAIL: gcc.target/aarch64/sve/mask_struct_store_3.c scan-assembler-times \\\\tst4h\\\\t.z[0-9] 28
FAIL: gcc.target/aarch64/sve/mask_struct_store_3.c scan-assembler-times \\\\tst4w\\\\t.z[0-9] 50
FAIL: gcc.target/aarch64/sve/mask_struct_store_3.c scan-assembler-times \\\\tst4d\\\\t.z[0-9] 98
XPASS: gcc.target/aarch64/sve/single_5.c scan-assembler-times \\\\tfmov\\\\tv[0-9]+\\\\.8h, 1\\\\.0e\\\\+0\\\\n 1
XPASS: gcc.target/aarch64/sve/single_5.c scan-assembler-times \\\\tstr\\\\tq[0-9]+, 11
FAIL: gcc.target/aarch64/sve/single_5.c scan-assembler-times \\\\tstr\\\\tq[0-9]+, 10
FAIL: gcc.target/aarch64/sve/single_5.c scan-assembler-not \\\\tb
FAIL: gcc.target/aarch64/sve/single_5.c scan-assembler-not \\\\tcmp
XPASS: gcc.target/aarch64/sve/single_5.c scan-assembler-not \\\\tptrue\\\\t
=== gcc Summary ===
# of expected passes 274061
# of unexpected failures 95
# of unexpected successes 8
# of expected failures 2573
# of unsupported tests 4380
/home/gaius/GM2/graft-combine/build-devel-modula2-enabled/gcc/xgcc version 12.0.1 20220118 (experimental) (GCC)
=== gm2 tests ===
Running target unix
=== gm2 Summary ===
# of expected passes 11622
Compiler version: 12.0.1 20220118 (experimental) (GCC)
Platform: aarch64-unknown-linux-gnu
configure flags: --prefix=/home/gaius/opt --libexecdir=/home/gaius/opt/lib --enable-threads=posix --enable-clocale=gnu --enable-languages=m2 --disable-multilib --enable-checking --enable-long-longx --enable-bootstrap
More information about the Gcc-testresults
mailing list